[INFO] fetching crate file_type 0.2.4...
[INFO] testing file_type-0.2.4 against nightly-2025-01-18 for randomize-layout-2
[INFO] extracting crate file_type 0.2.4 into /workspace/builds/worker-5-tc1/source
[INFO] validating manifest of crates.io crate file_type 0.2.4 on toolchain nightly-2025-01-18
[INFO] running `Command { std: CARGO_HOME="/workspace/cargo-home" RUSTUP_HOME="/workspace/rustup-home" "/workspace/cargo-home/bin/cargo" "+nightly-2025-01-18" "metadata" "--manifest-path" "Cargo.toml" "--no-deps", kill_on_drop: false }`
[INFO] started tweaking crates.io crate file_type 0.2.4
[INFO] removed 0 missing tests
[INFO] finished tweaking crates.io crate file_type 0.2.4
[INFO] tweaked toml for crates.io crate file_type 0.2.4 written to /workspace/builds/worker-5-tc1/source/Cargo.toml
[INFO] crate crates.io crate file_type 0.2.4 already has a lockfile, it will not be regenerated
[INFO] running `Command { std: CARGO_HOME="/workspace/cargo-home" RUSTUP_HOME="/workspace/rustup-home" "/workspace/cargo-home/bin/cargo" "+nightly-2025-01-18" "fetch" "--manifest-path" "Cargo.toml", kill_on_drop: false }`
[INFO] [stderr]  Downloading crates ...
[INFO] [stderr]   Downloaded jiff v0.1.21
[INFO] running `Command { std: "docker" "create" "-v" "/var/lib/crater-agent-workspace/builds/worker-5-tc1/target:/opt/rustwide/target:rw,Z" "-v" "/var/lib/crater-agent-workspace/builds/worker-5-tc1/source:/opt/rustwide/workdir:ro,Z" "-v" "/var/lib/crater-agent-workspace/cargo-home:/opt/rustwide/cargo-home:ro,Z" "-v" "/var/lib/crater-agent-workspace/rustup-home:/opt/rustwide/rustup-home:ro,Z" "-e" "SOURCE_DIR=/opt/rustwide/workdir" "-e" "CARGO_TARGET_DIR=/opt/rustwide/target" "-e" "CARGO_HOME=/opt/rustwide/cargo-home" "-e" "RUSTUP_HOME=/opt/rustwide/rustup-home" "-w" "/opt/rustwide/workdir" "-m" "1610612736" "--user" "0:0" "--network" "none" "ghcr.io/rust-lang/crates-build-env/linux@sha256:819108c5571ea2e421544af4d832f968d213c87fbe3707a016657f43d2f853bc" "/opt/rustwide/cargo-home/bin/cargo" "+nightly-2025-01-18" "metadata" "--no-deps" "--format-version=1", kill_on_drop: false }`
[INFO] [stdout] cf17519f863f014efca75c0eed139f235cc327834a71aeb4da329147543b3ba7
[INFO] running `Command { std: "docker" "start" "-a" "cf17519f863f014efca75c0eed139f235cc327834a71aeb4da329147543b3ba7", kill_on_drop: false }`
[INFO] running `Command { std: "docker" "inspect" "cf17519f863f014efca75c0eed139f235cc327834a71aeb4da329147543b3ba7", kill_on_drop: false }`
[INFO] running `Command { std: "docker" "rm" "-f" "cf17519f863f014efca75c0eed139f235cc327834a71aeb4da329147543b3ba7", kill_on_drop: false }`
[INFO] [stdout] cf17519f863f014efca75c0eed139f235cc327834a71aeb4da329147543b3ba7
[INFO] running `Command { std: "docker" "create" "-v" "/var/lib/crater-agent-workspace/builds/worker-5-tc1/target:/opt/rustwide/target:rw,Z" "-v" "/var/lib/crater-agent-workspace/builds/worker-5-tc1/source:/opt/rustwide/workdir:ro,Z" "-v" "/var/lib/crater-agent-workspace/cargo-home:/opt/rustwide/cargo-home:ro,Z" "-v" "/var/lib/crater-agent-workspace/rustup-home:/opt/rustwide/rustup-home:ro,Z" "-e" "SOURCE_DIR=/opt/rustwide/workdir" "-e" "CARGO_TARGET_DIR=/opt/rustwide/target" "-e" "CARGO_INCREMENTAL=0" "-e" "RUST_BACKTRACE=full" "-e" "RUSTFLAGS=--cap-lints=forbid" "-e" "RUSTDOCFLAGS=--cap-lints=forbid" "-e" "CARGO_HOME=/opt/rustwide/cargo-home" "-e" "RUSTUP_HOME=/opt/rustwide/rustup-home" "-w" "/opt/rustwide/workdir" "-m" "1610612736" "--user" "0:0" "--network" "none" "ghcr.io/rust-lang/crates-build-env/linux@sha256:819108c5571ea2e421544af4d832f968d213c87fbe3707a016657f43d2f853bc" "/opt/rustwide/cargo-home/bin/cargo" "+nightly-2025-01-18" "build" "--frozen" "--message-format=json", kill_on_drop: false }`
[INFO] [stdout] a5fa2d63cd16c8eb50188559e399687ca9f566af5e711fc2c61be7cf96fc7cb9
[INFO] running `Command { std: "docker" "start" "-a" "a5fa2d63cd16c8eb50188559e399687ca9f566af5e711fc2c61be7cf96fc7cb9", kill_on_drop: false }`
[INFO] [stderr]    Compiling proc-macro2 v1.0.92
[INFO] [stderr]    Compiling thiserror v2.0.11
[INFO] [stderr]    Compiling quote v1.0.38
[INFO] [stderr]    Compiling syn v2.0.96
[INFO] [stderr]    Compiling include_dir_macros v0.7.4
[INFO] [stderr]    Compiling include_dir v0.7.4
[INFO] [stderr]    Compiling serde_derive v1.0.217
[INFO] [stderr]    Compiling thiserror-impl v2.0.11
[INFO] [stderr]    Compiling serde v1.0.217
[INFO] [stderr]    Compiling quick-xml v0.37.2
[INFO] [stderr]    Compiling jiff v0.1.21
[INFO] [stderr]    Compiling file_type v0.2.4 (/opt/rustwide/workdir)
[INFO] [stderr]     Finished `dev` profile [unoptimized + debuginfo] target(s) in 19.07s
[INFO] running `Command { std: "docker" "inspect" "a5fa2d63cd16c8eb50188559e399687ca9f566af5e711fc2c61be7cf96fc7cb9", kill_on_drop: false }`
[INFO] running `Command { std: "docker" "rm" "-f" "a5fa2d63cd16c8eb50188559e399687ca9f566af5e711fc2c61be7cf96fc7cb9", kill_on_drop: false }`
[INFO] [stdout] a5fa2d63cd16c8eb50188559e399687ca9f566af5e711fc2c61be7cf96fc7cb9
[INFO] running `Command { std: "docker" "create" "-v" "/var/lib/crater-agent-workspace/builds/worker-5-tc1/target:/opt/rustwide/target:rw,Z" "-v" "/var/lib/crater-agent-workspace/builds/worker-5-tc1/source:/opt/rustwide/workdir:ro,Z" "-v" "/var/lib/crater-agent-workspace/cargo-home:/opt/rustwide/cargo-home:ro,Z" "-v" "/var/lib/crater-agent-workspace/rustup-home:/opt/rustwide/rustup-home:ro,Z" "-e" "SOURCE_DIR=/opt/rustwide/workdir" "-e" "CARGO_TARGET_DIR=/opt/rustwide/target" "-e" "CARGO_INCREMENTAL=0" "-e" "RUST_BACKTRACE=full" "-e" "RUSTFLAGS=--cap-lints=forbid" "-e" "RUSTDOCFLAGS=--cap-lints=forbid" "-e" "CARGO_HOME=/opt/rustwide/cargo-home" "-e" "RUSTUP_HOME=/opt/rustwide/rustup-home" "-w" "/opt/rustwide/workdir" "-m" "1610612736" "--user" "0:0" "--network" "none" "ghcr.io/rust-lang/crates-build-env/linux@sha256:819108c5571ea2e421544af4d832f968d213c87fbe3707a016657f43d2f853bc" "/opt/rustwide/cargo-home/bin/cargo" "+nightly-2025-01-18" "test" "--frozen" "--no-run" "--message-format=json", kill_on_drop: false }`
[INFO] [stdout] 71daacac4af7d257a79eb237db9418c09563ed9fcea690166827e082a58aad98
[INFO] running `Command { std: "docker" "start" "-a" "71daacac4af7d257a79eb237db9418c09563ed9fcea690166827e082a58aad98", kill_on_drop: false }`
[INFO] [stderr]    Compiling parking_lot_core v0.9.10
[INFO] [stderr]    Compiling lock_api v0.4.12
[INFO] [stderr]    Compiling scopeguard v1.2.0
[INFO] [stderr]    Compiling clap_builder v4.5.26
[INFO] [stderr]    Compiling syn v2.0.96
[INFO] [stderr]    Compiling socket2 v0.5.8
[INFO] [stderr]    Compiling mio v1.0.3
[INFO] [stderr]    Compiling signal-hook-registry v1.4.2
[INFO] [stderr]    Compiling indoc v2.0.5
[INFO] [stderr]    Compiling parking_lot v0.12.3
[INFO] [stderr]    Compiling clap v4.5.26
[INFO] [stderr]    Compiling serde_derive v1.0.217
[INFO] [stderr]    Compiling thiserror-impl v2.0.11
[INFO] [stderr]    Compiling tokio-macros v2.5.0
[INFO] [stderr]    Compiling tokio v1.43.0
[INFO] [stderr]    Compiling thiserror v2.0.11
[INFO] [stderr]    Compiling serde v1.0.217
[INFO] [stderr]    Compiling serde_json v1.0.135
[INFO] [stderr]    Compiling jiff v0.1.21
[INFO] [stderr]    Compiling ciborium v0.2.2
[INFO] [stderr]    Compiling quick-xml v0.37.2
[INFO] [stderr]    Compiling tinytemplate v1.2.1
[INFO] [stderr]    Compiling criterion v0.5.1
[INFO] [stderr]    Compiling file_type v0.2.4 (/opt/rustwide/workdir)
[INFO] [stderr]     Finished `test` profile [unoptimized + debuginfo] target(s) in 21.43s
[INFO] running `Command { std: "docker" "inspect" "71daacac4af7d257a79eb237db9418c09563ed9fcea690166827e082a58aad98", kill_on_drop: false }`
[INFO] running `Command { std: "docker" "rm" "-f" "71daacac4af7d257a79eb237db9418c09563ed9fcea690166827e082a58aad98", kill_on_drop: false }`
[INFO] [stdout] 71daacac4af7d257a79eb237db9418c09563ed9fcea690166827e082a58aad98
[INFO] running `Command { std: "docker" "create" "-v" "/var/lib/crater-agent-workspace/builds/worker-5-tc1/target:/opt/rustwide/target:rw,Z" "-v" "/var/lib/crater-agent-workspace/builds/worker-5-tc1/source:/opt/rustwide/workdir:ro,Z" "-v" "/var/lib/crater-agent-workspace/cargo-home:/opt/rustwide/cargo-home:ro,Z" "-v" "/var/lib/crater-agent-workspace/rustup-home:/opt/rustwide/rustup-home:ro,Z" "-e" "SOURCE_DIR=/opt/rustwide/workdir" "-e" "CARGO_TARGET_DIR=/opt/rustwide/target" "-e" "CARGO_INCREMENTAL=0" "-e" "RUST_BACKTRACE=full" "-e" "RUSTFLAGS=--cap-lints=forbid" "-e" "RUSTDOCFLAGS=--cap-lints=forbid" "-e" "CARGO_HOME=/opt/rustwide/cargo-home" "-e" "RUSTUP_HOME=/opt/rustwide/rustup-home" "-w" "/opt/rustwide/workdir" "-m" "1610612736" "--user" "0:0" "--network" "none" "ghcr.io/rust-lang/crates-build-env/linux@sha256:819108c5571ea2e421544af4d832f968d213c87fbe3707a016657f43d2f853bc" "/opt/rustwide/cargo-home/bin/cargo" "+nightly-2025-01-18" "test" "--frozen", kill_on_drop: false }`
[INFO] [stdout] 01ea00449e16d28852da4bdff512151d2d87592a583bb44dcc6a122ad81c7e53
[INFO] running `Command { std: "docker" "start" "-a" "01ea00449e16d28852da4bdff512151d2d87592a583bb44dcc6a122ad81c7e53", kill_on_drop: false }`
[INFO] [stderr]     Finished `test` profile [unoptimized + debuginfo] target(s) in 0.21s
[INFO] [stderr]      Running unittests src/lib.rs (/opt/rustwide/target/debug/deps/file_type-263df076a2cc6746)
[INFO] [stdout] 
[INFO] [stdout] running 78 tests
[INFO] [stdout] test file_type::tests::test_try_from_file_sync ... FAILED
[INFO] [stdout] test file_type::tests::test_from_id ... ok
[INFO] [stdout] test file_types::tests::test_file_formats ... ok
[INFO] [stdout] test file_types::tests::test_cmp_file_types ... ok
[INFO] [stdout] test file_types::tests::test_cmp_file_type_extensions ... ok
[INFO] [stdout] test file_type::tests::test_from_id_not_found ... ok
[INFO] [stdout] test file_types::tests::test_from_id ... ok
[INFO] [stdout] test file_types::tests::test_from_id_not_found ... ok
[INFO] [stdout] test file_types::tests::test_from_bytes ... ok
[INFO] [stdout] test file_type::tests::test_from_bytes_text_default ... ok
[INFO] [stdout] test file_type::tests::test_from_bytes_large ... ok
[INFO] [stdout] test file_type::tests::test_try_from_reader_sync ... ok
[INFO] [stdout] test file_types::tests::test_try_from_file_sync ... FAILED
[INFO] [stdout] test file_types::tests::test_try_from_reader_sync ... FAILED
[INFO] [stdout] test format::author::test::test_new ... ok
[INFO] [stdout] test format::byte_sequence::test::test_new ... ok
[INFO] [stdout] test file_type::tests::test_from_media_type_not_found ... ok
[INFO] [stdout] test format::author::test::test_serde ... ok
[INFO] [stdout] test format::byte_sequence::test::test_serde ... ok
[INFO] [stdout] test file_type::tests::test_from_bytes_empty_default ... ok
[INFO] [stdout] test file_type::tests::test_from_media_type ... ok
[INFO] [stdout] test format::document::test::test_new ... ok
[INFO] [stdout] test format::compression_type::test::test_new ... ok
[INFO] [stdout] test format::external_signature::test::test_new ... ok
[INFO] [stdout] test format::file_format::tests::test_new ... ok
[INFO] [stdout] test format::external_signature::test::test_serde ... ok
[INFO] [stdout] test format::file_format::tests::test_serde ... ok
[INFO] [stdout] test format::document::test::test_serde ... ok
[INFO] [stdout] test format::document_identifier::test::test_new ... ok
[INFO] [stdout] test format::compression_type::test::test_serde ... ok
[INFO] [stdout] test format::publisher::test::test_new ... ok
[INFO] [stdout] test file_types::tests::test_from_media_type ... ok
[INFO] [stdout] test file_types::tests::test_media_types ... ok
[INFO] [stdout] test format::publisher::test::test_serde ... ok
[INFO] [stdout] test format::internal_signature::test::test_new ... ok
[INFO] [stdout] test format::regex::tests::test_invalid_characters ... ok
[INFO] [stdout] test format::internal_signature::test::test_serde ... ok
[INFO] [stdout] test format::regex::tests::test_invalid_open_any ... ok
[INFO] [stdout] test file_type::tests::test_from_bytes_binary_default ... ok
[INFO] [stdout] test format::document_identifier::test::test_serde ... ok
[INFO] [stdout] test format::regex::tests::test_invalid_open_range ... ok
[INFO] [stdout] test format::regex::tests::test_invalid_single_wildcard_eol ... ok
[INFO] [stdout] test format::regex::tests::test_invalid_wildcard_minimum ... ok
[INFO] [stdout] test format::regex::tests::test_invalid_wildcard_maximum ... ok
[INFO] [stdout] test format::regex::tests::test_match_any ... ok
[INFO] [stdout] test format::regex::tests::test_invalid_open_wildcard ... ok
[INFO] [stdout] test format::regex::tests::test_match_literal ... ok
[INFO] [stdout] test format::regex::tests::test_match_not_literal_sequence ... ok
[INFO] [stdout] test format::regex::tests::test_match_any_wildcard ... ok
[INFO] [stdout] test format::regex::tests::test_match_not_range ... ok
[INFO] [stdout] test format::regex::tests::test_match_range ... ok
[INFO] [stdout] test format::regex::tests::test_match_single_wildcard ... ok
[INFO] [stdout] test format::regex::tests::test_match_wildcard_count ... ok
[INFO] [stdout] test format::regex::tests::test_match_wildcard_count_range ... ok
[INFO] [stdout] test format::regex::tests::test_regex_display_all_tokens ... ok
[INFO] [stdout] test format::regex::tests::test_token_display_any ... ok
[INFO] [stdout] test format::regex::tests::test_token_display_any_multiple ... ok
[INFO] [stdout] test format::regex::tests::test_token_display_literal_sequence ... ok
[INFO] [stdout] test format::regex::tests::test_token_display_not_literal_sequence ... ok
[INFO] [stdout] test format::regex::tests::test_token_display_not_literal_sequence_multiple ... ok
[INFO] [stdout] test format::regex::tests::test_invalid_single_wildcard ... ok
[INFO] [stdout] test format::regex::tests::test_token_display_not_range ... ok
[INFO] [stdout] test format::regex::tests::test_token_display_any_wildcard ... ok
[INFO] [stdout] test format::regex::tests::test_token_display_single_wildcard ... ok
[INFO] [stdout] test format::regex::tests::test_invalid_wildcard_minimum_separator ... ok
[INFO] [stdout] test format::regex::tests::test_invalid_range ... ok
[INFO] [stdout] test format::regex::tests::test_token_display_wildcard_count_range ... ok
[INFO] [stdout] test format::related_format::test::test_new ... ok
[INFO] [stdout] test format::related_format::test::test_serde ... ok
[INFO] [stdout] test format::regex::tests::test_token_display_range ... ok
[INFO] [stdout] test format::regex::tests::test_token_display_wildcard_count_range_max ... ok
[INFO] [stdout] test format::regex::tests::test_token_display_wildcard_count ... ok
[INFO] [stdout] test file_type::tests::test_from_extension_not_found ... ok
[INFO] [stdout] test file_type::tests::test_from_extension ... ok
[INFO] [stdout] test file_types::tests::test_from_extension_not_found ... ok
[INFO] [stdout] test file_types::tests::test_from_extension ... ok
[INFO] [stdout] test file_types::tests::test_extensions ... ok
[INFO] [stdout] test file_types::tests::create_supported_formats ... ok
[INFO] [stdout] 
[INFO] [stdout] failures:
[INFO] [stdout] 
[INFO] [stdout] ---- file_type::tests::test_try_from_file_sync stdout ----
[INFO] [stdout] Error: IoError(Os { code: 2, kind: NotFound, message: "No such file or directory" })
[INFO] [stdout] 
[INFO] [stdout] ---- file_types::tests::test_try_from_file_sync stdout ----
[INFO] [stdout] Error: IoError(Os { code: 2, kind: NotFound, message: "No such file or directory" })
[INFO] [stdout] 
[INFO] [stdout] ---- file_types::tests::test_try_from_reader_sync stdout ----
[INFO] [stdout] Error: IoError(Os { code: 2, kind: NotFound, message: "No such file or directory" })
[INFO] [stdout] 
[INFO] [stdout] 
[INFO] [stdout] failures:
[INFO] [stdout]     file_type::tests::test_try_from_file_sync
[INFO] [stdout]     file_types::tests::test_try_from_file_sync
[INFO] [stdout]     file_types::tests::test_try_from_reader_sync
[INFO] [stdout] 
[INFO] [stdout] test result: FAILED. 75 passed; 3 failed; 0 ignored; 0 measured; 0 filtered out; finished in 1.04s
[INFO] [stdout] 
[INFO] [stderr] error: test failed, to rerun pass `--lib`
[INFO] running `Command { std: "docker" "inspect" "01ea00449e16d28852da4bdff512151d2d87592a583bb44dcc6a122ad81c7e53", kill_on_drop: false }`
[INFO] running `Command { std: "docker" "rm" "-f" "01ea00449e16d28852da4bdff512151d2d87592a583bb44dcc6a122ad81c7e53", kill_on_drop: false }`
[INFO] [stdout] 01ea00449e16d28852da4bdff512151d2d87592a583bb44dcc6a122ad81c7e53
