[INFO] fetching crate fe3o4 0.2.0...
[INFO] testing fe3o4-0.2.0 against nightly-2025-01-18 for randomize-layout-2
[INFO] extracting crate fe3o4 0.2.0 into /workspace/builds/worker-4-tc1/source
[INFO] validating manifest of crates.io crate fe3o4 0.2.0 on toolchain nightly-2025-01-18
[INFO] running `Command { std: CARGO_HOME="/workspace/cargo-home" RUSTUP_HOME="/workspace/rustup-home" "/workspace/cargo-home/bin/cargo" "+nightly-2025-01-18" "metadata" "--manifest-path" "Cargo.toml" "--no-deps", kill_on_drop: false }`
[INFO] started tweaking crates.io crate fe3o4 0.2.0
[INFO] finished tweaking crates.io crate fe3o4 0.2.0
[INFO] tweaked toml for crates.io crate fe3o4 0.2.0 written to /workspace/builds/worker-4-tc1/source/Cargo.toml
[INFO] running `Command { std: CARGO_HOME="/workspace/cargo-home" RUSTUP_HOME="/workspace/rustup-home" "/workspace/cargo-home/bin/cargo" "+nightly-2025-01-18" "generate-lockfile" "--manifest-path" "Cargo.toml", kill_on_drop: false }`
[INFO] [stderr]     Updating crates.io index
[INFO] [stderr]      Locking 28 packages to latest compatible versions
[INFO] running `Command { std: CARGO_HOME="/workspace/cargo-home" RUSTUP_HOME="/workspace/rustup-home" "/workspace/cargo-home/bin/cargo" "+nightly-2025-01-18" "fetch" "--manifest-path" "Cargo.toml", kill_on_drop: false }`
[INFO] running `Command { std: "docker" "create" "-v" "/var/lib/crater-agent-workspace/builds/worker-4-tc1/target:/opt/rustwide/target:rw,Z" "-v" "/var/lib/crater-agent-workspace/builds/worker-4-tc1/source:/opt/rustwide/workdir:ro,Z" "-v" "/var/lib/crater-agent-workspace/cargo-home:/opt/rustwide/cargo-home:ro,Z" "-v" "/var/lib/crater-agent-workspace/rustup-home:/opt/rustwide/rustup-home:ro,Z" "-e" "SOURCE_DIR=/opt/rustwide/workdir" "-e" "CARGO_TARGET_DIR=/opt/rustwide/target" "-e" "CARGO_HOME=/opt/rustwide/cargo-home" "-e" "RUSTUP_HOME=/opt/rustwide/rustup-home" "-w" "/opt/rustwide/workdir" "-m" "1610612736" "--user" "0:0" "--network" "none" "ghcr.io/rust-lang/crates-build-env/linux@sha256:819108c5571ea2e421544af4d832f968d213c87fbe3707a016657f43d2f853bc" "/opt/rustwide/cargo-home/bin/cargo" "+nightly-2025-01-18" "metadata" "--no-deps" "--format-version=1", kill_on_drop: false }`
[INFO] [stdout] 1482e0498c257700925cebab0b9644b1bcda48cf614a910812440d97cc72d8bb
[INFO] running `Command { std: "docker" "start" "-a" "1482e0498c257700925cebab0b9644b1bcda48cf614a910812440d97cc72d8bb", kill_on_drop: false }`
[INFO] running `Command { std: "docker" "inspect" "1482e0498c257700925cebab0b9644b1bcda48cf614a910812440d97cc72d8bb", kill_on_drop: false }`
[INFO] running `Command { std: "docker" "rm" "-f" "1482e0498c257700925cebab0b9644b1bcda48cf614a910812440d97cc72d8bb", kill_on_drop: false }`
[INFO] [stdout] 1482e0498c257700925cebab0b9644b1bcda48cf614a910812440d97cc72d8bb
[INFO] running `Command { std: "docker" "create" "-v" "/var/lib/crater-agent-workspace/builds/worker-4-tc1/target:/opt/rustwide/target:rw,Z" "-v" "/var/lib/crater-agent-workspace/builds/worker-4-tc1/source:/opt/rustwide/workdir:ro,Z" "-v" "/var/lib/crater-agent-workspace/cargo-home:/opt/rustwide/cargo-home:ro,Z" "-v" "/var/lib/crater-agent-workspace/rustup-home:/opt/rustwide/rustup-home:ro,Z" "-e" "SOURCE_DIR=/opt/rustwide/workdir" "-e" "CARGO_TARGET_DIR=/opt/rustwide/target" "-e" "CARGO_INCREMENTAL=0" "-e" "RUST_BACKTRACE=full" "-e" "RUSTFLAGS=--cap-lints=forbid" "-e" "RUSTDOCFLAGS=--cap-lints=forbid" "-e" "CARGO_HOME=/opt/rustwide/cargo-home" "-e" "RUSTUP_HOME=/opt/rustwide/rustup-home" "-w" "/opt/rustwide/workdir" "-m" "1610612736" "--user" "0:0" "--network" "none" "ghcr.io/rust-lang/crates-build-env/linux@sha256:819108c5571ea2e421544af4d832f968d213c87fbe3707a016657f43d2f853bc" "/opt/rustwide/cargo-home/bin/cargo" "+nightly-2025-01-18" "build" "--frozen" "--message-format=json", kill_on_drop: false }`
[INFO] [stdout] b6c94ecaa151282972a0a5ad5b9ec4ec54d7b737f67e6c485e1ddd055b703329
[INFO] running `Command { std: "docker" "start" "-a" "b6c94ecaa151282972a0a5ad5b9ec4ec54d7b737f67e6c485e1ddd055b703329", kill_on_drop: false }`
[INFO] [stderr]    Compiling proc-macro2 v1.0.93
[INFO] [stderr]    Compiling unicode-ident v1.0.14
[INFO] [stderr]    Compiling autocfg v1.4.0
[INFO] [stderr]    Compiling libc v0.2.169
[INFO] [stderr]    Compiling crossbeam-utils v0.8.21
[INFO] [stderr]    Compiling parking_lot_core v0.9.10
[INFO] [stderr]    Compiling smallvec v1.13.2
[INFO] [stderr]    Compiling cfg-if v1.0.0
[INFO] [stderr]    Compiling serde v1.0.217
[INFO] [stderr]    Compiling scopeguard v1.2.0
[INFO] [stderr]    Compiling once_cell v1.20.2
[INFO] [stderr]    Compiling hashbrown v0.14.5
[INFO] [stderr]    Compiling lock_api v0.4.12
[INFO] [stderr]    Compiling quote v1.0.38
[INFO] [stderr]    Compiling syn v2.0.96
[INFO] [stderr]    Compiling dashmap v6.1.0
[INFO] [stderr]    Compiling serde_derive v1.0.217
[INFO] [stderr]    Compiling fe3o4 v0.2.0 (/opt/rustwide/workdir)
[INFO] [stderr]     Finished `dev` profile [unoptimized + debuginfo] target(s) in 17.38s
[INFO] running `Command { std: "docker" "inspect" "b6c94ecaa151282972a0a5ad5b9ec4ec54d7b737f67e6c485e1ddd055b703329", kill_on_drop: false }`
[INFO] running `Command { std: "docker" "rm" "-f" "b6c94ecaa151282972a0a5ad5b9ec4ec54d7b737f67e6c485e1ddd055b703329", kill_on_drop: false }`
[INFO] [stdout] b6c94ecaa151282972a0a5ad5b9ec4ec54d7b737f67e6c485e1ddd055b703329
[INFO] running `Command { std: "docker" "create" "-v" "/var/lib/crater-agent-workspace/builds/worker-4-tc1/target:/opt/rustwide/target:rw,Z" "-v" "/var/lib/crater-agent-workspace/builds/worker-4-tc1/source:/opt/rustwide/workdir:ro,Z" "-v" "/var/lib/crater-agent-workspace/cargo-home:/opt/rustwide/cargo-home:ro,Z" "-v" "/var/lib/crater-agent-workspace/rustup-home:/opt/rustwide/rustup-home:ro,Z" "-e" "SOURCE_DIR=/opt/rustwide/workdir" "-e" "CARGO_TARGET_DIR=/opt/rustwide/target" "-e" "CARGO_INCREMENTAL=0" "-e" "RUST_BACKTRACE=full" "-e" "RUSTFLAGS=--cap-lints=forbid" "-e" "RUSTDOCFLAGS=--cap-lints=forbid" "-e" "CARGO_HOME=/opt/rustwide/cargo-home" "-e" "RUSTUP_HOME=/opt/rustwide/rustup-home" "-w" "/opt/rustwide/workdir" "-m" "1610612736" "--user" "0:0" "--network" "none" "ghcr.io/rust-lang/crates-build-env/linux@sha256:819108c5571ea2e421544af4d832f968d213c87fbe3707a016657f43d2f853bc" "/opt/rustwide/cargo-home/bin/cargo" "+nightly-2025-01-18" "test" "--frozen" "--no-run" "--message-format=json", kill_on_drop: false }`
[INFO] [stdout] c4cb188bee56a55789067305036187053b45629a315b07f98eb50b859ee5e5c7
[INFO] running `Command { std: "docker" "start" "-a" "c4cb188bee56a55789067305036187053b45629a315b07f98eb50b859ee5e5c7", kill_on_drop: false }`
[INFO] [stderr]    Compiling fe3o4 v0.2.0 (/opt/rustwide/workdir)
[INFO] [stderr]     Finished `test` profile [unoptimized + debuginfo] target(s) in 0.49s
[INFO] running `Command { std: "docker" "inspect" "c4cb188bee56a55789067305036187053b45629a315b07f98eb50b859ee5e5c7", kill_on_drop: false }`
[INFO] running `Command { std: "docker" "rm" "-f" "c4cb188bee56a55789067305036187053b45629a315b07f98eb50b859ee5e5c7", kill_on_drop: false }`
[INFO] [stdout] c4cb188bee56a55789067305036187053b45629a315b07f98eb50b859ee5e5c7
[INFO] running `Command { std: "docker" "create" "-v" "/var/lib/crater-agent-workspace/builds/worker-4-tc1/target:/opt/rustwide/target:rw,Z" "-v" "/var/lib/crater-agent-workspace/builds/worker-4-tc1/source:/opt/rustwide/workdir:ro,Z" "-v" "/var/lib/crater-agent-workspace/cargo-home:/opt/rustwide/cargo-home:ro,Z" "-v" "/var/lib/crater-agent-workspace/rustup-home:/opt/rustwide/rustup-home:ro,Z" "-e" "SOURCE_DIR=/opt/rustwide/workdir" "-e" "CARGO_TARGET_DIR=/opt/rustwide/target" "-e" "CARGO_INCREMENTAL=0" "-e" "RUST_BACKTRACE=full" "-e" "RUSTFLAGS=--cap-lints=forbid" "-e" "RUSTDOCFLAGS=--cap-lints=forbid" "-e" "CARGO_HOME=/opt/rustwide/cargo-home" "-e" "RUSTUP_HOME=/opt/rustwide/rustup-home" "-w" "/opt/rustwide/workdir" "-m" "1610612736" "--user" "0:0" "--network" "none" "ghcr.io/rust-lang/crates-build-env/linux@sha256:819108c5571ea2e421544af4d832f968d213c87fbe3707a016657f43d2f853bc" "/opt/rustwide/cargo-home/bin/cargo" "+nightly-2025-01-18" "test" "--frozen", kill_on_drop: false }`
[INFO] [stdout] 2cb299c4b7bd92b8652f6ce9c4ed952dbbbafb0a198c2de2fce98131a8af0209
[INFO] running `Command { std: "docker" "start" "-a" "2cb299c4b7bd92b8652f6ce9c4ed952dbbbafb0a198c2de2fce98131a8af0209", kill_on_drop: false }`
[INFO] [stderr]     Finished `test` profile [unoptimized + debuginfo] target(s) in 0.04s
[INFO] [stderr]      Running unittests src/lib.rs (/opt/rustwide/target/debug/deps/fe3o4-baff49aae95b8439)
[INFO] [stdout] 
[INFO] [stdout] running 0 tests
[INFO] [stdout] 
[INFO] [stdout] test result: ok. 0 passed; 0 failed; 0 ignored; 0 measured; 0 filtered out; finished in 0.00s
[INFO] [stdout] 
[INFO] [stderr]    Doc-tests fe3o4
[INFO] [stdout] 
[INFO] [stdout] running 1 test
[INFO] [stdout] test src/tab.rs - tab::def_regtab (line 58) ... FAILED
[INFO] [stdout] 
[INFO] [stdout] failures:
[INFO] [stdout] 
[INFO] [stdout] ---- src/tab.rs - tab::def_regtab (line 58) stdout ----
[INFO] [stdout] error[E0433]: failed to resolve: could not find `static_init` in the list of imported crates
[INFO] [stdout]   --> src/tab.rs:65:1
[INFO] [stdout]    |
[INFO] [stdout] 10 | def_regtab!(Foo);
[INFO] [stdout]    | ^^^^^^^^^^^^^^^^ could not find `static_init` in the list of imported crates
[INFO] [stdout]    |
[INFO] [stdout]    = note: this error originates in the macro `def_regtab` (in Nightly builds, run with -Z macro-backtrace for more info)
[INFO] [stdout] 
[INFO] [stdout] error[E0433]: failed to resolve: could not find `static_init` in the list of imported crates
[INFO] [stdout]   --> src/tab.rs:66:1
[INFO] [stdout]    |
[INFO] [stdout] 11 | def_regtab!(Bar, REG_BAR);
[INFO] [stdout]    | ^^^^^^^^^^^^^^^^^^^^^^^^^ could not find `static_init` in the list of imported crates
[INFO] [stdout]    |
[INFO] [stdout]    = note: this error originates in the macro `def_regtab` (in Nightly builds, run with -Z macro-backtrace for more info)
[INFO] [stdout] 
[INFO] [stdout] error[E0015]: cannot call non-const associated function `RegTab::<Foo>::new` in statics
[INFO] [stdout]   --> src/tab.rs:65:1
[INFO] [stdout]    |
[INFO] [stdout] 10 | def_regtab!(Foo);
[INFO] [stdout]    | ^^^^^^^^^^^^^^^^
[INFO] [stdout]    |
[INFO] [stdout]    = note: calls in statics are limited to constant functions, tuple structs and tuple variants
[INFO] [stdout]    = note: consider wrapping this expression in `std::sync::LazyLock::new(|| ...)`
[INFO] [stdout]    = note: this error originates in the macro `def_regtab` (in Nightly builds, run with -Z macro-backtrace for more info)
[INFO] [stdout] 
[INFO] [stdout] error[E0015]: cannot call non-const associated function `RegTab::<Bar>::new` in statics
[INFO] [stdout]   --> src/tab.rs:66:1
[INFO] [stdout]    |
[INFO] [stdout] 11 | def_regtab!(Bar, REG_BAR);
[INFO] [stdout]    | ^^^^^^^^^^^^^^^^^^^^^^^^^
[INFO] [stdout]    |
[INFO] [stdout]    = note: calls in statics are limited to constant functions, tuple structs and tuple variants
[INFO] [stdout]    = note: consider wrapping this expression in `std::sync::LazyLock::new(|| ...)`
[INFO] [stdout]    = note: this error originates in the macro `def_regtab` (in Nightly builds, run with -Z macro-backtrace for more info)
[INFO] [stdout] 
[INFO] [stdout] error: aborting due to 4 previous errors
[INFO] [stdout] 
[INFO] [stdout] Some errors have detailed explanations: E0015, E0433.
[INFO] [stdout] For more information about an error, try `rustc --explain E0015`.
[INFO] [stdout] Couldn't compile the test.
[INFO] [stdout] 
[INFO] [stdout] failures:
[INFO] [stdout]     src/tab.rs - tab::def_regtab (line 58)
[INFO] [stdout] 
[INFO] [stdout] test result: FAILED. 0 passed; 1 failed; 0 ignored; 0 measured; 0 filtered out; finished in 0.12s
[INFO] [stdout] 
[INFO] [stderr] error: doctest failed, to rerun pass `--doc`
[INFO] running `Command { std: "docker" "inspect" "2cb299c4b7bd92b8652f6ce9c4ed952dbbbafb0a198c2de2fce98131a8af0209", kill_on_drop: false }`
[INFO] running `Command { std: "docker" "rm" "-f" "2cb299c4b7bd92b8652f6ce9c4ed952dbbbafb0a198c2de2fce98131a8af0209", kill_on_drop: false }`
[INFO] [stdout] 2cb299c4b7bd92b8652f6ce9c4ed952dbbbafb0a198c2de2fce98131a8af0209
