[INFO] fetching crate ez_log 0.1.4...
[INFO] testing ez_log-0.1.4 against nightly-2025-01-18 for randomize-layout-2
[INFO] extracting crate ez_log 0.1.4 into /workspace/builds/worker-3-tc1/source
[INFO] validating manifest of crates.io crate ez_log 0.1.4 on toolchain nightly-2025-01-18
[INFO] running `Command { std: CARGO_HOME="/workspace/cargo-home" RUSTUP_HOME="/workspace/rustup-home" "/workspace/cargo-home/bin/cargo" "+nightly-2025-01-18" "metadata" "--manifest-path" "Cargo.toml" "--no-deps", kill_on_drop: false }`
[INFO] started tweaking crates.io crate ez_log 0.1.4
[INFO] finished tweaking crates.io crate ez_log 0.1.4
[INFO] tweaked toml for crates.io crate ez_log 0.1.4 written to /workspace/builds/worker-3-tc1/source/Cargo.toml
[INFO] running `Command { std: CARGO_HOME="/workspace/cargo-home" RUSTUP_HOME="/workspace/rustup-home" "/workspace/cargo-home/bin/cargo" "+nightly-2025-01-18" "generate-lockfile" "--manifest-path" "Cargo.toml", kill_on_drop: false }`
[INFO] [stderr]     Blocking waiting for file lock on package cache
[INFO] [stderr]     Updating crates.io index
[INFO] [stderr]     Blocking waiting for file lock on package cache
[INFO] [stderr]      Locking 37 packages to latest compatible versions
[INFO] running `Command { std: CARGO_HOME="/workspace/cargo-home" RUSTUP_HOME="/workspace/rustup-home" "/workspace/cargo-home/bin/cargo" "+nightly-2025-01-18" "fetch" "--manifest-path" "Cargo.toml", kill_on_drop: false }`
[INFO] [stderr]     Blocking waiting for file lock on package cache
[INFO] [stderr]     Blocking waiting for file lock on package cache
[INFO] [stderr]  Downloading crates ...
[INFO] [stderr]   Downloaded colorized v1.0.0
[INFO] running `Command { std: "docker" "create" "-v" "/var/lib/crater-agent-workspace/builds/worker-3-tc1/target:/opt/rustwide/target:rw,Z" "-v" "/var/lib/crater-agent-workspace/builds/worker-3-tc1/source:/opt/rustwide/workdir:ro,Z" "-v" "/var/lib/crater-agent-workspace/cargo-home:/opt/rustwide/cargo-home:ro,Z" "-v" "/var/lib/crater-agent-workspace/rustup-home:/opt/rustwide/rustup-home:ro,Z" "-e" "SOURCE_DIR=/opt/rustwide/workdir" "-e" "CARGO_TARGET_DIR=/opt/rustwide/target" "-e" "CARGO_HOME=/opt/rustwide/cargo-home" "-e" "RUSTUP_HOME=/opt/rustwide/rustup-home" "-w" "/opt/rustwide/workdir" "-m" "1610612736" "--user" "0:0" "--network" "none" "ghcr.io/rust-lang/crates-build-env/linux@sha256:819108c5571ea2e421544af4d832f968d213c87fbe3707a016657f43d2f853bc" "/opt/rustwide/cargo-home/bin/cargo" "+nightly-2025-01-18" "metadata" "--no-deps" "--format-version=1", kill_on_drop: false }`
[INFO] [stdout] 8e68619ce94e316b79053e5b06198a0d5ac182388215699ae3ca98ef6df063f7
[INFO] running `Command { std: "docker" "start" "-a" "8e68619ce94e316b79053e5b06198a0d5ac182388215699ae3ca98ef6df063f7", kill_on_drop: false }`
[INFO] running `Command { std: "docker" "inspect" "8e68619ce94e316b79053e5b06198a0d5ac182388215699ae3ca98ef6df063f7", kill_on_drop: false }`
[INFO] running `Command { std: "docker" "rm" "-f" "8e68619ce94e316b79053e5b06198a0d5ac182388215699ae3ca98ef6df063f7", kill_on_drop: false }`
[INFO] [stdout] 8e68619ce94e316b79053e5b06198a0d5ac182388215699ae3ca98ef6df063f7
[INFO] running `Command { std: "docker" "create" "-v" "/var/lib/crater-agent-workspace/builds/worker-3-tc1/target:/opt/rustwide/target:rw,Z" "-v" "/var/lib/crater-agent-workspace/builds/worker-3-tc1/source:/opt/rustwide/workdir:ro,Z" "-v" "/var/lib/crater-agent-workspace/cargo-home:/opt/rustwide/cargo-home:ro,Z" "-v" "/var/lib/crater-agent-workspace/rustup-home:/opt/rustwide/rustup-home:ro,Z" "-e" "SOURCE_DIR=/opt/rustwide/workdir" "-e" "CARGO_TARGET_DIR=/opt/rustwide/target" "-e" "CARGO_INCREMENTAL=0" "-e" "RUST_BACKTRACE=full" "-e" "RUSTFLAGS=--cap-lints=forbid" "-e" "RUSTDOCFLAGS=--cap-lints=forbid" "-e" "CARGO_HOME=/opt/rustwide/cargo-home" "-e" "RUSTUP_HOME=/opt/rustwide/rustup-home" "-w" "/opt/rustwide/workdir" "-m" "1610612736" "--user" "0:0" "--network" "none" "ghcr.io/rust-lang/crates-build-env/linux@sha256:819108c5571ea2e421544af4d832f968d213c87fbe3707a016657f43d2f853bc" "/opt/rustwide/cargo-home/bin/cargo" "+nightly-2025-01-18" "build" "--frozen" "--message-format=json", kill_on_drop: false }`
[INFO] [stdout] af391b6c3fcfc18abe014d485ecbd4a985299642b10525ba16e4764e6e708874
[INFO] running `Command { std: "docker" "start" "-a" "af391b6c3fcfc18abe014d485ecbd4a985299642b10525ba16e4764e6e708874", kill_on_drop: false }`
[INFO] [stderr]    Compiling autocfg v1.4.0
[INFO] [stderr]    Compiling iana-time-zone v0.1.61
[INFO] [stderr]    Compiling colorized v1.0.0
[INFO] [stderr]    Compiling num-traits v0.2.19
[INFO] [stderr]    Compiling chrono v0.4.39
[INFO] [stderr]    Compiling ez_log v0.1.4 (/opt/rustwide/workdir)
[INFO] [stderr]     Finished `dev` profile [unoptimized + debuginfo] target(s) in 4.38s
[INFO] running `Command { std: "docker" "inspect" "af391b6c3fcfc18abe014d485ecbd4a985299642b10525ba16e4764e6e708874", kill_on_drop: false }`
[INFO] running `Command { std: "docker" "rm" "-f" "af391b6c3fcfc18abe014d485ecbd4a985299642b10525ba16e4764e6e708874", kill_on_drop: false }`
[INFO] [stdout] af391b6c3fcfc18abe014d485ecbd4a985299642b10525ba16e4764e6e708874
[INFO] running `Command { std: "docker" "create" "-v" "/var/lib/crater-agent-workspace/builds/worker-3-tc1/target:/opt/rustwide/target:rw,Z" "-v" "/var/lib/crater-agent-workspace/builds/worker-3-tc1/source:/opt/rustwide/workdir:ro,Z" "-v" "/var/lib/crater-agent-workspace/cargo-home:/opt/rustwide/cargo-home:ro,Z" "-v" "/var/lib/crater-agent-workspace/rustup-home:/opt/rustwide/rustup-home:ro,Z" "-e" "SOURCE_DIR=/opt/rustwide/workdir" "-e" "CARGO_TARGET_DIR=/opt/rustwide/target" "-e" "CARGO_INCREMENTAL=0" "-e" "RUST_BACKTRACE=full" "-e" "RUSTFLAGS=--cap-lints=forbid" "-e" "RUSTDOCFLAGS=--cap-lints=forbid" "-e" "CARGO_HOME=/opt/rustwide/cargo-home" "-e" "RUSTUP_HOME=/opt/rustwide/rustup-home" "-w" "/opt/rustwide/workdir" "-m" "1610612736" "--user" "0:0" "--network" "none" "ghcr.io/rust-lang/crates-build-env/linux@sha256:819108c5571ea2e421544af4d832f968d213c87fbe3707a016657f43d2f853bc" "/opt/rustwide/cargo-home/bin/cargo" "+nightly-2025-01-18" "test" "--frozen" "--no-run" "--message-format=json", kill_on_drop: false }`
[INFO] [stdout] 011b02b8bae49f976cb25352258e29fb4e70697ced7191964aca44789b7fc52c
[INFO] running `Command { std: "docker" "start" "-a" "011b02b8bae49f976cb25352258e29fb4e70697ced7191964aca44789b7fc52c", kill_on_drop: false }`
[INFO] [stderr]    Compiling ez_log v0.1.4 (/opt/rustwide/workdir)
[INFO] [stderr]     Finished `test` profile [unoptimized + debuginfo] target(s) in 0.41s
[INFO] running `Command { std: "docker" "inspect" "011b02b8bae49f976cb25352258e29fb4e70697ced7191964aca44789b7fc52c", kill_on_drop: false }`
[INFO] running `Command { std: "docker" "rm" "-f" "011b02b8bae49f976cb25352258e29fb4e70697ced7191964aca44789b7fc52c", kill_on_drop: false }`
[INFO] [stdout] 011b02b8bae49f976cb25352258e29fb4e70697ced7191964aca44789b7fc52c
[INFO] running `Command { std: "docker" "create" "-v" "/var/lib/crater-agent-workspace/builds/worker-3-tc1/target:/opt/rustwide/target:rw,Z" "-v" "/var/lib/crater-agent-workspace/builds/worker-3-tc1/source:/opt/rustwide/workdir:ro,Z" "-v" "/var/lib/crater-agent-workspace/cargo-home:/opt/rustwide/cargo-home:ro,Z" "-v" "/var/lib/crater-agent-workspace/rustup-home:/opt/rustwide/rustup-home:ro,Z" "-e" "SOURCE_DIR=/opt/rustwide/workdir" "-e" "CARGO_TARGET_DIR=/opt/rustwide/target" "-e" "CARGO_INCREMENTAL=0" "-e" "RUST_BACKTRACE=full" "-e" "RUSTFLAGS=--cap-lints=forbid" "-e" "RUSTDOCFLAGS=--cap-lints=forbid" "-e" "CARGO_HOME=/opt/rustwide/cargo-home" "-e" "RUSTUP_HOME=/opt/rustwide/rustup-home" "-w" "/opt/rustwide/workdir" "-m" "1610612736" "--user" "0:0" "--network" "none" "ghcr.io/rust-lang/crates-build-env/linux@sha256:819108c5571ea2e421544af4d832f968d213c87fbe3707a016657f43d2f853bc" "/opt/rustwide/cargo-home/bin/cargo" "+nightly-2025-01-18" "test" "--frozen", kill_on_drop: false }`
[INFO] [stdout] d5c30f6f495b6abf130bb74b9b86431ff152e0144d7c77e26fad10e56d0686dd
[INFO] running `Command { std: "docker" "start" "-a" "d5c30f6f495b6abf130bb74b9b86431ff152e0144d7c77e26fad10e56d0686dd", kill_on_drop: false }`
[INFO] [stderr]     Finished `test` profile [unoptimized + debuginfo] target(s) in 0.05s
[INFO] [stderr]      Running unittests src/lib.rs (/opt/rustwide/target/debug/deps/ez_log-3a9f528348e8e308)
[INFO] [stdout] 
[INFO] [stdout] running 3 tests
[INFO] [stdout] test test::error_test ... ok
[INFO] [stdout] test test::warn_test ... ok
[INFO] [stderr]    Doc-tests ez_log
[INFO] [stdout] test test::info_test ... ok
[INFO] [stdout] 
[INFO] [stdout] test result: ok. 3 passed; 0 failed; 0 ignored; 0 measured; 0 filtered out; finished in 0.01s
[INFO] [stdout] 
[INFO] [stdout] 
[INFO] [stdout] running 3 tests
[INFO] [stdout] test src/macros.rs - macros::log_error (line 79) ... FAILED
[INFO] [stdout] test src/macros.rs - macros::log_warn (line 44) ... FAILED
[INFO] [stdout] test src/macros.rs - macros::log_info (line 11) ... ok
[INFO] [stdout] 
[INFO] [stdout] failures:
[INFO] [stdout] 
[INFO] [stdout] ---- src/macros.rs - macros::log_error (line 79) stdout ----
[INFO] [stdout] error[E0425]: cannot find function `start_web_server` in this scope
[INFO] [stdout]  --> src/macros.rs:83:7
[INFO] [stdout]   |
[INFO] [stdout] 7 | match start_web_server() {
[INFO] [stdout]   |       ^^^^^^^^^^^^^^^^ not found in this scope
[INFO] [stdout] 
[INFO] [stdout] error[E0023]: this pattern has 0 fields, but the corresponding tuple variant has 1 field
[INFO] [stdout]  --> src/macros.rs:84:5
[INFO] [stdout]   |
[INFO] [stdout] 8 |     Ok() => todo!(),
[INFO] [stdout]   |     ^^^^ expected 1 field, found 0
[INFO] [stdout]  --> /rustc/6067b36314ab5eb2eb47cecc464545ba58e1ad24/library/core/src/result.rs:532:54
[INFO] [stdout]   |
[INFO] [stdout]   = note: tuple variant has 1 field
[INFO] [stdout]   |
[INFO] [stdout] help: use `_` to explicitly ignore each field
[INFO] [stdout]   |
[INFO] [stdout] 8 |     Ok(_) => todo!(),
[INFO] [stdout]   |        +
[INFO] [stdout] help: use `..` to ignore all fields
[INFO] [stdout]   |
[INFO] [stdout] 8 |     Ok(..) => todo!(),
[INFO] [stdout]   |        ++
[INFO] [stdout] 
[INFO] [stdout] error[E0423]: expected function, found macro `log_error`
[INFO] [stdout]   --> src/macros.rs:86:9
[INFO] [stdout]    |
[INFO] [stdout] 10 |         log_error("Error while starting web server! {}", error);
[INFO] [stdout]    |         ^^^^^^^^^ not a function
[INFO] [stdout]    |
[INFO] [stdout] help: use `!` to invoke the macro
[INFO] [stdout]    |
[INFO] [stdout] 10 |         log_error!("Error while starting web server! {}", error);
[INFO] [stdout]    |                  +
[INFO] [stdout] 
[INFO] [stdout] error: aborting due to 3 previous errors
[INFO] [stdout] 
[INFO] [stdout] Some errors have detailed explanations: E0023, E0423, E0425.
[INFO] [stdout] For more information about an error, try `rustc --explain E0023`.
[INFO] [stdout] Couldn't compile the test.
[INFO] [stdout] ---- src/macros.rs - macros::log_warn (line 44) stdout ----
[INFO] [stdout] error[E0425]: cannot find function `handle_request` in this scope
[INFO] [stdout]  --> src/macros.rs:48:7
[INFO] [stdout]   |
[INFO] [stdout] 7 | match handle_request() {
[INFO] [stdout]   |       ^^^^^^^^^^^^^^ not found in this scope
[INFO] [stdout] 
[INFO] [stdout] error[E0023]: this pattern has 0 fields, but the corresponding tuple variant has 1 field
[INFO] [stdout]  --> src/macros.rs:49:5
[INFO] [stdout]   |
[INFO] [stdout] 8 |     Ok() => todo!(),
[INFO] [stdout]   |     ^^^^ expected 1 field, found 0
[INFO] [stdout]  --> /rustc/6067b36314ab5eb2eb47cecc464545ba58e1ad24/library/core/src/result.rs:532:54
[INFO] [stdout]   |
[INFO] [stdout]   = note: tuple variant has 1 field
[INFO] [stdout]   |
[INFO] [stdout] help: use `_` to explicitly ignore each field
[INFO] [stdout]   |
[INFO] [stdout] 8 |     Ok(_) => todo!(),
[INFO] [stdout]   |        +
[INFO] [stdout] help: use `..` to ignore all fields
[INFO] [stdout]   |
[INFO] [stdout] 8 |     Ok(..) => todo!(),
[INFO] [stdout]   |        ++
[INFO] [stdout] 
[INFO] [stdout] error: aborting due to 2 previous errors
[INFO] [stdout] 
[INFO] [stdout] Some errors have detailed explanations: E0023, E0425.
[INFO] [stdout] For more information about an error, try `rustc --explain E0023`.
[INFO] [stdout] Couldn't compile the test.
[INFO] [stdout] 
[INFO] [stdout] failures:
[INFO] [stdout]     src/macros.rs - macros::log_error (line 79)
[INFO] [stdout]     src/macros.rs - macros::log_warn (line 44)
[INFO] [stdout] 
[INFO] [stdout] test result: FAILED. 1 passed; 2 failed; 0 ignored; 0 measured; 0 filtered out; finished in 0.20s
[INFO] [stdout] 
[INFO] [stderr] error: doctest failed, to rerun pass `--doc`
[INFO] running `Command { std: "docker" "inspect" "d5c30f6f495b6abf130bb74b9b86431ff152e0144d7c77e26fad10e56d0686dd", kill_on_drop: false }`
[INFO] running `Command { std: "docker" "rm" "-f" "d5c30f6f495b6abf130bb74b9b86431ff152e0144d7c77e26fad10e56d0686dd", kill_on_drop: false }`
[INFO] [stdout] d5c30f6f495b6abf130bb74b9b86431ff152e0144d7c77e26fad10e56d0686dd
