[INFO] fetching crate evillatoro-data-structures 0.1.0...
[INFO] testing evillatoro-data-structures-0.1.0 against nightly-2025-01-18+rustflags=-Zrandomize-layout for randomize-layout-2
[INFO] extracting crate evillatoro-data-structures 0.1.0 into /workspace/builds/worker-7-tc2/source
[INFO] validating manifest of crates.io crate evillatoro-data-structures 0.1.0 on toolchain nightly-2025-01-18
[INFO] running `Command { std: CARGO_HOME="/workspace/cargo-home" RUSTUP_HOME="/workspace/rustup-home" "/workspace/cargo-home/bin/cargo" "+nightly-2025-01-18" "metadata" "--manifest-path" "Cargo.toml" "--no-deps", kill_on_drop: false }`
[INFO] started tweaking crates.io crate evillatoro-data-structures 0.1.0
[INFO] removed 0 missing tests
[INFO] finished tweaking crates.io crate evillatoro-data-structures 0.1.0
[INFO] tweaked toml for crates.io crate evillatoro-data-structures 0.1.0 written to /workspace/builds/worker-7-tc2/source/Cargo.toml
[INFO] running `Command { std: CARGO_HOME="/workspace/cargo-home" RUSTUP_HOME="/workspace/rustup-home" "/workspace/cargo-home/bin/cargo" "+nightly-2025-01-18" "generate-lockfile" "--manifest-path" "Cargo.toml", kill_on_drop: false }`
[INFO] running `Command { std: CARGO_HOME="/workspace/cargo-home" RUSTUP_HOME="/workspace/rustup-home" "/workspace/cargo-home/bin/cargo" "+nightly-2025-01-18" "fetch" "--manifest-path" "Cargo.toml", kill_on_drop: false }`
[INFO] running `Command { std: "docker" "create" "-v" "/var/lib/crater-agent-workspace/builds/worker-7-tc2/target:/opt/rustwide/target:rw,Z" "-v" "/var/lib/crater-agent-workspace/builds/worker-7-tc2/source:/opt/rustwide/workdir:ro,Z" "-v" "/var/lib/crater-agent-workspace/cargo-home:/opt/rustwide/cargo-home:ro,Z" "-v" "/var/lib/crater-agent-workspace/rustup-home:/opt/rustwide/rustup-home:ro,Z" "-e" "SOURCE_DIR=/opt/rustwide/workdir" "-e" "CARGO_TARGET_DIR=/opt/rustwide/target" "-e" "CARGO_HOME=/opt/rustwide/cargo-home" "-e" "RUSTUP_HOME=/opt/rustwide/rustup-home" "-w" "/opt/rustwide/workdir" "-m" "1610612736" "--user" "0:0" "--network" "none" "ghcr.io/rust-lang/crates-build-env/linux@sha256:819108c5571ea2e421544af4d832f968d213c87fbe3707a016657f43d2f853bc" "/opt/rustwide/cargo-home/bin/cargo" "+nightly-2025-01-18" "metadata" "--no-deps" "--format-version=1", kill_on_drop: false }`
[INFO] [stdout] da4a9d67d5adc386a22992a05ce58b5d58707f621a820a0a0dc529bc3c633b2c
[INFO] running `Command { std: "docker" "start" "-a" "da4a9d67d5adc386a22992a05ce58b5d58707f621a820a0a0dc529bc3c633b2c", kill_on_drop: false }`
[INFO] running `Command { std: "docker" "inspect" "da4a9d67d5adc386a22992a05ce58b5d58707f621a820a0a0dc529bc3c633b2c", kill_on_drop: false }`
[INFO] running `Command { std: "docker" "rm" "-f" "da4a9d67d5adc386a22992a05ce58b5d58707f621a820a0a0dc529bc3c633b2c", kill_on_drop: false }`
[INFO] [stdout] da4a9d67d5adc386a22992a05ce58b5d58707f621a820a0a0dc529bc3c633b2c
[INFO] running `Command { std: "docker" "create" "-v" "/var/lib/crater-agent-workspace/builds/worker-7-tc2/target:/opt/rustwide/target:rw,Z" "-v" "/var/lib/crater-agent-workspace/builds/worker-7-tc2/source:/opt/rustwide/workdir:ro,Z" "-v" "/var/lib/crater-agent-workspace/cargo-home:/opt/rustwide/cargo-home:ro,Z" "-v" "/var/lib/crater-agent-workspace/rustup-home:/opt/rustwide/rustup-home:ro,Z" "-e" "SOURCE_DIR=/opt/rustwide/workdir" "-e" "CARGO_TARGET_DIR=/opt/rustwide/target" "-e" "CARGO_INCREMENTAL=0" "-e" "RUST_BACKTRACE=full" "-e" "RUSTFLAGS=--cap-lints=forbid -Zrandomize-layout" "-e" "RUSTDOCFLAGS=--cap-lints=forbid" "-e" "CARGO_HOME=/opt/rustwide/cargo-home" "-e" "RUSTUP_HOME=/opt/rustwide/rustup-home" "-w" "/opt/rustwide/workdir" "-m" "1610612736" "--user" "0:0" "--network" "none" "ghcr.io/rust-lang/crates-build-env/linux@sha256:819108c5571ea2e421544af4d832f968d213c87fbe3707a016657f43d2f853bc" "/opt/rustwide/cargo-home/bin/cargo" "+nightly-2025-01-18" "build" "--frozen" "--message-format=json", kill_on_drop: false }`
[INFO] [stdout] b6462c31271d26e8bd0d054bdcf0ab6e464db6a8b7f482db91a2573dc8572ecb
[INFO] running `Command { std: "docker" "start" "-a" "b6462c31271d26e8bd0d054bdcf0ab6e464db6a8b7f482db91a2573dc8572ecb", kill_on_drop: false }`
[INFO] [stderr]    Compiling evillatoro-data-structures v0.1.0 (/opt/rustwide/workdir)
[INFO] [stdout] warning: field `next` is never read
[INFO] [stdout]   --> src/doubly_linked_list.rs:65:5
[INFO] [stdout]    |
[INFO] [stdout] 64 | pub struct ListNode<T> {
[INFO] [stdout]    |            -------- field in this struct
[INFO] [stdout] 65 |     next: Option<Box<ListNode<T>>>,
[INFO] [stdout]    |     ^^^^
[INFO] [stdout]    |
[INFO] [stdout]    = note: `#[warn(dead_code)]` on by default
[INFO] [stdout] 
[INFO] [stdout] 
[INFO] [stderr]     Finished `dev` profile [unoptimized + debuginfo] target(s) in 0.15s
[INFO] running `Command { std: "docker" "inspect" "b6462c31271d26e8bd0d054bdcf0ab6e464db6a8b7f482db91a2573dc8572ecb", kill_on_drop: false }`
[INFO] running `Command { std: "docker" "rm" "-f" "b6462c31271d26e8bd0d054bdcf0ab6e464db6a8b7f482db91a2573dc8572ecb", kill_on_drop: false }`
[INFO] [stdout] b6462c31271d26e8bd0d054bdcf0ab6e464db6a8b7f482db91a2573dc8572ecb
[INFO] running `Command { std: "docker" "create" "-v" "/var/lib/crater-agent-workspace/builds/worker-7-tc2/target:/opt/rustwide/target:rw,Z" "-v" "/var/lib/crater-agent-workspace/builds/worker-7-tc2/source:/opt/rustwide/workdir:ro,Z" "-v" "/var/lib/crater-agent-workspace/cargo-home:/opt/rustwide/cargo-home:ro,Z" "-v" "/var/lib/crater-agent-workspace/rustup-home:/opt/rustwide/rustup-home:ro,Z" "-e" "SOURCE_DIR=/opt/rustwide/workdir" "-e" "CARGO_TARGET_DIR=/opt/rustwide/target" "-e" "CARGO_INCREMENTAL=0" "-e" "RUST_BACKTRACE=full" "-e" "RUSTFLAGS=--cap-lints=forbid -Zrandomize-layout" "-e" "RUSTDOCFLAGS=--cap-lints=forbid" "-e" "CARGO_HOME=/opt/rustwide/cargo-home" "-e" "RUSTUP_HOME=/opt/rustwide/rustup-home" "-w" "/opt/rustwide/workdir" "-m" "1610612736" "--user" "0:0" "--network" "none" "ghcr.io/rust-lang/crates-build-env/linux@sha256:819108c5571ea2e421544af4d832f968d213c87fbe3707a016657f43d2f853bc" "/opt/rustwide/cargo-home/bin/cargo" "+nightly-2025-01-18" "test" "--frozen" "--no-run" "--message-format=json", kill_on_drop: false }`
[INFO] [stdout] ea506548ee9ee8819d37d51640397620871ee9f141904bbb2fd7a68b31aec69f
[INFO] running `Command { std: "docker" "start" "-a" "ea506548ee9ee8819d37d51640397620871ee9f141904bbb2fd7a68b31aec69f", kill_on_drop: false }`
[INFO] [stdout] warning: field `next` is never read
[INFO] [stdout]   --> src/doubly_linked_list.rs:65:5
[INFO] [stdout]    |
[INFO] [stdout] 64 | pub struct ListNode<T> {
[INFO] [stdout]    |            -------- field in this struct
[INFO] [stdout] 65 |     next: Option<Box<ListNode<T>>>,
[INFO] [stdout]    |     ^^^^
[INFO] [stdout]    |
[INFO] [stdout]    = note: `#[warn(dead_code)]` on by default
[INFO] [stdout] 
[INFO] [stdout] 
[INFO] [stderr]    Compiling evillatoro-data-structures v0.1.0 (/opt/rustwide/workdir)
[INFO] [stdout] warning: field `next` is never read
[INFO] [stdout]   --> src/doubly_linked_list.rs:65:5
[INFO] [stdout]    |
[INFO] [stdout] 64 | pub struct ListNode<T> {
[INFO] [stdout]    |            -------- field in this struct
[INFO] [stdout] 65 |     next: Option<Box<ListNode<T>>>,
[INFO] [stdout]    |     ^^^^
[INFO] [stdout]    |
[INFO] [stdout]    = note: `#[warn(dead_code)]` on by default
[INFO] [stdout] 
[INFO] [stdout] 
[INFO] [stdout] warning: function `test_with_value` is never used
[INFO] [stdout]   --> src/doubly_linked_list.rs:87:12
[INFO] [stdout]    |
[INFO] [stdout] 87 |         fn test_with_value() {
[INFO] [stdout]    |            ^^^^^^^^^^^^^^^
[INFO] [stdout] 
[INFO] [stdout] 
[INFO] [stderr]     Finished `test` profile [unoptimized + debuginfo] target(s) in 0.72s
[INFO] running `Command { std: "docker" "inspect" "ea506548ee9ee8819d37d51640397620871ee9f141904bbb2fd7a68b31aec69f", kill_on_drop: false }`
[INFO] running `Command { std: "docker" "rm" "-f" "ea506548ee9ee8819d37d51640397620871ee9f141904bbb2fd7a68b31aec69f", kill_on_drop: false }`
[INFO] [stdout] ea506548ee9ee8819d37d51640397620871ee9f141904bbb2fd7a68b31aec69f
[INFO] running `Command { std: "docker" "create" "-v" "/var/lib/crater-agent-workspace/builds/worker-7-tc2/target:/opt/rustwide/target:rw,Z" "-v" "/var/lib/crater-agent-workspace/builds/worker-7-tc2/source:/opt/rustwide/workdir:ro,Z" "-v" "/var/lib/crater-agent-workspace/cargo-home:/opt/rustwide/cargo-home:ro,Z" "-v" "/var/lib/crater-agent-workspace/rustup-home:/opt/rustwide/rustup-home:ro,Z" "-e" "SOURCE_DIR=/opt/rustwide/workdir" "-e" "CARGO_TARGET_DIR=/opt/rustwide/target" "-e" "CARGO_INCREMENTAL=0" "-e" "RUST_BACKTRACE=full" "-e" "RUSTFLAGS=--cap-lints=forbid -Zrandomize-layout" "-e" "RUSTDOCFLAGS=--cap-lints=forbid" "-e" "CARGO_HOME=/opt/rustwide/cargo-home" "-e" "RUSTUP_HOME=/opt/rustwide/rustup-home" "-w" "/opt/rustwide/workdir" "-m" "1610612736" "--user" "0:0" "--network" "none" "ghcr.io/rust-lang/crates-build-env/linux@sha256:819108c5571ea2e421544af4d832f968d213c87fbe3707a016657f43d2f853bc" "/opt/rustwide/cargo-home/bin/cargo" "+nightly-2025-01-18" "test" "--frozen", kill_on_drop: false }`
[INFO] [stdout] c2d9cd83bf9756e9c03b9b589740b9986f6fef020d933cd3853b63be411307a3
[INFO] running `Command { std: "docker" "start" "-a" "c2d9cd83bf9756e9c03b9b589740b9986f6fef020d933cd3853b63be411307a3", kill_on_drop: false }`
[INFO] [stderr] warning: field `next` is never read
[INFO] [stderr]   --> src/doubly_linked_list.rs:65:5
[INFO] [stderr]    |
[INFO] [stderr] 64 | pub struct ListNode<T> {
[INFO] [stderr]    |            -------- field in this struct
[INFO] [stderr] 65 |     next: Option<Box<ListNode<T>>>,
[INFO] [stderr]    |     ^^^^
[INFO] [stderr]    |
[INFO] [stderr]    = note: `#[warn(dead_code)]` on by default
[INFO] [stderr] 
[INFO] [stderr] warning: `evillatoro-data-structures` (lib) generated 1 warning
[INFO] [stderr] warning: function `test_with_value` is never used
[INFO] [stderr]   --> src/doubly_linked_list.rs:87:12
[INFO] [stderr]    |
[INFO] [stderr] 87 |         fn test_with_value() {
[INFO] [stderr]    |            ^^^^^^^^^^^^^^^
[INFO] [stderr] 
[INFO] [stderr] warning: `evillatoro-data-structures` (lib test) generated 2 warnings (1 duplicate)
[INFO] [stderr]     Finished `test` profile [unoptimized + debuginfo] target(s) in 0.02s
[INFO] [stderr]      Running unittests src/lib.rs (/opt/rustwide/target/debug/deps/evillatoro_data_structures-ba88f6875ef08124)
[INFO] [stdout] 
[INFO] [stdout] running 18 tests
[INFO] [stdout] test linked_list::tests::delete_at_position_fist_item ... ok
[INFO] [stdout] test linked_list::tests::test_delete_last_single_node ... ok
[INFO] [stdout] test linked_list::tests::test_delete_last ... ok
[INFO] [stdout] test doubly_linked_list::tests::doubly_linked_list::test_new ... ok
[INFO] [stdout] test linked_list::tests::test_delete_first ... ok
[INFO] [stdout] test linked_list::tests::delete_at_position_none_head ... ok
[INFO] [stdout] test linked_list::tests::delete_at_position_out_of_bounds ... ok
[INFO] [stdout] test linked_list::tests::test_insert_at_beggining ... ok
[INFO] [stdout] test linked_list::tests::test_delete_at_position ... ok
[INFO] [stdout] test linked_list::tests::test_insert_at_position ... ok
[INFO] [stdout] test linked_list::tests::test_length ... ok
[INFO] [stdout] test linked_list::tests::test_insert_at_beggining_existing_list ... ok
[INFO] [stdout] test linked_list::tests::test_linked_list_to_string ... ok
[INFO] [stdout] test linked_list::tests::test_linked_list_to_string_debug ... ok
[INFO] [stdout] test linked_list::tests::test_print ... ok
[INFO] [stdout] test linked_list::tests::test_insert_at_end ... ok
[INFO] [stdout] test linked_list::tests::test_insert_at_incorrect ... ok
[INFO] [stdout] test linked_list::tests::test_insert_at_wrong_position - should panic ... ok
[INFO] [stdout] 
[INFO] [stdout] test result: ok. 18 passed; 0 failed; 0 ignored; 0 measured; 0 filtered out; finished in 0.04s
[INFO] [stdout] 
[INFO] [stderr]      Running tests/linked_list_tests.rs (/opt/rustwide/target/debug/deps/linked_list_tests-1b65201d9fb7864d)
[INFO] [stderr]    Doc-tests evillatoro_data_structures
[INFO] [stdout] 
[INFO] [stdout] running 0 tests
[INFO] [stdout] 
[INFO] [stdout] test result: ok. 0 passed; 0 failed; 0 ignored; 0 measured; 0 filtered out; finished in 0.00s
[INFO] [stdout] 
[INFO] [stdout] 
[INFO] [stdout] running 3 tests
[INFO] [stdout] test src/doubly_linked_list.rs - doubly_linked_list::DoublyLinkedList<T>::new (line 10) ... FAILED
[INFO] [stdout] test src/doubly_linked_list.rs - doubly_linked_list::DoublyLinkedList<T>::is_empty (line 50) ... FAILED
[INFO] [stdout] test src/doubly_linked_list.rs - doubly_linked_list::DoublyLinkedList<T>::with_value (line 31) ... FAILED
[INFO] [stdout] 
[INFO] [stdout] failures:
[INFO] [stdout] 
[INFO] [stdout] ---- src/doubly_linked_list.rs - doubly_linked_list::DoublyLinkedList<T>::new (line 10) stdout ----
[INFO] [stdout] error[E0433]: failed to resolve: use of undeclared crate or module `data_structures`
[INFO] [stdout]  --> src/doubly_linked_list.rs:11:5
[INFO] [stdout]   |
[INFO] [stdout] 3 | use data_structures::doubly_linked_list::DoublyLinkedList;
[INFO] [stdout]   |     ^^^^^^^^^^^^^^^ use of undeclared crate or module `data_structures`
[INFO] [stdout] 
[INFO] [stdout] error: aborting due to 1 previous error
[INFO] [stdout] 
[INFO] [stdout] For more information about this error, try `rustc --explain E0433`.
[INFO] [stdout] Couldn't compile the test.
[INFO] [stdout] ---- src/doubly_linked_list.rs - doubly_linked_list::DoublyLinkedList<T>::is_empty (line 50) stdout ----
[INFO] [stdout] error[E0433]: failed to resolve: use of undeclared crate or module `data_structures`
[INFO] [stdout]  --> src/doubly_linked_list.rs:51:5
[INFO] [stdout]   |
[INFO] [stdout] 3 | use data_structures::doubly_linked_list::DoublyLinkedList;
[INFO] [stdout]   |     ^^^^^^^^^^^^^^^ use of undeclared crate or module `data_structures`
[INFO] [stdout] 
[INFO] [stdout] error: aborting due to 1 previous error
[INFO] [stdout] 
[INFO] [stdout] For more information about this error, try `rustc --explain E0433`.
[INFO] [stdout] Couldn't compile the test.
[INFO] [stdout] ---- src/doubly_linked_list.rs - doubly_linked_list::DoublyLinkedList<T>::with_value (line 31) stdout ----
[INFO] [stdout] error[E0433]: failed to resolve: use of undeclared crate or module `data_structures`
[INFO] [stdout]  --> src/doubly_linked_list.rs:32:5
[INFO] [stdout]   |
[INFO] [stdout] 3 | use data_structures::doubly_linked_list::DoublyLinkedList;
[INFO] [stdout]   |     ^^^^^^^^^^^^^^^ use of undeclared crate or module `data_structures`
[INFO] [stdout] 
[INFO] [stdout] error: aborting due to 1 previous error
[INFO] [stdout] 
[INFO] [stdout] For more information about this error, try `rustc --explain E0433`.
[INFO] [stdout] Couldn't compile the test.
[INFO] [stdout] 
[INFO] [stdout] failures:
[INFO] [stdout]     src/doubly_linked_list.rs - doubly_linked_list::DoublyLinkedList<T>::is_empty (line 50)
[INFO] [stdout]     src/doubly_linked_list.rs - doubly_linked_list::DoublyLinkedList<T>::new (line 10)
[INFO] [stdout]     src/doubly_linked_list.rs - doubly_linked_list::DoublyLinkedList<T>::with_value (line 31)
[INFO] [stdout] 
[INFO] [stdout] test result: FAILED. 0 passed; 3 failed; 0 ignored; 0 measured; 0 filtered out; finished in 0.11s
[INFO] [stdout] 
[INFO] [stderr] error: doctest failed, to rerun pass `--doc`
[INFO] running `Command { std: "docker" "inspect" "c2d9cd83bf9756e9c03b9b589740b9986f6fef020d933cd3853b63be411307a3", kill_on_drop: false }`
[INFO] running `Command { std: "docker" "rm" "-f" "c2d9cd83bf9756e9c03b9b589740b9986f6fef020d933cd3853b63be411307a3", kill_on_drop: false }`
[INFO] [stdout] c2d9cd83bf9756e9c03b9b589740b9986f6fef020d933cd3853b63be411307a3
