[INFO] fetching crate event_sync 0.4.4...
[INFO] testing event_sync-0.4.4 against nightly-2025-01-18+rustflags=-Zrandomize-layout for randomize-layout-2
[INFO] extracting crate event_sync 0.4.4 into /workspace/builds/worker-5-tc2/source
[INFO] validating manifest of crates.io crate event_sync 0.4.4 on toolchain nightly-2025-01-18
[INFO] running `Command { std: CARGO_HOME="/workspace/cargo-home" RUSTUP_HOME="/workspace/rustup-home" "/workspace/cargo-home/bin/cargo" "+nightly-2025-01-18" "metadata" "--manifest-path" "Cargo.toml" "--no-deps", kill_on_drop: false }`
[INFO] started tweaking crates.io crate event_sync 0.4.4
[INFO] finished tweaking crates.io crate event_sync 0.4.4
[INFO] tweaked toml for crates.io crate event_sync 0.4.4 written to /workspace/builds/worker-5-tc2/source/Cargo.toml
[INFO] crate crates.io crate event_sync 0.4.4 already has a lockfile, it will not be regenerated
[INFO] running `Command { std: CARGO_HOME="/workspace/cargo-home" RUSTUP_HOME="/workspace/rustup-home" "/workspace/cargo-home/bin/cargo" "+nightly-2025-01-18" "fetch" "--manifest-path" "Cargo.toml", kill_on_drop: false }`
[INFO] running `Command { std: "docker" "create" "-v" "/var/lib/crater-agent-workspace/builds/worker-5-tc2/target:/opt/rustwide/target:rw,Z" "-v" "/var/lib/crater-agent-workspace/builds/worker-5-tc2/source:/opt/rustwide/workdir:ro,Z" "-v" "/var/lib/crater-agent-workspace/cargo-home:/opt/rustwide/cargo-home:ro,Z" "-v" "/var/lib/crater-agent-workspace/rustup-home:/opt/rustwide/rustup-home:ro,Z" "-e" "SOURCE_DIR=/opt/rustwide/workdir" "-e" "CARGO_TARGET_DIR=/opt/rustwide/target" "-e" "CARGO_HOME=/opt/rustwide/cargo-home" "-e" "RUSTUP_HOME=/opt/rustwide/rustup-home" "-w" "/opt/rustwide/workdir" "-m" "1610612736" "--user" "0:0" "--network" "none" "ghcr.io/rust-lang/crates-build-env/linux@sha256:819108c5571ea2e421544af4d832f968d213c87fbe3707a016657f43d2f853bc" "/opt/rustwide/cargo-home/bin/cargo" "+nightly-2025-01-18" "metadata" "--no-deps" "--format-version=1", kill_on_drop: false }`
[INFO] [stdout] 443759e29376d7e132f2e0d84c514cc2d8ba6b2ce373dfd057d2bb8b4d3e5995
[INFO] running `Command { std: "docker" "start" "-a" "443759e29376d7e132f2e0d84c514cc2d8ba6b2ce373dfd057d2bb8b4d3e5995", kill_on_drop: false }`
[INFO] running `Command { std: "docker" "inspect" "443759e29376d7e132f2e0d84c514cc2d8ba6b2ce373dfd057d2bb8b4d3e5995", kill_on_drop: false }`
[INFO] running `Command { std: "docker" "rm" "-f" "443759e29376d7e132f2e0d84c514cc2d8ba6b2ce373dfd057d2bb8b4d3e5995", kill_on_drop: false }`
[INFO] [stdout] 443759e29376d7e132f2e0d84c514cc2d8ba6b2ce373dfd057d2bb8b4d3e5995
[INFO] running `Command { std: "docker" "create" "-v" "/var/lib/crater-agent-workspace/builds/worker-5-tc2/target:/opt/rustwide/target:rw,Z" "-v" "/var/lib/crater-agent-workspace/builds/worker-5-tc2/source:/opt/rustwide/workdir:ro,Z" "-v" "/var/lib/crater-agent-workspace/cargo-home:/opt/rustwide/cargo-home:ro,Z" "-v" "/var/lib/crater-agent-workspace/rustup-home:/opt/rustwide/rustup-home:ro,Z" "-e" "SOURCE_DIR=/opt/rustwide/workdir" "-e" "CARGO_TARGET_DIR=/opt/rustwide/target" "-e" "CARGO_INCREMENTAL=0" "-e" "RUST_BACKTRACE=full" "-e" "RUSTFLAGS=--cap-lints=forbid -Zrandomize-layout" "-e" "RUSTDOCFLAGS=--cap-lints=forbid" "-e" "CARGO_HOME=/opt/rustwide/cargo-home" "-e" "RUSTUP_HOME=/opt/rustwide/rustup-home" "-w" "/opt/rustwide/workdir" "-m" "1610612736" "--user" "0:0" "--network" "none" "ghcr.io/rust-lang/crates-build-env/linux@sha256:819108c5571ea2e421544af4d832f968d213c87fbe3707a016657f43d2f853bc" "/opt/rustwide/cargo-home/bin/cargo" "+nightly-2025-01-18" "build" "--frozen" "--message-format=json", kill_on_drop: false }`
[INFO] [stdout] 333e4be35b9372aa722da90d806fb358407592ff89ebfba081a1dd9ee53fbe55
[INFO] running `Command { std: "docker" "start" "-a" "333e4be35b9372aa722da90d806fb358407592ff89ebfba081a1dd9ee53fbe55", kill_on_drop: false }`
[INFO] [stderr]    Compiling proc-macro2 v1.0.69
[INFO] [stderr]    Compiling unicode-ident v1.0.12
[INFO] [stderr]    Compiling serde v1.0.189
[INFO] [stderr]    Compiling thiserror v1.0.49
[INFO] [stderr]    Compiling quote v1.0.33
[INFO] [stderr]    Compiling syn v2.0.38
[INFO] [stderr]    Compiling thiserror-impl v1.0.49
[INFO] [stderr]    Compiling serde_derive v1.0.189
[INFO] [stderr]    Compiling event_sync v0.4.4 (/opt/rustwide/workdir)
[INFO] [stderr]     Finished `dev` profile [unoptimized + debuginfo] target(s) in 13.18s
[INFO] running `Command { std: "docker" "inspect" "333e4be35b9372aa722da90d806fb358407592ff89ebfba081a1dd9ee53fbe55", kill_on_drop: false }`
[INFO] running `Command { std: "docker" "rm" "-f" "333e4be35b9372aa722da90d806fb358407592ff89ebfba081a1dd9ee53fbe55", kill_on_drop: false }`
[INFO] [stdout] 333e4be35b9372aa722da90d806fb358407592ff89ebfba081a1dd9ee53fbe55
[INFO] running `Command { std: "docker" "create" "-v" "/var/lib/crater-agent-workspace/builds/worker-5-tc2/target:/opt/rustwide/target:rw,Z" "-v" "/var/lib/crater-agent-workspace/builds/worker-5-tc2/source:/opt/rustwide/workdir:ro,Z" "-v" "/var/lib/crater-agent-workspace/cargo-home:/opt/rustwide/cargo-home:ro,Z" "-v" "/var/lib/crater-agent-workspace/rustup-home:/opt/rustwide/rustup-home:ro,Z" "-e" "SOURCE_DIR=/opt/rustwide/workdir" "-e" "CARGO_TARGET_DIR=/opt/rustwide/target" "-e" "CARGO_INCREMENTAL=0" "-e" "RUST_BACKTRACE=full" "-e" "RUSTFLAGS=--cap-lints=forbid -Zrandomize-layout" "-e" "RUSTDOCFLAGS=--cap-lints=forbid" "-e" "CARGO_HOME=/opt/rustwide/cargo-home" "-e" "RUSTUP_HOME=/opt/rustwide/rustup-home" "-w" "/opt/rustwide/workdir" "-m" "1610612736" "--user" "0:0" "--network" "none" "ghcr.io/rust-lang/crates-build-env/linux@sha256:819108c5571ea2e421544af4d832f968d213c87fbe3707a016657f43d2f853bc" "/opt/rustwide/cargo-home/bin/cargo" "+nightly-2025-01-18" "test" "--frozen" "--no-run" "--message-format=json", kill_on_drop: false }`
[INFO] [stdout] 5760943a7b9f24425d9d06cafd2b4781766a5e4a19bb32a32fe5d93057992621
[INFO] running `Command { std: "docker" "start" "-a" "5760943a7b9f24425d9d06cafd2b4781766a5e4a19bb32a32fe5d93057992621", kill_on_drop: false }`
[INFO] [stderr]    Compiling anyhow v1.0.75
[INFO] [stderr]    Compiling serde_json v1.0.107
[INFO] [stderr]    Compiling ryu v1.0.15
[INFO] [stderr]    Compiling itoa v1.0.9
[INFO] [stderr]    Compiling event_sync v0.4.4 (/opt/rustwide/workdir)
[INFO] [stderr]     Finished `test` profile [unoptimized + debuginfo] target(s) in 4.02s
[INFO] running `Command { std: "docker" "inspect" "5760943a7b9f24425d9d06cafd2b4781766a5e4a19bb32a32fe5d93057992621", kill_on_drop: false }`
[INFO] running `Command { std: "docker" "rm" "-f" "5760943a7b9f24425d9d06cafd2b4781766a5e4a19bb32a32fe5d93057992621", kill_on_drop: false }`
[INFO] [stdout] 5760943a7b9f24425d9d06cafd2b4781766a5e4a19bb32a32fe5d93057992621
[INFO] running `Command { std: "docker" "create" "-v" "/var/lib/crater-agent-workspace/builds/worker-5-tc2/target:/opt/rustwide/target:rw,Z" "-v" "/var/lib/crater-agent-workspace/builds/worker-5-tc2/source:/opt/rustwide/workdir:ro,Z" "-v" "/var/lib/crater-agent-workspace/cargo-home:/opt/rustwide/cargo-home:ro,Z" "-v" "/var/lib/crater-agent-workspace/rustup-home:/opt/rustwide/rustup-home:ro,Z" "-e" "SOURCE_DIR=/opt/rustwide/workdir" "-e" "CARGO_TARGET_DIR=/opt/rustwide/target" "-e" "CARGO_INCREMENTAL=0" "-e" "RUST_BACKTRACE=full" "-e" "RUSTFLAGS=--cap-lints=forbid -Zrandomize-layout" "-e" "RUSTDOCFLAGS=--cap-lints=forbid" "-e" "CARGO_HOME=/opt/rustwide/cargo-home" "-e" "RUSTUP_HOME=/opt/rustwide/rustup-home" "-w" "/opt/rustwide/workdir" "-m" "1610612736" "--user" "0:0" "--network" "none" "ghcr.io/rust-lang/crates-build-env/linux@sha256:819108c5571ea2e421544af4d832f968d213c87fbe3707a016657f43d2f853bc" "/opt/rustwide/cargo-home/bin/cargo" "+nightly-2025-01-18" "test" "--frozen", kill_on_drop: false }`
[INFO] [stdout] 0aa309651672859f7b95161d477eb8169d19e30052e0380c4481ae697c3a2322
[INFO] running `Command { std: "docker" "start" "-a" "0aa309651672859f7b95161d477eb8169d19e30052e0380c4481ae697c3a2322", kill_on_drop: false }`
[INFO] [stderr]     Finished `test` profile [unoptimized + debuginfo] target(s) in 0.05s
[INFO] [stderr]      Running unittests src/lib.rs (/opt/rustwide/target/debug/deps/event_sync-c8e6e0b06c5a3171)
[INFO] [stdout] 
[INFO] [stdout] running 25 tests
[INFO] [stdout] test tests::from_start_logic::from_ticks_paused ... ok
[INFO] [stdout] test tests::from_start_logic::from_time ... ok
[INFO] [stdout] test tests::from_start_logic::from_time_paused ... ok
[INFO] [stdout] test tests::get_tickrate_logic ... ok
[INFO] [stdout] test tests::immutable_partial_eq_logic ... ok
[INFO] [stdout] test tests::anyhow_compatibility ... ok
[INFO] [stdout] test tests::debug_and_display_logic ... ok
[INFO] [stdout] test tests::pausing_logic::pausing_pauses_cloned ... ok
[INFO] [stdout] test tests::from_start_logic::from_ticks ... ok
[INFO] [stdout] test tests::mutable_partial_eq_logic ... ok
[INFO] [stdout] test tests::serde_implementation_logic::serialize_doesnt_overwrite_existing_pause_value ... ok
[INFO] [stdout] test tests::serde_implementation_logic::serialize_pauses ... ok
[INFO] [stdout] test tests::ticks_since_started_logic ... ok
[INFO] [stdout] test tests::change_tickrate_logic ... ok
[INFO] [stdout] test tests::time_since_last_tick_accuracy ... ok
[INFO] [stdout] test tests::time_since_last_tick_logic ... ok
[INFO] [stdout] test tests::methods_error_when_paused ... ok
[INFO] [stdout] test tests::pausing_logic::restart_unpauses_eventsync ... ok
[INFO] [stdout] test tests::wait_for_tick_logic ... ok
[INFO] [stdout] test tests::time_until_next_tick_logic ... ok
[INFO] [stdout] test tests::time_since_started_logic ... ok
[INFO] [stdout] test tests::wait_until_logic::wait_until_passed_time ... ok
[INFO] [stdout] test tests::pausing_logic::time_is_retained_when_pausing_and_unpausing ... ok
[INFO] [stdout] test tests::pausing_logic::time_is_still_tracked_after_unpausing ... ok
[INFO] [stdout] test tests::wait_until_logic::wait_until_valid_time ... ok
[INFO] [stdout] 
[INFO] [stdout] test result: ok. 25 passed; 0 failed; 0 ignored; 0 measured; 0 filtered out; finished in 0.09s
[INFO] [stdout] 
[INFO] [stderr]    Doc-tests event_sync
[INFO] [stdout] 
[INFO] [stdout] running 37 tests
[INFO] [stdout] test src/lib.rs - EventSync (line 29) ... ok
[INFO] [stdout] test src/lib.rs - (line 38) ... ok
[INFO] [stdout] test src/lib.rs - (line 90) ... ok
[INFO] [stdout] test src/lib.rs - EventSync (line 107) ... ok
[INFO] [stdout] test src/lib.rs - (line 101) ... ok
[INFO] [stdout] test src/lib.rs - (line 52) ... ok
[INFO] [stdout] test src/lib.rs - EventSync (line 41) ... ok
[INFO] [stdout] test src/lib.rs - (line 16) ... ok
[INFO] [stdout] test src/lib.rs - EventSync<Mutable>::change_tickrate (line 613) ... ok
[INFO] [stdout] test src/lib.rs - EventSync (line 95) ... ok
[INFO] [stdout] test src/lib.rs - EventSync (line 60) ... ok
[INFO] [stdout] test src/lib.rs - EventSync<Mutable>::from_starting_tick (line 498) ... ok
[INFO] [stdout] test src/lib.rs - EventSync<Mutable>::change_tickrate (line 633) ... ok
[INFO] [stdout] test src/lib.rs - EventSync<Mutable>::from_starting_tick (line 511) ... ok
[INFO] [stdout] test src/lib.rs - EventSync<Mutable>::new (line 376) ... ok
[INFO] [stdout] test src/lib.rs - EventSync<Mutable>::from_starting_time (line 458) ... ok
[INFO] [stdout] test src/lib.rs - EventSync<Mutable>::from_starting_time (line 471) ... ok
[INFO] [stdout] test src/lib.rs - EventSync<Mutable>::pause (line 704) ... ok
[INFO] [stdout] test src/lib.rs - EventSync<Mutable>::new (line 388) ... ok
[INFO] [stdout] test src/lib.rs - EventSync<Mutable>::new_paused (line 439) ... ok
[INFO] [stdout] test src/lib.rs - EventSync<Mutable>::pause (line 722) ... ok
[INFO] [stdout] test src/lib.rs - EventSync<Mutable>::restart_paused (line 589) ... ok
[INFO] [stdout] test src/lib.rs - EventSync<Mutable>::new (line 407) ... ok
[INFO] [stdout] test src/lib.rs - EventSync<Mutable>::restart (line 569) ... ok
[INFO] [stdout] test src/lib.rs - EventSync<Mutable>::unpause (line 677) ... ok
[INFO] [stdout] test src/lib.rs - EventSync<T>::is_paused (line 171) ... ok
[INFO] [stdout] test src/lib.rs - EventSync<T>::time_since_started (line 290) ... ok
[INFO] [stdout] test src/lib.rs - EventSync<T>::time_since_last_tick (line 330) ... FAILED
[INFO] [stdout] test src/lib.rs - EventSync<Mutable>::unpause (line 659) ... ok
[INFO] [stdout] test src/lib.rs - EventSync<T>::get_tickrate (line 189) ... ok
[INFO] [stdout] test src/lib.rs - EventSync<T>::ticks_since_started (line 312) ... ok
[INFO] [stdout] test src/lib.rs - Immutable (line 126) - compile fail ... ok
[INFO] [stdout] test src/lib.rs - EventSync<T>::wait_for_tick (line 243) ... ok
[INFO] [stdout] test src/lib.rs - EventSync<T>::time_until_next_tick (line 348) ... ok
[INFO] [stdout] test src/lib.rs - EventSync<T>::wait_for_x_ticks (line 270) ... ok
[INFO] [stdout] test src/lib.rs - Mutable (line 148) ... ok
[INFO] [stdout] test src/lib.rs - EventSync<T>::wait_until (line 216) ... ok
[INFO] [stdout] 
[INFO] [stdout] failures:
[INFO] [stdout] 
[INFO] [stdout] ---- src/lib.rs - EventSync<T>::time_since_last_tick (line 330) stdout ----
[INFO] [stdout] Test executable failed (exit status: 101).
[INFO] [stdout] 
[INFO] [stdout] stderr:
[INFO] [stdout] 
[INFO] [stdout] thread 'main' panicked at src/lib.rs:12:1:
[INFO] [stdout] assertion failed: event_sync.time_since_last_tick().as_micros() < 500
[INFO] [stdout] stack backtrace:
[INFO] [stdout]    0:     0x5b97b680626a - std::backtrace_rs::backtrace::libunwind::trace::hb059275cfc8d6126
[INFO] [stdout]                                at /rustc/6067b36314ab5eb2eb47cecc464545ba58e1ad24/library/std/src/../../backtrace/src/backtrace/libunwind.rs:116:5
[INFO] [stdout]    1:     0x5b97b680626a - std::backtrace_rs::backtrace::trace_unsynchronized::h2da071e4327ce3ee
[INFO] [stdout]                                at /rustc/6067b36314ab5eb2eb47cecc464545ba58e1ad24/library/std/src/../../backtrace/src/backtrace/mod.rs:66:5
[INFO] [stdout]    2:     0x5b97b680626a - std::sys::backtrace::_print_fmt::h842a1474e6f8d23f
[INFO] [stdout]                                at /rustc/6067b36314ab5eb2eb47cecc464545ba58e1ad24/library/std/src/sys/backtrace.rs:66:9
[INFO] [stdout]    3:     0x5b97b680626a - <std::sys::backtrace::BacktraceLock::print::DisplayBacktrace as core::fmt::Display>::fmt::h71a62eb3b9696b12
[INFO] [stdout]                                at /rustc/6067b36314ab5eb2eb47cecc464545ba58e1ad24/library/std/src/sys/backtrace.rs:39:26
[INFO] [stdout]    4:     0x5b97b6823713 - core::fmt::rt::Argument::fmt::hdb6b616786b41dc1
[INFO] [stdout]                                at /rustc/6067b36314ab5eb2eb47cecc464545ba58e1ad24/library/core/src/fmt/rt.rs:177:76
[INFO] [stdout]    5:     0x5b97b6823713 - core::fmt::write::h2cc1698af7e2d686
[INFO] [stdout]                                at /rustc/6067b36314ab5eb2eb47cecc464545ba58e1ad24/library/core/src/fmt/mod.rs:1440:21
[INFO] [stdout]    6:     0x5b97b6803823 - std::io::Write::write_fmt::h00c8700df393f328
[INFO] [stdout]                                at /rustc/6067b36314ab5eb2eb47cecc464545ba58e1ad24/library/std/src/io/mod.rs:1887:15
[INFO] [stdout]    7:     0x5b97b68060b2 - std::sys::backtrace::BacktraceLock::print::h147fe35b4ea13b08
[INFO] [stdout]                                at /rustc/6067b36314ab5eb2eb47cecc464545ba58e1ad24/library/std/src/sys/backtrace.rs:42:9
[INFO] [stdout]    8:     0x5b97b6806fff - std::panicking::default_hook::{{closure}}::hbd44223dbdc0d208
[INFO] [stdout]                                at /rustc/6067b36314ab5eb2eb47cecc464545ba58e1ad24/library/std/src/panicking.rs:298:22
[INFO] [stdout]    9:     0x5b97b6806e6a - std::panicking::default_hook::h20f81eb0576efcec
[INFO] [stdout]                                at /rustc/6067b36314ab5eb2eb47cecc464545ba58e1ad24/library/std/src/panicking.rs:325:9
[INFO] [stdout]   10:     0x5b97b68078d2 - std::panicking::rust_panic_with_hook::h625eea43051b2edc
[INFO] [stdout]                                at /rustc/6067b36314ab5eb2eb47cecc464545ba58e1ad24/library/std/src/panicking.rs:831:13
[INFO] [stdout]   11:     0x5b97b6807736 - std::panicking::begin_panic_handler::{{closure}}::h4f9159cfbc3f6bd3
[INFO] [stdout]                                at /rustc/6067b36314ab5eb2eb47cecc464545ba58e1ad24/library/std/src/panicking.rs:697:13
[INFO] [stdout]   12:     0x5b97b6806769 - std::sys::backtrace::__rust_end_short_backtrace::h0390abce48353151
[INFO] [stdout]                                at /rustc/6067b36314ab5eb2eb47cecc464545ba58e1ad24/library/std/src/sys/backtrace.rs:168:18
[INFO] [stdout]   13:     0x5b97b68073fd - rust_begin_unwind
[INFO] [stdout]                                at /rustc/6067b36314ab5eb2eb47cecc464545ba58e1ad24/library/std/src/panicking.rs:695:5
[INFO] [stdout]   14:     0x5b97b6822890 - core::panicking::panic_fmt::h9e7c637e9e5f29c9
[INFO] [stdout]                                at /rustc/6067b36314ab5eb2eb47cecc464545ba58e1ad24/library/core/src/panicking.rs:75:14
[INFO] [stdout]   15:     0x5b97b682291c - core::panicking::panic::haa3255ea20181a33
[INFO] [stdout]                                at /rustc/6067b36314ab5eb2eb47cecc464545ba58e1ad24/library/core/src/panicking.rs:145:5
[INFO] [stdout]   16:     0x5b97b67e4c18 - rust_out::main::_doctest_main_src_lib_rs_330_0::h8ee12a17f8b0e7fb
[INFO] [stdout]   17:     0x5b97b67e4ad6 - rust_out::main::he88f0b9b281d54e0
[INFO] [stdout]   18:     0x5b97b67e4553 - core::ops::function::FnOnce::call_once::hcf3829d8b58d0254
[INFO] [stdout]   19:     0x5b97b67e43d6 - std::sys::backtrace::__rust_begin_short_backtrace::h5e1527399e8d5bd4
[INFO] [stdout]   20:     0x5b97b67e4319 - std::rt::lang_start::{{closure}}::h2c234101ed7b1b74
[INFO] [stdout]   21:     0x5b97b68014d0 - core::ops::function::impls::<impl core::ops::function::FnOnce<A> for &F>::call_once::h1b085b6c1d2518b2
[INFO] [stdout]                                at /rustc/6067b36314ab5eb2eb47cecc464545ba58e1ad24/library/core/src/ops/function.rs:284:13
[INFO] [stdout]   22:     0x5b97b68014d0 - std::panicking::try::do_call::h382f964a5a23b565
[INFO] [stdout]                                at /rustc/6067b36314ab5eb2eb47cecc464545ba58e1ad24/library/std/src/panicking.rs:587:40
[INFO] [stdout]   23:     0x5b97b68014d0 - std::panicking::try::h57f991055eb622f9
[INFO] [stdout]                                at /rustc/6067b36314ab5eb2eb47cecc464545ba58e1ad24/library/std/src/panicking.rs:550:19
[INFO] [stdout]   24:     0x5b97b68014d0 - std::panic::catch_unwind::h4d9a74ef04456343
[INFO] [stdout]                                at /rustc/6067b36314ab5eb2eb47cecc464545ba58e1ad24/library/std/src/panic.rs:358:14
[INFO] [stdout]   25:     0x5b97b68014d0 - std::rt::lang_start_internal::{{closure}}::h2faa8ae84a93f314
[INFO] [stdout]                                at /rustc/6067b36314ab5eb2eb47cecc464545ba58e1ad24/library/std/src/rt.rs:163:24
[INFO] [stdout]   26:     0x5b97b68014d0 - std::panicking::try::do_call::h0f8932bf638a9bf5
[INFO] [stdout]                                at /rustc/6067b36314ab5eb2eb47cecc464545ba58e1ad24/library/std/src/panicking.rs:587:40
[INFO] [stdout]   27:     0x5b97b68014d0 - std::panicking::try::h683416ea756b175d
[INFO] [stdout]                                at /rustc/6067b36314ab5eb2eb47cecc464545ba58e1ad24/library/std/src/panicking.rs:550:19
[INFO] [stdout]   28:     0x5b97b68014d0 - std::panic::catch_unwind::h56189fac8994979f
[INFO] [stdout]                                at /rustc/6067b36314ab5eb2eb47cecc464545ba58e1ad24/library/std/src/panic.rs:358:14
[INFO] [stdout]   29:     0x5b97b68014d0 - std::rt::lang_start_internal::h8bbc1061691274fe
[INFO] [stdout]                                at /rustc/6067b36314ab5eb2eb47cecc464545ba58e1ad24/library/std/src/rt.rs:159:5
[INFO] [stdout]   30:     0x5b97b67e4301 - std::rt::lang_start::h601b10a269c70ef7
[INFO] [stdout]   31:     0x5b97b67e4c55 - main
[INFO] [stdout]   32:     0x7acf2a73ad90 - <unknown>
[INFO] [stdout]   33:     0x7acf2a73ae40 - __libc_start_main
[INFO] [stdout]   34:     0x5b97b67e3fc5 - _start
[INFO] [stdout]   35:                0x0 - <unknown>
[INFO] [stdout] 
[INFO] [stdout] 
[INFO] [stdout] 
[INFO] [stdout] failures:
[INFO] [stdout]     src/lib.rs - EventSync<T>::time_since_last_tick (line 330)
[INFO] [stdout] 
[INFO] [stdout] test result: FAILED. 36 passed; 1 failed; 0 ignored; 0 measured; 0 filtered out; finished in 4.90s
[INFO] [stdout] 
[INFO] [stderr] error: doctest failed, to rerun pass `--doc`
[INFO] running `Command { std: "docker" "inspect" "0aa309651672859f7b95161d477eb8169d19e30052e0380c4481ae697c3a2322", kill_on_drop: false }`
[INFO] running `Command { std: "docker" "rm" "-f" "0aa309651672859f7b95161d477eb8169d19e30052e0380c4481ae697c3a2322", kill_on_drop: false }`
[INFO] [stdout] 0aa309651672859f7b95161d477eb8169d19e30052e0380c4481ae697c3a2322
