[INFO] fetching crate ethercrab-wire-derive 0.2.0...
[INFO] testing ethercrab-wire-derive-0.2.0 against nightly-2025-01-18 for randomize-layout-2
[INFO] extracting crate ethercrab-wire-derive 0.2.0 into /workspace/builds/worker-3-tc1/source
[INFO] validating manifest of crates.io crate ethercrab-wire-derive 0.2.0 on toolchain nightly-2025-01-18
[INFO] running `Command { std: CARGO_HOME="/workspace/cargo-home" RUSTUP_HOME="/workspace/rustup-home" "/workspace/cargo-home/bin/cargo" "+nightly-2025-01-18" "metadata" "--manifest-path" "Cargo.toml" "--no-deps", kill_on_drop: false }`
[INFO] started tweaking crates.io crate ethercrab-wire-derive 0.2.0
[INFO] finished tweaking crates.io crate ethercrab-wire-derive 0.2.0
[INFO] tweaked toml for crates.io crate ethercrab-wire-derive 0.2.0 written to /workspace/builds/worker-3-tc1/source/Cargo.toml
[INFO] running `Command { std: CARGO_HOME="/workspace/cargo-home" RUSTUP_HOME="/workspace/rustup-home" "/workspace/cargo-home/bin/cargo" "+nightly-2025-01-18" "generate-lockfile" "--manifest-path" "Cargo.toml", kill_on_drop: false }`
[INFO] [stderr]     Blocking waiting for file lock on package cache
[INFO] [stderr]     Updating crates.io index
[INFO] [stderr]     Blocking waiting for file lock on package cache
[INFO] [stderr]      Locking 64 packages to latest compatible versions
[INFO] running `Command { std: CARGO_HOME="/workspace/cargo-home" RUSTUP_HOME="/workspace/rustup-home" "/workspace/cargo-home/bin/cargo" "+nightly-2025-01-18" "fetch" "--manifest-path" "Cargo.toml", kill_on_drop: false }`
[INFO] [stderr]  Downloading crates ...
[INFO] [stderr]   Downloaded trybuild v1.0.102
[INFO] running `Command { std: "docker" "create" "-v" "/var/lib/crater-agent-workspace/builds/worker-3-tc1/target:/opt/rustwide/target:rw,Z" "-v" "/var/lib/crater-agent-workspace/builds/worker-3-tc1/source:/opt/rustwide/workdir:ro,Z" "-v" "/var/lib/crater-agent-workspace/cargo-home:/opt/rustwide/cargo-home:ro,Z" "-v" "/var/lib/crater-agent-workspace/rustup-home:/opt/rustwide/rustup-home:ro,Z" "-e" "SOURCE_DIR=/opt/rustwide/workdir" "-e" "CARGO_TARGET_DIR=/opt/rustwide/target" "-e" "CARGO_HOME=/opt/rustwide/cargo-home" "-e" "RUSTUP_HOME=/opt/rustwide/rustup-home" "-w" "/opt/rustwide/workdir" "-m" "1610612736" "--user" "0:0" "--network" "none" "ghcr.io/rust-lang/crates-build-env/linux@sha256:819108c5571ea2e421544af4d832f968d213c87fbe3707a016657f43d2f853bc" "/opt/rustwide/cargo-home/bin/cargo" "+nightly-2025-01-18" "metadata" "--no-deps" "--format-version=1", kill_on_drop: false }`
[INFO] [stdout] 55e39bdcd58c3dde297e66baa5b9c17bc5b83e218e124319fa493bf3edf01e96
[INFO] running `Command { std: "docker" "start" "-a" "55e39bdcd58c3dde297e66baa5b9c17bc5b83e218e124319fa493bf3edf01e96", kill_on_drop: false }`
[INFO] running `Command { std: "docker" "inspect" "55e39bdcd58c3dde297e66baa5b9c17bc5b83e218e124319fa493bf3edf01e96", kill_on_drop: false }`
[INFO] running `Command { std: "docker" "rm" "-f" "55e39bdcd58c3dde297e66baa5b9c17bc5b83e218e124319fa493bf3edf01e96", kill_on_drop: false }`
[INFO] [stdout] 55e39bdcd58c3dde297e66baa5b9c17bc5b83e218e124319fa493bf3edf01e96
[INFO] running `Command { std: "docker" "create" "-v" "/var/lib/crater-agent-workspace/builds/worker-3-tc1/target:/opt/rustwide/target:rw,Z" "-v" "/var/lib/crater-agent-workspace/builds/worker-3-tc1/source:/opt/rustwide/workdir:ro,Z" "-v" "/var/lib/crater-agent-workspace/cargo-home:/opt/rustwide/cargo-home:ro,Z" "-v" "/var/lib/crater-agent-workspace/rustup-home:/opt/rustwide/rustup-home:ro,Z" "-e" "SOURCE_DIR=/opt/rustwide/workdir" "-e" "CARGO_TARGET_DIR=/opt/rustwide/target" "-e" "CARGO_INCREMENTAL=0" "-e" "RUST_BACKTRACE=full" "-e" "RUSTFLAGS=--cap-lints=forbid" "-e" "RUSTDOCFLAGS=--cap-lints=forbid" "-e" "CARGO_HOME=/opt/rustwide/cargo-home" "-e" "RUSTUP_HOME=/opt/rustwide/rustup-home" "-w" "/opt/rustwide/workdir" "-m" "1610612736" "--user" "0:0" "--network" "none" "ghcr.io/rust-lang/crates-build-env/linux@sha256:819108c5571ea2e421544af4d832f968d213c87fbe3707a016657f43d2f853bc" "/opt/rustwide/cargo-home/bin/cargo" "+nightly-2025-01-18" "build" "--frozen" "--message-format=json", kill_on_drop: false }`
[INFO] [stdout] 1a25fdbefd30f665e4ebeae825f34669db34a0c65e27f0093a7a4c20d580ce86
[INFO] running `Command { std: "docker" "start" "-a" "1a25fdbefd30f665e4ebeae825f34669db34a0c65e27f0093a7a4c20d580ce86", kill_on_drop: false }`
[INFO] [stderr]    Compiling proc-macro2 v1.0.93
[INFO] [stderr]    Compiling unicode-ident v1.0.14
[INFO] [stderr]    Compiling serde v1.0.217
[INFO] [stderr]    Compiling libc v0.2.169
[INFO] [stderr]    Compiling cfg-if v1.0.0
[INFO] [stderr]    Compiling autocfg v1.4.0
[INFO] [stderr]    Compiling serde_json v1.0.137
[INFO] [stderr]    Compiling ciborium-io v0.2.2
[INFO] [stderr]    Compiling half v2.4.1
[INFO] [stderr]    Compiling clap_lex v0.7.4
[INFO] [stderr]    Compiling regex-syntax v0.8.5
[INFO] [stderr]    Compiling ryu v1.0.18
[INFO] [stderr]    Compiling anstyle v1.0.10
[INFO] [stderr]    Compiling memchr v2.7.4
[INFO] [stderr]    Compiling either v1.13.0
[INFO] [stderr]    Compiling itoa v1.0.14
[INFO] [stderr]    Compiling clap_builder v4.5.27
[INFO] [stderr]    Compiling itertools v0.10.5
[INFO] [stderr]    Compiling ciborium-ll v0.2.2
[INFO] [stderr]    Compiling num-traits v0.2.19
[INFO] [stderr]    Compiling same-file v1.0.6
[INFO] [stderr]    Compiling cast v0.3.0
[INFO] [stderr]    Compiling quote v1.0.38
[INFO] [stderr]    Compiling walkdir v2.5.0
[INFO] [stderr]    Compiling syn v2.0.96
[INFO] [stderr]    Compiling is-terminal v0.4.13
[INFO] [stderr]    Compiling once_cell v1.20.2
[INFO] [stderr]    Compiling oorandom v11.1.4
[INFO] [stderr]    Compiling regex-automata v0.4.9
[INFO] [stderr]    Compiling anes v0.1.6
[INFO] [stderr]    Compiling criterion-plot v0.5.0
[INFO] [stderr]    Compiling regex v1.11.1
[INFO] [stderr]    Compiling clap v4.5.27
[INFO] [stderr]    Compiling serde_derive v1.0.217
[INFO] [stderr]    Compiling ciborium v0.2.2
[INFO] [stderr]    Compiling tinytemplate v1.2.1
[INFO] [stderr]    Compiling criterion v0.5.1
[INFO] [stderr]    Compiling ethercrab-wire-derive v0.2.0 (/opt/rustwide/workdir)
[INFO] [stdout] warning: fields `default` and `alternatives` are never read
[INFO] [stdout]   --> src/parse_enum.rs:23:9
[INFO] [stdout]    |
[INFO] [stdout] 19 | pub struct VariantMeta {
[INFO] [stdout]    |            ----------- fields in this struct
[INFO] [stdout] ...
[INFO] [stdout] 23 |     pub default: bool,
[INFO] [stdout]    |         ^^^^^^^
[INFO] [stdout] 24 |     pub alternatives: Vec<i128>,
[INFO] [stdout]    |         ^^^^^^^^^^^^
[INFO] [stdout]    |
[INFO] [stdout]    = note: `VariantMeta` has a derived impl for the trait `Clone`, but this is intentionally ignored during dead code analysis
[INFO] [stdout]    = note: `#[warn(dead_code)]` on by default
[INFO] [stdout] 
[INFO] [stdout] 
[INFO] [stdout] warning: multiple fields are never read
[INFO] [stdout]   --> src/parse_struct.rs:15:9
[INFO] [stdout]    |
[INFO] [stdout] 14 | pub struct FieldMeta {
[INFO] [stdout]    |            --------- fields in this struct
[INFO] [stdout] 15 |     pub vis: Visibility,
[INFO] [stdout]    |         ^^^
[INFO] [stdout] ...
[INFO] [stdout] 20 |     pub bit_start: usize,
[INFO] [stdout]    |         ^^^^^^^^^
[INFO] [stdout] 21 |     pub bit_end: usize,
[INFO] [stdout]    |         ^^^^^^^
[INFO] [stdout] 22 |     pub byte_start: usize,
[INFO] [stdout]    |         ^^^^^^^^^^
[INFO] [stdout] 23 |     pub byte_end: usize,
[INFO] [stdout]    |         ^^^^^^^^
[INFO] [stdout] ...
[INFO] [stdout] 30 |     pub pre_skip: Option<usize>,
[INFO] [stdout]    |         ^^^^^^^^
[INFO] [stdout] 31 |     pub post_skip: Option<usize>,
[INFO] [stdout]    |         ^^^^^^^^^
[INFO] [stdout]    |
[INFO] [stdout]    = note: `FieldMeta` has a derived impl for the trait `Clone`, but this is intentionally ignored during dead code analysis
[INFO] [stdout] 
[INFO] [stdout] 
[INFO] [stderr]     Finished `dev` profile [unoptimized + debuginfo] target(s) in 29.54s
[INFO] running `Command { std: "docker" "inspect" "1a25fdbefd30f665e4ebeae825f34669db34a0c65e27f0093a7a4c20d580ce86", kill_on_drop: false }`
[INFO] running `Command { std: "docker" "rm" "-f" "1a25fdbefd30f665e4ebeae825f34669db34a0c65e27f0093a7a4c20d580ce86", kill_on_drop: false }`
[INFO] [stdout] 1a25fdbefd30f665e4ebeae825f34669db34a0c65e27f0093a7a4c20d580ce86
[INFO] running `Command { std: "docker" "create" "-v" "/var/lib/crater-agent-workspace/builds/worker-3-tc1/target:/opt/rustwide/target:rw,Z" "-v" "/var/lib/crater-agent-workspace/builds/worker-3-tc1/source:/opt/rustwide/workdir:ro,Z" "-v" "/var/lib/crater-agent-workspace/cargo-home:/opt/rustwide/cargo-home:ro,Z" "-v" "/var/lib/crater-agent-workspace/rustup-home:/opt/rustwide/rustup-home:ro,Z" "-e" "SOURCE_DIR=/opt/rustwide/workdir" "-e" "CARGO_TARGET_DIR=/opt/rustwide/target" "-e" "CARGO_INCREMENTAL=0" "-e" "RUST_BACKTRACE=full" "-e" "RUSTFLAGS=--cap-lints=forbid" "-e" "RUSTDOCFLAGS=--cap-lints=forbid" "-e" "CARGO_HOME=/opt/rustwide/cargo-home" "-e" "RUSTUP_HOME=/opt/rustwide/rustup-home" "-w" "/opt/rustwide/workdir" "-m" "1610612736" "--user" "0:0" "--network" "none" "ghcr.io/rust-lang/crates-build-env/linux@sha256:819108c5571ea2e421544af4d832f968d213c87fbe3707a016657f43d2f853bc" "/opt/rustwide/cargo-home/bin/cargo" "+nightly-2025-01-18" "test" "--frozen" "--no-run" "--message-format=json", kill_on_drop: false }`
[INFO] [stdout] 2b894a3a704f27ca9f8b196becb1382ec05a9cd4cb0a973f7d6d2e5a16ee7069
[INFO] running `Command { std: "docker" "start" "-a" "2b894a3a704f27ca9f8b196becb1382ec05a9cd4cb0a973f7d6d2e5a16ee7069", kill_on_drop: false }`
[INFO] [stderr]    Compiling equivalent v1.0.1
[INFO] [stderr]    Compiling hashbrown v0.15.2
[INFO] [stderr]    Compiling syn v2.0.96
[INFO] [stderr]    Compiling target-triple v0.1.3
[INFO] [stderr]    Compiling winnow v0.6.24
[INFO] [stderr]    Compiling glob v0.3.2
[INFO] [stderr]    Compiling termcolor v1.4.1
[INFO] [stderr]    Compiling indexmap v2.7.1
[INFO] [stderr]    Compiling serde_derive v1.0.217
[INFO] [stderr]    Compiling serde v1.0.217
[INFO] [stderr]    Compiling serde_json v1.0.137
[INFO] [stderr]    Compiling serde_spanned v0.6.8
[INFO] [stderr]    Compiling toml_datetime v0.6.8
[INFO] [stderr]    Compiling ciborium v0.2.2
[INFO] [stderr]    Compiling toml_edit v0.22.22
[INFO] [stderr]    Compiling tinytemplate v1.2.1
[INFO] [stderr]    Compiling criterion v0.5.1
[INFO] [stderr]    Compiling toml v0.8.19
[INFO] [stderr]    Compiling trybuild v1.0.102
[INFO] [stderr]    Compiling ethercrab-wire-derive v0.2.0 (/opt/rustwide/workdir)
[INFO] [stdout] warning: fields `default` and `alternatives` are never read
[INFO] [stdout]   --> src/parse_enum.rs:23:9
[INFO] [stdout]    |
[INFO] [stdout] 19 | pub struct VariantMeta {
[INFO] [stdout]    |            ----------- fields in this struct
[INFO] [stdout] ...
[INFO] [stdout] 23 |     pub default: bool,
[INFO] [stdout]    |         ^^^^^^^
[INFO] [stdout] 24 |     pub alternatives: Vec<i128>,
[INFO] [stdout]    |         ^^^^^^^^^^^^
[INFO] [stdout]    |
[INFO] [stdout]    = note: `VariantMeta` has a derived impl for the trait `Clone`, but this is intentionally ignored during dead code analysis
[INFO] [stdout]    = note: `#[warn(dead_code)]` on by default
[INFO] [stdout] 
[INFO] [stdout] 
[INFO] [stdout] warning: multiple fields are never read
[INFO] [stdout]   --> src/parse_struct.rs:15:9
[INFO] [stdout]    |
[INFO] [stdout] 14 | pub struct FieldMeta {
[INFO] [stdout]    |            --------- fields in this struct
[INFO] [stdout] 15 |     pub vis: Visibility,
[INFO] [stdout]    |         ^^^
[INFO] [stdout] ...
[INFO] [stdout] 20 |     pub bit_start: usize,
[INFO] [stdout]    |         ^^^^^^^^^
[INFO] [stdout] 21 |     pub bit_end: usize,
[INFO] [stdout]    |         ^^^^^^^
[INFO] [stdout] 22 |     pub byte_start: usize,
[INFO] [stdout]    |         ^^^^^^^^^^
[INFO] [stdout] 23 |     pub byte_end: usize,
[INFO] [stdout]    |         ^^^^^^^^
[INFO] [stdout] ...
[INFO] [stdout] 30 |     pub pre_skip: Option<usize>,
[INFO] [stdout]    |         ^^^^^^^^
[INFO] [stdout] 31 |     pub post_skip: Option<usize>,
[INFO] [stdout]    |         ^^^^^^^^^
[INFO] [stdout]    |
[INFO] [stdout]    = note: `FieldMeta` has a derived impl for the trait `Clone`, but this is intentionally ignored during dead code analysis
[INFO] [stdout] 
[INFO] [stdout] 
[INFO] [stdout] warning: fields `default` and `alternatives` are never read
[INFO] [stdout]   --> src/parse_enum.rs:23:9
[INFO] [stdout]    |
[INFO] [stdout] 19 | pub struct VariantMeta {
[INFO] [stdout]    |            ----------- fields in this struct
[INFO] [stdout] ...
[INFO] [stdout] 23 |     pub default: bool,
[INFO] [stdout]    |         ^^^^^^^
[INFO] [stdout] 24 |     pub alternatives: Vec<i128>,
[INFO] [stdout]    |         ^^^^^^^^^^^^
[INFO] [stdout]    |
[INFO] [stdout]    = note: `VariantMeta` has a derived impl for the trait `Clone`, but this is intentionally ignored during dead code analysis
[INFO] [stdout]    = note: `#[warn(dead_code)]` on by default
[INFO] [stdout] 
[INFO] [stdout] 
[INFO] [stdout] warning: multiple fields are never read
[INFO] [stdout]   --> src/parse_struct.rs:15:9
[INFO] [stdout]    |
[INFO] [stdout] 14 | pub struct FieldMeta {
[INFO] [stdout]    |            --------- fields in this struct
[INFO] [stdout] 15 |     pub vis: Visibility,
[INFO] [stdout]    |         ^^^
[INFO] [stdout] ...
[INFO] [stdout] 20 |     pub bit_start: usize,
[INFO] [stdout]    |         ^^^^^^^^^
[INFO] [stdout] 21 |     pub bit_end: usize,
[INFO] [stdout]    |         ^^^^^^^
[INFO] [stdout] 22 |     pub byte_start: usize,
[INFO] [stdout]    |         ^^^^^^^^^^
[INFO] [stdout] 23 |     pub byte_end: usize,
[INFO] [stdout]    |         ^^^^^^^^
[INFO] [stdout] ...
[INFO] [stdout] 30 |     pub pre_skip: Option<usize>,
[INFO] [stdout]    |         ^^^^^^^^
[INFO] [stdout] 31 |     pub post_skip: Option<usize>,
[INFO] [stdout]    |         ^^^^^^^^^
[INFO] [stdout]    |
[INFO] [stdout]    = note: `FieldMeta` has a derived impl for the trait `Clone`, but this is intentionally ignored during dead code analysis
[INFO] [stdout] 
[INFO] [stdout] 
[INFO] [stderr]     Finished `test` profile [unoptimized + debuginfo] target(s) in 28.28s
[INFO] running `Command { std: "docker" "inspect" "2b894a3a704f27ca9f8b196becb1382ec05a9cd4cb0a973f7d6d2e5a16ee7069", kill_on_drop: false }`
[INFO] running `Command { std: "docker" "rm" "-f" "2b894a3a704f27ca9f8b196becb1382ec05a9cd4cb0a973f7d6d2e5a16ee7069", kill_on_drop: false }`
[INFO] [stdout] 2b894a3a704f27ca9f8b196becb1382ec05a9cd4cb0a973f7d6d2e5a16ee7069
[INFO] running `Command { std: "docker" "create" "-v" "/var/lib/crater-agent-workspace/builds/worker-3-tc1/target:/opt/rustwide/target:rw,Z" "-v" "/var/lib/crater-agent-workspace/builds/worker-3-tc1/source:/opt/rustwide/workdir:ro,Z" "-v" "/var/lib/crater-agent-workspace/cargo-home:/opt/rustwide/cargo-home:ro,Z" "-v" "/var/lib/crater-agent-workspace/rustup-home:/opt/rustwide/rustup-home:ro,Z" "-e" "SOURCE_DIR=/opt/rustwide/workdir" "-e" "CARGO_TARGET_DIR=/opt/rustwide/target" "-e" "CARGO_INCREMENTAL=0" "-e" "RUST_BACKTRACE=full" "-e" "RUSTFLAGS=--cap-lints=forbid" "-e" "RUSTDOCFLAGS=--cap-lints=forbid" "-e" "CARGO_HOME=/opt/rustwide/cargo-home" "-e" "RUSTUP_HOME=/opt/rustwide/rustup-home" "-w" "/opt/rustwide/workdir" "-m" "1610612736" "--user" "0:0" "--network" "none" "ghcr.io/rust-lang/crates-build-env/linux@sha256:819108c5571ea2e421544af4d832f968d213c87fbe3707a016657f43d2f853bc" "/opt/rustwide/cargo-home/bin/cargo" "+nightly-2025-01-18" "test" "--frozen", kill_on_drop: false }`
[INFO] [stdout] 75048a4bc9fff5abd2546df78490b6458ad1cf93912a48516fd92f48f92961b5
[INFO] running `Command { std: "docker" "start" "-a" "75048a4bc9fff5abd2546df78490b6458ad1cf93912a48516fd92f48f92961b5", kill_on_drop: false }`
[INFO] [stderr] warning: fields `default` and `alternatives` are never read
[INFO] [stderr]   --> src/parse_enum.rs:23:9
[INFO] [stderr]    |
[INFO] [stderr] 19 | pub struct VariantMeta {
[INFO] [stderr]    |            ----------- fields in this struct
[INFO] [stderr] ...
[INFO] [stderr] 23 |     pub default: bool,
[INFO] [stderr]    |         ^^^^^^^
[INFO] [stderr] 24 |     pub alternatives: Vec<i128>,
[INFO] [stderr]    |         ^^^^^^^^^^^^
[INFO] [stderr]    |
[INFO] [stderr]    = note: `VariantMeta` has a derived impl for the trait `Clone`, but this is intentionally ignored during dead code analysis
[INFO] [stderr]    = note: `#[warn(dead_code)]` on by default
[INFO] [stderr] 
[INFO] [stderr] warning: multiple fields are never read
[INFO] [stderr]   --> src/parse_struct.rs:15:9
[INFO] [stderr]    |
[INFO] [stderr] 14 | pub struct FieldMeta {
[INFO] [stderr]    |            --------- fields in this struct
[INFO] [stderr] 15 |     pub vis: Visibility,
[INFO] [stderr]    |         ^^^
[INFO] [stderr] ...
[INFO] [stderr] 20 |     pub bit_start: usize,
[INFO] [stderr]    |         ^^^^^^^^^
[INFO] [stderr] 21 |     pub bit_end: usize,
[INFO] [stderr]    |         ^^^^^^^
[INFO] [stderr] 22 |     pub byte_start: usize,
[INFO] [stderr]    |         ^^^^^^^^^^
[INFO] [stderr] 23 |     pub byte_end: usize,
[INFO] [stderr]    |         ^^^^^^^^
[INFO] [stderr] ...
[INFO] [stderr] 30 |     pub pre_skip: Option<usize>,
[INFO] [stderr]    |         ^^^^^^^^
[INFO] [stderr] 31 |     pub post_skip: Option<usize>,
[INFO] [stderr]    |         ^^^^^^^^^
[INFO] [stderr]    |
[INFO] [stderr]    = note: `FieldMeta` has a derived impl for the trait `Clone`, but this is intentionally ignored during dead code analysis
[INFO] [stderr] 
[INFO] [stderr] warning: `ethercrab-wire-derive` (lib) generated 2 warnings
[INFO] [stderr] warning: `ethercrab-wire-derive` (lib test) generated 2 warnings (2 duplicates)
[INFO] [stderr]     Finished `test` profile [unoptimized + debuginfo] target(s) in 0.13s
[INFO] [stderr]      Running unittests src/lib.rs (/opt/rustwide/target/debug/deps/ethercrab_wire_derive-a58fe8324ff0d1cd)
[INFO] [stdout] 
[INFO] [stdout] running 1 test
[INFO] [stderr]    Compiling proc-macro2 v1.0.93
[INFO] [stderr]    Compiling unicode-ident v1.0.14
[INFO] [stderr]    Compiling serde v1.0.217
[INFO] [stderr]    Compiling serde_json v1.0.137
[INFO] [stderr]    Compiling libc v0.2.169
[INFO] [stderr]    Compiling autocfg v1.4.0
[INFO] [stderr]    Compiling cfg-if v1.0.0
[INFO] [stderr]    Compiling clap_lex v0.7.4
[INFO] [stderr]    Compiling half v2.4.1
[INFO] [stderr]    Compiling regex-syntax v0.8.5
[INFO] [stderr]    Compiling ryu v1.0.18
[INFO] [stderr]    Compiling memchr v2.7.4
[INFO] [stderr]    Compiling either v1.13.0
[INFO] [stderr]    Compiling ciborium-io v0.2.2
[INFO] [stderr]    Compiling anstyle v1.0.10
[INFO] [stderr]    Compiling itoa v1.0.14
[INFO] [stderr]    Compiling clap_builder v4.5.27
[INFO] [stderr]    Compiling itertools v0.10.5
[INFO] [stderr]    Compiling ciborium-ll v0.2.2
[INFO] [stderr]    Compiling quote v1.0.38
[INFO] [stderr]    Compiling num-traits v0.2.19
[INFO] [stderr]    Compiling syn v2.0.96
[INFO] [stderr]    Compiling cast v0.3.0
[INFO] [stderr]    Compiling regex-automata v0.4.9
[INFO] [stderr]    Compiling same-file v1.0.6
[INFO] [stderr]    Compiling criterion-plot v0.5.0
[INFO] [stderr]    Compiling walkdir v2.5.0
[INFO] [stderr]    Compiling clap v4.5.27
[INFO] [stderr]    Compiling is-terminal v0.4.13
[INFO] [stderr]    Compiling regex v1.11.1
[INFO] [stderr]    Compiling anes v0.1.6
[INFO] [stderr]    Compiling oorandom v11.1.4
[INFO] [stderr]    Compiling once_cell v1.20.2
[INFO] [stderr]    Compiling serde_derive v1.0.217
[INFO] [stderr]     Checking ciborium v0.2.2
[INFO] [stderr]     Checking tinytemplate v1.2.1
[INFO] [stderr]     Checking criterion v0.5.1
[INFO] [stderr]    Compiling ethercrab-wire-derive v0.2.0 (/opt/rustwide/workdir)
[INFO] [stderr] warning: fields `default` and `alternatives` are never read
[INFO] [stderr]   --> /opt/rustwide/workdir/src/parse_enum.rs:23:9
[INFO] [stderr]    |
[INFO] [stderr] 19 | pub struct VariantMeta {
[INFO] [stderr]    |            ----------- fields in this struct
[INFO] [stderr] ...
[INFO] [stderr] 23 |     pub default: bool,
[INFO] [stderr]    |         ^^^^^^^
[INFO] [stderr] 24 |     pub alternatives: Vec<i128>,
[INFO] [stderr]    |         ^^^^^^^^^^^^
[INFO] [stderr]    |
[INFO] [stderr]    = note: `VariantMeta` has a derived impl for the trait `Clone`, but this is intentionally ignored during dead code analysis
[INFO] [stderr]    = note: `#[warn(dead_code)]` on by default
[INFO] [stderr] 
[INFO] [stderr] warning: multiple fields are never read
[INFO] [stderr]   --> /opt/rustwide/workdir/src/parse_struct.rs:15:9
[INFO] [stderr]    |
[INFO] [stderr] 14 | pub struct FieldMeta {
[INFO] [stderr]    |            --------- fields in this struct
[INFO] [stderr] 15 |     pub vis: Visibility,
[INFO] [stderr]    |         ^^^
[INFO] [stderr] ...
[INFO] [stderr] 20 |     pub bit_start: usize,
[INFO] [stderr]    |         ^^^^^^^^^
[INFO] [stderr] 21 |     pub bit_end: usize,
[INFO] [stderr]    |         ^^^^^^^
[INFO] [stderr] 22 |     pub byte_start: usize,
[INFO] [stderr]    |         ^^^^^^^^^^
[INFO] [stderr] 23 |     pub byte_end: usize,
[INFO] [stderr]    |         ^^^^^^^^
[INFO] [stderr] ...
[INFO] [stderr] 30 |     pub pre_skip: Option<usize>,
[INFO] [stderr]    |         ^^^^^^^^
[INFO] [stderr] 31 |     pub post_skip: Option<usize>,
[INFO] [stderr]    |         ^^^^^^^^^
[INFO] [stderr]    |
[INFO] [stderr]    = note: `FieldMeta` has a derived impl for the trait `Clone`, but this is intentionally ignored during dead code analysis
[INFO] [stderr] 
[INFO] [stderr] warning: `ethercrab-wire-derive` (lib) generated 2 warnings
[INFO] [stderr]     Checking ethercrab-wire-derive-tests v0.0.0 (/opt/rustwide/target/tests/trybuild/ethercrab-wire-derive)
[INFO] [stderr]     Finished `dev` profile [unoptimized + debuginfo] target(s) in 53.47s
[INFO] [stderr] 
[INFO] [stderr] 
[INFO] [stderr] test ui/enum-isize.rs ... mismatch
[INFO] [stderr] 
[INFO] [stderr] EXPECTED:
[INFO] [stderr] ┈┈┈┈┈┈┈┈┈┈┈┈┈┈┈┈┈┈┈┈┈┈┈┈┈┈┈┈┈┈┈┈┈┈┈┈┈┈┈┈┈┈┈┈┈┈┈┈┈┈┈┈┈┈┈┈┈┈┈┈
[INFO] [stderr] error: usize and isize may not be used as enum repr as these types can change size based on target platform. Use an i* or u* type instead.
[INFO] [stderr]  --> ui/enum-isize.rs:2:8
[INFO] [stderr]   |
[INFO] [stderr] 2 | #[repr(isize)]
[INFO] [stderr]   |        ^^^^^
[INFO] [stderr] ┈┈┈┈┈┈┈┈┈┈┈┈┈┈┈┈┈┈┈┈┈┈┈┈┈┈┈┈┈┈┈┈┈┈┈┈┈┈┈┈┈┈┈┈┈┈┈┈┈┈┈┈┈┈┈┈┈┈┈┈
[INFO] [stderr] 
[INFO] [stderr] ACTUAL OUTPUT:
[INFO] [stderr] ┈┈┈┈┈┈┈┈┈┈┈┈┈┈┈┈┈┈┈┈┈┈┈┈┈┈┈┈┈┈┈┈┈┈┈┈┈┈┈┈┈┈┈┈┈┈┈┈┈┈┈┈┈┈┈┈┈┈┈┈
[INFO] [stderr] error[E0433]: failed to resolve: use of undeclared crate or module `ethercrab_wire`
[INFO] [stderr]  --> ui/enum-isize.rs:1:10
[INFO] [stderr]   |
[INFO] [stderr] 1 | #[derive(ethercrab_wire::EtherCrabWireWrite)]
[INFO] [stderr]   |          ^^^^^^^^^^^^^^ use of undeclared crate or module `ethercrab_wire`
[INFO] [stderr] ┈┈┈┈┈┈┈┈┈┈┈┈┈┈┈┈┈┈┈┈┈┈┈┈┈┈┈┈┈┈┈┈┈┈┈┈┈┈┈┈┈┈┈┈┈┈┈┈┈┈┈┈┈┈┈┈┈┈┈┈
[INFO] [stderr] note: If the actual output is the correct output you can bless it by rerunning
[INFO] [stderr]       your test with the environment variable TRYBUILD=overwrite
[INFO] [stderr] 
[INFO] [stderr] test ui/enum-usize.rs ... mismatch
[INFO] [stderr] 
[INFO] [stderr] EXPECTED:
[INFO] [stderr] ┈┈┈┈┈┈┈┈┈┈┈┈┈┈┈┈┈┈┈┈┈┈┈┈┈┈┈┈┈┈┈┈┈┈┈┈┈┈┈┈┈┈┈┈┈┈┈┈┈┈┈┈┈┈┈┈┈┈┈┈
[INFO] [stderr] error: usize and isize may not be used as enum repr as these types can change size based on target platform. Use an i* or u* type instead.
[INFO] [stderr]  --> ui/enum-usize.rs:2:8
[INFO] [stderr]   |
[INFO] [stderr] 2 | #[repr(usize)]
[INFO] [stderr]   |        ^^^^^
[INFO] [stderr] ┈┈┈┈┈┈┈┈┈┈┈┈┈┈┈┈┈┈┈┈┈┈┈┈┈┈┈┈┈┈┈┈┈┈┈┈┈┈┈┈┈┈┈┈┈┈┈┈┈┈┈┈┈┈┈┈┈┈┈┈
[INFO] [stderr] 
[INFO] [stderr] ACTUAL OUTPUT:
[INFO] [stderr] ┈┈┈┈┈┈┈┈┈┈┈┈┈┈┈┈┈┈┈┈┈┈┈┈┈┈┈┈┈┈┈┈┈┈┈┈┈┈┈┈┈┈┈┈┈┈┈┈┈┈┈┈┈┈┈┈┈┈┈┈
[INFO] [stderr] error[E0433]: failed to resolve: use of undeclared crate or module `ethercrab_wire`
[INFO] [stderr]  --> ui/enum-usize.rs:1:10
[INFO] [stderr]   |
[INFO] [stderr] 1 | #[derive(ethercrab_wire::EtherCrabWireWrite)]
[INFO] [stderr]   |          ^^^^^^^^^^^^^^ use of undeclared crate or module `ethercrab_wire`
[INFO] [stderr] ┈┈┈┈┈┈┈┈┈┈┈┈┈┈┈┈┈┈┈┈┈┈┈┈┈┈┈┈┈┈┈┈┈┈┈┈┈┈┈┈┈┈┈┈┈┈┈┈┈┈┈┈┈┈┈┈┈┈┈┈
[INFO] [stderr] note: If the actual output is the correct output you can bless it by rerunning
[INFO] [stderr]       your test with the environment variable TRYBUILD=overwrite
[INFO] [stderr] 
[INFO] [stderr] test ui/union.rs ... mismatch
[INFO] [stderr] 
[INFO] [stderr] EXPECTED:
[INFO] [stderr] ┈┈┈┈┈┈┈┈┈┈┈┈┈┈┈┈┈┈┈┈┈┈┈┈┈┈┈┈┈┈┈┈┈┈┈┈┈┈┈┈┈┈┈┈┈┈┈┈┈┈┈┈┈┈┈┈┈┈┈┈
[INFO] [stderr] error: Unions are not supported
[INFO] [stderr]  --> ui/union.rs:2:7
[INFO] [stderr]   |
[INFO] [stderr] 2 | union Whatever {
[INFO] [stderr]   |       ^^^^^^^^
[INFO] [stderr] ┈┈┈┈┈┈┈┈┈┈┈┈┈┈┈┈┈┈┈┈┈┈┈┈┈┈┈┈┈┈┈┈┈┈┈┈┈┈┈┈┈┈┈┈┈┈┈┈┈┈┈┈┈┈┈┈┈┈┈┈
[INFO] [stderr] 
[INFO] [stderr] ACTUAL OUTPUT:
[INFO] [stderr] ┈┈┈┈┈┈┈┈┈┈┈┈┈┈┈┈┈┈┈┈┈┈┈┈┈┈┈┈┈┈┈┈┈┈┈┈┈┈┈┈┈┈┈┈┈┈┈┈┈┈┈┈┈┈┈┈┈┈┈┈
[INFO] [stderr] error[E0433]: failed to resolve: use of undeclared crate or module `ethercrab_wire`
[INFO] [stderr]  --> ui/union.rs:1:10
[INFO] [stderr]   |
[INFO] [stderr] 1 | #[derive(ethercrab_wire::EtherCrabWireWrite)]
[INFO] [stderr]   |          ^^^^^^^^^^^^^^ use of undeclared crate or module `ethercrab_wire`
[INFO] [stderr] ┈┈┈┈┈┈┈┈┈┈┈┈┈┈┈┈┈┈┈┈┈┈┈┈┈┈┈┈┈┈┈┈┈┈┈┈┈┈┈┈┈┈┈┈┈┈┈┈┈┈┈┈┈┈┈┈┈┈┈┈
[INFO] [stderr] note: If the actual output is the correct output you can bless it by rerunning
[INFO] [stderr]       your test with the environment variable TRYBUILD=overwrite
[INFO] [stderr] 
[INFO] [stderr] 
[INFO] [stderr] 
[INFO] [stdout] test tests::trybuild_cases ... FAILED
[INFO] [stdout] 
[INFO] [stdout] failures:
[INFO] [stdout] 
[INFO] [stdout] ---- tests::trybuild_cases stdout ----
[INFO] [stdout] 
[INFO] [stdout] thread 'tests::trybuild_cases' panicked at /opt/rustwide/cargo-home/registry/src/index.crates.io-1949cf8c6b5b557f/trybuild-1.0.102/src/run.rs:102:13:
[INFO] [stdout] 3 of 3 tests failed
[INFO] [stdout] stack backtrace:
[INFO] [stdout]    0:     0x720e04f5484a - std::backtrace_rs::backtrace::libunwind::trace::hb059275cfc8d6126
[INFO] [stdout]                                at /rustc/6067b36314ab5eb2eb47cecc464545ba58e1ad24/library/std/src/../../backtrace/src/backtrace/libunwind.rs:116:5
[INFO] [stdout]    1:     0x720e04f5484a - std::backtrace_rs::backtrace::trace_unsynchronized::h2da071e4327ce3ee
[INFO] [stdout]                                at /rustc/6067b36314ab5eb2eb47cecc464545ba58e1ad24/library/std/src/../../backtrace/src/backtrace/mod.rs:66:5
[INFO] [stdout]    2:     0x720e04f5484a - std::sys::backtrace::_print_fmt::h842a1474e6f8d23f
[INFO] [stdout]                                at /rustc/6067b36314ab5eb2eb47cecc464545ba58e1ad24/library/std/src/sys/backtrace.rs:66:9
[INFO] [stdout]    3:     0x720e04f5484a - <std::sys::backtrace::BacktraceLock::print::DisplayBacktrace as core::fmt::Display>::fmt::h71a62eb3b9696b12
[INFO] [stdout]                                at /rustc/6067b36314ab5eb2eb47cecc464545ba58e1ad24/library/std/src/sys/backtrace.rs:39:26
[INFO] [stdout]    4:     0x720e04fa66b3 - core::fmt::rt::Argument::fmt::hdb6b616786b41dc1
[INFO] [stdout]                                at /rustc/6067b36314ab5eb2eb47cecc464545ba58e1ad24/library/core/src/fmt/rt.rs:177:76
[INFO] [stdout]    5:     0x720e04fa66b3 - core::fmt::write::h2cc1698af7e2d686
[INFO] [stdout]                                at /rustc/6067b36314ab5eb2eb47cecc464545ba58e1ad24/library/core/src/fmt/mod.rs:1440:21
[INFO] [stdout]    6:     0x720e04f48353 - std::io::Write::write_fmt::hab1b4cd059a79022
[INFO] [stdout]                                at /rustc/6067b36314ab5eb2eb47cecc464545ba58e1ad24/library/std/src/io/mod.rs:1887:15
[INFO] [stdout]    7:     0x720e04f54692 - std::sys::backtrace::BacktraceLock::print::h147fe35b4ea13b08
[INFO] [stdout]                                at /rustc/6067b36314ab5eb2eb47cecc464545ba58e1ad24/library/std/src/sys/backtrace.rs:42:9
[INFO] [stdout]    8:     0x720e04f56c5f - std::panicking::default_hook::{{closure}}::hbd44223dbdc0d208
[INFO] [stdout]                                at /rustc/6067b36314ab5eb2eb47cecc464545ba58e1ad24/library/std/src/panicking.rs:298:22
[INFO] [stdout]    9:     0x720e04f56a78 - std::panicking::default_hook::h20f81eb0576efcec
[INFO] [stdout]                                at /rustc/6067b36314ab5eb2eb47cecc464545ba58e1ad24/library/std/src/panicking.rs:322:9
[INFO] [stdout]   10:     0x58e314d43243 - <alloc::boxed::Box<F,A> as core::ops::function::Fn<Args>>::call::hdb53814c496a4d34
[INFO] [stdout]                                at /rustc/6067b36314ab5eb2eb47cecc464545ba58e1ad24/library/alloc/src/boxed.rs:2027:9
[INFO] [stdout]   11:     0x58e314d43243 - test::test_main::{{closure}}::hc0a4963c59427c24
[INFO] [stdout]                                at /rustc/6067b36314ab5eb2eb47cecc464545ba58e1ad24/library/test/src/lib.rs:134:21
[INFO] [stdout]   12:     0x720e04f577c3 - <alloc::boxed::Box<F,A> as core::ops::function::Fn<Args>>::call::h591b2225413a77e9
[INFO] [stdout]                                at /rustc/6067b36314ab5eb2eb47cecc464545ba58e1ad24/library/alloc/src/boxed.rs:2027:9
[INFO] [stdout]   13:     0x720e04f577c3 - std::panicking::rust_panic_with_hook::h625eea43051b2edc
[INFO] [stdout]                                at /rustc/6067b36314ab5eb2eb47cecc464545ba58e1ad24/library/std/src/panicking.rs:839:13
[INFO] [stdout]   14:     0x720e04f5747a - std::panicking::begin_panic_handler::{{closure}}::h4f9159cfbc3f6bd3
[INFO] [stdout]                                at /rustc/6067b36314ab5eb2eb47cecc464545ba58e1ad24/library/std/src/panicking.rs:704:13
[INFO] [stdout]   15:     0x720e04f54d49 - std::sys::backtrace::__rust_end_short_backtrace::h0390abce48353151
[INFO] [stdout]                                at /rustc/6067b36314ab5eb2eb47cecc464545ba58e1ad24/library/std/src/sys/backtrace.rs:168:18
[INFO] [stdout]   16:     0x720e04f5710d - rust_begin_unwind
[INFO] [stdout]                                at /rustc/6067b36314ab5eb2eb47cecc464545ba58e1ad24/library/std/src/panicking.rs:695:5
[INFO] [stdout]   17:     0x720e04fa2780 - core::panicking::panic_fmt::h9e7c637e9e5f29c9
[INFO] [stdout]                                at /rustc/6067b36314ab5eb2eb47cecc464545ba58e1ad24/library/core/src/panicking.rs:75:14
[INFO] [stdout]   18:     0x58e314b94b3c - trybuild::run::<impl trybuild::Runner>::run::h853fc2c950f51b17
[INFO] [stdout]   19:     0x58e314b9a0b5 - <trybuild::TestCases as core::ops::drop::Drop>::drop::h4a5c81e593215e02
[INFO] [stdout]   20:     0x58e314ab33a7 - core::ptr::drop_in_place<trybuild::TestCases>::hbc1485b5a664dcf7
[INFO] [stdout]                                at /rustc/6067b36314ab5eb2eb47cecc464545ba58e1ad24/library/core/src/ptr/mod.rs:523:1
[INFO] [stdout]   21:     0x58e314ab3ab3 - ethercrab_wire_derive::tests::trybuild_cases::h9ff0e9e20080c667
[INFO] [stdout]                                at /opt/rustwide/workdir/src/lib.rs:301:5
[INFO] [stdout]   22:     0x58e314ab3a47 - ethercrab_wire_derive::tests::trybuild_cases::{{closure}}::h94de7fc54a72ced0
[INFO] [stdout]                                at /opt/rustwide/workdir/src/lib.rs:297:24
[INFO] [stdout]   23:     0x58e314ab3306 - core::ops::function::FnOnce::call_once::h12a66819fe26e93d
[INFO] [stdout]                                at /rustc/6067b36314ab5eb2eb47cecc464545ba58e1ad24/library/core/src/ops/function.rs:250:5
[INFO] [stdout]   24:     0x58e314d4899b - core::ops::function::FnOnce::call_once::he27718dfdd183f43
[INFO] [stdout]                                at /rustc/6067b36314ab5eb2eb47cecc464545ba58e1ad24/library/core/src/ops/function.rs:250:5
[INFO] [stdout]   25:     0x58e314d4899b - test::__rust_begin_short_backtrace::h4e84902998457a5d
[INFO] [stdout]                                at /rustc/6067b36314ab5eb2eb47cecc464545ba58e1ad24/library/test/src/lib.rs:632:18
[INFO] [stdout]   26:     0x58e314d478d3 - test::run_test_in_process::{{closure}}::h7176fd18fc1feca0
[INFO] [stdout]                                at /rustc/6067b36314ab5eb2eb47cecc464545ba58e1ad24/library/test/src/lib.rs:655:60
[INFO] [stdout]   27:     0x58e314d478d3 - <core::panic::unwind_safe::AssertUnwindSafe<F> as core::ops::function::FnOnce<()>>::call_once::hf79cff2a624d8cf7
[INFO] [stdout]                                at /rustc/6067b36314ab5eb2eb47cecc464545ba58e1ad24/library/core/src/panic/unwind_safe.rs:272:9
[INFO] [stdout]   28:     0x58e314d478d3 - std::panicking::try::do_call::h3da0561d9ab99c25
[INFO] [stdout]                                at /rustc/6067b36314ab5eb2eb47cecc464545ba58e1ad24/library/std/src/panicking.rs:587:40
[INFO] [stdout]   29:     0x58e314d478d3 - std::panicking::try::h41c9fa508bc61df6
[INFO] [stdout]                                at /rustc/6067b36314ab5eb2eb47cecc464545ba58e1ad24/library/std/src/panicking.rs:550:19
[INFO] [stdout]   30:     0x58e314d478d3 - std::panic::catch_unwind::h6b3ff07bb5afad93
[INFO] [stdout]                                at /rustc/6067b36314ab5eb2eb47cecc464545ba58e1ad24/library/std/src/panic.rs:358:14
[INFO] [stdout]   31:     0x58e314d478d3 - test::run_test_in_process::hc7253dd11b39b9f4
[INFO] [stdout]                                at /rustc/6067b36314ab5eb2eb47cecc464545ba58e1ad24/library/test/src/lib.rs:655:27
[INFO] [stdout]   32:     0x58e314d478d3 - test::run_test::{{closure}}::hfb2007f8649c30bb
[INFO] [stdout]                                at /rustc/6067b36314ab5eb2eb47cecc464545ba58e1ad24/library/test/src/lib.rs:576:43
[INFO] [stdout]   33:     0x58e314d0a9b5 - test::run_test::{{closure}}::h56a17aa7a282a9f4
[INFO] [stdout]                                at /rustc/6067b36314ab5eb2eb47cecc464545ba58e1ad24/library/test/src/lib.rs:606:41
[INFO] [stdout]   34:     0x58e314d0a9b5 - std::sys::backtrace::__rust_begin_short_backtrace::hd2d2d2fb8e8c6aac
[INFO] [stdout]                                at /rustc/6067b36314ab5eb2eb47cecc464545ba58e1ad24/library/std/src/sys/backtrace.rs:152:18
[INFO] [stdout]   35:     0x58e314d0e29a - std::thread::Builder::spawn_unchecked_::{{closure}}::{{closure}}::h4faa3f9db6133423
[INFO] [stdout]                                at /rustc/6067b36314ab5eb2eb47cecc464545ba58e1ad24/library/std/src/thread/mod.rs:559:17
[INFO] [stdout]   36:     0x58e314d0e29a - <core::panic::unwind_safe::AssertUnwindSafe<F> as core::ops::function::FnOnce<()>>::call_once::hf2e855a36a4ea846
[INFO] [stdout]                                at /rustc/6067b36314ab5eb2eb47cecc464545ba58e1ad24/library/core/src/panic/unwind_safe.rs:272:9
[INFO] [stdout]   37:     0x58e314d0e29a - std::panicking::try::do_call::h2f73af3616c35465
[INFO] [stdout]                                at /rustc/6067b36314ab5eb2eb47cecc464545ba58e1ad24/library/std/src/panicking.rs:587:40
[INFO] [stdout]   38:     0x58e314d0e29a - std::panicking::try::hd1660ce9efadef5a
[INFO] [stdout]                                at /rustc/6067b36314ab5eb2eb47cecc464545ba58e1ad24/library/std/src/panicking.rs:550:19
[INFO] [stdout]   39:     0x58e314d0e29a - std::panic::catch_unwind::h5ee8d7823b8ca744
[INFO] [stdout]                                at /rustc/6067b36314ab5eb2eb47cecc464545ba58e1ad24/library/std/src/panic.rs:358:14
[INFO] [stdout]   40:     0x58e314d0e29a - std::thread::Builder::spawn_unchecked_::{{closure}}::h53c3a1894dce8407
[INFO] [stdout]                                at /rustc/6067b36314ab5eb2eb47cecc464545ba58e1ad24/library/std/src/thread/mod.rs:557:30
[INFO] [stdout]   41:     0x58e314d0e29a - core::ops::function::FnOnce::call_once{{vtable.shim}}::h048ce291ad4f62bf
[INFO] [stdout]                                at /rustc/6067b36314ab5eb2eb47cecc464545ba58e1ad24/library/core/src/ops/function.rs:250:5
[INFO] [stdout]   42:     0x720e04f6189b - <alloc::boxed::Box<F,A> as core::ops::function::FnOnce<Args>>::call_once::ha52bedf99a3b4981
[INFO] [stdout]                                at /rustc/6067b36314ab5eb2eb47cecc464545ba58e1ad24/library/alloc/src/boxed.rs:2013:9
[INFO] [stdout]   43:     0x720e04f6189b - <alloc::boxed::Box<F,A> as core::ops::function::FnOnce<Args>>::call_once::h567748934d80ccf8
[INFO] [stdout]                                at /rustc/6067b36314ab5eb2eb47cecc464545ba58e1ad24/library/alloc/src/boxed.rs:2013:9
[INFO] [stdout]   44:     0x720e04f6189b - std::sys::pal::unix::thread::Thread::new::thread_start::h2d970728ae887adc
[INFO] [stdout]                                at /rustc/6067b36314ab5eb2eb47cecc464545ba58e1ad24/library/std/src/sys/pal/unix/thread.rs:106:17
[INFO] [stdout]   45:     0x720e04bcfac3 - <unknown>
[INFO] [stdout]   46:     0x720e04c60a04 - clone
[INFO] [stdout]   47:                0x0 - <unknown>
[INFO] [stdout] 
[INFO] [stdout] 
[INFO] [stdout] failures:
[INFO] [stdout]     tests::trybuild_cases
[INFO] [stdout] 
[INFO] [stdout] test result: FAILED. 0 passed; 1 failed; 0 ignored; 0 measured; 0 filtered out; finished in 54.13s
[INFO] [stdout] 
[INFO] [stderr] error: test failed, to rerun pass `--lib`
[INFO] running `Command { std: "docker" "inspect" "75048a4bc9fff5abd2546df78490b6458ad1cf93912a48516fd92f48f92961b5", kill_on_drop: false }`
[INFO] running `Command { std: "docker" "rm" "-f" "75048a4bc9fff5abd2546df78490b6458ad1cf93912a48516fd92f48f92961b5", kill_on_drop: false }`
[INFO] [stdout] 75048a4bc9fff5abd2546df78490b6458ad1cf93912a48516fd92f48f92961b5
