[INFO] fetching crate error_set_impl 0.8.5...
[INFO] testing error_set_impl-0.8.5 against nightly-2025-01-18+rustflags=-Zrandomize-layout for randomize-layout-2
[INFO] extracting crate error_set_impl 0.8.5 into /workspace/builds/worker-0-tc2/source
[INFO] validating manifest of crates.io crate error_set_impl 0.8.5 on toolchain nightly-2025-01-18
[INFO] running `Command { std: CARGO_HOME="/workspace/cargo-home" RUSTUP_HOME="/workspace/rustup-home" "/workspace/cargo-home/bin/cargo" "+nightly-2025-01-18" "metadata" "--manifest-path" "Cargo.toml" "--no-deps", kill_on_drop: false }`
[INFO] started tweaking crates.io crate error_set_impl 0.8.5
[INFO] finished tweaking crates.io crate error_set_impl 0.8.5
[INFO] tweaked toml for crates.io crate error_set_impl 0.8.5 written to /workspace/builds/worker-0-tc2/source/Cargo.toml
[INFO] crate crates.io crate error_set_impl 0.8.5 already has a lockfile, it will not be regenerated
[INFO] running `Command { std: CARGO_HOME="/workspace/cargo-home" RUSTUP_HOME="/workspace/rustup-home" "/workspace/cargo-home/bin/cargo" "+nightly-2025-01-18" "fetch" "--manifest-path" "Cargo.toml", kill_on_drop: false }`
[INFO] running `Command { std: "docker" "create" "-v" "/var/lib/crater-agent-workspace/builds/worker-0-tc2/target:/opt/rustwide/target:rw,Z" "-v" "/var/lib/crater-agent-workspace/builds/worker-0-tc2/source:/opt/rustwide/workdir:ro,Z" "-v" "/var/lib/crater-agent-workspace/cargo-home:/opt/rustwide/cargo-home:ro,Z" "-v" "/var/lib/crater-agent-workspace/rustup-home:/opt/rustwide/rustup-home:ro,Z" "-e" "SOURCE_DIR=/opt/rustwide/workdir" "-e" "CARGO_TARGET_DIR=/opt/rustwide/target" "-e" "CARGO_HOME=/opt/rustwide/cargo-home" "-e" "RUSTUP_HOME=/opt/rustwide/rustup-home" "-w" "/opt/rustwide/workdir" "-m" "1610612736" "--user" "0:0" "--network" "none" "ghcr.io/rust-lang/crates-build-env/linux@sha256:819108c5571ea2e421544af4d832f968d213c87fbe3707a016657f43d2f853bc" "/opt/rustwide/cargo-home/bin/cargo" "+nightly-2025-01-18" "metadata" "--no-deps" "--format-version=1", kill_on_drop: false }`
[INFO] [stdout] ffbb7478fa9a6f4d19468bc4ab250b279ff1c5097f4a2bd20cb771f8d8f07722
[INFO] running `Command { std: "docker" "start" "-a" "ffbb7478fa9a6f4d19468bc4ab250b279ff1c5097f4a2bd20cb771f8d8f07722", kill_on_drop: false }`
[INFO] running `Command { std: "docker" "inspect" "ffbb7478fa9a6f4d19468bc4ab250b279ff1c5097f4a2bd20cb771f8d8f07722", kill_on_drop: false }`
[INFO] running `Command { std: "docker" "rm" "-f" "ffbb7478fa9a6f4d19468bc4ab250b279ff1c5097f4a2bd20cb771f8d8f07722", kill_on_drop: false }`
[INFO] [stdout] ffbb7478fa9a6f4d19468bc4ab250b279ff1c5097f4a2bd20cb771f8d8f07722
[INFO] running `Command { std: "docker" "create" "-v" "/var/lib/crater-agent-workspace/builds/worker-0-tc2/target:/opt/rustwide/target:rw,Z" "-v" "/var/lib/crater-agent-workspace/builds/worker-0-tc2/source:/opt/rustwide/workdir:ro,Z" "-v" "/var/lib/crater-agent-workspace/cargo-home:/opt/rustwide/cargo-home:ro,Z" "-v" "/var/lib/crater-agent-workspace/rustup-home:/opt/rustwide/rustup-home:ro,Z" "-e" "SOURCE_DIR=/opt/rustwide/workdir" "-e" "CARGO_TARGET_DIR=/opt/rustwide/target" "-e" "CARGO_INCREMENTAL=0" "-e" "RUST_BACKTRACE=full" "-e" "RUSTFLAGS=--cap-lints=forbid -Zrandomize-layout" "-e" "RUSTDOCFLAGS=--cap-lints=forbid" "-e" "CARGO_HOME=/opt/rustwide/cargo-home" "-e" "RUSTUP_HOME=/opt/rustwide/rustup-home" "-w" "/opt/rustwide/workdir" "-m" "1610612736" "--user" "0:0" "--network" "none" "ghcr.io/rust-lang/crates-build-env/linux@sha256:819108c5571ea2e421544af4d832f968d213c87fbe3707a016657f43d2f853bc" "/opt/rustwide/cargo-home/bin/cargo" "+nightly-2025-01-18" "build" "--frozen" "--message-format=json", kill_on_drop: false }`
[INFO] [stdout] 6a4cf1f2280359822837bc83f5af3d511d9a1fd0cff6991fcb4e621065bcf657
[INFO] running `Command { std: "docker" "start" "-a" "6a4cf1f2280359822837bc83f5af3d511d9a1fd0cff6991fcb4e621065bcf657", kill_on_drop: false }`
[INFO] [stderr]    Compiling proc-macro2 v1.0.92
[INFO] [stderr]    Compiling memchr v2.7.4
[INFO] [stderr]    Compiling regex-syntax v0.8.5
[INFO] [stderr]    Compiling indices v0.3.6
[INFO] [stderr]    Compiling aho-corasick v1.1.3
[INFO] [stderr]    Compiling quote v1.0.37
[INFO] [stderr]    Compiling syn v2.0.91
[INFO] [stderr]    Compiling regex-automata v0.4.9
[INFO] [stderr]    Compiling regex v1.11.1
[INFO] [stderr]    Compiling error_set_impl v0.8.5 (/opt/rustwide/workdir)
[INFO] [stderr]     Finished `dev` profile [unoptimized + debuginfo] target(s) in 15.27s
[INFO] running `Command { std: "docker" "inspect" "6a4cf1f2280359822837bc83f5af3d511d9a1fd0cff6991fcb4e621065bcf657", kill_on_drop: false }`
[INFO] running `Command { std: "docker" "rm" "-f" "6a4cf1f2280359822837bc83f5af3d511d9a1fd0cff6991fcb4e621065bcf657", kill_on_drop: false }`
[INFO] [stdout] 6a4cf1f2280359822837bc83f5af3d511d9a1fd0cff6991fcb4e621065bcf657
[INFO] running `Command { std: "docker" "create" "-v" "/var/lib/crater-agent-workspace/builds/worker-0-tc2/target:/opt/rustwide/target:rw,Z" "-v" "/var/lib/crater-agent-workspace/builds/worker-0-tc2/source:/opt/rustwide/workdir:ro,Z" "-v" "/var/lib/crater-agent-workspace/cargo-home:/opt/rustwide/cargo-home:ro,Z" "-v" "/var/lib/crater-agent-workspace/rustup-home:/opt/rustwide/rustup-home:ro,Z" "-e" "SOURCE_DIR=/opt/rustwide/workdir" "-e" "CARGO_TARGET_DIR=/opt/rustwide/target" "-e" "CARGO_INCREMENTAL=0" "-e" "RUST_BACKTRACE=full" "-e" "RUSTFLAGS=--cap-lints=forbid -Zrandomize-layout" "-e" "RUSTDOCFLAGS=--cap-lints=forbid" "-e" "CARGO_HOME=/opt/rustwide/cargo-home" "-e" "RUSTUP_HOME=/opt/rustwide/rustup-home" "-w" "/opt/rustwide/workdir" "-m" "1610612736" "--user" "0:0" "--network" "none" "ghcr.io/rust-lang/crates-build-env/linux@sha256:819108c5571ea2e421544af4d832f968d213c87fbe3707a016657f43d2f853bc" "/opt/rustwide/cargo-home/bin/cargo" "+nightly-2025-01-18" "test" "--frozen" "--no-run" "--message-format=json", kill_on_drop: false }`
[INFO] [stdout] 27e7ce6209b5fc4416cceb81f5faa4677b9e1b7df10cc40bb2aa3ab71d3357ab
[INFO] running `Command { std: "docker" "start" "-a" "27e7ce6209b5fc4416cceb81f5faa4677b9e1b7df10cc40bb2aa3ab71d3357ab", kill_on_drop: false }`
[INFO] [stderr]    Compiling error_set_impl v0.8.5 (/opt/rustwide/workdir)
[INFO] [stderr]     Finished `test` profile [unoptimized + debuginfo] target(s) in 1.91s
[INFO] running `Command { std: "docker" "inspect" "27e7ce6209b5fc4416cceb81f5faa4677b9e1b7df10cc40bb2aa3ab71d3357ab", kill_on_drop: false }`
[INFO] running `Command { std: "docker" "rm" "-f" "27e7ce6209b5fc4416cceb81f5faa4677b9e1b7df10cc40bb2aa3ab71d3357ab", kill_on_drop: false }`
[INFO] [stdout] 27e7ce6209b5fc4416cceb81f5faa4677b9e1b7df10cc40bb2aa3ab71d3357ab
[INFO] running `Command { std: "docker" "create" "-v" "/var/lib/crater-agent-workspace/builds/worker-0-tc2/target:/opt/rustwide/target:rw,Z" "-v" "/var/lib/crater-agent-workspace/builds/worker-0-tc2/source:/opt/rustwide/workdir:ro,Z" "-v" "/var/lib/crater-agent-workspace/cargo-home:/opt/rustwide/cargo-home:ro,Z" "-v" "/var/lib/crater-agent-workspace/rustup-home:/opt/rustwide/rustup-home:ro,Z" "-e" "SOURCE_DIR=/opt/rustwide/workdir" "-e" "CARGO_TARGET_DIR=/opt/rustwide/target" "-e" "CARGO_INCREMENTAL=0" "-e" "RUST_BACKTRACE=full" "-e" "RUSTFLAGS=--cap-lints=forbid -Zrandomize-layout" "-e" "RUSTDOCFLAGS=--cap-lints=forbid" "-e" "CARGO_HOME=/opt/rustwide/cargo-home" "-e" "RUSTUP_HOME=/opt/rustwide/rustup-home" "-w" "/opt/rustwide/workdir" "-m" "1610612736" "--user" "0:0" "--network" "none" "ghcr.io/rust-lang/crates-build-env/linux@sha256:819108c5571ea2e421544af4d832f968d213c87fbe3707a016657f43d2f853bc" "/opt/rustwide/cargo-home/bin/cargo" "+nightly-2025-01-18" "test" "--frozen", kill_on_drop: false }`
[INFO] [stdout] aefff26fa7c1eb85a3cdc088adf2005b8399f3e8f12f6c663860f083c3d2ae21
[INFO] running `Command { std: "docker" "start" "-a" "aefff26fa7c1eb85a3cdc088adf2005b8399f3e8f12f6c663860f083c3d2ae21", kill_on_drop: false }`
[INFO] [stderr]     Finished `test` profile [unoptimized + debuginfo] target(s) in 0.03s
[INFO] [stderr]      Running unittests src/lib.rs (/opt/rustwide/target/debug/deps/error_set_impl-11d67d33fc81ceea)
[INFO] [stdout] 
[INFO] [stdout] running 0 tests
[INFO] [stdout] 
[INFO] [stdout] test result: ok. 0 passed; 0 failed; 0 ignored; 0 measured; 0 filtered out; finished in 0.00s
[INFO] [stdout] 
[INFO] [stderr]    Doc-tests error_set_impl
[INFO] [stdout] 
[INFO] [stdout] running 6 tests
[INFO] [stdout] test src/expand.rs - expand::is_conversion_target (line 951) ... FAILED
[INFO] [stdout] test src/expand.rs - expand::is_conversion_target (line 969) ... FAILED
[INFO] [stdout] test src/expand.rs - expand::is_conversion_target (line 945) ... FAILED
[INFO] [stdout] test src/expand.rs - expand::is_conversion_target (line 938) ... FAILED
[INFO] [stdout] test src/expand.rs - expand::is_conversion_target (line 975) ... FAILED
[INFO] [stdout] test src/expand.rs - expand::is_conversion_target (line 963) ... FAILED
[INFO] [stdout] 
[INFO] [stdout] failures:
[INFO] [stdout] 
[INFO] [stdout] ---- src/expand.rs - expand::is_conversion_target (line 951) stdout ----
[INFO] [stdout] error[E0422]: cannot find struct, variant or union type `Z` in this scope
[INFO] [stdout]  --> src/expand.rs:952:1
[INFO] [stdout]   |
[INFO] [stdout] 3 | Z {
[INFO] [stdout]   | ^ not found in this scope
[INFO] [stdout] 
[INFO] [stdout] error[E0423]: expected value, found builtin type `u32`
[INFO] [stdout]  --> src/expand.rs:953:5
[INFO] [stdout]   |
[INFO] [stdout] 4 |  b: u32
[INFO] [stdout]   |     ^^^ not a value
[INFO] [stdout] 
[INFO] [stdout] error: aborting due to 2 previous errors
[INFO] [stdout] 
[INFO] [stdout] Some errors have detailed explanations: E0422, E0423.
[INFO] [stdout] For more information about an error, try `rustc --explain E0422`.
[INFO] [stdout] Couldn't compile the test.
[INFO] [stdout] ---- src/expand.rs - expand::is_conversion_target (line 969) stdout ----
[INFO] [stdout] error[E0422]: cannot find struct, variant or union type `N1` in this scope
[INFO] [stdout]  --> src/expand.rs:970:1
[INFO] [stdout]   |
[INFO] [stdout] 3 | N1 {
[INFO] [stdout]   | ^^ not found in this scope
[INFO] [stdout] 
[INFO] [stdout] error[E0423]: expected value, found builtin type `i32`
[INFO] [stdout]  --> src/expand.rs:971:12
[INFO] [stdout]   |
[INFO] [stdout] 4 |     field: i32
[INFO] [stdout]   |            ^^^ not a value
[INFO] [stdout] 
[INFO] [stdout] error: aborting due to 2 previous errors
[INFO] [stdout] 
[INFO] [stdout] Some errors have detailed explanations: E0422, E0423.
[INFO] [stdout] For more information about an error, try `rustc --explain E0422`.
[INFO] [stdout] Couldn't compile the test.
[INFO] [stdout] ---- src/expand.rs - expand::is_conversion_target (line 945) stdout ----
[INFO] [stdout] error[E0422]: cannot find struct, variant or union type `Y` in this scope
[INFO] [stdout]  --> src/expand.rs:946:1
[INFO] [stdout]   |
[INFO] [stdout] 3 | Y {
[INFO] [stdout]   | ^ not found in this scope
[INFO] [stdout] 
[INFO] [stdout] error[E0423]: expected value, found struct `String`
[INFO] [stdout]  --> src/expand.rs:947:6
[INFO] [stdout]   |
[INFO] [stdout] 4 |   a: String
[INFO] [stdout]   |      ^^^^^^
[INFO] [stdout]  --> /rustc/6067b36314ab5eb2eb47cecc464545ba58e1ad24/library/alloc/src/string.rs:362:1
[INFO] [stdout]   |
[INFO] [stdout]   = note: `String` defined here
[INFO] [stdout] 
[INFO] [stdout] error: aborting due to 2 previous errors
[INFO] [stdout] 
[INFO] [stdout] Some errors have detailed explanations: E0422, E0423.
[INFO] [stdout] For more information about an error, try `rustc --explain E0422`.
[INFO] [stdout] Couldn't compile the test.
[INFO] [stdout] ---- src/expand.rs - expand::is_conversion_target (line 938) stdout ----
[INFO] [stdout] error[E0422]: cannot find struct, variant or union type `X` in this scope
[INFO] [stdout]  --> src/expand.rs:939:1
[INFO] [stdout]   |
[INFO] [stdout] 3 | X {
[INFO] [stdout]   | ^ not found in this scope
[INFO] [stdout] 
[INFO] [stdout] error[E0423]: expected value, found struct `String`
[INFO] [stdout]  --> src/expand.rs:940:6
[INFO] [stdout]   |
[INFO] [stdout] 4 |   a: String,
[INFO] [stdout]   |      ^^^^^^
[INFO] [stdout]  --> /rustc/6067b36314ab5eb2eb47cecc464545ba58e1ad24/library/alloc/src/string.rs:362:1
[INFO] [stdout]   |
[INFO] [stdout]   = note: `String` defined here
[INFO] [stdout] 
[INFO] [stdout] error[E0423]: expected value, found builtin type `u32`
[INFO] [stdout]  --> src/expand.rs:941:6
[INFO] [stdout]   |
[INFO] [stdout] 5 |   b: u32,
[INFO] [stdout]   |      ^^^ not a value
[INFO] [stdout] 
[INFO] [stdout] error: aborting due to 3 previous errors
[INFO] [stdout] 
[INFO] [stdout] Some errors have detailed explanations: E0422, E0423.
[INFO] [stdout] For more information about an error, try `rustc --explain E0422`.
[INFO] [stdout] Couldn't compile the test.
[INFO] [stdout] ---- src/expand.rs - expand::is_conversion_target (line 975) stdout ----
[INFO] [stdout] error[E0422]: cannot find struct, variant or union type `N2` in this scope
[INFO] [stdout]  --> src/expand.rs:976:1
[INFO] [stdout]   |
[INFO] [stdout] 3 | N2 {
[INFO] [stdout]   | ^^ not found in this scope
[INFO] [stdout] 
[INFO] [stdout] error[E0423]: expected value, found builtin type `i32`
[INFO] [stdout]  --> src/expand.rs:977:12
[INFO] [stdout]   |
[INFO] [stdout] 4 |     field: i32
[INFO] [stdout]   |            ^^^ not a value
[INFO] [stdout] 
[INFO] [stdout] error: aborting due to 2 previous errors
[INFO] [stdout] 
[INFO] [stdout] Some errors have detailed explanations: E0422, E0423.
[INFO] [stdout] For more information about an error, try `rustc --explain E0422`.
[INFO] [stdout] Couldn't compile the test.
[INFO] [stdout] ---- src/expand.rs - expand::is_conversion_target (line 963) stdout ----
[INFO] [stdout] error[E0422]: cannot find struct, variant or union type `N1` in this scope
[INFO] [stdout]  --> src/expand.rs:964:1
[INFO] [stdout]   |
[INFO] [stdout] 3 | N1 {
[INFO] [stdout]   | ^^ not found in this scope
[INFO] [stdout] 
[INFO] [stdout] error[E0423]: expected value, found builtin type `i32`
[INFO] [stdout]  --> src/expand.rs:965:12
[INFO] [stdout]   |
[INFO] [stdout] 4 |     field: i32
[INFO] [stdout]   |            ^^^ not a value
[INFO] [stdout] 
[INFO] [stdout] error: aborting due to 2 previous errors
[INFO] [stdout] 
[INFO] [stdout] Some errors have detailed explanations: E0422, E0423.
[INFO] [stdout] For more information about an error, try `rustc --explain E0422`.
[INFO] [stdout] Couldn't compile the test.
[INFO] [stdout] 
[INFO] [stdout] failures:
[INFO] [stdout]     src/expand.rs - expand::is_conversion_target (line 938)
[INFO] [stdout]     src/expand.rs - expand::is_conversion_target (line 945)
[INFO] [stdout]     src/expand.rs - expand::is_conversion_target (line 951)
[INFO] [stdout]     src/expand.rs - expand::is_conversion_target (line 963)
[INFO] [stdout]     src/expand.rs - expand::is_conversion_target (line 969)
[INFO] [stdout]     src/expand.rs - expand::is_conversion_target (line 975)
[INFO] [stdout] 
[INFO] [stdout] test result: FAILED. 0 passed; 6 failed; 0 ignored; 0 measured; 0 filtered out; finished in 0.30s
[INFO] [stdout] 
[INFO] [stderr] error: doctest failed, to rerun pass `--doc`
[INFO] running `Command { std: "docker" "inspect" "aefff26fa7c1eb85a3cdc088adf2005b8399f3e8f12f6c663860f083c3d2ae21", kill_on_drop: false }`
[INFO] running `Command { std: "docker" "rm" "-f" "aefff26fa7c1eb85a3cdc088adf2005b8399f3e8f12f6c663860f083c3d2ae21", kill_on_drop: false }`
[INFO] [stdout] aefff26fa7c1eb85a3cdc088adf2005b8399f3e8f12f6c663860f083c3d2ae21
