[INFO] fetching crate encre-css 0.14.1...
[INFO] testing encre-css-0.14.1 against nightly-2025-01-18+rustflags=-Zrandomize-layout for randomize-layout-2
[INFO] extracting crate encre-css 0.14.1 into /workspace/builds/worker-4-tc2/source
[INFO] validating manifest of crates.io crate encre-css 0.14.1 on toolchain nightly-2025-01-18
[INFO] running `Command { std: CARGO_HOME="/workspace/cargo-home" RUSTUP_HOME="/workspace/rustup-home" "/workspace/cargo-home/bin/cargo" "+nightly-2025-01-18" "metadata" "--manifest-path" "Cargo.toml" "--no-deps", kill_on_drop: false }`
[INFO] started tweaking crates.io crate encre-css 0.14.1
[INFO] finished tweaking crates.io crate encre-css 0.14.1
[INFO] tweaked toml for crates.io crate encre-css 0.14.1 written to /workspace/builds/worker-4-tc2/source/Cargo.toml
[INFO] running `Command { std: CARGO_HOME="/workspace/cargo-home" RUSTUP_HOME="/workspace/rustup-home" "/workspace/cargo-home/bin/cargo" "+nightly-2025-01-18" "generate-lockfile" "--manifest-path" "Cargo.toml", kill_on_drop: false }`
[INFO] [stderr]     Blocking waiting for file lock on package cache
[INFO] [stderr]     Updating crates.io index
[INFO] [stderr]     Blocking waiting for file lock on package cache
[INFO] [stderr]      Locking 90 packages to latest compatible versions
[INFO] [stderr]       Adding thiserror v1.0.69 (available: v2.0.11)
[INFO] running `Command { std: CARGO_HOME="/workspace/cargo-home" RUSTUP_HOME="/workspace/rustup-home" "/workspace/cargo-home/bin/cargo" "+nightly-2025-01-18" "fetch" "--manifest-path" "Cargo.toml", kill_on_drop: false }`
[INFO] [stderr]     Blocking waiting for file lock on package cache
[INFO] running `Command { std: "docker" "create" "-v" "/var/lib/crater-agent-workspace/builds/worker-4-tc2/target:/opt/rustwide/target:rw,Z" "-v" "/var/lib/crater-agent-workspace/builds/worker-4-tc2/source:/opt/rustwide/workdir:ro,Z" "-v" "/var/lib/crater-agent-workspace/cargo-home:/opt/rustwide/cargo-home:ro,Z" "-v" "/var/lib/crater-agent-workspace/rustup-home:/opt/rustwide/rustup-home:ro,Z" "-e" "SOURCE_DIR=/opt/rustwide/workdir" "-e" "CARGO_TARGET_DIR=/opt/rustwide/target" "-e" "CARGO_HOME=/opt/rustwide/cargo-home" "-e" "RUSTUP_HOME=/opt/rustwide/rustup-home" "-w" "/opt/rustwide/workdir" "-m" "1610612736" "--user" "0:0" "--network" "none" "ghcr.io/rust-lang/crates-build-env/linux@sha256:819108c5571ea2e421544af4d832f968d213c87fbe3707a016657f43d2f853bc" "/opt/rustwide/cargo-home/bin/cargo" "+nightly-2025-01-18" "metadata" "--no-deps" "--format-version=1", kill_on_drop: false }`
[INFO] [stdout] d88a7e8c20a32d25a30db9f8997d4d2c8d9435833da60421573a69f69c450a36
[INFO] running `Command { std: "docker" "start" "-a" "d88a7e8c20a32d25a30db9f8997d4d2c8d9435833da60421573a69f69c450a36", kill_on_drop: false }`
[INFO] running `Command { std: "docker" "inspect" "d88a7e8c20a32d25a30db9f8997d4d2c8d9435833da60421573a69f69c450a36", kill_on_drop: false }`
[INFO] running `Command { std: "docker" "rm" "-f" "d88a7e8c20a32d25a30db9f8997d4d2c8d9435833da60421573a69f69c450a36", kill_on_drop: false }`
[INFO] [stdout] d88a7e8c20a32d25a30db9f8997d4d2c8d9435833da60421573a69f69c450a36
[INFO] running `Command { std: "docker" "create" "-v" "/var/lib/crater-agent-workspace/builds/worker-4-tc2/target:/opt/rustwide/target:rw,Z" "-v" "/var/lib/crater-agent-workspace/builds/worker-4-tc2/source:/opt/rustwide/workdir:ro,Z" "-v" "/var/lib/crater-agent-workspace/cargo-home:/opt/rustwide/cargo-home:ro,Z" "-v" "/var/lib/crater-agent-workspace/rustup-home:/opt/rustwide/rustup-home:ro,Z" "-e" "SOURCE_DIR=/opt/rustwide/workdir" "-e" "CARGO_TARGET_DIR=/opt/rustwide/target" "-e" "CARGO_INCREMENTAL=0" "-e" "RUST_BACKTRACE=full" "-e" "RUSTFLAGS=--cap-lints=forbid -Zrandomize-layout" "-e" "RUSTDOCFLAGS=--cap-lints=forbid" "-e" "CARGO_HOME=/opt/rustwide/cargo-home" "-e" "RUSTUP_HOME=/opt/rustwide/rustup-home" "-w" "/opt/rustwide/workdir" "-m" "1610612736" "--user" "0:0" "--network" "none" "ghcr.io/rust-lang/crates-build-env/linux@sha256:819108c5571ea2e421544af4d832f968d213c87fbe3707a016657f43d2f853bc" "/opt/rustwide/cargo-home/bin/cargo" "+nightly-2025-01-18" "build" "--frozen" "--message-format=json", kill_on_drop: false }`
[INFO] [stdout] c6fddaf254bb3f22ca61c431b049498337696181429d0ff3557d14930b52d922
[INFO] running `Command { std: "docker" "start" "-a" "c6fddaf254bb3f22ca61c431b049498337696181429d0ff3557d14930b52d922", kill_on_drop: false }`
[INFO] [stderr]    Compiling proc-macro2 v1.0.93
[INFO] [stderr]    Compiling unicode-ident v1.0.14
[INFO] [stderr]    Compiling serde v1.0.217
[INFO] [stderr]    Compiling siphasher v1.0.1
[INFO] [stderr]    Compiling rand_core v0.6.4
[INFO] [stderr]    Compiling hashbrown v0.15.2
[INFO] [stderr]    Compiling equivalent v1.0.1
[INFO] [stderr]    Compiling thiserror v1.0.69
[INFO] [stderr]    Compiling winnow v0.6.24
[INFO] [stderr]    Compiling rand v0.8.5
[INFO] [stderr]    Compiling phf_shared v0.11.3
[INFO] [stderr]    Compiling indexmap v2.7.1
[INFO] [stderr]    Compiling phf_generator v0.11.3
[INFO] [stderr]    Compiling quote v1.0.38
[INFO] [stderr]    Compiling syn v2.0.96
[INFO] [stderr]    Compiling serde_derive v1.0.217
[INFO] [stderr]    Compiling thiserror-impl v1.0.69
[INFO] [stderr]    Compiling phf_macros v0.11.3
[INFO] [stderr]    Compiling phf v0.11.3
[INFO] [stderr]    Compiling toml_datetime v0.6.8
[INFO] [stderr]    Compiling serde_spanned v0.6.8
[INFO] [stderr]    Compiling toml_edit v0.22.22
[INFO] [stderr]    Compiling toml v0.8.19
[INFO] [stderr]    Compiling encre-css v0.14.1 (/opt/rustwide/workdir)
[INFO] [stderr]     Finished `dev` profile [unoptimized + debuginfo] target(s) in 16.93s
[INFO] running `Command { std: "docker" "inspect" "c6fddaf254bb3f22ca61c431b049498337696181429d0ff3557d14930b52d922", kill_on_drop: false }`
[INFO] running `Command { std: "docker" "rm" "-f" "c6fddaf254bb3f22ca61c431b049498337696181429d0ff3557d14930b52d922", kill_on_drop: false }`
[INFO] [stdout] c6fddaf254bb3f22ca61c431b049498337696181429d0ff3557d14930b52d922
[INFO] running `Command { std: "docker" "create" "-v" "/var/lib/crater-agent-workspace/builds/worker-4-tc2/target:/opt/rustwide/target:rw,Z" "-v" "/var/lib/crater-agent-workspace/builds/worker-4-tc2/source:/opt/rustwide/workdir:ro,Z" "-v" "/var/lib/crater-agent-workspace/cargo-home:/opt/rustwide/cargo-home:ro,Z" "-v" "/var/lib/crater-agent-workspace/rustup-home:/opt/rustwide/rustup-home:ro,Z" "-e" "SOURCE_DIR=/opt/rustwide/workdir" "-e" "CARGO_TARGET_DIR=/opt/rustwide/target" "-e" "CARGO_INCREMENTAL=0" "-e" "RUST_BACKTRACE=full" "-e" "RUSTFLAGS=--cap-lints=forbid -Zrandomize-layout" "-e" "RUSTDOCFLAGS=--cap-lints=forbid" "-e" "CARGO_HOME=/opt/rustwide/cargo-home" "-e" "RUSTUP_HOME=/opt/rustwide/rustup-home" "-w" "/opt/rustwide/workdir" "-m" "1610612736" "--user" "0:0" "--network" "none" "ghcr.io/rust-lang/crates-build-env/linux@sha256:819108c5571ea2e421544af4d832f968d213c87fbe3707a016657f43d2f853bc" "/opt/rustwide/cargo-home/bin/cargo" "+nightly-2025-01-18" "test" "--frozen" "--no-run" "--message-format=json", kill_on_drop: false }`
[INFO] [stdout] bfa3f357d965640a5b180b2a5428e8eb19661fea639fae2d9731eb7ac12aaead
[INFO] running `Command { std: "docker" "start" "-a" "bfa3f357d965640a5b180b2a5428e8eb19661fea639fae2d9731eb7ac12aaead", kill_on_drop: false }`
[INFO] [stderr]    Compiling serde v1.0.217
[INFO] [stderr]    Compiling crossbeam-utils v0.8.21
[INFO] [stderr]    Compiling autocfg v1.4.0
[INFO] [stderr]    Compiling serde_json v1.0.137
[INFO] [stderr]    Compiling libc v0.2.169
[INFO] [stderr]    Compiling either v1.13.0
[INFO] [stderr]    Compiling cfg-if v1.0.0
[INFO] [stderr]    Compiling rayon-core v1.12.1
[INFO] [stderr]    Compiling regex-syntax v0.8.5
[INFO] [stderr]    Compiling anstyle v1.0.10
[INFO] [stderr]    Compiling memchr v2.7.4
[INFO] [stderr]    Compiling ryu v1.0.18
[INFO] [stderr]    Compiling ciborium-io v0.2.2
[INFO] [stderr]    Compiling itoa v1.0.14
[INFO] [stderr]    Compiling clap_lex v0.7.4
[INFO] [stderr]    Compiling plotters-backend v0.3.7
[INFO] [stderr]    Compiling half v2.4.1
[INFO] [stderr]    Compiling cast v0.3.0
[INFO] [stderr]    Compiling same-file v1.0.6
[INFO] [stderr]    Compiling clap_builder v4.5.27
[INFO] [stderr]    Compiling ciborium-ll v0.2.2
[INFO] [stderr]    Compiling itertools v0.10.5
[INFO] [stderr]    Compiling plotters-svg v0.3.7
[INFO] [stderr]    Compiling once_cell v1.20.2
[INFO] [stderr]    Compiling oorandom v11.1.4
[INFO] [stderr]    Compiling walkdir v2.5.0
[INFO] [stderr]    Compiling diff v0.1.13
[INFO] [stderr]    Compiling anes v0.1.6
[INFO] [stderr]    Compiling yansi v1.0.1
[INFO] [stderr]    Compiling num-traits v0.2.19
[INFO] [stderr]    Compiling crossbeam-epoch v0.9.18
[INFO] [stderr]    Compiling pretty_assertions v1.4.1
[INFO] [stderr]    Compiling crossbeam-deque v0.8.6
[INFO] [stderr]    Compiling regex-automata v0.4.9
[INFO] [stderr]    Compiling is-terminal v0.4.13
[INFO] [stderr]    Compiling plotters v0.3.7
[INFO] [stderr]    Compiling criterion-plot v0.5.0
[INFO] [stderr]    Compiling rayon v1.10.0
[INFO] [stderr]    Compiling clap v4.5.27
[INFO] [stderr]    Compiling regex v1.11.1
[INFO] [stderr]    Compiling serde_spanned v0.6.8
[INFO] [stderr]    Compiling toml_datetime v0.6.8
[INFO] [stderr]    Compiling ciborium v0.2.2
[INFO] [stderr]    Compiling toml_edit v0.22.22
[INFO] [stderr]    Compiling tinytemplate v1.2.1
[INFO] [stderr]    Compiling criterion v0.5.1
[INFO] [stderr]    Compiling toml v0.8.19
[INFO] [stderr]    Compiling encre-css v0.14.1 (/opt/rustwide/workdir)
[INFO] [stderr]     Finished `test` profile [unoptimized + debuginfo] target(s) in 20.38s
[INFO] running `Command { std: "docker" "inspect" "bfa3f357d965640a5b180b2a5428e8eb19661fea639fae2d9731eb7ac12aaead", kill_on_drop: false }`
[INFO] running `Command { std: "docker" "rm" "-f" "bfa3f357d965640a5b180b2a5428e8eb19661fea639fae2d9731eb7ac12aaead", kill_on_drop: false }`
[INFO] [stdout] bfa3f357d965640a5b180b2a5428e8eb19661fea639fae2d9731eb7ac12aaead
[INFO] running `Command { std: "docker" "create" "-v" "/var/lib/crater-agent-workspace/builds/worker-4-tc2/target:/opt/rustwide/target:rw,Z" "-v" "/var/lib/crater-agent-workspace/builds/worker-4-tc2/source:/opt/rustwide/workdir:ro,Z" "-v" "/var/lib/crater-agent-workspace/cargo-home:/opt/rustwide/cargo-home:ro,Z" "-v" "/var/lib/crater-agent-workspace/rustup-home:/opt/rustwide/rustup-home:ro,Z" "-e" "SOURCE_DIR=/opt/rustwide/workdir" "-e" "CARGO_TARGET_DIR=/opt/rustwide/target" "-e" "CARGO_INCREMENTAL=0" "-e" "RUST_BACKTRACE=full" "-e" "RUSTFLAGS=--cap-lints=forbid -Zrandomize-layout" "-e" "RUSTDOCFLAGS=--cap-lints=forbid" "-e" "CARGO_HOME=/opt/rustwide/cargo-home" "-e" "RUSTUP_HOME=/opt/rustwide/rustup-home" "-w" "/opt/rustwide/workdir" "-m" "1610612736" "--user" "0:0" "--network" "none" "ghcr.io/rust-lang/crates-build-env/linux@sha256:819108c5571ea2e421544af4d832f968d213c87fbe3707a016657f43d2f853bc" "/opt/rustwide/cargo-home/bin/cargo" "+nightly-2025-01-18" "test" "--frozen", kill_on_drop: false }`
[INFO] [stdout] bb125a8424dd942cae0560f58d2e8808637e48c0f8fda7a665ed9e4a679d1f4a
[INFO] running `Command { std: "docker" "start" "-a" "bb125a8424dd942cae0560f58d2e8808637e48c0f8fda7a665ed9e4a679d1f4a", kill_on_drop: false }`
[INFO] [stderr]     Finished `test` profile [unoptimized + debuginfo] target(s) in 0.11s
[INFO] [stderr]      Running unittests src/lib.rs (/opt/rustwide/target/debug/deps/encre_css-b50d10f7fa70242c)
[INFO] [stdout] 
[INFO] [stdout] running 245 tests
[INFO] [stdout] test config::tests::gen_css_with_safelist ... ok
[INFO] [stdout] test config::tests::config_is_extended_and_overridden ... ok
[INFO] [stdout] test config::tests::gen_css_with_custom_config ... ok
[INFO] [stdout] test config::tests::gen_css_with_custom_plugin_and_extra_fields ... ok
[INFO] [stdout] test config::tests::gen_css_with_custom_plugin_extra_fields_and_parsed_config ... ok
[INFO] [stdout] test config::tests::gen_css_with_nested_shortcuts ... ok
[INFO] [stdout] test config::tests::deserialize_config ... ok
[INFO] [stdout] test config::tests::gen_css_with_shortcuts ... ok
[INFO] [stdout] test config::tests::gen_css_with_shortcut_cycle ... ok
[INFO] [stdout] test generator::tests::gen_css_for_duplicated_selectors ... ok
[INFO] [stdout] test generator::tests::gen_css_for_selector_with_dark_variant ... ok
[INFO] [stdout] test generator::tests::gen_css_for_selector_with_simple_variant ... ok
[INFO] [stdout] test generator::tests::gen_css_for_simple_selector ... ok
[INFO] [stdout] test generator::tests::gen_css_with_important_flag ... ok
[INFO] [stdout] test generator::tests::gen_css_for_variant_group ... ok
[INFO] [stdout] test generator::tests::negative_values ... ok
[INFO] [stdout] test generator::tests::gen_selector_css_variants_test ... ok
[INFO] [stdout] test plugins::accessibility::tests::screen_reader ... ok
[INFO] [stdout] test generator::tests::not_parsing_too_loosely ... ok
[INFO] [stdout] test generator::tests::gen_css_for_container ... ok
[INFO] [stdout] test generator::tests::gen_css_for_font_with_spaces ... ok
[INFO] [stdout] test plugins::background::tests::background_opacity ... ok
[INFO] [stdout] test plugins::background::tests::background_clip ... ok
[INFO] [stdout] test plugins::background::tests::background_color ... ok
[INFO] [stdout] test plugins::background::tests::background_image ... ok
[INFO] [stdout] test generator::tests::divide_and_space_between_special_class ... ok
[INFO] [stdout] test generator::tests::gen_css_for_arbitrary_value ... ok
[INFO] [stdout] test generator::tests::gen_css_for_selector_with_arbitrary_property ... ok
[INFO] [stdout] test generator::tests::gen_css_for_selector_with_arbitrary_variant ... ok
[INFO] [stdout] test generator::tests::gen_css_for_selector_with_before_after_variant ... ok
[INFO] [stdout] test generator::tests::gen_css_for_selector_needing_custom_css ... ok
[INFO] [stdout] test plugins::background::tests::background_origin ... ok
[INFO] [stdout] test plugins::background::tests::background_position ... ok
[INFO] [stdout] test plugins::border::tests::border_opacity ... ok
[INFO] [stdout] test generator::tests::default_modifier_values_for_rounded ... ok
[INFO] [stdout] test plugins::background::tests::background_repeat ... ok
[INFO] [stdout] test plugins::border::tests::border_color ... ok
[INFO] [stdout] test plugins::background::tests::background_size ... ok
[INFO] [stdout] test plugins::border::tests::border_radius ... ok
[INFO] [stdout] test plugins::border::tests::border_style ... ok
[INFO] [stdout] test plugins::border::tests::outline_style ... ok
[INFO] [stdout] test plugins::border::tests::divide_color ... ok
[INFO] [stdout] test plugins::border::tests::ring_offset_color ... ok
[INFO] [stdout] test plugins::border::tests::divide_width ... ok
[INFO] [stdout] test plugins::border::tests::outline_width ... ok
[INFO] [stdout] test plugins::border::tests::divide_opacity ... ok
[INFO] [stdout] test generator::tests::gen_css_for_arbitrary_value_with_hint ... ok
[INFO] [stdout] test plugins::border::tests::divide_style ... ok
[INFO] [stdout] test plugins::border::tests::ring_opacity ... ok
[INFO] [stdout] test plugins::border::tests::outline_color ... ok
[INFO] [stdout] test plugins::border::tests::ring_color ... ok
[INFO] [stdout] test plugins::border::tests::border_width ... ok
[INFO] [stdout] test plugins::border::tests::ring_width ... ok
[INFO] [stdout] test plugins::border::tests::ring_offset_width ... ok
[INFO] [stdout] test plugins::effect::tests::mix_blend_mode ... ok
[INFO] [stdout] test plugins::effect::tests::background_blend_mode ... ok
[INFO] [stdout] test plugins::effect::tests::box_shadow ... ok
[INFO] [stdout] test plugins::effect::tests::opacity ... ok
[INFO] [stdout] test plugins::border::tests::outline_offset ... ok
[INFO] [stdout] test plugins::effect::tests::box_shadow_color ... ok
[INFO] [stdout] test plugins::filter::tests::backdrop_filter ... ok
[INFO] [stdout] test plugins::filter::tests::backdrop_invert ... ok
[INFO] [stdout] test plugins::filter::tests::brightness ... ok
[INFO] [stdout] test plugins::filter::tests::backdrop_brightness ... ok
[INFO] [stdout] test plugins::filter::tests::backdrop_sepia ... ok
[INFO] [stdout] test plugins::filter::tests::contrast ... ok
[INFO] [stdout] test plugins::background::tests::background_attachment ... ok
[INFO] [stdout] test plugins::filter::tests::backdrop_saturate ... ok
[INFO] [stdout] test plugins::filter::tests::drop_shadow ... ok
[INFO] [stdout] test plugins::filter::tests::backdrop_contrast ... ok
[INFO] [stdout] test plugins::filter::tests::backdrop_grayscale ... ok
[INFO] [stdout] test plugins::filter::tests::invert ... ok
[INFO] [stdout] test plugins::filter::tests::hue_rotate ... ok
[INFO] [stdout] test plugins::filter::tests::saturate ... ok
[INFO] [stdout] test plugins::filter::tests::sepia ... ok
[INFO] [stdout] test plugins::flexbox::tests::align_content ... ok
[INFO] [stdout] test plugins::filter::tests::filter_type ... ok
[INFO] [stdout] test plugins::filter::tests::backdrop_hue_rotate ... ok
[INFO] [stdout] test plugins::filter::tests::backdrop_blur ... ok
[INFO] [stdout] test plugins::filter::tests::grayscale ... ok
[INFO] [stdout] test plugins::flexbox::tests::align_items ... ok
[INFO] [stdout] test plugins::filter::tests::blur ... ok
[INFO] [stdout] test plugins::filter::tests::backdrop_opacity ... ok
[INFO] [stdout] test plugins::flexbox::tests::align_self ... ok
[INFO] [stdout] test plugins::flexbox::tests::flex ... ok
[INFO] [stdout] test plugins::flexbox::tests::flex_basis ... ok
[INFO] [stdout] test plugins::flexbox::tests::flex_grow ... ok
[INFO] [stdout] test plugins::flexbox::tests::justify_items ... ok
[INFO] [stdout] test plugins::flexbox::tests::place_content ... ok
[INFO] [stdout] test plugins::flexbox::tests::justify_self ... ok
[INFO] [stdout] test plugins::flexbox::tests::place_self ... ok
[INFO] [stdout] test plugins::flexbox::tests::flex_shrink ... ok
[INFO] [stdout] test plugins::flexbox::tests::place_items ... ok
[INFO] [stdout] test plugins::grid::tests::gap ... ok
[INFO] [stdout] test plugins::grid::tests::grid_auto_flow ... ok
[INFO] [stdout] test plugins::flexbox::tests::justify_content ... ok
[INFO] [stdout] test plugins::grid::tests::grid_auto_columns ... ok
[INFO] [stdout] test plugins::grid::tests::grid_template_columns ... ok
[INFO] [stdout] test plugins::grid::tests::grid_column ... ok
[INFO] [stdout] test plugins::grid::tests::grid_auto_rows ... ok
[INFO] [stdout] test plugins::interactivity::tests::cursor ... ok
[INFO] [stdout] test plugins::interactivity::tests::appearance ... ok
[INFO] [stdout] test plugins::flexbox::tests::flex_wrap ... ok
[INFO] [stdout] test plugins::interactivity::tests::scroll_snap_align ... ok
[INFO] [stdout] test plugins::flexbox::tests::flex_direction ... ok
[INFO] [stdout] test plugins::grid::tests::grid_row ... ok
[INFO] [stdout] test plugins::interactivity::tests::resize ... ok
[INFO] [stdout] test plugins::grid::tests::grid_template_rows ... ok
[INFO] [stdout] test plugins::interactivity::tests::accent_color ... ok
[INFO] [stdout] test plugins::interactivity::tests::caret_color ... ok
[INFO] [stdout] test plugins::interactivity::tests::scroll_behavior ... ok
[INFO] [stdout] test plugins::interactivity::tests::scroll_snap_stop ... ok
[INFO] [stdout] test plugins::interactivity::tests::pointer_events ... ok
[INFO] [stdout] test plugins::interactivity::tests::will_change ... ok
[INFO] [stdout] test plugins::layout::tests::box_sizing ... ok
[INFO] [stdout] test plugins::layout::tests::box_decoration_break ... ok
[INFO] [stdout] test plugins::layout::tests::break_before ... ok
[INFO] [stdout] test plugins::layout::tests::aspect_ratio ... ok
[INFO] [stdout] test plugins::layout::tests::break_after ... ok
[INFO] [stdout] test plugins::layout::tests::columns ... ok
[INFO] [stdout] test plugins::layout::tests::clear ... ok
[INFO] [stdout] test plugins::layout::tests::container ... ok
[INFO] [stdout] test plugins::layout::tests::break_inside ... ok
[INFO] [stdout] test plugins::interactivity::tests::touch_action ... ok
[INFO] [stdout] test plugins::interactivity::tests::user_select ... ok
[INFO] [stdout] test plugins::layout::tests::isolation ... ok
[INFO] [stdout] test plugins::layout::tests::position ... ok
[INFO] [stdout] test plugins::layout::tests::display ... ok
[INFO] [stdout] test plugins::layout::tests::floats ... ok
[INFO] [stdout] test plugins::layout::tests::object_fit ... ok
[INFO] [stdout] test plugins::layout::tests::object_position ... ok
[INFO] [stdout] test plugins::layout::tests::overflow ... ok
[INFO] [stdout] test plugins::layout::tests::visibility ... ok
[INFO] [stdout] test plugins::layout::tests::z_index ... ok
[INFO] [stdout] test plugins::sizing::tests::height ... ok
[INFO] [stdout] test plugins::layout::tests::placement ... ok
[INFO] [stdout] test plugins::interactivity::tests::scroll_snap_type ... ok
[INFO] [stdout] test plugins::spacing::tests::margin ... ok
[INFO] [stdout] test plugins::sizing::tests::max_height ... ok
[INFO] [stdout] test plugins::spacing::tests::padding ... ok
[INFO] [stdout] test plugins::sizing::tests::min_width ... ok
[INFO] [stdout] test plugins::svg::tests::fill ... ok
[INFO] [stdout] test plugins::table::tests::table_layout ... ok
[INFO] [stdout] test plugins::transform::tests::rotate ... ok
[INFO] [stdout] test plugins::transform::tests::scale ... ok
[INFO] [stdout] test plugins::sizing::tests::max_width ... ok
[INFO] [stdout] test plugins::spacing::tests::space_between ... ok
[INFO] [stdout] test plugins::sizing::tests::width ... ok
[INFO] [stdout] test plugins::sizing::tests::min_height ... ok
[INFO] [stdout] test plugins::svg::tests::stroke ... ok
[INFO] [stdout] test plugins::svg::tests::stroke_width ... ok
[INFO] [stdout] test plugins::table::tests::border_spacing ... ok
[INFO] [stdout] test plugins::table::tests::border_collapse ... ok
[INFO] [stdout] test plugins::layout::tests::overscroll_behavior ... ok
[INFO] [stdout] test plugins::transform::tests::skew ... ok
[INFO] [stdout] test plugins::transition::tests::transition_duration ... ok
[INFO] [stdout] test plugins::typography::tests::font_style ... ok
[INFO] [stdout] test plugins::transform::tests::transform_type ... ok
[INFO] [stdout] test plugins::transition::tests::animation ... ok
[INFO] [stdout] test plugins::typography::tests::content ... ok
[INFO] [stdout] test plugins::typography::tests::font_size ... ok
[INFO] [stdout] test plugins::typography::tests::font_family ... ok
[INFO] [stdout] test plugins::typography::tests::font_variant_numeric ... ok
[INFO] [stdout] test plugins::transform::tests::transform_origin ... ok
[INFO] [stdout] test plugins::transition::tests::transition_property ... ok
[INFO] [stdout] test plugins::transform::tests::translate ... ok
[INFO] [stdout] test plugins::typography::tests::font_smoothing ... ok
[INFO] [stdout] test plugins::typography::tests::font_weight ... ok
[INFO] [stdout] test plugins::transition::tests::transition_timing_function ... ok
[INFO] [stdout] test plugins::typography::tests::list_style_position ... ok
[INFO] [stdout] test plugins::typography::tests::line_clamp ... ok
[INFO] [stdout] test plugins::typography::tests::text_align ... ok
[INFO] [stdout] test plugins::typography::tests::list_style_type ... ok
[INFO] [stdout] test plugins::typography::tests::line_height ... ok
[INFO] [stdout] test plugins::typography::tests::letter_spacing ... ok
[INFO] [stdout] test plugins::typography::tests::text_underline_offset ... ok
[INFO] [stdout] test plugins::typography::tests::text_decoration_style ... ok
[INFO] [stdout] test plugins::typography::tests::text_decoration_color ... ok
[INFO] [stdout] test plugins::typography::tests::text_decoration_thickness ... ok
[INFO] [stdout] test plugins::typography::tests::text_indent ... ok
[INFO] [stdout] test plugins::typography::tests::text_opacity ... ok
[INFO] [stdout] test plugins::typography::tests::text_color ... ok
[INFO] [stdout] test plugins::typography::tests::text_wrap ... ok
[INFO] [stdout] test plugins::typography::tests::vertical_align ... ok
[INFO] [stdout] test plugins::typography::tests::text_decoration ... ok
[INFO] [stdout] test plugins::typography::tests::text_transform ... ok
[INFO] [stdout] test plugins::typography::tests::whitespace ... ok
[INFO] [stdout] test plugins::typography::tests::word_break ... ok
[INFO] [stdout] test preflight::tests::custom_preflight ... ok
[INFO] [stdout] test preflight::tests::full_preflight ... ok
[INFO] [stdout] test preflight::tests::no_preflight ... ok
[INFO] [stdout] test plugins::typography::tests::text_overflow ... ok
[INFO] [stdout] test scanner::tests::custom_scanner_test ... ok
[INFO] [stdout] test scanner::tests::utf8_scan ... ok
[INFO] [stdout] test selector::parser::tests::arbitrary_css_property ... ok
[INFO] [stdout] test selector::parser::tests::arbitrary_value_with_arbitrary_variant ... ok
[INFO] [stdout] test selector::parser::tests::arbitrary_variant ... ok
[INFO] [stdout] test selector::parser::tests::arbitrary_variant_at_rule ... ok
[INFO] [stdout] test selector::parser::tests::arbitrary_variant_escaped ... ok
[INFO] [stdout] test selector::parser::tests::arbitrary_value_with_variants_and_hint ... ok
[INFO] [stdout] test selector::parser::tests::arbitrary_value_with_arbitrary_variant_and_hint ... ok
[INFO] [stdout] test selector::parser::tests::arbitrary_variant_multiple ... ok
[INFO] [stdout] test scanner::tests::default_scanner_test ... ok
[INFO] [stdout] test selector::parser::tests::arbitrary_value ... ok
[INFO] [stdout] test selector::parser::tests::arbitrary_value_with_variants ... ok
[INFO] [stdout] test selector::parser::tests::arbitrary_value_with_arbitrary_variant_mixed ... ok
[INFO] [stdout] test selector::parser::tests::arbitrary_variant_negative ... ok
[INFO] [stdout] test scanner::tests::scan_prevent_splitting_arbitrary_values ... ok
[INFO] [stdout] test scanner::tests::scan_with_arbitrary_variant ... ok
[INFO] [stdout] test selector::parser::tests::arbitrary_value_escaped ... ok
[INFO] [stdout] test selector::parser::tests::basic_integer ... ok
[INFO] [stdout] test selector::parser::tests::basic_negative ... ok
[INFO] [stdout] test selector::parser::tests::basic_opacity ... ok
[INFO] [stdout] test selector::parser::tests::basic_multiple ... ok
[INFO] [stdout] test selector::parser::tests::basic_single ... ok
[INFO] [stdout] test selector::parser::tests::arbitrary_value_hint ... ok
[INFO] [stdout] test selector::parser::tests::basic_important ... ok
[INFO] [stdout] test selector::parser::tests::basic_float ... ok
[INFO] [stdout] test selector::parser::tests::basic_important_and_negative ... ok
[INFO] [stdout] test selector::parser::tests::underscores_to_spaces_test ... ok
[INFO] [stdout] test selector::parser::tests::variant_grouping_single ... ok
[INFO] [stdout] test selector::parser::tests::variants_negative ... ok
[INFO] [stdout] test selector::parser::tests::variant_grouping_nested_escaped ... ok
[INFO] [stdout] test selector::tests::sorting_test ... ok
[INFO] [stdout] test selector::parser::tests::variants_single ... ok
[INFO] [stdout] test utils::color::tests::get_color ... ok
[INFO] [stdout] test utils::color::tests::hex_to_rgb_test ... ok
[INFO] [stdout] test selector::parser::tests::variant_grouping ... ok
[INFO] [stdout] test selector::parser::tests::variant_grouping_nested ... ok
[INFO] [stdout] test utils::shadow::tests::empty_shadow_should_not_panic ... ok
[INFO] [stdout] test plugins::transition::tests::transition_delay ... ok
[INFO] [stdout] test selector::parser::tests::variants_multiple ... ok
[INFO] [stdout] test utils::shadow::tests::parse_shadow_test ... ok
[INFO] [stdout] test utils::value_matchers::tests::is_matching_color_test ... ok
[INFO] [stdout] test utils::value_matchers::tests::is_matching_shadow_with_functions_test ... ok
[INFO] [stdout] test utils::tests::check_selectors_ignore_newlines_and_spaces ... ok
[INFO] [stdout] test selector::parser::tests::variant_grouping_complex_nested ... ok
[INFO] [stdout] test utils::tests::sort_selectors_with_variant_groups ... ok
[INFO] [stdout] test utils::shadow::tests::format_shadow ... ok
[INFO] [stdout] test utils::value_matchers::tests::is_matching_length_test ... ok
[INFO] [stdout] test selector::parser::tests::variant_grouping_without_modifier ... ok
[INFO] [stdout] test selector::parser::tests::complex_arbitrary_value ... ok
[INFO] [stdout] test config::tests::serialize_config ... FAILED
[INFO] [stdout] test utils::tests::sort_selectors_deduplicate ... ok
[INFO] [stdout] test generator::tests::arbitrary_values_test ... ok
[INFO] [stdout] 
[INFO] [stdout] failures:
[INFO] [stdout] 
[INFO] [stdout] ---- config::tests::serialize_config stdout ----
[INFO] [stdout] 
[INFO] [stdout] thread 'config::tests::serialize_config' panicked at src/config.rs:1895:9:
[INFO] [stdout] assertion failed: `(left == right)`
[INFO] [stdout] 
[INFO] [stdout] [1mDiff[0m [31m< left[0m / [32mright >[0m :
[INFO] [stdout]  safelist = []
[INFO] [stdout]  max_shortcut_depth = 5
[INFO] [stdout]  
[INFO] [stdout]  [theme.dark_mode]
[INFO] [stdout]  type = "class"
[INFO] [stdout]  class = ".dark"
[INFO] [stdout]  
[INFO] [stdout]  [theme.screens]
[INFO] [stdout]  3xl = "1600px"
[INFO] [stdout]  lg = "2000px"
[INFO] [stdout]  
[INFO] [stdout]  [theme.colors]
[INFO] [stdout]  rosa-500 = "#e5186a"
[INFO] [stdout]  yellow-400 = "#ffef0e"
[INFO] [stdout]  
[INFO] [stdout]  [theme.aria]
[INFO] [stdout] [31m<current = [0m[1;48;5;52;31m"[0m[31mcurrent=[0m[1;48;5;52;31m\[0m[31m"page[0m[1;48;5;52;31m\[0m[31m"[0m[1;48;5;52;31m"[0m
[INFO] [stdout] [32m>current = [0m[1;48;5;22;32m'[0m[32mcurrent="page"[0m[1;48;5;22;32m'[0m
[INFO] [stdout]  
[INFO] [stdout]  [preflight]
[INFO] [stdout]  type = "none"
[INFO] [stdout]  
[INFO] [stdout]  [shortcuts]
[INFO] [stdout]  
[INFO] [stdout]  [extra]
[INFO] [stdout]  
[INFO] [stdout] 
[INFO] [stdout] 
[INFO] [stdout] stack backtrace:
[INFO] [stdout]    0:     0x5788c357550a - std::backtrace_rs::backtrace::libunwind::trace::hb059275cfc8d6126
[INFO] [stdout]                                at /rustc/6067b36314ab5eb2eb47cecc464545ba58e1ad24/library/std/src/../../backtrace/src/backtrace/libunwind.rs:116:5
[INFO] [stdout]    1:     0x5788c357550a - std::backtrace_rs::backtrace::trace_unsynchronized::h2da071e4327ce3ee
[INFO] [stdout]                                at /rustc/6067b36314ab5eb2eb47cecc464545ba58e1ad24/library/std/src/../../backtrace/src/backtrace/mod.rs:66:5
[INFO] [stdout]    2:     0x5788c357550a - std::sys::backtrace::_print_fmt::h842a1474e6f8d23f
[INFO] [stdout]                                at /rustc/6067b36314ab5eb2eb47cecc464545ba58e1ad24/library/std/src/sys/backtrace.rs:66:9
[INFO] [stdout]    3:     0x5788c357550a - <std::sys::backtrace::BacktraceLock::print::DisplayBacktrace as core::fmt::Display>::fmt::h71a62eb3b9696b12
[INFO] [stdout]                                at /rustc/6067b36314ab5eb2eb47cecc464545ba58e1ad24/library/std/src/sys/backtrace.rs:39:26
[INFO] [stdout]    4:     0x5788c359fcb3 - core::fmt::rt::Argument::fmt::hdb6b616786b41dc1
[INFO] [stdout]                                at /rustc/6067b36314ab5eb2eb47cecc464545ba58e1ad24/library/core/src/fmt/rt.rs:177:76
[INFO] [stdout]    5:     0x5788c359fcb3 - core::fmt::write::h2cc1698af7e2d686
[INFO] [stdout]                                at /rustc/6067b36314ab5eb2eb47cecc464545ba58e1ad24/library/core/src/fmt/mod.rs:1440:21
[INFO] [stdout]    6:     0x5788c3572063 - std::io::Write::write_fmt::hab1b4cd059a79022
[INFO] [stdout]                                at /rustc/6067b36314ab5eb2eb47cecc464545ba58e1ad24/library/std/src/io/mod.rs:1887:15
[INFO] [stdout]    7:     0x5788c3575352 - std::sys::backtrace::BacktraceLock::print::h147fe35b4ea13b08
[INFO] [stdout]                                at /rustc/6067b36314ab5eb2eb47cecc464545ba58e1ad24/library/std/src/sys/backtrace.rs:42:9
[INFO] [stdout]    8:     0x5788c357692f - std::panicking::default_hook::{{closure}}::hbd44223dbdc0d208
[INFO] [stdout]                                at /rustc/6067b36314ab5eb2eb47cecc464545ba58e1ad24/library/std/src/panicking.rs:298:22
[INFO] [stdout]    9:     0x5788c3576748 - std::panicking::default_hook::h20f81eb0576efcec
[INFO] [stdout]                                at /rustc/6067b36314ab5eb2eb47cecc464545ba58e1ad24/library/std/src/panicking.rs:322:9
[INFO] [stdout]   10:     0x5788c33ff8a3 - <alloc::boxed::Box<F,A> as core::ops::function::Fn<Args>>::call::hdb53814c496a4d34
[INFO] [stdout]                                at /rustc/6067b36314ab5eb2eb47cecc464545ba58e1ad24/library/alloc/src/boxed.rs:2027:9
[INFO] [stdout]   11:     0x5788c33ff8a3 - test::test_main::{{closure}}::hc0a4963c59427c24
[INFO] [stdout]                                at /rustc/6067b36314ab5eb2eb47cecc464545ba58e1ad24/library/test/src/lib.rs:134:21
[INFO] [stdout]   12:     0x5788c3577423 - <alloc::boxed::Box<F,A> as core::ops::function::Fn<Args>>::call::h591b2225413a77e9
[INFO] [stdout]                                at /rustc/6067b36314ab5eb2eb47cecc464545ba58e1ad24/library/alloc/src/boxed.rs:2027:9
[INFO] [stdout]   13:     0x5788c3577423 - std::panicking::rust_panic_with_hook::h625eea43051b2edc
[INFO] [stdout]                                at /rustc/6067b36314ab5eb2eb47cecc464545ba58e1ad24/library/std/src/panicking.rs:839:13
[INFO] [stdout]   14:     0x5788c35770da - std::panicking::begin_panic_handler::{{closure}}::h4f9159cfbc3f6bd3
[INFO] [stdout]                                at /rustc/6067b36314ab5eb2eb47cecc464545ba58e1ad24/library/std/src/panicking.rs:704:13
[INFO] [stdout]   15:     0x5788c3575a09 - std::sys::backtrace::__rust_end_short_backtrace::h0390abce48353151
[INFO] [stdout]                                at /rustc/6067b36314ab5eb2eb47cecc464545ba58e1ad24/library/std/src/sys/backtrace.rs:168:18
[INFO] [stdout]   16:     0x5788c3576d6d - rust_begin_unwind
[INFO] [stdout]                                at /rustc/6067b36314ab5eb2eb47cecc464545ba58e1ad24/library/std/src/panicking.rs:695:5
[INFO] [stdout]   17:     0x5788c359d8d0 - core::panicking::panic_fmt::h9e7c637e9e5f29c9
[INFO] [stdout]                                at /rustc/6067b36314ab5eb2eb47cecc464545ba58e1ad24/library/core/src/panicking.rs:75:14
[INFO] [stdout]   18:     0x5788c328937f - encre_css::config::tests::serialize_config::h2e8e832630bbcbcb
[INFO] [stdout]                                at /opt/rustwide/workdir/src/config.rs:1895:9
[INFO] [stdout]   19:     0x5788c3288c97 - encre_css::config::tests::serialize_config::{{closure}}::h71748d12477fd7bd
[INFO] [stdout]                                at /opt/rustwide/workdir/src/config.rs:1880:26
[INFO] [stdout]   20:     0x5788c3261336 - core::ops::function::FnOnce::call_once::h1faa717913a7431c
[INFO] [stdout]                                at /rustc/6067b36314ab5eb2eb47cecc464545ba58e1ad24/library/core/src/ops/function.rs:250:5
[INFO] [stdout]   21:     0x5788c3404ffb - core::ops::function::FnOnce::call_once::he27718dfdd183f43
[INFO] [stdout]                                at /rustc/6067b36314ab5eb2eb47cecc464545ba58e1ad24/library/core/src/ops/function.rs:250:5
[INFO] [stdout]   22:     0x5788c3404ffb - test::__rust_begin_short_backtrace::h4e84902998457a5d
[INFO] [stdout]                                at /rustc/6067b36314ab5eb2eb47cecc464545ba58e1ad24/library/test/src/lib.rs:632:18
[INFO] [stdout]   23:     0x5788c3403f33 - test::run_test_in_process::{{closure}}::h7176fd18fc1feca0
[INFO] [stdout]                                at /rustc/6067b36314ab5eb2eb47cecc464545ba58e1ad24/library/test/src/lib.rs:655:60
[INFO] [stdout]   24:     0x5788c3403f33 - <core::panic::unwind_safe::AssertUnwindSafe<F> as core::ops::function::FnOnce<()>>::call_once::hf79cff2a624d8cf7
[INFO] [stdout]                                at /rustc/6067b36314ab5eb2eb47cecc464545ba58e1ad24/library/core/src/panic/unwind_safe.rs:272:9
[INFO] [stdout]   25:     0x5788c3403f33 - std::panicking::try::do_call::h3da0561d9ab99c25
[INFO] [stdout]                                at /rustc/6067b36314ab5eb2eb47cecc464545ba58e1ad24/library/std/src/panicking.rs:587:40
[INFO] [stdout]   26:     0x5788c3403f33 - std::panicking::try::h41c9fa508bc61df6
[INFO] [stdout]                                at /rustc/6067b36314ab5eb2eb47cecc464545ba58e1ad24/library/std/src/panicking.rs:550:19
[INFO] [stdout]   27:     0x5788c3403f33 - std::panic::catch_unwind::h6b3ff07bb5afad93
[INFO] [stdout]                                at /rustc/6067b36314ab5eb2eb47cecc464545ba58e1ad24/library/std/src/panic.rs:358:14
[INFO] [stdout]   28:     0x5788c3403f33 - test::run_test_in_process::hc7253dd11b39b9f4
[INFO] [stdout]                                at /rustc/6067b36314ab5eb2eb47cecc464545ba58e1ad24/library/test/src/lib.rs:655:27
[INFO] [stdout]   29:     0x5788c3403f33 - test::run_test::{{closure}}::hfb2007f8649c30bb
[INFO] [stdout]                                at /rustc/6067b36314ab5eb2eb47cecc464545ba58e1ad24/library/test/src/lib.rs:576:43
[INFO] [stdout]   30:     0x5788c33c7015 - test::run_test::{{closure}}::h56a17aa7a282a9f4
[INFO] [stdout]                                at /rustc/6067b36314ab5eb2eb47cecc464545ba58e1ad24/library/test/src/lib.rs:606:41
[INFO] [stdout]   31:     0x5788c33c7015 - std::sys::backtrace::__rust_begin_short_backtrace::hd2d2d2fb8e8c6aac
[INFO] [stdout]                                at /rustc/6067b36314ab5eb2eb47cecc464545ba58e1ad24/library/std/src/sys/backtrace.rs:152:18
[INFO] [stdout]   32:     0x5788c33ca8fa - std::thread::Builder::spawn_unchecked_::{{closure}}::{{closure}}::h4faa3f9db6133423
[INFO] [stdout]                                at /rustc/6067b36314ab5eb2eb47cecc464545ba58e1ad24/library/std/src/thread/mod.rs:559:17
[INFO] [stdout]   33:     0x5788c33ca8fa - <core::panic::unwind_safe::AssertUnwindSafe<F> as core::ops::function::FnOnce<()>>::call_once::hf2e855a36a4ea846
[INFO] [stdout]                                at /rustc/6067b36314ab5eb2eb47cecc464545ba58e1ad24/library/core/src/panic/unwind_safe.rs:272:9
[INFO] [stdout]   34:     0x5788c33ca8fa - std::panicking::try::do_call::h2f73af3616c35465
[INFO] [stdout]                                at /rustc/6067b36314ab5eb2eb47cecc464545ba58e1ad24/library/std/src/panicking.rs:587:40
[INFO] [stdout]   35:     0x5788c33ca8fa - std::panicking::try::hd1660ce9efadef5a
[INFO] [stdout]                                at /rustc/6067b36314ab5eb2eb47cecc464545ba58e1ad24/library/std/src/panicking.rs:550:19
[INFO] [stdout]   36:     0x5788c33ca8fa - std::panic::catch_unwind::h5ee8d7823b8ca744
[INFO] [stdout]                                at /rustc/6067b36314ab5eb2eb47cecc464545ba58e1ad24/library/std/src/panic.rs:358:14
[INFO] [stdout]   37:     0x5788c33ca8fa - std::thread::Builder::spawn_unchecked_::{{closure}}::h53c3a1894dce8407
[INFO] [stdout]                                at /rustc/6067b36314ab5eb2eb47cecc464545ba58e1ad24/library/std/src/thread/mod.rs:557:30
[INFO] [stdout]   38:     0x5788c33ca8fa - core::ops::function::FnOnce::call_once{{vtable.shim}}::h048ce291ad4f62bf
[INFO] [stdout]                                at /rustc/6067b36314ab5eb2eb47cecc464545ba58e1ad24/library/core/src/ops/function.rs:250:5
[INFO] [stdout]   39:     0x5788c357b3eb - <alloc::boxed::Box<F,A> as core::ops::function::FnOnce<Args>>::call_once::ha52bedf99a3b4981
[INFO] [stdout]                                at /rustc/6067b36314ab5eb2eb47cecc464545ba58e1ad24/library/alloc/src/boxed.rs:2013:9
[INFO] [stdout]   40:     0x5788c357b3eb - <alloc::boxed::Box<F,A> as core::ops::function::FnOnce<Args>>::call_once::h567748934d80ccf8
[INFO] [stdout]                                at /rustc/6067b36314ab5eb2eb47cecc464545ba58e1ad24/library/alloc/src/boxed.rs:2013:9
[INFO] [stdout]   41:     0x5788c357b3eb - std::sys::pal::unix::thread::Thread::new::thread_start::h2d970728ae887adc
[INFO] [stdout]                                at /rustc/6067b36314ab5eb2eb47cecc464545ba58e1ad24/library/std/src/sys/pal/unix/thread.rs:106:17
[INFO] [stdout]   42:     0x783376cc8ac3 - <unknown>
[INFO] [stdout]   43:     0x783376d59a04 - clone
[INFO] [stdout]   44:                0x0 - <unknown>
[INFO] [stdout] 
[INFO] [stdout] 
[INFO] [stdout] failures:
[INFO] [stdout]     config::tests::serialize_config
[INFO] [stdout] 
[INFO] [stdout] test result: FAILED. 244 passed; 1 failed; 0 ignored; 0 measured; 0 filtered out; finished in 0.22s
[INFO] [stdout] 
[INFO] [stderr] error: test failed, to rerun pass `--lib`
[INFO] running `Command { std: "docker" "inspect" "bb125a8424dd942cae0560f58d2e8808637e48c0f8fda7a665ed9e4a679d1f4a", kill_on_drop: false }`
[INFO] running `Command { std: "docker" "rm" "-f" "bb125a8424dd942cae0560f58d2e8808637e48c0f8fda7a665ed9e4a679d1f4a", kill_on_drop: false }`
[INFO] [stdout] bb125a8424dd942cae0560f58d2e8808637e48c0f8fda7a665ed9e4a679d1f4a
