[INFO] fetching crate dssim-core 3.2.11...
[INFO] testing dssim-core-3.2.11 against nightly-2025-01-18 for randomize-layout-2
[INFO] extracting crate dssim-core 3.2.11 into /workspace/builds/worker-0-tc1/source
[INFO] validating manifest of crates.io crate dssim-core 3.2.11 on toolchain nightly-2025-01-18
[INFO] running `Command { std: CARGO_HOME="/workspace/cargo-home" RUSTUP_HOME="/workspace/rustup-home" "/workspace/cargo-home/bin/cargo" "+nightly-2025-01-18" "metadata" "--manifest-path" "Cargo.toml" "--no-deps", kill_on_drop: false }`
[INFO] started tweaking crates.io crate dssim-core 3.2.11
[INFO] finished tweaking crates.io crate dssim-core 3.2.11
[INFO] tweaked toml for crates.io crate dssim-core 3.2.11 written to /workspace/builds/worker-0-tc1/source/Cargo.toml
[INFO] crate crates.io crate dssim-core 3.2.11 already has a lockfile, it will not be regenerated
[INFO] running `Command { std: CARGO_HOME="/workspace/cargo-home" RUSTUP_HOME="/workspace/rustup-home" "/workspace/cargo-home/bin/cargo" "+nightly-2025-01-18" "fetch" "--manifest-path" "Cargo.toml", kill_on_drop: false }`
[INFO] running `Command { std: "docker" "create" "-v" "/var/lib/crater-agent-workspace/builds/worker-0-tc1/target:/opt/rustwide/target:rw,Z" "-v" "/var/lib/crater-agent-workspace/builds/worker-0-tc1/source:/opt/rustwide/workdir:ro,Z" "-v" "/var/lib/crater-agent-workspace/cargo-home:/opt/rustwide/cargo-home:ro,Z" "-v" "/var/lib/crater-agent-workspace/rustup-home:/opt/rustwide/rustup-home:ro,Z" "-e" "SOURCE_DIR=/opt/rustwide/workdir" "-e" "CARGO_TARGET_DIR=/opt/rustwide/target" "-e" "CARGO_HOME=/opt/rustwide/cargo-home" "-e" "RUSTUP_HOME=/opt/rustwide/rustup-home" "-w" "/opt/rustwide/workdir" "-m" "1610612736" "--user" "0:0" "--network" "none" "ghcr.io/rust-lang/crates-build-env/linux@sha256:819108c5571ea2e421544af4d832f968d213c87fbe3707a016657f43d2f853bc" "/opt/rustwide/cargo-home/bin/cargo" "+nightly-2025-01-18" "metadata" "--no-deps" "--format-version=1", kill_on_drop: false }`
[INFO] [stdout] 4f74ca6f3df9adcfca5cc6644c1a91f2371f8093d965795314f290370fa8480b
[INFO] running `Command { std: "docker" "start" "-a" "4f74ca6f3df9adcfca5cc6644c1a91f2371f8093d965795314f290370fa8480b", kill_on_drop: false }`
[INFO] running `Command { std: "docker" "inspect" "4f74ca6f3df9adcfca5cc6644c1a91f2371f8093d965795314f290370fa8480b", kill_on_drop: false }`
[INFO] running `Command { std: "docker" "rm" "-f" "4f74ca6f3df9adcfca5cc6644c1a91f2371f8093d965795314f290370fa8480b", kill_on_drop: false }`
[INFO] [stdout] 4f74ca6f3df9adcfca5cc6644c1a91f2371f8093d965795314f290370fa8480b
[INFO] running `Command { std: "docker" "create" "-v" "/var/lib/crater-agent-workspace/builds/worker-0-tc1/target:/opt/rustwide/target:rw,Z" "-v" "/var/lib/crater-agent-workspace/builds/worker-0-tc1/source:/opt/rustwide/workdir:ro,Z" "-v" "/var/lib/crater-agent-workspace/cargo-home:/opt/rustwide/cargo-home:ro,Z" "-v" "/var/lib/crater-agent-workspace/rustup-home:/opt/rustwide/rustup-home:ro,Z" "-e" "SOURCE_DIR=/opt/rustwide/workdir" "-e" "CARGO_TARGET_DIR=/opt/rustwide/target" "-e" "CARGO_INCREMENTAL=0" "-e" "RUST_BACKTRACE=full" "-e" "RUSTFLAGS=--cap-lints=forbid" "-e" "RUSTDOCFLAGS=--cap-lints=forbid" "-e" "CARGO_HOME=/opt/rustwide/cargo-home" "-e" "RUSTUP_HOME=/opt/rustwide/rustup-home" "-w" "/opt/rustwide/workdir" "-m" "1610612736" "--user" "0:0" "--network" "none" "ghcr.io/rust-lang/crates-build-env/linux@sha256:819108c5571ea2e421544af4d832f968d213c87fbe3707a016657f43d2f853bc" "/opt/rustwide/cargo-home/bin/cargo" "+nightly-2025-01-18" "build" "--frozen" "--message-format=json", kill_on_drop: false }`
[INFO] [stdout] 9c74c125d26eb4470cc44afbfdf80a182bd52380529c42e12f98520f9fd0a115
[INFO] running `Command { std: "docker" "start" "-a" "9c74c125d26eb4470cc44afbfdf80a182bd52380529c42e12f98520f9fd0a115", kill_on_drop: false }`
[INFO] [stderr]    Compiling crossbeam-utils v0.8.21
[INFO] [stderr]    Compiling rayon-core v1.12.1
[INFO] [stderr]    Compiling either v1.13.0
[INFO] [stderr]    Compiling bytemuck v1.21.0
[INFO] [stderr]    Compiling imgref v1.11.0
[INFO] [stderr]    Compiling itertools v0.14.0
[INFO] [stderr]    Compiling rgb v0.8.50
[INFO] [stderr]    Compiling crossbeam-epoch v0.9.18
[INFO] [stderr]    Compiling crossbeam-deque v0.8.6
[INFO] [stderr]    Compiling rayon v1.10.0
[INFO] [stderr]    Compiling dssim-core v3.2.11 (/opt/rustwide/workdir)
[INFO] [stdout] warning: extern declarations without an explicit ABI are deprecated
[INFO] [stdout]   --> src/c_api.rs:28:25
[INFO] [stdout]    |
[INFO] [stdout] 28 | #[no_mangle] pub unsafe extern fn dssim_create_image_rgba(dssim: &mut Dssim, pixels: *const u8, width: u32, height: u32) -> *mut DssimIma...
[INFO] [stdout]    |                         ^^^^^^ help: explicitly specify the C ABI: `extern "C"`
[INFO] [stdout]    |
[INFO] [stdout]    = note: `#[warn(missing_abi)]` on by default
[INFO] [stdout] 
[INFO] [stdout] 
[INFO] [stdout] warning: extern declarations without an explicit ABI are deprecated
[INFO] [stdout]   --> src/c_api.rs:43:25
[INFO] [stdout]    |
[INFO] [stdout] 43 | #[no_mangle] pub unsafe extern fn dssim_create_image_rgb(dssim: &mut Dssim, pixels: *const u8, width: u32, height: u32) -> *mut DssimImage {
[INFO] [stdout]    |                         ^^^^^^ help: explicitly specify the C ABI: `extern "C"`
[INFO] [stdout] 
[INFO] [stdout] 
[INFO] [stdout] warning: extern declarations without an explicit ABI are deprecated
[INFO] [stdout]   --> src/c_api.rs:67:25
[INFO] [stdout]    |
[INFO] [stdout] 67 | #[no_mangle] pub unsafe extern fn dssim_compare(dssim: &mut Dssim, img1: *const DssimImage, img2: *const DssimImage) -> f64 {
[INFO] [stdout]    |                         ^^^^^^ help: explicitly specify the C ABI: `extern "C"`
[INFO] [stdout] 
[INFO] [stdout] 
[INFO] [stderr]     Finished `dev` profile [unoptimized + debuginfo] target(s) in 5.03s
[INFO] running `Command { std: "docker" "inspect" "9c74c125d26eb4470cc44afbfdf80a182bd52380529c42e12f98520f9fd0a115", kill_on_drop: false }`
[INFO] running `Command { std: "docker" "rm" "-f" "9c74c125d26eb4470cc44afbfdf80a182bd52380529c42e12f98520f9fd0a115", kill_on_drop: false }`
[INFO] [stdout] 9c74c125d26eb4470cc44afbfdf80a182bd52380529c42e12f98520f9fd0a115
[INFO] running `Command { std: "docker" "create" "-v" "/var/lib/crater-agent-workspace/builds/worker-0-tc1/target:/opt/rustwide/target:rw,Z" "-v" "/var/lib/crater-agent-workspace/builds/worker-0-tc1/source:/opt/rustwide/workdir:ro,Z" "-v" "/var/lib/crater-agent-workspace/cargo-home:/opt/rustwide/cargo-home:ro,Z" "-v" "/var/lib/crater-agent-workspace/rustup-home:/opt/rustwide/rustup-home:ro,Z" "-e" "SOURCE_DIR=/opt/rustwide/workdir" "-e" "CARGO_TARGET_DIR=/opt/rustwide/target" "-e" "CARGO_INCREMENTAL=0" "-e" "RUST_BACKTRACE=full" "-e" "RUSTFLAGS=--cap-lints=forbid" "-e" "RUSTDOCFLAGS=--cap-lints=forbid" "-e" "CARGO_HOME=/opt/rustwide/cargo-home" "-e" "RUSTUP_HOME=/opt/rustwide/rustup-home" "-w" "/opt/rustwide/workdir" "-m" "1610612736" "--user" "0:0" "--network" "none" "ghcr.io/rust-lang/crates-build-env/linux@sha256:819108c5571ea2e421544af4d832f968d213c87fbe3707a016657f43d2f853bc" "/opt/rustwide/cargo-home/bin/cargo" "+nightly-2025-01-18" "test" "--frozen" "--no-run" "--message-format=json", kill_on_drop: false }`
[INFO] [stdout] 1a99a39ab2583453d3ae592afdee61ffdb852518ea429d66794b7cbf2143f39e
[INFO] running `Command { std: "docker" "start" "-a" "1a99a39ab2583453d3ae592afdee61ffdb852518ea429d66794b7cbf2143f39e", kill_on_drop: false }`
[INFO] [stderr]    Compiling cfg-if v1.0.0
[INFO] [stderr]    Compiling adler2 v2.0.0
[INFO] [stderr]    Compiling libc v0.2.169
[INFO] [stdout] warning: extern declarations without an explicit ABI are deprecated
[INFO] [stdout]   --> src/c_api.rs:28:25
[INFO] [stdout]    |
[INFO] [stdout] 28 | #[no_mangle] pub unsafe extern fn dssim_create_image_rgba(dssim: &mut Dssim, pixels: *const u8, width: u32, height: u32) -> *mut DssimIma...
[INFO] [stdout]    |                         ^^^^^^ help: explicitly specify the C ABI: `extern "C"`
[INFO] [stdout]    |
[INFO] [stdout]    = note: `#[warn(missing_abi)]` on by default
[INFO] [stdout] 
[INFO] [stdout] 
[INFO] [stdout] warning: extern declarations without an explicit ABI are deprecated
[INFO] [stdout]   --> src/c_api.rs:43:25
[INFO] [stdout]    |
[INFO] [stdout] 43 | #[no_mangle] pub unsafe extern fn dssim_create_image_rgb(dssim: &mut Dssim, pixels: *const u8, width: u32, height: u32) -> *mut DssimImage {
[INFO] [stdout]    |                         ^^^^^^ help: explicitly specify the C ABI: `extern "C"`
[INFO] [stdout] 
[INFO] [stdout] 
[INFO] [stdout] warning: extern declarations without an explicit ABI are deprecated
[INFO] [stdout]   --> src/c_api.rs:67:25
[INFO] [stdout]    |
[INFO] [stdout] 67 | #[no_mangle] pub unsafe extern fn dssim_compare(dssim: &mut Dssim, img1: *const DssimImage, img2: *const DssimImage) -> f64 {
[INFO] [stdout]    |                         ^^^^^^ help: explicitly specify the C ABI: `extern "C"`
[INFO] [stdout] 
[INFO] [stdout] 
[INFO] [stderr]    Compiling crc32fast v1.4.2
[INFO] [stderr]    Compiling miniz_oxide v0.8.2
[INFO] [stderr]    Compiling flate2 v1.0.35
[INFO] [stderr]    Compiling lodepng v3.10.7
[INFO] [stderr]    Compiling dssim-core v3.2.11 (/opt/rustwide/workdir)
[INFO] [stdout] warning: extern declarations without an explicit ABI are deprecated
[INFO] [stdout]   --> src/c_api.rs:28:25
[INFO] [stdout]    |
[INFO] [stdout] 28 | #[no_mangle] pub unsafe extern fn dssim_create_image_rgba(dssim: &mut Dssim, pixels: *const u8, width: u32, height: u32) -> *mut DssimIma...
[INFO] [stdout]    |                         ^^^^^^ help: explicitly specify the C ABI: `extern "C"`
[INFO] [stdout]    |
[INFO] [stdout]    = note: `#[warn(missing_abi)]` on by default
[INFO] [stdout] 
[INFO] [stdout] 
[INFO] [stdout] warning: extern declarations without an explicit ABI are deprecated
[INFO] [stdout]   --> src/c_api.rs:43:25
[INFO] [stdout]    |
[INFO] [stdout] 43 | #[no_mangle] pub unsafe extern fn dssim_create_image_rgb(dssim: &mut Dssim, pixels: *const u8, width: u32, height: u32) -> *mut DssimImage {
[INFO] [stdout]    |                         ^^^^^^ help: explicitly specify the C ABI: `extern "C"`
[INFO] [stdout] 
[INFO] [stdout] 
[INFO] [stdout] warning: extern declarations without an explicit ABI are deprecated
[INFO] [stdout]   --> src/c_api.rs:67:25
[INFO] [stdout]    |
[INFO] [stdout] 67 | #[no_mangle] pub unsafe extern fn dssim_compare(dssim: &mut Dssim, img1: *const DssimImage, img2: *const DssimImage) -> f64 {
[INFO] [stdout]    |                         ^^^^^^ help: explicitly specify the C ABI: `extern "C"`
[INFO] [stdout] 
[INFO] [stdout] 
[INFO] [stderr]     Finished `test` profile [unoptimized + debuginfo] target(s) in 3.48s
[INFO] running `Command { std: "docker" "inspect" "1a99a39ab2583453d3ae592afdee61ffdb852518ea429d66794b7cbf2143f39e", kill_on_drop: false }`
[INFO] running `Command { std: "docker" "rm" "-f" "1a99a39ab2583453d3ae592afdee61ffdb852518ea429d66794b7cbf2143f39e", kill_on_drop: false }`
[INFO] [stdout] 1a99a39ab2583453d3ae592afdee61ffdb852518ea429d66794b7cbf2143f39e
[INFO] running `Command { std: "docker" "create" "-v" "/var/lib/crater-agent-workspace/builds/worker-0-tc1/target:/opt/rustwide/target:rw,Z" "-v" "/var/lib/crater-agent-workspace/builds/worker-0-tc1/source:/opt/rustwide/workdir:ro,Z" "-v" "/var/lib/crater-agent-workspace/cargo-home:/opt/rustwide/cargo-home:ro,Z" "-v" "/var/lib/crater-agent-workspace/rustup-home:/opt/rustwide/rustup-home:ro,Z" "-e" "SOURCE_DIR=/opt/rustwide/workdir" "-e" "CARGO_TARGET_DIR=/opt/rustwide/target" "-e" "CARGO_INCREMENTAL=0" "-e" "RUST_BACKTRACE=full" "-e" "RUSTFLAGS=--cap-lints=forbid" "-e" "RUSTDOCFLAGS=--cap-lints=forbid" "-e" "CARGO_HOME=/opt/rustwide/cargo-home" "-e" "RUSTUP_HOME=/opt/rustwide/rustup-home" "-w" "/opt/rustwide/workdir" "-m" "1610612736" "--user" "0:0" "--network" "none" "ghcr.io/rust-lang/crates-build-env/linux@sha256:819108c5571ea2e421544af4d832f968d213c87fbe3707a016657f43d2f853bc" "/opt/rustwide/cargo-home/bin/cargo" "+nightly-2025-01-18" "test" "--frozen", kill_on_drop: false }`
[INFO] [stdout] d56923c8ff325bb134d617b2a266c33eb277e9b8ee5a29fcc61b4b5655eb57d9
[INFO] running `Command { std: "docker" "start" "-a" "d56923c8ff325bb134d617b2a266c33eb277e9b8ee5a29fcc61b4b5655eb57d9", kill_on_drop: false }`
[INFO] [stderr] warning: extern declarations without an explicit ABI are deprecated
[INFO] [stderr]   --> src/c_api.rs:28:25
[INFO] [stderr]    |
[INFO] [stderr] 28 | #[no_mangle] pub unsafe extern fn dssim_create_image_rgba(dssim: &mut Dssim, pixels: *const u8, width: u32, height: u32) -> *mut DssimIma...
[INFO] [stderr]    |                         ^^^^^^ help: explicitly specify the C ABI: `extern "C"`
[INFO] [stderr]    |
[INFO] [stderr]    = note: `#[warn(missing_abi)]` on by default
[INFO] [stderr] 
[INFO] [stderr] warning: extern declarations without an explicit ABI are deprecated
[INFO] [stderr]   --> src/c_api.rs:43:25
[INFO] [stderr]    |
[INFO] [stderr] 43 | #[no_mangle] pub unsafe extern fn dssim_create_image_rgb(dssim: &mut Dssim, pixels: *const u8, width: u32, height: u32) -> *mut DssimImage {
[INFO] [stderr]    |                         ^^^^^^ help: explicitly specify the C ABI: `extern "C"`
[INFO] [stderr] 
[INFO] [stderr] warning: extern declarations without an explicit ABI are deprecated
[INFO] [stderr]   --> src/c_api.rs:67:25
[INFO] [stderr]    |
[INFO] [stderr] 67 | #[no_mangle] pub unsafe extern fn dssim_compare(dssim: &mut Dssim, img1: *const DssimImage, img2: *const DssimImage) -> f64 {
[INFO] [stderr]    |                         ^^^^^^ help: explicitly specify the C ABI: `extern "C"`
[INFO] [stderr] 
[INFO] [stderr] warning: `dssim-core` (lib) generated 3 warnings (run `cargo fix --lib -p dssim-core` to apply 3 suggestions)
[INFO] [stderr] warning: `dssim-core` (lib test) generated 3 warnings (3 duplicates)
[INFO] [stderr]     Finished `test` profile [unoptimized + debuginfo] target(s) in 0.04s
[INFO] [stderr]      Running unittests src/lib.rs (/opt/rustwide/target/debug/deps/dssim_core-17f835aca69becdf)
[INFO] [stdout] 
[INFO] [stdout] running 7 tests
[INFO] [stdout] test blur::blur_1x1 ... ok
[INFO] [stdout] test blur::blur_one ... ok
[INFO] [stdout] test blur::blur_one_stride ... ok
[INFO] [stdout] test blur::blur_two ... ok
[INFO] [stdout] test blur::blur_zero ... ok
[INFO] [stdout] test dssim::poison ... ok
[INFO] [stdout] test dssim::png_compare ... FAILED
[INFO] [stdout] 
[INFO] [stdout] failures:
[INFO] [stdout] 
[INFO] [stdout] ---- dssim::png_compare stdout ----
[INFO] [stdout] 
[INFO] [stdout] thread 'dssim::png_compare' panicked at src/dssim.rs:427:65:
[INFO] [stdout] called `Result::unwrap()` on an `Err` value: failed to open file for reading (78)
[INFO] [stdout] stack backtrace:
[INFO] [stdout]    0:     0x59a42f73ea1a - std::backtrace_rs::backtrace::libunwind::trace::hb059275cfc8d6126
[INFO] [stdout]                                at /rustc/6067b36314ab5eb2eb47cecc464545ba58e1ad24/library/std/src/../../backtrace/src/backtrace/libunwind.rs:116:5
[INFO] [stdout]    1:     0x59a42f73ea1a - std::backtrace_rs::backtrace::trace_unsynchronized::h2da071e4327ce3ee
[INFO] [stdout]                                at /rustc/6067b36314ab5eb2eb47cecc464545ba58e1ad24/library/std/src/../../backtrace/src/backtrace/mod.rs:66:5
[INFO] [stdout]    2:     0x59a42f73ea1a - std::sys::backtrace::_print_fmt::h842a1474e6f8d23f
[INFO] [stdout]                                at /rustc/6067b36314ab5eb2eb47cecc464545ba58e1ad24/library/std/src/sys/backtrace.rs:66:9
[INFO] [stdout]    3:     0x59a42f73ea1a - <std::sys::backtrace::BacktraceLock::print::DisplayBacktrace as core::fmt::Display>::fmt::h71a62eb3b9696b12
[INFO] [stdout]                                at /rustc/6067b36314ab5eb2eb47cecc464545ba58e1ad24/library/std/src/sys/backtrace.rs:39:26
[INFO] [stdout]    4:     0x59a42f7677b3 - core::fmt::rt::Argument::fmt::hdb6b616786b41dc1
[INFO] [stdout]                                at /rustc/6067b36314ab5eb2eb47cecc464545ba58e1ad24/library/core/src/fmt/rt.rs:177:76
[INFO] [stdout]    5:     0x59a42f7677b3 - core::fmt::write::h2cc1698af7e2d686
[INFO] [stdout]                                at /rustc/6067b36314ab5eb2eb47cecc464545ba58e1ad24/library/core/src/fmt/mod.rs:1440:21
[INFO] [stdout]    6:     0x59a42f73b503 - std::io::Write::write_fmt::hab1b4cd059a79022
[INFO] [stdout]                                at /rustc/6067b36314ab5eb2eb47cecc464545ba58e1ad24/library/std/src/io/mod.rs:1887:15
[INFO] [stdout]    7:     0x59a42f73e862 - std::sys::backtrace::BacktraceLock::print::h147fe35b4ea13b08
[INFO] [stdout]                                at /rustc/6067b36314ab5eb2eb47cecc464545ba58e1ad24/library/std/src/sys/backtrace.rs:42:9
[INFO] [stdout]    8:     0x59a42f73fe3f - std::panicking::default_hook::{{closure}}::hbd44223dbdc0d208
[INFO] [stdout]                                at /rustc/6067b36314ab5eb2eb47cecc464545ba58e1ad24/library/std/src/panicking.rs:298:22
[INFO] [stdout]    9:     0x59a42f73fc58 - std::panicking::default_hook::h20f81eb0576efcec
[INFO] [stdout]                                at /rustc/6067b36314ab5eb2eb47cecc464545ba58e1ad24/library/std/src/panicking.rs:322:9
[INFO] [stdout]   10:     0x59a42f6e0443 - <alloc::boxed::Box<F,A> as core::ops::function::Fn<Args>>::call::hdb53814c496a4d34
[INFO] [stdout]                                at /rustc/6067b36314ab5eb2eb47cecc464545ba58e1ad24/library/alloc/src/boxed.rs:2027:9
[INFO] [stdout]   11:     0x59a42f6e0443 - test::test_main::{{closure}}::hc0a4963c59427c24
[INFO] [stdout]                                at /rustc/6067b36314ab5eb2eb47cecc464545ba58e1ad24/library/test/src/lib.rs:134:21
[INFO] [stdout]   12:     0x59a42f740933 - <alloc::boxed::Box<F,A> as core::ops::function::Fn<Args>>::call::h591b2225413a77e9
[INFO] [stdout]                                at /rustc/6067b36314ab5eb2eb47cecc464545ba58e1ad24/library/alloc/src/boxed.rs:2027:9
[INFO] [stdout]   13:     0x59a42f740933 - std::panicking::rust_panic_with_hook::h625eea43051b2edc
[INFO] [stdout]                                at /rustc/6067b36314ab5eb2eb47cecc464545ba58e1ad24/library/std/src/panicking.rs:839:13
[INFO] [stdout]   14:     0x59a42f7405ea - std::panicking::begin_panic_handler::{{closure}}::h4f9159cfbc3f6bd3
[INFO] [stdout]                                at /rustc/6067b36314ab5eb2eb47cecc464545ba58e1ad24/library/std/src/panicking.rs:704:13
[INFO] [stdout]   15:     0x59a42f73ef19 - std::sys::backtrace::__rust_end_short_backtrace::h0390abce48353151
[INFO] [stdout]                                at /rustc/6067b36314ab5eb2eb47cecc464545ba58e1ad24/library/std/src/sys/backtrace.rs:168:18
[INFO] [stdout]   16:     0x59a42f74027d - rust_begin_unwind
[INFO] [stdout]                                at /rustc/6067b36314ab5eb2eb47cecc464545ba58e1ad24/library/std/src/panicking.rs:695:5
[INFO] [stdout]   17:     0x59a42f765320 - core::panicking::panic_fmt::h9e7c637e9e5f29c9
[INFO] [stdout]                                at /rustc/6067b36314ab5eb2eb47cecc464545ba58e1ad24/library/core/src/panicking.rs:75:14
[INFO] [stdout]   18:     0x59a42f7657f6 - core::result::unwrap_failed::h7979f09313fe1849
[INFO] [stdout]                                at /rustc/6067b36314ab5eb2eb47cecc464545ba58e1ad24/library/core/src/result.rs:1704:5
[INFO] [stdout]   19:     0x59a42f611a13 - core::result::Result<T,E>::unwrap::h7e2d494789ffcb38
[INFO] [stdout]                                at /rustc/6067b36314ab5eb2eb47cecc464545ba58e1ad24/library/core/src/result.rs:1109:23
[INFO] [stdout]   20:     0x59a42f611a13 - dssim_core::dssim::png_compare::hab57bd9a85dc6746
[INFO] [stdout]                                at /opt/rustwide/workdir/src/dssim.rs:427:17
[INFO] [stdout]   21:     0x59a42f611927 - dssim_core::dssim::png_compare::{{closure}}::h8dff5565371e8299
[INFO] [stdout]                                at /opt/rustwide/workdir/src/dssim.rs:422:17
[INFO] [stdout]   22:     0x59a42f629d86 - core::ops::function::FnOnce::call_once::h7b2cbaca86378fd6
[INFO] [stdout]                                at /rustc/6067b36314ab5eb2eb47cecc464545ba58e1ad24/library/core/src/ops/function.rs:250:5
[INFO] [stdout]   23:     0x59a42f6e5b9b - core::ops::function::FnOnce::call_once::he27718dfdd183f43
[INFO] [stdout]                                at /rustc/6067b36314ab5eb2eb47cecc464545ba58e1ad24/library/core/src/ops/function.rs:250:5
[INFO] [stdout]   24:     0x59a42f6e5b9b - test::__rust_begin_short_backtrace::h4e84902998457a5d
[INFO] [stdout]                                at /rustc/6067b36314ab5eb2eb47cecc464545ba58e1ad24/library/test/src/lib.rs:632:18
[INFO] [stdout]   25:     0x59a42f6e4ad3 - test::run_test_in_process::{{closure}}::h7176fd18fc1feca0
[INFO] [stdout]                                at /rustc/6067b36314ab5eb2eb47cecc464545ba58e1ad24/library/test/src/lib.rs:655:60
[INFO] [stdout]   26:     0x59a42f6e4ad3 - <core::panic::unwind_safe::AssertUnwindSafe<F> as core::ops::function::FnOnce<()>>::call_once::hf79cff2a624d8cf7
[INFO] [stdout]                                at /rustc/6067b36314ab5eb2eb47cecc464545ba58e1ad24/library/core/src/panic/unwind_safe.rs:272:9
[INFO] [stdout]   27:     0x59a42f6e4ad3 - std::panicking::try::do_call::h3da0561d9ab99c25
[INFO] [stdout]                                at /rustc/6067b36314ab5eb2eb47cecc464545ba58e1ad24/library/std/src/panicking.rs:587:40
[INFO] [stdout]   28:     0x59a42f6e4ad3 - std::panicking::try::h41c9fa508bc61df6
[INFO] [stdout]                                at /rustc/6067b36314ab5eb2eb47cecc464545ba58e1ad24/library/std/src/panicking.rs:550:19
[INFO] [stdout]   29:     0x59a42f6e4ad3 - std::panic::catch_unwind::h6b3ff07bb5afad93
[INFO] [stdout]                                at /rustc/6067b36314ab5eb2eb47cecc464545ba58e1ad24/library/std/src/panic.rs:358:14
[INFO] [stdout]   30:     0x59a42f6e4ad3 - test::run_test_in_process::hc7253dd11b39b9f4
[INFO] [stdout]                                at /rustc/6067b36314ab5eb2eb47cecc464545ba58e1ad24/library/test/src/lib.rs:655:27
[INFO] [stdout]   31:     0x59a42f6e4ad3 - test::run_test::{{closure}}::hfb2007f8649c30bb
[INFO] [stdout]                                at /rustc/6067b36314ab5eb2eb47cecc464545ba58e1ad24/library/test/src/lib.rs:576:43
[INFO] [stdout]   32:     0x59a42f6a7bb5 - test::run_test::{{closure}}::h56a17aa7a282a9f4
[INFO] [stdout]                                at /rustc/6067b36314ab5eb2eb47cecc464545ba58e1ad24/library/test/src/lib.rs:606:41
[INFO] [stdout]   33:     0x59a42f6a7bb5 - std::sys::backtrace::__rust_begin_short_backtrace::hd2d2d2fb8e8c6aac
[INFO] [stdout]                                at /rustc/6067b36314ab5eb2eb47cecc464545ba58e1ad24/library/std/src/sys/backtrace.rs:152:18
[INFO] [stdout]   34:     0x59a42f6ab49a - std::thread::Builder::spawn_unchecked_::{{closure}}::{{closure}}::h4faa3f9db6133423
[INFO] [stdout]                                at /rustc/6067b36314ab5eb2eb47cecc464545ba58e1ad24/library/std/src/thread/mod.rs:559:17
[INFO] [stdout]   35:     0x59a42f6ab49a - <core::panic::unwind_safe::AssertUnwindSafe<F> as core::ops::function::FnOnce<()>>::call_once::hf2e855a36a4ea846
[INFO] [stdout]                                at /rustc/6067b36314ab5eb2eb47cecc464545ba58e1ad24/library/core/src/panic/unwind_safe.rs:272:9
[INFO] [stdout]   36:     0x59a42f6ab49a - std::panicking::try::do_call::h2f73af3616c35465
[INFO] [stdout]                                at /rustc/6067b36314ab5eb2eb47cecc464545ba58e1ad24/library/std/src/panicking.rs:587:40
[INFO] [stdout]   37:     0x59a42f6ab49a - std::panicking::try::hd1660ce9efadef5a
[INFO] [stdout]                                at /rustc/6067b36314ab5eb2eb47cecc464545ba58e1ad24/library/std/src/panicking.rs:550:19
[INFO] [stdout]   38:     0x59a42f6ab49a - std::panic::catch_unwind::h5ee8d7823b8ca744
[INFO] [stdout]                                at /rustc/6067b36314ab5eb2eb47cecc464545ba58e1ad24/library/std/src/panic.rs:358:14
[INFO] [stdout]   39:     0x59a42f6ab49a - std::thread::Builder::spawn_unchecked_::{{closure}}::h53c3a1894dce8407
[INFO] [stdout]                                at /rustc/6067b36314ab5eb2eb47cecc464545ba58e1ad24/library/std/src/thread/mod.rs:557:30
[INFO] [stdout]   40:     0x59a42f6ab49a - core::ops::function::FnOnce::call_once{{vtable.shim}}::h048ce291ad4f62bf
[INFO] [stdout]                                at /rustc/6067b36314ab5eb2eb47cecc464545ba58e1ad24/library/core/src/ops/function.rs:250:5
[INFO] [stdout]   41:     0x59a42f74496b - <alloc::boxed::Box<F,A> as core::ops::function::FnOnce<Args>>::call_once::ha52bedf99a3b4981
[INFO] [stdout]                                at /rustc/6067b36314ab5eb2eb47cecc464545ba58e1ad24/library/alloc/src/boxed.rs:2013:9
[INFO] [stdout]   42:     0x59a42f74496b - <alloc::boxed::Box<F,A> as core::ops::function::FnOnce<Args>>::call_once::h567748934d80ccf8
[INFO] [stdout]                                at /rustc/6067b36314ab5eb2eb47cecc464545ba58e1ad24/library/alloc/src/boxed.rs:2013:9
[INFO] [stdout]   43:     0x59a42f74496b - std::sys::pal::unix::thread::Thread::new::thread_start::h2d970728ae887adc
[INFO] [stdout]                                at /rustc/6067b36314ab5eb2eb47cecc464545ba58e1ad24/library/std/src/sys/pal/unix/thread.rs:106:17
[INFO] [stdout]   44:     0x723e88fc9ac3 - <unknown>
[INFO] [stdout]   45:     0x723e8905aa04 - clone
[INFO] [stdout]   46:                0x0 - <unknown>
[INFO] [stdout] 
[INFO] [stdout] 
[INFO] [stdout] failures:
[INFO] [stdout]     dssim::png_compare
[INFO] [stdout] 
[INFO] [stdout] test result: FAILED. 6 passed; 1 failed; 0 ignored; 0 measured; 0 filtered out; finished in 0.05s
[INFO] [stdout] 
[INFO] [stderr] error: test failed, to rerun pass `--lib`
[INFO] running `Command { std: "docker" "inspect" "d56923c8ff325bb134d617b2a266c33eb277e9b8ee5a29fcc61b4b5655eb57d9", kill_on_drop: false }`
[INFO] running `Command { std: "docker" "rm" "-f" "d56923c8ff325bb134d617b2a266c33eb277e9b8ee5a29fcc61b4b5655eb57d9", kill_on_drop: false }`
[INFO] [stdout] d56923c8ff325bb134d617b2a266c33eb277e9b8ee5a29fcc61b4b5655eb57d9
