[INFO] fetching crate ds-rom 0.4.2...
[INFO] testing ds-rom-0.4.2 against nightly-2025-01-18 for randomize-layout-2
[INFO] extracting crate ds-rom 0.4.2 into /workspace/builds/worker-6-tc1/source
[INFO] validating manifest of crates.io crate ds-rom 0.4.2 on toolchain nightly-2025-01-18
[INFO] running `Command { std: CARGO_HOME="/workspace/cargo-home" RUSTUP_HOME="/workspace/rustup-home" "/workspace/cargo-home/bin/cargo" "+nightly-2025-01-18" "metadata" "--manifest-path" "Cargo.toml" "--no-deps", kill_on_drop: false }`
[INFO] started tweaking crates.io crate ds-rom 0.4.2
[INFO] removed 0 missing tests
[INFO] finished tweaking crates.io crate ds-rom 0.4.2
[INFO] tweaked toml for crates.io crate ds-rom 0.4.2 written to /workspace/builds/worker-6-tc1/source/Cargo.toml
[INFO] running `Command { std: CARGO_HOME="/workspace/cargo-home" RUSTUP_HOME="/workspace/rustup-home" "/workspace/cargo-home/bin/cargo" "+nightly-2025-01-18" "generate-lockfile" "--manifest-path" "Cargo.toml", kill_on_drop: false }`
[INFO] [stderr]     Updating crates.io index
[INFO] [stderr]      Locking 81 packages to latest compatible versions
[INFO] [stderr]       Adding bitfield-struct v0.8.0 (available: v0.10.0)
[INFO] [stderr]       Adding serde_yml v0.0.10 (available: v0.0.12)
[INFO] running `Command { std: CARGO_HOME="/workspace/cargo-home" RUSTUP_HOME="/workspace/rustup-home" "/workspace/cargo-home/bin/cargo" "+nightly-2025-01-18" "fetch" "--manifest-path" "Cargo.toml", kill_on_drop: false }`
[INFO] [stderr]  Downloading crates ...
[INFO] [stderr]   Downloaded snafu-derive v0.8.5
[INFO] [stderr]   Downloaded rust-bitwriter v0.0.1
[INFO] [stderr]   Downloaded snafu v0.8.5
[INFO] [stderr]   Downloaded bitfield-struct v0.8.0
[INFO] [stderr]   Downloaded bitreader v0.3.11
[INFO] [stderr]   Downloaded libyml v0.0.3
[INFO] [stderr]   Downloaded serde_yml v0.0.10
[INFO] running `Command { std: "docker" "create" "-v" "/var/lib/crater-agent-workspace/builds/worker-6-tc1/target:/opt/rustwide/target:rw,Z" "-v" "/var/lib/crater-agent-workspace/builds/worker-6-tc1/source:/opt/rustwide/workdir:ro,Z" "-v" "/var/lib/crater-agent-workspace/cargo-home:/opt/rustwide/cargo-home:ro,Z" "-v" "/var/lib/crater-agent-workspace/rustup-home:/opt/rustwide/rustup-home:ro,Z" "-e" "SOURCE_DIR=/opt/rustwide/workdir" "-e" "CARGO_TARGET_DIR=/opt/rustwide/target" "-e" "CARGO_HOME=/opt/rustwide/cargo-home" "-e" "RUSTUP_HOME=/opt/rustwide/rustup-home" "-w" "/opt/rustwide/workdir" "-m" "1610612736" "--user" "0:0" "--network" "none" "ghcr.io/rust-lang/crates-build-env/linux@sha256:819108c5571ea2e421544af4d832f968d213c87fbe3707a016657f43d2f853bc" "/opt/rustwide/cargo-home/bin/cargo" "+nightly-2025-01-18" "metadata" "--no-deps" "--format-version=1", kill_on_drop: false }`
[INFO] [stdout] 0c605b01785fb9a73e61c73e643de4706f0c59482d205f10143a2ba52f26dc71
[INFO] running `Command { std: "docker" "start" "-a" "0c605b01785fb9a73e61c73e643de4706f0c59482d205f10143a2ba52f26dc71", kill_on_drop: false }`
[INFO] running `Command { std: "docker" "inspect" "0c605b01785fb9a73e61c73e643de4706f0c59482d205f10143a2ba52f26dc71", kill_on_drop: false }`
[INFO] running `Command { std: "docker" "rm" "-f" "0c605b01785fb9a73e61c73e643de4706f0c59482d205f10143a2ba52f26dc71", kill_on_drop: false }`
[INFO] [stdout] 0c605b01785fb9a73e61c73e643de4706f0c59482d205f10143a2ba52f26dc71
[INFO] running `Command { std: "docker" "create" "-v" "/var/lib/crater-agent-workspace/builds/worker-6-tc1/target:/opt/rustwide/target:rw,Z" "-v" "/var/lib/crater-agent-workspace/builds/worker-6-tc1/source:/opt/rustwide/workdir:ro,Z" "-v" "/var/lib/crater-agent-workspace/cargo-home:/opt/rustwide/cargo-home:ro,Z" "-v" "/var/lib/crater-agent-workspace/rustup-home:/opt/rustwide/rustup-home:ro,Z" "-e" "SOURCE_DIR=/opt/rustwide/workdir" "-e" "CARGO_TARGET_DIR=/opt/rustwide/target" "-e" "CARGO_INCREMENTAL=0" "-e" "RUST_BACKTRACE=full" "-e" "RUSTFLAGS=--cap-lints=forbid" "-e" "RUSTDOCFLAGS=--cap-lints=forbid" "-e" "CARGO_HOME=/opt/rustwide/cargo-home" "-e" "RUSTUP_HOME=/opt/rustwide/rustup-home" "-w" "/opt/rustwide/workdir" "-m" "1610612736" "--user" "0:0" "--network" "none" "ghcr.io/rust-lang/crates-build-env/linux@sha256:819108c5571ea2e421544af4d832f968d213c87fbe3707a016657f43d2f853bc" "/opt/rustwide/cargo-home/bin/cargo" "+nightly-2025-01-18" "build" "--frozen" "--message-format=json", kill_on_drop: false }`
[INFO] [stdout] 9928596aa5eaa62517c540878c159bd3e107d941fbf0e9bdb1fda4d895e1e747
[INFO] running `Command { std: "docker" "start" "-a" "9928596aa5eaa62517c540878c159bd3e107d941fbf0e9bdb1fda4d895e1e747", kill_on_drop: false }`
[INFO] [stderr]    Compiling simd-adler32 v0.3.7
[INFO] [stderr]    Compiling adler2 v2.0.0
[INFO] [stderr]    Compiling memchr v2.7.4
[INFO] [stderr]    Compiling rustix v0.38.43
[INFO] [stderr]    Compiling object v0.36.7
[INFO] [stderr]    Compiling gimli v0.31.1
[INFO] [stderr]    Compiling bitflags v2.8.0
[INFO] [stderr]    Compiling linux-raw-sys v0.4.15
[INFO] [stderr]    Compiling equivalent v1.0.1
[INFO] [stderr]    Compiling crc32fast v1.4.2
[INFO] [stderr]    Compiling num-traits v0.2.19
[INFO] [stderr]    Compiling bitflags v1.3.2
[INFO] [stderr]    Compiling rustc-demangle v0.1.24
[INFO] [stderr]    Compiling syn v2.0.96
[INFO] [stderr]    Compiling getrandom v0.2.15
[INFO] [stderr]    Compiling fastrand v2.3.0
[INFO] [stderr]    Compiling serde_yml v0.0.10
[INFO] [stderr]    Compiling hashbrown v0.15.2
[INFO] [stderr]    Compiling byteorder-lite v0.1.0
[INFO] [stderr]    Compiling libyml v0.0.3
[INFO] [stderr]    Compiling crc-catalog v2.4.0
[INFO] [stderr]    Compiling log v0.4.25
[INFO] [stderr]    Compiling miniz_oxide v0.8.3
[INFO] [stderr]    Compiling fdeflate v0.3.7
[INFO] [stderr]    Compiling indexmap v2.7.1
[INFO] [stderr]    Compiling crc v3.2.1
[INFO] [stderr]    Compiling encoding_rs v0.8.35
[INFO] [stderr]    Compiling rust-bitwriter v0.0.1
[INFO] [stderr]    Compiling bitreader v0.3.11
[INFO] [stderr]    Compiling flate2 v1.0.35
[INFO] [stderr]    Compiling png v0.17.16
[INFO] [stderr]    Compiling addr2line v0.24.2
[INFO] [stderr]    Compiling tempfile v3.15.0
[INFO] [stderr]    Compiling serde_derive v1.0.217
[INFO] [stderr]    Compiling bytemuck_derive v1.8.1
[INFO] [stderr]    Compiling snafu-derive v0.8.5
[INFO] [stderr]    Compiling bitfield-struct v0.8.0
[INFO] [stderr]    Compiling backtrace v0.3.74
[INFO] [stderr]    Compiling bytemuck v1.21.0
[INFO] [stderr]    Compiling image v0.25.5
[INFO] [stderr]    Compiling snafu v0.8.5
[INFO] [stderr]    Compiling serde v1.0.217
[INFO] [stderr]    Compiling serde_json v1.0.137
[INFO] [stderr]    Compiling ds-rom v0.4.2 (/opt/rustwide/workdir)
[INFO] [stdout] warning: use of deprecated type alias `image::io::Reader`: this type has been moved and renamed to image::ImageReader
[INFO] [stdout]  --> src/rom/banner.rs:6:17
[INFO] [stdout]   |
[INFO] [stdout] 6 | use image::{io::Reader, GenericImageView, ImageError, Rgb, RgbImage};
[INFO] [stdout]   |                 ^^^^^^
[INFO] [stdout]   |
[INFO] [stdout]   = note: `#[warn(deprecated)]` on by default
[INFO] [stdout] 
[INFO] [stdout] 
[INFO] [stdout] warning: use of deprecated type alias `image::io::Reader`: this type has been moved and renamed to image::ImageReader
[INFO] [stdout]    --> src/rom/banner.rs:225:28
[INFO] [stdout]     |
[INFO] [stdout] 225 |         let bitmap_image = Reader::open(path.join(&self.bitmap_path))?.decode()?;
[INFO] [stdout]     |                            ^^^^^^
[INFO] [stdout] 
[INFO] [stdout] 
[INFO] [stdout] warning: use of deprecated type alias `image::io::Reader`: this type has been moved and renamed to image::ImageReader
[INFO] [stdout]    --> src/rom/banner.rs:234:29
[INFO] [stdout]     |
[INFO] [stdout] 234 |         let palette_image = Reader::open(path.join(&self.palette_path))?.decode()?;
[INFO] [stdout]     |                             ^^^^^^
[INFO] [stdout] 
[INFO] [stdout] 
[INFO] [stdout] warning: use of deprecated type alias `image::io::Reader`: this type has been moved and renamed to image::ImageReader
[INFO] [stdout]  --> src/rom/logo.rs:3:17
[INFO] [stdout]   |
[INFO] [stdout] 3 | use image::{io::Reader, GenericImageView, GrayImage, ImageError, Luma};
[INFO] [stdout]   |                 ^^^^^^
[INFO] [stdout] 
[INFO] [stdout] 
[INFO] [stdout] warning: use of deprecated type alias `image::io::Reader`: this type has been moved and renamed to image::ImageReader
[INFO] [stdout]    --> src/rom/logo.rs:178:21
[INFO] [stdout]     |
[INFO] [stdout] 178 |         let image = Reader::open(path)?.decode()?;
[INFO] [stdout]     |                     ^^^^^^
[INFO] [stdout] 
[INFO] [stdout] 
[INFO] [stderr]     Finished `dev` profile [unoptimized + debuginfo] target(s) in 24.13s
[INFO] running `Command { std: "docker" "inspect" "9928596aa5eaa62517c540878c159bd3e107d941fbf0e9bdb1fda4d895e1e747", kill_on_drop: false }`
[INFO] running `Command { std: "docker" "rm" "-f" "9928596aa5eaa62517c540878c159bd3e107d941fbf0e9bdb1fda4d895e1e747", kill_on_drop: false }`
[INFO] [stdout] 9928596aa5eaa62517c540878c159bd3e107d941fbf0e9bdb1fda4d895e1e747
[INFO] running `Command { std: "docker" "create" "-v" "/var/lib/crater-agent-workspace/builds/worker-6-tc1/target:/opt/rustwide/target:rw,Z" "-v" "/var/lib/crater-agent-workspace/builds/worker-6-tc1/source:/opt/rustwide/workdir:ro,Z" "-v" "/var/lib/crater-agent-workspace/cargo-home:/opt/rustwide/cargo-home:ro,Z" "-v" "/var/lib/crater-agent-workspace/rustup-home:/opt/rustwide/rustup-home:ro,Z" "-e" "SOURCE_DIR=/opt/rustwide/workdir" "-e" "CARGO_TARGET_DIR=/opt/rustwide/target" "-e" "CARGO_INCREMENTAL=0" "-e" "RUST_BACKTRACE=full" "-e" "RUSTFLAGS=--cap-lints=forbid" "-e" "RUSTDOCFLAGS=--cap-lints=forbid" "-e" "CARGO_HOME=/opt/rustwide/cargo-home" "-e" "RUSTUP_HOME=/opt/rustwide/rustup-home" "-w" "/opt/rustwide/workdir" "-m" "1610612736" "--user" "0:0" "--network" "none" "ghcr.io/rust-lang/crates-build-env/linux@sha256:819108c5571ea2e421544af4d832f968d213c87fbe3707a016657f43d2f853bc" "/opt/rustwide/cargo-home/bin/cargo" "+nightly-2025-01-18" "test" "--frozen" "--no-run" "--message-format=json", kill_on_drop: false }`
[INFO] [stdout] 3503c6788d1ac1064ea15dbfe5ccc39f3eac04983b2cb02c80e117eccfa4959f
[INFO] running `Command { std: "docker" "start" "-a" "3503c6788d1ac1064ea15dbfe5ccc39f3eac04983b2cb02c80e117eccfa4959f", kill_on_drop: false }`
[INFO] [stderr]    Compiling aho-corasick v1.1.3
[INFO] [stderr]    Compiling regex-syntax v0.8.5
[INFO] [stderr]    Compiling anyhow v1.0.95
[INFO] [stderr]    Compiling anstream v0.6.18
[INFO] [stderr]    Compiling humantime v2.1.0
[INFO] [stdout] warning: use of deprecated type alias `image::io::Reader`: this type has been moved and renamed to image::ImageReader
[INFO] [stdout]  --> src/rom/banner.rs:6:17
[INFO] [stdout]   |
[INFO] [stdout] 6 | use image::{io::Reader, GenericImageView, ImageError, Rgb, RgbImage};
[INFO] [stdout]   |                 ^^^^^^
[INFO] [stdout]   |
[INFO] [stdout]   = note: `#[warn(deprecated)]` on by default
[INFO] [stdout] 
[INFO] [stdout] 
[INFO] [stdout] warning: use of deprecated type alias `image::io::Reader`: this type has been moved and renamed to image::ImageReader
[INFO] [stdout]    --> src/rom/banner.rs:225:28
[INFO] [stdout]     |
[INFO] [stdout] 225 |         let bitmap_image = Reader::open(path.join(&self.bitmap_path))?.decode()?;
[INFO] [stdout]     |                            ^^^^^^
[INFO] [stdout] 
[INFO] [stdout] 
[INFO] [stdout] warning: use of deprecated type alias `image::io::Reader`: this type has been moved and renamed to image::ImageReader
[INFO] [stdout]    --> src/rom/banner.rs:234:29
[INFO] [stdout]     |
[INFO] [stdout] 234 |         let palette_image = Reader::open(path.join(&self.palette_path))?.decode()?;
[INFO] [stdout]     |                             ^^^^^^
[INFO] [stdout] 
[INFO] [stdout] 
[INFO] [stdout] warning: use of deprecated type alias `image::io::Reader`: this type has been moved and renamed to image::ImageReader
[INFO] [stdout]  --> src/rom/logo.rs:3:17
[INFO] [stdout]   |
[INFO] [stdout] 3 | use image::{io::Reader, GenericImageView, GrayImage, ImageError, Luma};
[INFO] [stdout]   |                 ^^^^^^
[INFO] [stdout] 
[INFO] [stdout] 
[INFO] [stdout] warning: use of deprecated type alias `image::io::Reader`: this type has been moved and renamed to image::ImageReader
[INFO] [stdout]    --> src/rom/logo.rs:178:21
[INFO] [stdout]     |
[INFO] [stdout] 178 |         let image = Reader::open(path)?.decode()?;
[INFO] [stdout]     |                     ^^^^^^
[INFO] [stdout] 
[INFO] [stdout] 
[INFO] [stderr]    Compiling regex-automata v0.4.9
[INFO] [stderr]    Compiling regex v1.11.1
[INFO] [stderr]    Compiling env_filter v0.1.3
[INFO] [stderr]    Compiling env_logger v0.11.6
[INFO] [stderr]    Compiling ds-rom v0.4.2 (/opt/rustwide/workdir)
[INFO] [stdout] warning: use of deprecated type alias `image::io::Reader`: this type has been moved and renamed to image::ImageReader
[INFO] [stdout]  --> src/rom/banner.rs:6:17
[INFO] [stdout]   |
[INFO] [stdout] 6 | use image::{io::Reader, GenericImageView, ImageError, Rgb, RgbImage};
[INFO] [stdout]   |                 ^^^^^^
[INFO] [stdout]   |
[INFO] [stdout]   = note: `#[warn(deprecated)]` on by default
[INFO] [stdout] 
[INFO] [stdout] 
[INFO] [stdout] warning: use of deprecated type alias `image::io::Reader`: this type has been moved and renamed to image::ImageReader
[INFO] [stdout]    --> src/rom/banner.rs:225:28
[INFO] [stdout]     |
[INFO] [stdout] 225 |         let bitmap_image = Reader::open(path.join(&self.bitmap_path))?.decode()?;
[INFO] [stdout]     |                            ^^^^^^
[INFO] [stdout] 
[INFO] [stdout] 
[INFO] [stdout] warning: use of deprecated type alias `image::io::Reader`: this type has been moved and renamed to image::ImageReader
[INFO] [stdout]    --> src/rom/banner.rs:234:29
[INFO] [stdout]     |
[INFO] [stdout] 234 |         let palette_image = Reader::open(path.join(&self.palette_path))?.decode()?;
[INFO] [stdout]     |                             ^^^^^^
[INFO] [stdout] 
[INFO] [stdout] 
[INFO] [stdout] warning: use of deprecated type alias `image::io::Reader`: this type has been moved and renamed to image::ImageReader
[INFO] [stdout]  --> src/rom/logo.rs:3:17
[INFO] [stdout]   |
[INFO] [stdout] 3 | use image::{io::Reader, GenericImageView, GrayImage, ImageError, Luma};
[INFO] [stdout]   |                 ^^^^^^
[INFO] [stdout] 
[INFO] [stdout] 
[INFO] [stdout] warning: use of deprecated type alias `image::io::Reader`: this type has been moved and renamed to image::ImageReader
[INFO] [stdout]    --> src/rom/logo.rs:178:21
[INFO] [stdout]     |
[INFO] [stdout] 178 |         let image = Reader::open(path)?.decode()?;
[INFO] [stdout]     |                     ^^^^^^
[INFO] [stdout] 
[INFO] [stdout] 
[INFO] [stderr]     Finished `test` profile [unoptimized + debuginfo] target(s) in 9.64s
[INFO] running `Command { std: "docker" "inspect" "3503c6788d1ac1064ea15dbfe5ccc39f3eac04983b2cb02c80e117eccfa4959f", kill_on_drop: false }`
[INFO] running `Command { std: "docker" "rm" "-f" "3503c6788d1ac1064ea15dbfe5ccc39f3eac04983b2cb02c80e117eccfa4959f", kill_on_drop: false }`
[INFO] [stdout] 3503c6788d1ac1064ea15dbfe5ccc39f3eac04983b2cb02c80e117eccfa4959f
[INFO] running `Command { std: "docker" "create" "-v" "/var/lib/crater-agent-workspace/builds/worker-6-tc1/target:/opt/rustwide/target:rw,Z" "-v" "/var/lib/crater-agent-workspace/builds/worker-6-tc1/source:/opt/rustwide/workdir:ro,Z" "-v" "/var/lib/crater-agent-workspace/cargo-home:/opt/rustwide/cargo-home:ro,Z" "-v" "/var/lib/crater-agent-workspace/rustup-home:/opt/rustwide/rustup-home:ro,Z" "-e" "SOURCE_DIR=/opt/rustwide/workdir" "-e" "CARGO_TARGET_DIR=/opt/rustwide/target" "-e" "CARGO_INCREMENTAL=0" "-e" "RUST_BACKTRACE=full" "-e" "RUSTFLAGS=--cap-lints=forbid" "-e" "RUSTDOCFLAGS=--cap-lints=forbid" "-e" "CARGO_HOME=/opt/rustwide/cargo-home" "-e" "RUSTUP_HOME=/opt/rustwide/rustup-home" "-w" "/opt/rustwide/workdir" "-m" "1610612736" "--user" "0:0" "--network" "none" "ghcr.io/rust-lang/crates-build-env/linux@sha256:819108c5571ea2e421544af4d832f968d213c87fbe3707a016657f43d2f853bc" "/opt/rustwide/cargo-home/bin/cargo" "+nightly-2025-01-18" "test" "--frozen", kill_on_drop: false }`
[INFO] [stdout] 18735e40336a1f89b7f8cb1ead15397b6fdb5020e276d527acf03058db36fe3b
[INFO] running `Command { std: "docker" "start" "-a" "18735e40336a1f89b7f8cb1ead15397b6fdb5020e276d527acf03058db36fe3b", kill_on_drop: false }`
[INFO] [stderr] warning: use of deprecated type alias `image::io::Reader`: this type has been moved and renamed to image::ImageReader
[INFO] [stderr]  --> src/rom/banner.rs:6:17
[INFO] [stderr]   |
[INFO] [stderr] 6 | use image::{io::Reader, GenericImageView, ImageError, Rgb, RgbImage};
[INFO] [stderr]   |                 ^^^^^^
[INFO] [stderr]   |
[INFO] [stderr]   = note: `#[warn(deprecated)]` on by default
[INFO] [stderr] 
[INFO] [stderr] warning: use of deprecated type alias `image::io::Reader`: this type has been moved and renamed to image::ImageReader
[INFO] [stderr]    --> src/rom/banner.rs:225:28
[INFO] [stderr]     |
[INFO] [stderr] 225 |         let bitmap_image = Reader::open(path.join(&self.bitmap_path))?.decode()?;
[INFO] [stderr]     |                            ^^^^^^
[INFO] [stderr] 
[INFO] [stderr] warning: use of deprecated type alias `image::io::Reader`: this type has been moved and renamed to image::ImageReader
[INFO] [stderr]    --> src/rom/banner.rs:234:29
[INFO] [stderr]     |
[INFO] [stderr] 234 |         let palette_image = Reader::open(path.join(&self.palette_path))?.decode()?;
[INFO] [stderr]     |                             ^^^^^^
[INFO] [stderr] 
[INFO] [stderr] warning: use of deprecated type alias `image::io::Reader`: this type has been moved and renamed to image::ImageReader
[INFO] [stderr]  --> src/rom/logo.rs:3:17
[INFO] [stderr]   |
[INFO] [stderr] 3 | use image::{io::Reader, GenericImageView, GrayImage, ImageError, Luma};
[INFO] [stderr]   |                 ^^^^^^
[INFO] [stderr] 
[INFO] [stderr] warning: use of deprecated type alias `image::io::Reader`: this type has been moved and renamed to image::ImageReader
[INFO] [stderr]    --> src/rom/logo.rs:178:21
[INFO] [stderr]     |
[INFO] [stderr] 178 |         let image = Reader::open(path)?.decode()?;
[INFO] [stderr]     |                     ^^^^^^
[INFO] [stderr] 
[INFO] [stderr] warning: `ds-rom` (lib) generated 5 warnings
[INFO] [stderr] warning: `ds-rom` (lib test) generated 5 warnings (5 duplicates)
[INFO] [stderr]     Finished `test` profile [unoptimized + debuginfo] target(s) in 0.13s
[INFO] [stderr]      Running unittests src/lib.rs (/opt/rustwide/target/debug/deps/ds_rom-c156a0f478be201e)
[INFO] [stdout] 
[INFO] [stdout] running 0 tests
[INFO] [stderr]      Running tests/test_extract_build.rs (/opt/rustwide/target/debug/deps/test_extract_build-78e922dfc1a20372)
[INFO] [stdout] 
[INFO] [stdout] test result: ok. 0 passed; 0 failed; 0 ignored; 0 measured; 0 filtered out; finished in 0.00s
[INFO] [stdout] 
[INFO] [stdout] 
[INFO] [stdout] running 1 test
[INFO] [stdout] test test_extract_build ... FAILED
[INFO] [stdout] 
[INFO] [stdout] failures:
[INFO] [stdout] 
[INFO] [stdout] ---- test_extract_build stdout ----
[INFO] [stdout] 
[INFO] [stdout] thread 'test_extract_build' panicked at tests/test_extract_build.rs:17:5:
[INFO] [stdout] assertion failed: arm7_bios.exists()
[INFO] [stdout] stack backtrace:
[INFO] [stdout]    0:     0x580008ff515a - std::backtrace_rs::backtrace::libunwind::trace::hb059275cfc8d6126
[INFO] [stdout]                                at /rustc/6067b36314ab5eb2eb47cecc464545ba58e1ad24/library/std/src/../../backtrace/src/backtrace/libunwind.rs:116:5
[INFO] [stdout]    1:     0x580008ff515a - std::backtrace_rs::backtrace::trace_unsynchronized::h2da071e4327ce3ee
[INFO] [stdout]                                at /rustc/6067b36314ab5eb2eb47cecc464545ba58e1ad24/library/std/src/../../backtrace/src/backtrace/mod.rs:66:5
[INFO] [stdout]    2:     0x580008ff515a - std::sys::backtrace::_print_fmt::h842a1474e6f8d23f
[INFO] [stdout]                                at /rustc/6067b36314ab5eb2eb47cecc464545ba58e1ad24/library/std/src/sys/backtrace.rs:66:9
[INFO] [stdout]    3:     0x580008ff515a - <std::sys::backtrace::BacktraceLock::print::DisplayBacktrace as core::fmt::Display>::fmt::h71a62eb3b9696b12
[INFO] [stdout]                                at /rustc/6067b36314ab5eb2eb47cecc464545ba58e1ad24/library/std/src/sys/backtrace.rs:39:26
[INFO] [stdout]    4:     0x580009020eb3 - core::fmt::rt::Argument::fmt::hdb6b616786b41dc1
[INFO] [stdout]                                at /rustc/6067b36314ab5eb2eb47cecc464545ba58e1ad24/library/core/src/fmt/rt.rs:177:76
[INFO] [stdout]    5:     0x580009020eb3 - core::fmt::write::h2cc1698af7e2d686
[INFO] [stdout]                                at /rustc/6067b36314ab5eb2eb47cecc464545ba58e1ad24/library/core/src/fmt/mod.rs:1440:21
[INFO] [stdout]    6:     0x580008ff13f3 - std::io::Write::write_fmt::hab1b4cd059a79022
[INFO] [stdout]                                at /rustc/6067b36314ab5eb2eb47cecc464545ba58e1ad24/library/std/src/io/mod.rs:1887:15
[INFO] [stdout]    7:     0x580008ff4fa2 - std::sys::backtrace::BacktraceLock::print::h147fe35b4ea13b08
[INFO] [stdout]                                at /rustc/6067b36314ab5eb2eb47cecc464545ba58e1ad24/library/std/src/sys/backtrace.rs:42:9
[INFO] [stdout]    8:     0x580008ff657f - std::panicking::default_hook::{{closure}}::hbd44223dbdc0d208
[INFO] [stdout]                                at /rustc/6067b36314ab5eb2eb47cecc464545ba58e1ad24/library/std/src/panicking.rs:298:22
[INFO] [stdout]    9:     0x580008ff6398 - std::panicking::default_hook::h20f81eb0576efcec
[INFO] [stdout]                                at /rustc/6067b36314ab5eb2eb47cecc464545ba58e1ad24/library/std/src/panicking.rs:322:9
[INFO] [stdout]   10:     0x580008da4913 - <alloc::boxed::Box<F,A> as core::ops::function::Fn<Args>>::call::hdb53814c496a4d34
[INFO] [stdout]                                at /rustc/6067b36314ab5eb2eb47cecc464545ba58e1ad24/library/alloc/src/boxed.rs:2027:9
[INFO] [stdout]   11:     0x580008da4913 - test::test_main::{{closure}}::hc0a4963c59427c24
[INFO] [stdout]                                at /rustc/6067b36314ab5eb2eb47cecc464545ba58e1ad24/library/test/src/lib.rs:134:21
[INFO] [stdout]   12:     0x580008ff7073 - <alloc::boxed::Box<F,A> as core::ops::function::Fn<Args>>::call::h591b2225413a77e9
[INFO] [stdout]                                at /rustc/6067b36314ab5eb2eb47cecc464545ba58e1ad24/library/alloc/src/boxed.rs:2027:9
[INFO] [stdout]   13:     0x580008ff7073 - std::panicking::rust_panic_with_hook::h625eea43051b2edc
[INFO] [stdout]                                at /rustc/6067b36314ab5eb2eb47cecc464545ba58e1ad24/library/std/src/panicking.rs:839:13
[INFO] [stdout]   14:     0x580008ff6cf6 - std::panicking::begin_panic_handler::{{closure}}::h4f9159cfbc3f6bd3
[INFO] [stdout]                                at /rustc/6067b36314ab5eb2eb47cecc464545ba58e1ad24/library/std/src/panicking.rs:697:13
[INFO] [stdout]   15:     0x580008ff5659 - std::sys::backtrace::__rust_end_short_backtrace::h0390abce48353151
[INFO] [stdout]                                at /rustc/6067b36314ab5eb2eb47cecc464545ba58e1ad24/library/std/src/sys/backtrace.rs:168:18
[INFO] [stdout]   16:     0x580008ff69bd - rust_begin_unwind
[INFO] [stdout]                                at /rustc/6067b36314ab5eb2eb47cecc464545ba58e1ad24/library/std/src/panicking.rs:695:5
[INFO] [stdout]   17:     0x58000901e4f0 - core::panicking::panic_fmt::h9e7c637e9e5f29c9
[INFO] [stdout]                                at /rustc/6067b36314ab5eb2eb47cecc464545ba58e1ad24/library/core/src/panicking.rs:75:14
[INFO] [stdout]   18:     0x58000901e57c - core::panicking::panic::haa3255ea20181a33
[INFO] [stdout]                                at /rustc/6067b36314ab5eb2eb47cecc464545ba58e1ad24/library/core/src/panicking.rs:145:5
[INFO] [stdout]   19:     0x580008ae8946 - test_extract_build::test_extract_build::h667a26c3a0543065
[INFO] [stdout]                                at /opt/rustwide/workdir/tests/test_extract_build.rs:17:5
[INFO] [stdout]   20:     0x580008ae8627 - test_extract_build::test_extract_build::{{closure}}::ha64f08024954e8a0
[INFO] [stdout]                                at /opt/rustwide/workdir/tests/test_extract_build.rs:11:28
[INFO] [stdout]   21:     0x580008abd8e6 - core::ops::function::FnOnce::call_once::h6df429dca8bd1bb9
[INFO] [stdout]                                at /rustc/6067b36314ab5eb2eb47cecc464545ba58e1ad24/library/core/src/ops/function.rs:250:5
[INFO] [stdout]   22:     0x580008daa06b - core::ops::function::FnOnce::call_once::he27718dfdd183f43
[INFO] [stdout]                                at /rustc/6067b36314ab5eb2eb47cecc464545ba58e1ad24/library/core/src/ops/function.rs:250:5
[INFO] [stdout]   23:     0x580008daa06b - test::__rust_begin_short_backtrace::h4e84902998457a5d
[INFO] [stdout]                                at /rustc/6067b36314ab5eb2eb47cecc464545ba58e1ad24/library/test/src/lib.rs:632:18
[INFO] [stdout]   24:     0x580008da8fa3 - test::run_test_in_process::{{closure}}::h7176fd18fc1feca0
[INFO] [stdout]                                at /rustc/6067b36314ab5eb2eb47cecc464545ba58e1ad24/library/test/src/lib.rs:655:60
[INFO] [stdout]   25:     0x580008da8fa3 - <core::panic::unwind_safe::AssertUnwindSafe<F> as core::ops::function::FnOnce<()>>::call_once::hf79cff2a624d8cf7
[INFO] [stdout]                                at /rustc/6067b36314ab5eb2eb47cecc464545ba58e1ad24/library/core/src/panic/unwind_safe.rs:272:9
[INFO] [stdout]   26:     0x580008da8fa3 - std::panicking::try::do_call::h3da0561d9ab99c25
[INFO] [stdout]                                at /rustc/6067b36314ab5eb2eb47cecc464545ba58e1ad24/library/std/src/panicking.rs:587:40
[INFO] [stdout]   27:     0x580008da8fa3 - std::panicking::try::h41c9fa508bc61df6
[INFO] [stdout]                                at /rustc/6067b36314ab5eb2eb47cecc464545ba58e1ad24/library/std/src/panicking.rs:550:19
[INFO] [stdout]   28:     0x580008da8fa3 - std::panic::catch_unwind::h6b3ff07bb5afad93
[INFO] [stdout]                                at /rustc/6067b36314ab5eb2eb47cecc464545ba58e1ad24/library/std/src/panic.rs:358:14
[INFO] [stdout]   29:     0x580008da8fa3 - test::run_test_in_process::hc7253dd11b39b9f4
[INFO] [stdout]                                at /rustc/6067b36314ab5eb2eb47cecc464545ba58e1ad24/library/test/src/lib.rs:655:27
[INFO] [stdout]   30:     0x580008da8fa3 - test::run_test::{{closure}}::hfb2007f8649c30bb
[INFO] [stdout]                                at /rustc/6067b36314ab5eb2eb47cecc464545ba58e1ad24/library/test/src/lib.rs:576:43
[INFO] [stdout]   31:     0x580008d6c085 - test::run_test::{{closure}}::h56a17aa7a282a9f4
[INFO] [stdout]                                at /rustc/6067b36314ab5eb2eb47cecc464545ba58e1ad24/library/test/src/lib.rs:606:41
[INFO] [stdout]   32:     0x580008d6c085 - std::sys::backtrace::__rust_begin_short_backtrace::hd2d2d2fb8e8c6aac
[INFO] [stdout]                                at /rustc/6067b36314ab5eb2eb47cecc464545ba58e1ad24/library/std/src/sys/backtrace.rs:152:18
[INFO] [stdout]   33:     0x580008d6f96a - std::thread::Builder::spawn_unchecked_::{{closure}}::{{closure}}::h4faa3f9db6133423
[INFO] [stdout]                                at /rustc/6067b36314ab5eb2eb47cecc464545ba58e1ad24/library/std/src/thread/mod.rs:559:17
[INFO] [stdout]   34:     0x580008d6f96a - <core::panic::unwind_safe::AssertUnwindSafe<F> as core::ops::function::FnOnce<()>>::call_once::hf2e855a36a4ea846
[INFO] [stdout]                                at /rustc/6067b36314ab5eb2eb47cecc464545ba58e1ad24/library/core/src/panic/unwind_safe.rs:272:9
[INFO] [stdout]   35:     0x580008d6f96a - std::panicking::try::do_call::h2f73af3616c35465
[INFO] [stdout]                                at /rustc/6067b36314ab5eb2eb47cecc464545ba58e1ad24/library/std/src/panicking.rs:587:40
[INFO] [stdout]   36:     0x580008d6f96a - std::panicking::try::hd1660ce9efadef5a
[INFO] [stdout]                                at /rustc/6067b36314ab5eb2eb47cecc464545ba58e1ad24/library/std/src/panicking.rs:550:19
[INFO] [stdout]   37:     0x580008d6f96a - std::panic::catch_unwind::h5ee8d7823b8ca744
[INFO] [stdout]                                at /rustc/6067b36314ab5eb2eb47cecc464545ba58e1ad24/library/std/src/panic.rs:358:14
[INFO] [stdout]   38:     0x580008d6f96a - std::thread::Builder::spawn_unchecked_::{{closure}}::h53c3a1894dce8407
[INFO] [stdout]                                at /rustc/6067b36314ab5eb2eb47cecc464545ba58e1ad24/library/std/src/thread/mod.rs:557:30
[INFO] [stdout]   39:     0x580008d6f96a - core::ops::function::FnOnce::call_once{{vtable.shim}}::h048ce291ad4f62bf
[INFO] [stdout]                                at /rustc/6067b36314ab5eb2eb47cecc464545ba58e1ad24/library/core/src/ops/function.rs:250:5
[INFO] [stdout]   40:     0x580008ffbc7b - <alloc::boxed::Box<F,A> as core::ops::function::FnOnce<Args>>::call_once::ha52bedf99a3b4981
[INFO] [stdout]                                at /rustc/6067b36314ab5eb2eb47cecc464545ba58e1ad24/library/alloc/src/boxed.rs:2013:9
[INFO] [stdout]   41:     0x580008ffbc7b - <alloc::boxed::Box<F,A> as core::ops::function::FnOnce<Args>>::call_once::h567748934d80ccf8
[INFO] [stdout]                                at /rustc/6067b36314ab5eb2eb47cecc464545ba58e1ad24/library/alloc/src/boxed.rs:2013:9
[INFO] [stdout]   42:     0x580008ffbc7b - std::sys::pal::unix::thread::Thread::new::thread_start::h2d970728ae887adc
[INFO] [stdout]                                at /rustc/6067b36314ab5eb2eb47cecc464545ba58e1ad24/library/std/src/sys/pal/unix/thread.rs:106:17
[INFO] [stdout]   43:     0x7b10488ccac3 - <unknown>
[INFO] [stdout]   44:     0x7b104895da04 - clone
[INFO] [stdout]   45:                0x0 - <unknown>
[INFO] [stdout] 
[INFO] [stdout] 
[INFO] [stdout] failures:
[INFO] [stdout]     test_extract_build
[INFO] [stdout] 
[INFO] [stdout] test result: FAILED. 0 passed; 1 failed; 0 ignored; 0 measured; 0 filtered out; finished in 0.04s
[INFO] [stdout] 
[INFO] [stderr] error: test failed, to rerun pass `--test test_extract_build`
[INFO] running `Command { std: "docker" "inspect" "18735e40336a1f89b7f8cb1ead15397b6fdb5020e276d527acf03058db36fe3b", kill_on_drop: false }`
[INFO] running `Command { std: "docker" "rm" "-f" "18735e40336a1f89b7f8cb1ead15397b6fdb5020e276d527acf03058db36fe3b", kill_on_drop: false }`
[INFO] [stdout] 18735e40336a1f89b7f8cb1ead15397b6fdb5020e276d527acf03058db36fe3b
