[INFO] fetching crate ds-heightmap 0.2.1...
[INFO] testing ds-heightmap-0.2.1 against nightly-2025-01-18+rustflags=-Zrandomize-layout for randomize-layout-2
[INFO] extracting crate ds-heightmap 0.2.1 into /workspace/builds/worker-3-tc2/source
[INFO] validating manifest of crates.io crate ds-heightmap 0.2.1 on toolchain nightly-2025-01-18
[INFO] running `Command { std: CARGO_HOME="/workspace/cargo-home" RUSTUP_HOME="/workspace/rustup-home" "/workspace/cargo-home/bin/cargo" "+nightly-2025-01-18" "metadata" "--manifest-path" "Cargo.toml" "--no-deps", kill_on_drop: false }`
[INFO] started tweaking crates.io crate ds-heightmap 0.2.1
[INFO] finished tweaking crates.io crate ds-heightmap 0.2.1
[INFO] tweaked toml for crates.io crate ds-heightmap 0.2.1 written to /workspace/builds/worker-3-tc2/source/Cargo.toml
[INFO] running `Command { std: CARGO_HOME="/workspace/cargo-home" RUSTUP_HOME="/workspace/rustup-home" "/workspace/cargo-home/bin/cargo" "+nightly-2025-01-18" "generate-lockfile" "--manifest-path" "Cargo.toml", kill_on_drop: false }`
[INFO] [stderr]     Updating crates.io index
[INFO] [stderr]      Locking 35 packages to latest compatible versions
[INFO] running `Command { std: CARGO_HOME="/workspace/cargo-home" RUSTUP_HOME="/workspace/rustup-home" "/workspace/cargo-home/bin/cargo" "+nightly-2025-01-18" "fetch" "--manifest-path" "Cargo.toml", kill_on_drop: false }`
[INFO] running `Command { std: "docker" "create" "-v" "/var/lib/crater-agent-workspace/builds/worker-3-tc2/target:/opt/rustwide/target:rw,Z" "-v" "/var/lib/crater-agent-workspace/builds/worker-3-tc2/source:/opt/rustwide/workdir:ro,Z" "-v" "/var/lib/crater-agent-workspace/cargo-home:/opt/rustwide/cargo-home:ro,Z" "-v" "/var/lib/crater-agent-workspace/rustup-home:/opt/rustwide/rustup-home:ro,Z" "-e" "SOURCE_DIR=/opt/rustwide/workdir" "-e" "CARGO_TARGET_DIR=/opt/rustwide/target" "-e" "CARGO_HOME=/opt/rustwide/cargo-home" "-e" "RUSTUP_HOME=/opt/rustwide/rustup-home" "-w" "/opt/rustwide/workdir" "-m" "1610612736" "--user" "0:0" "--network" "none" "ghcr.io/rust-lang/crates-build-env/linux@sha256:819108c5571ea2e421544af4d832f968d213c87fbe3707a016657f43d2f853bc" "/opt/rustwide/cargo-home/bin/cargo" "+nightly-2025-01-18" "metadata" "--no-deps" "--format-version=1", kill_on_drop: false }`
[INFO] [stdout] c9d31f55aadec6475b37cdd66300a360ee4f01a23c4620271041ebad5c1565fa
[INFO] running `Command { std: "docker" "start" "-a" "c9d31f55aadec6475b37cdd66300a360ee4f01a23c4620271041ebad5c1565fa", kill_on_drop: false }`
[INFO] running `Command { std: "docker" "inspect" "c9d31f55aadec6475b37cdd66300a360ee4f01a23c4620271041ebad5c1565fa", kill_on_drop: false }`
[INFO] running `Command { std: "docker" "rm" "-f" "c9d31f55aadec6475b37cdd66300a360ee4f01a23c4620271041ebad5c1565fa", kill_on_drop: false }`
[INFO] [stdout] c9d31f55aadec6475b37cdd66300a360ee4f01a23c4620271041ebad5c1565fa
[INFO] running `Command { std: "docker" "create" "-v" "/var/lib/crater-agent-workspace/builds/worker-3-tc2/target:/opt/rustwide/target:rw,Z" "-v" "/var/lib/crater-agent-workspace/builds/worker-3-tc2/source:/opt/rustwide/workdir:ro,Z" "-v" "/var/lib/crater-agent-workspace/cargo-home:/opt/rustwide/cargo-home:ro,Z" "-v" "/var/lib/crater-agent-workspace/rustup-home:/opt/rustwide/rustup-home:ro,Z" "-e" "SOURCE_DIR=/opt/rustwide/workdir" "-e" "CARGO_TARGET_DIR=/opt/rustwide/target" "-e" "CARGO_INCREMENTAL=0" "-e" "RUST_BACKTRACE=full" "-e" "RUSTFLAGS=--cap-lints=forbid -Zrandomize-layout" "-e" "RUSTDOCFLAGS=--cap-lints=forbid" "-e" "CARGO_HOME=/opt/rustwide/cargo-home" "-e" "RUSTUP_HOME=/opt/rustwide/rustup-home" "-w" "/opt/rustwide/workdir" "-m" "1610612736" "--user" "0:0" "--network" "none" "ghcr.io/rust-lang/crates-build-env/linux@sha256:819108c5571ea2e421544af4d832f968d213c87fbe3707a016657f43d2f853bc" "/opt/rustwide/cargo-home/bin/cargo" "+nightly-2025-01-18" "build" "--frozen" "--message-format=json", kill_on_drop: false }`
[INFO] [stdout] 19b9e16335aec22189fe76853a2bbe49b5159678637f1c9456341ebcdc3e1cd2
[INFO] running `Command { std: "docker" "start" "-a" "19b9e16335aec22189fe76853a2bbe49b5159678637f1c9456341ebcdc3e1cd2", kill_on_drop: false }`
[INFO] [stderr]    Compiling proc-macro2 v1.0.93
[INFO] [stderr]    Compiling unicode-ident v1.0.14
[INFO] [stderr]    Compiling libc v0.2.169
[INFO] [stderr]    Compiling cfg-if v1.0.0
[INFO] [stderr]    Compiling byteorder v1.5.0
[INFO] [stderr]    Compiling autocfg v1.4.0
[INFO] [stderr]    Compiling libm v0.2.11
[INFO] [stderr]    Compiling num-traits v0.2.19
[INFO] [stderr]    Compiling quote v1.0.38
[INFO] [stderr]    Compiling syn v2.0.96
[INFO] [stderr]    Compiling getrandom v0.2.15
[INFO] [stderr]    Compiling rand_core v0.6.4
[INFO] [stderr]    Compiling zerocopy-derive v0.7.35
[INFO] [stderr]    Compiling zerocopy v0.7.35
[INFO] [stderr]    Compiling ppv-lite86 v0.2.20
[INFO] [stderr]    Compiling rand_chacha v0.3.1
[INFO] [stderr]    Compiling rand v0.8.5
[INFO] [stderr]    Compiling rand_distr v0.4.3
[INFO] [stderr]    Compiling ds-heightmap v0.2.1 (/opt/rustwide/workdir)
[INFO] [stderr]     Finished `dev` profile [unoptimized + debuginfo] target(s) in 13.58s
[INFO] running `Command { std: "docker" "inspect" "19b9e16335aec22189fe76853a2bbe49b5159678637f1c9456341ebcdc3e1cd2", kill_on_drop: false }`
[INFO] running `Command { std: "docker" "rm" "-f" "19b9e16335aec22189fe76853a2bbe49b5159678637f1c9456341ebcdc3e1cd2", kill_on_drop: false }`
[INFO] [stdout] 19b9e16335aec22189fe76853a2bbe49b5159678637f1c9456341ebcdc3e1cd2
[INFO] running `Command { std: "docker" "create" "-v" "/var/lib/crater-agent-workspace/builds/worker-3-tc2/target:/opt/rustwide/target:rw,Z" "-v" "/var/lib/crater-agent-workspace/builds/worker-3-tc2/source:/opt/rustwide/workdir:ro,Z" "-v" "/var/lib/crater-agent-workspace/cargo-home:/opt/rustwide/cargo-home:ro,Z" "-v" "/var/lib/crater-agent-workspace/rustup-home:/opt/rustwide/rustup-home:ro,Z" "-e" "SOURCE_DIR=/opt/rustwide/workdir" "-e" "CARGO_TARGET_DIR=/opt/rustwide/target" "-e" "CARGO_INCREMENTAL=0" "-e" "RUST_BACKTRACE=full" "-e" "RUSTFLAGS=--cap-lints=forbid -Zrandomize-layout" "-e" "RUSTDOCFLAGS=--cap-lints=forbid" "-e" "CARGO_HOME=/opt/rustwide/cargo-home" "-e" "RUSTUP_HOME=/opt/rustwide/rustup-home" "-w" "/opt/rustwide/workdir" "-m" "1610612736" "--user" "0:0" "--network" "none" "ghcr.io/rust-lang/crates-build-env/linux@sha256:819108c5571ea2e421544af4d832f968d213c87fbe3707a016657f43d2f853bc" "/opt/rustwide/cargo-home/bin/cargo" "+nightly-2025-01-18" "test" "--frozen" "--no-run" "--message-format=json", kill_on_drop: false }`
[INFO] [stdout] 3c019db066c0743c2a1b21206942a0f5dbee58eb47d9c825d259a058f657f3f9
[INFO] running `Command { std: "docker" "start" "-a" "3c019db066c0743c2a1b21206942a0f5dbee58eb47d9c825d259a058f657f3f9", kill_on_drop: false }`
[INFO] [stderr]    Compiling ds-heightmap v0.2.1 (/opt/rustwide/workdir)
[INFO] [stderr]     Finished `test` profile [unoptimized + debuginfo] target(s) in 0.52s
[INFO] running `Command { std: "docker" "inspect" "3c019db066c0743c2a1b21206942a0f5dbee58eb47d9c825d259a058f657f3f9", kill_on_drop: false }`
[INFO] running `Command { std: "docker" "rm" "-f" "3c019db066c0743c2a1b21206942a0f5dbee58eb47d9c825d259a058f657f3f9", kill_on_drop: false }`
[INFO] [stdout] 3c019db066c0743c2a1b21206942a0f5dbee58eb47d9c825d259a058f657f3f9
[INFO] running `Command { std: "docker" "create" "-v" "/var/lib/crater-agent-workspace/builds/worker-3-tc2/target:/opt/rustwide/target:rw,Z" "-v" "/var/lib/crater-agent-workspace/builds/worker-3-tc2/source:/opt/rustwide/workdir:ro,Z" "-v" "/var/lib/crater-agent-workspace/cargo-home:/opt/rustwide/cargo-home:ro,Z" "-v" "/var/lib/crater-agent-workspace/rustup-home:/opt/rustwide/rustup-home:ro,Z" "-e" "SOURCE_DIR=/opt/rustwide/workdir" "-e" "CARGO_TARGET_DIR=/opt/rustwide/target" "-e" "CARGO_INCREMENTAL=0" "-e" "RUST_BACKTRACE=full" "-e" "RUSTFLAGS=--cap-lints=forbid -Zrandomize-layout" "-e" "RUSTDOCFLAGS=--cap-lints=forbid" "-e" "CARGO_HOME=/opt/rustwide/cargo-home" "-e" "RUSTUP_HOME=/opt/rustwide/rustup-home" "-w" "/opt/rustwide/workdir" "-m" "1610612736" "--user" "0:0" "--network" "none" "ghcr.io/rust-lang/crates-build-env/linux@sha256:819108c5571ea2e421544af4d832f968d213c87fbe3707a016657f43d2f853bc" "/opt/rustwide/cargo-home/bin/cargo" "+nightly-2025-01-18" "test" "--frozen", kill_on_drop: false }`
[INFO] [stdout] be2188ccf768c488616eb74d8b156e37770b281a3f6d12fb2b10dd4573a2a8bf
[INFO] running `Command { std: "docker" "start" "-a" "be2188ccf768c488616eb74d8b156e37770b281a3f6d12fb2b10dd4573a2a8bf", kill_on_drop: false }`
[INFO] [stderr]     Finished `test` profile [unoptimized + debuginfo] target(s) in 0.05s
[INFO] [stderr]      Running unittests src/lib.rs (/opt/rustwide/target/debug/deps/ds_heightmap-3fc54046b8e1bdb6)
[INFO] [stdout] 
[INFO] [stdout] running 0 tests
[INFO] [stdout] 
[INFO] [stdout] test result: ok. 0 passed; 0 failed; 0 ignored; 0 measured; 0 filtered out; finished in 0.01s
[INFO] [stdout] 
[INFO] [stderr]    Doc-tests ds_heightmap
[INFO] [stdout] 
[INFO] [stdout] running 2 tests
[INFO] [stdout] test src/lib.rs - (line 34) ... FAILED
[INFO] [stdout] test src/lib.rs - (line 19) ... ok
[INFO] [stdout] 
[INFO] [stdout] failures:
[INFO] [stdout] 
[INFO] [stdout] ---- src/lib.rs - (line 34) stdout ----
[INFO] [stdout] error[E0433]: failed to resolve: use of undeclared crate or module `rand_chacha`
[INFO] [stdout]  --> src/lib.rs:37:5
[INFO] [stdout]   |
[INFO] [stdout] 5 | use rand_chacha::{rand_core::SeedableRng, ChaCha8Rng};
[INFO] [stdout]   |     ^^^^^^^^^^^ use of undeclared crate or module `rand_chacha`
[INFO] [stdout] 
[INFO] [stdout] error[E0432]: unresolved import `rand_chacha`
[INFO] [stdout]  --> src/lib.rs:37:5
[INFO] [stdout]   |
[INFO] [stdout] 5 | use rand_chacha::{rand_core::SeedableRng, ChaCha8Rng};
[INFO] [stdout]   |     ^^^^^^^^^^^ use of undeclared crate or module `rand_chacha`
[INFO] [stdout] 
[INFO] [stdout] error: aborting due to 2 previous errors
[INFO] [stdout] 
[INFO] [stdout] Some errors have detailed explanations: E0432, E0433.
[INFO] [stdout] For more information about an error, try `rustc --explain E0432`.
[INFO] [stdout] Couldn't compile the test.
[INFO] [stdout] 
[INFO] [stdout] failures:
[INFO] [stdout]     src/lib.rs - (line 34)
[INFO] [stdout] 
[INFO] [stdout] test result: FAILED. 1 passed; 1 failed; 0 ignored; 0 measured; 0 filtered out; finished in 0.40s
[INFO] [stdout] 
[INFO] [stderr] error: doctest failed, to rerun pass `--doc`
[INFO] running `Command { std: "docker" "inspect" "be2188ccf768c488616eb74d8b156e37770b281a3f6d12fb2b10dd4573a2a8bf", kill_on_drop: false }`
[INFO] running `Command { std: "docker" "rm" "-f" "be2188ccf768c488616eb74d8b156e37770b281a3f6d12fb2b10dd4573a2a8bf", kill_on_drop: false }`
[INFO] [stdout] be2188ccf768c488616eb74d8b156e37770b281a3f6d12fb2b10dd4573a2a8bf
