[INFO] fetching crate dmidecode 0.8.5...
[INFO] testing dmidecode-0.8.5 against nightly-2025-01-18+rustflags=-Zrandomize-layout for randomize-layout-2
[INFO] extracting crate dmidecode 0.8.5 into /workspace/builds/worker-5-tc2/source
[INFO] validating manifest of crates.io crate dmidecode 0.8.5 on toolchain nightly-2025-01-18
[INFO] running `Command { std: CARGO_HOME="/workspace/cargo-home" RUSTUP_HOME="/workspace/rustup-home" "/workspace/cargo-home/bin/cargo" "+nightly-2025-01-18" "metadata" "--manifest-path" "Cargo.toml" "--no-deps", kill_on_drop: false }`
[INFO] started tweaking crates.io crate dmidecode 0.8.5
[INFO] finished tweaking crates.io crate dmidecode 0.8.5
[INFO] tweaked toml for crates.io crate dmidecode 0.8.5 written to /workspace/builds/worker-5-tc2/source/Cargo.toml
[INFO] running `Command { std: CARGO_HOME="/workspace/cargo-home" RUSTUP_HOME="/workspace/rustup-home" "/workspace/cargo-home/bin/cargo" "+nightly-2025-01-18" "generate-lockfile" "--manifest-path" "Cargo.toml", kill_on_drop: false }`
[INFO] [stderr]     Updating crates.io index
[INFO] [stderr]      Locking 14 packages to latest compatible versions
[INFO] [stderr]       Adding bitflags v1.3.2 (available: v2.8.0)
[INFO] [stderr]       Adding pretty_assertions v0.6.1 (available: v1.4.1)
[INFO] running `Command { std: CARGO_HOME="/workspace/cargo-home" RUSTUP_HOME="/workspace/rustup-home" "/workspace/cargo-home/bin/cargo" "+nightly-2025-01-18" "fetch" "--manifest-path" "Cargo.toml", kill_on_drop: false }`
[INFO] [stderr] warning: no edition set: defaulting to the 2015 edition while 2021 is compatible with `rust-version`
[INFO] running `Command { std: "docker" "create" "-v" "/var/lib/crater-agent-workspace/builds/worker-5-tc2/target:/opt/rustwide/target:rw,Z" "-v" "/var/lib/crater-agent-workspace/builds/worker-5-tc2/source:/opt/rustwide/workdir:ro,Z" "-v" "/var/lib/crater-agent-workspace/cargo-home:/opt/rustwide/cargo-home:ro,Z" "-v" "/var/lib/crater-agent-workspace/rustup-home:/opt/rustwide/rustup-home:ro,Z" "-e" "SOURCE_DIR=/opt/rustwide/workdir" "-e" "CARGO_TARGET_DIR=/opt/rustwide/target" "-e" "CARGO_HOME=/opt/rustwide/cargo-home" "-e" "RUSTUP_HOME=/opt/rustwide/rustup-home" "-w" "/opt/rustwide/workdir" "-m" "1610612736" "--user" "0:0" "--network" "none" "ghcr.io/rust-lang/crates-build-env/linux@sha256:819108c5571ea2e421544af4d832f968d213c87fbe3707a016657f43d2f853bc" "/opt/rustwide/cargo-home/bin/cargo" "+nightly-2025-01-18" "metadata" "--no-deps" "--format-version=1", kill_on_drop: false }`
[INFO] [stdout] 2a76d01634b7041290501821ba690617ede179478c8ebd013575a4a4939a23f0
[INFO] running `Command { std: "docker" "start" "-a" "2a76d01634b7041290501821ba690617ede179478c8ebd013575a4a4939a23f0", kill_on_drop: false }`
[INFO] running `Command { std: "docker" "inspect" "2a76d01634b7041290501821ba690617ede179478c8ebd013575a4a4939a23f0", kill_on_drop: false }`
[INFO] running `Command { std: "docker" "rm" "-f" "2a76d01634b7041290501821ba690617ede179478c8ebd013575a4a4939a23f0", kill_on_drop: false }`
[INFO] [stdout] 2a76d01634b7041290501821ba690617ede179478c8ebd013575a4a4939a23f0
[INFO] running `Command { std: "docker" "create" "-v" "/var/lib/crater-agent-workspace/builds/worker-5-tc2/target:/opt/rustwide/target:rw,Z" "-v" "/var/lib/crater-agent-workspace/builds/worker-5-tc2/source:/opt/rustwide/workdir:ro,Z" "-v" "/var/lib/crater-agent-workspace/cargo-home:/opt/rustwide/cargo-home:ro,Z" "-v" "/var/lib/crater-agent-workspace/rustup-home:/opt/rustwide/rustup-home:ro,Z" "-e" "SOURCE_DIR=/opt/rustwide/workdir" "-e" "CARGO_TARGET_DIR=/opt/rustwide/target" "-e" "CARGO_INCREMENTAL=0" "-e" "RUST_BACKTRACE=full" "-e" "RUSTFLAGS=--cap-lints=forbid -Zrandomize-layout" "-e" "RUSTDOCFLAGS=--cap-lints=forbid" "-e" "CARGO_HOME=/opt/rustwide/cargo-home" "-e" "RUSTUP_HOME=/opt/rustwide/rustup-home" "-w" "/opt/rustwide/workdir" "-m" "1610612736" "--user" "0:0" "--network" "none" "ghcr.io/rust-lang/crates-build-env/linux@sha256:819108c5571ea2e421544af4d832f968d213c87fbe3707a016657f43d2f853bc" "/opt/rustwide/cargo-home/bin/cargo" "+nightly-2025-01-18" "build" "--frozen" "--message-format=json", kill_on_drop: false }`
[INFO] [stdout] aa9a5eb47c5f783ae09ebb68561b7a204fad5dfed86b8ba8c474508182334821
[INFO] running `Command { std: "docker" "start" "-a" "aa9a5eb47c5f783ae09ebb68561b7a204fad5dfed86b8ba8c474508182334821", kill_on_drop: false }`
[INFO] [stderr] warning: no edition set: defaulting to the 2015 edition while 2021 is compatible with `rust-version`
[INFO] [stderr]    Compiling bitflags v1.3.2
[INFO] [stderr]    Compiling dmidecode v0.8.5 (/opt/rustwide/workdir)
[INFO] [stdout] warning: unused doc comment
[INFO] [stdout]    --> src/structures/009_system_slots.rs:393:21
[INFO] [stdout]     |
[INFO] [stdout] 393 | /                     /// According to (SMBIOS Reference Specification
[INFO] [stdout] 394 | |                     /// 3.4)[https://www.dmtf.org/sites/default/files/standards/documents/DSP0134_3.4.0.pdf]
[INFO] [stdout] 395 | |                     /// fields below starts from offset 14h + 5*n, that looks like mistake.
[INFO] [stdout] 396 | |                     /// It shoud start from 13h + 5*n, because *Peer (S/B/D/F/Width)
[INFO] [stdout] 397 | |                     /// groups* field may has zero length
[INFO] [stdout]     | |_________________________________________________________^
[INFO] [stdout] 398 |                       slot_information: structure.get::<u8>(0x14 + 5 * n).ok(),
[INFO] [stdout]     |                       -------------------------------------------------------- rustdoc does not generate documentation for expression fields
[INFO] [stdout]     |
[INFO] [stdout]     = help: use `//` for a plain comment
[INFO] [stdout]     = note: `#[warn(unused_doc_comments)]` on by default
[INFO] [stdout] 
[INFO] [stdout] 
[INFO] [stdout] warning: elided lifetime has a name
[INFO] [stdout]    --> src/structures/009_system_slots.rs:847:32
[INFO] [stdout]     |
[INFO] [stdout] 846 | impl<'a> From<&'a [u8]> for PeerDevices<'a> {
[INFO] [stdout]     |      -- lifetime `'a` declared here
[INFO] [stdout] 847 |     fn from(data: &'a [u8]) -> PeerDevices {
[INFO] [stdout]     |                                ^^^^^^^^^^^ this elided lifetime gets resolved as `'a`
[INFO] [stdout]     |
[INFO] [stdout]     = note: `#[warn(elided_named_lifetimes)]` on by default
[INFO] [stdout] 
[INFO] [stdout] 
[INFO] [stdout] warning: struct `SmbiosBound` is never constructed
[INFO] [stdout]    --> src/lib.rs:318:8
[INFO] [stdout]     |
[INFO] [stdout] 318 | struct SmbiosBound {
[INFO] [stdout]     |        ^^^^^^^^^^^
[INFO] [stdout]     |
[INFO] [stdout]     = note: `#[warn(dead_code)]` on by default
[INFO] [stdout] 
[INFO] [stdout] 
[INFO] [stderr]     Finished `dev` profile [unoptimized + debuginfo] target(s) in 2.20s
[INFO] running `Command { std: "docker" "inspect" "aa9a5eb47c5f783ae09ebb68561b7a204fad5dfed86b8ba8c474508182334821", kill_on_drop: false }`
[INFO] running `Command { std: "docker" "rm" "-f" "aa9a5eb47c5f783ae09ebb68561b7a204fad5dfed86b8ba8c474508182334821", kill_on_drop: false }`
[INFO] [stdout] aa9a5eb47c5f783ae09ebb68561b7a204fad5dfed86b8ba8c474508182334821
[INFO] running `Command { std: "docker" "create" "-v" "/var/lib/crater-agent-workspace/builds/worker-5-tc2/target:/opt/rustwide/target:rw,Z" "-v" "/var/lib/crater-agent-workspace/builds/worker-5-tc2/source:/opt/rustwide/workdir:ro,Z" "-v" "/var/lib/crater-agent-workspace/cargo-home:/opt/rustwide/cargo-home:ro,Z" "-v" "/var/lib/crater-agent-workspace/rustup-home:/opt/rustwide/rustup-home:ro,Z" "-e" "SOURCE_DIR=/opt/rustwide/workdir" "-e" "CARGO_TARGET_DIR=/opt/rustwide/target" "-e" "CARGO_INCREMENTAL=0" "-e" "RUST_BACKTRACE=full" "-e" "RUSTFLAGS=--cap-lints=forbid -Zrandomize-layout" "-e" "RUSTDOCFLAGS=--cap-lints=forbid" "-e" "CARGO_HOME=/opt/rustwide/cargo-home" "-e" "RUSTUP_HOME=/opt/rustwide/rustup-home" "-w" "/opt/rustwide/workdir" "-m" "1610612736" "--user" "0:0" "--network" "none" "ghcr.io/rust-lang/crates-build-env/linux@sha256:819108c5571ea2e421544af4d832f968d213c87fbe3707a016657f43d2f853bc" "/opt/rustwide/cargo-home/bin/cargo" "+nightly-2025-01-18" "test" "--frozen" "--no-run" "--message-format=json", kill_on_drop: false }`
[INFO] [stdout] 6036fb69a8e95708ff3e58f2b1da438660b214076632f2693c1a1ff1ad1265f6
[INFO] running `Command { std: "docker" "start" "-a" "6036fb69a8e95708ff3e58f2b1da438660b214076632f2693c1a1ff1ad1265f6", kill_on_drop: false }`
[INFO] [stderr] warning: no edition set: defaulting to the 2015 edition while 2021 is compatible with `rust-version`
[INFO] [stderr]    Compiling difference v2.0.0
[INFO] [stderr]    Compiling ansi_term v0.11.0
[INFO] [stderr]    Compiling lazy_static v1.5.0
[INFO] [stdout] warning: unused doc comment
[INFO] [stdout]    --> src/structures/009_system_slots.rs:393:21
[INFO] [stdout]     |
[INFO] [stdout] 393 | /                     /// According to (SMBIOS Reference Specification
[INFO] [stdout] 394 | |                     /// 3.4)[https://www.dmtf.org/sites/default/files/standards/documents/DSP0134_3.4.0.pdf]
[INFO] [stdout] 395 | |                     /// fields below starts from offset 14h + 5*n, that looks like mistake.
[INFO] [stdout] 396 | |                     /// It shoud start from 13h + 5*n, because *Peer (S/B/D/F/Width)
[INFO] [stdout] 397 | |                     /// groups* field may has zero length
[INFO] [stdout]     | |_________________________________________________________^
[INFO] [stdout] 398 |                       slot_information: structure.get::<u8>(0x14 + 5 * n).ok(),
[INFO] [stdout]     |                       -------------------------------------------------------- rustdoc does not generate documentation for expression fields
[INFO] [stdout]     |
[INFO] [stdout]     = help: use `//` for a plain comment
[INFO] [stdout]     = note: `#[warn(unused_doc_comments)]` on by default
[INFO] [stdout] 
[INFO] [stdout] 
[INFO] [stdout] warning: elided lifetime has a name
[INFO] [stdout]    --> src/structures/009_system_slots.rs:847:32
[INFO] [stdout]     |
[INFO] [stdout] 846 | impl<'a> From<&'a [u8]> for PeerDevices<'a> {
[INFO] [stdout]     |      -- lifetime `'a` declared here
[INFO] [stdout] 847 |     fn from(data: &'a [u8]) -> PeerDevices {
[INFO] [stdout]     |                                ^^^^^^^^^^^ this elided lifetime gets resolved as `'a`
[INFO] [stdout]     |
[INFO] [stdout]     = note: `#[warn(elided_named_lifetimes)]` on by default
[INFO] [stdout] 
[INFO] [stdout] 
[INFO] [stdout] warning: struct `SmbiosBound` is never constructed
[INFO] [stdout]    --> src/lib.rs:318:8
[INFO] [stdout]     |
[INFO] [stdout] 318 | struct SmbiosBound {
[INFO] [stdout]     |        ^^^^^^^^^^^
[INFO] [stdout]     |
[INFO] [stdout]     = note: `#[warn(dead_code)]` on by default
[INFO] [stdout] 
[INFO] [stdout] 
[INFO] [stderr]    Compiling pretty_assertions v0.6.1
[INFO] [stderr]    Compiling dmidecode v0.8.5 (/opt/rustwide/workdir)
[INFO] [stdout] warning: unused doc comment
[INFO] [stdout]    --> src/structures/009_system_slots.rs:393:21
[INFO] [stdout]     |
[INFO] [stdout] 393 | /                     /// According to (SMBIOS Reference Specification
[INFO] [stdout] 394 | |                     /// 3.4)[https://www.dmtf.org/sites/default/files/standards/documents/DSP0134_3.4.0.pdf]
[INFO] [stdout] 395 | |                     /// fields below starts from offset 14h + 5*n, that looks like mistake.
[INFO] [stdout] 396 | |                     /// It shoud start from 13h + 5*n, because *Peer (S/B/D/F/Width)
[INFO] [stdout] 397 | |                     /// groups* field may has zero length
[INFO] [stdout]     | |_________________________________________________________^
[INFO] [stdout] 398 |                       slot_information: structure.get::<u8>(0x14 + 5 * n).ok(),
[INFO] [stdout]     |                       -------------------------------------------------------- rustdoc does not generate documentation for expression fields
[INFO] [stdout]     |
[INFO] [stdout]     = help: use `//` for a plain comment
[INFO] [stdout]     = note: `#[warn(unused_doc_comments)]` on by default
[INFO] [stdout] 
[INFO] [stdout] 
[INFO] [stdout] warning: elided lifetime has a name
[INFO] [stdout]    --> src/structures/009_system_slots.rs:847:32
[INFO] [stdout]     |
[INFO] [stdout] 846 | impl<'a> From<&'a [u8]> for PeerDevices<'a> {
[INFO] [stdout]     |      -- lifetime `'a` declared here
[INFO] [stdout] 847 |     fn from(data: &'a [u8]) -> PeerDevices {
[INFO] [stdout]     |                                ^^^^^^^^^^^ this elided lifetime gets resolved as `'a`
[INFO] [stdout]     |
[INFO] [stdout]     = note: `#[warn(elided_named_lifetimes)]` on by default
[INFO] [stdout] 
[INFO] [stdout] 
[INFO] [stdout] warning: struct `SmbiosBound` is never constructed
[INFO] [stdout]    --> src/lib.rs:318:8
[INFO] [stdout]     |
[INFO] [stdout] 318 | struct SmbiosBound {
[INFO] [stdout]     |        ^^^^^^^^^^^
[INFO] [stdout]     |
[INFO] [stdout]     = note: `#[warn(dead_code)]` on by default
[INFO] [stdout] 
[INFO] [stdout] 
[INFO] [stderr]     Finished `test` profile [unoptimized + debuginfo] target(s) in 5.72s
[INFO] running `Command { std: "docker" "inspect" "6036fb69a8e95708ff3e58f2b1da438660b214076632f2693c1a1ff1ad1265f6", kill_on_drop: false }`
[INFO] running `Command { std: "docker" "rm" "-f" "6036fb69a8e95708ff3e58f2b1da438660b214076632f2693c1a1ff1ad1265f6", kill_on_drop: false }`
[INFO] [stdout] 6036fb69a8e95708ff3e58f2b1da438660b214076632f2693c1a1ff1ad1265f6
[INFO] running `Command { std: "docker" "create" "-v" "/var/lib/crater-agent-workspace/builds/worker-5-tc2/target:/opt/rustwide/target:rw,Z" "-v" "/var/lib/crater-agent-workspace/builds/worker-5-tc2/source:/opt/rustwide/workdir:ro,Z" "-v" "/var/lib/crater-agent-workspace/cargo-home:/opt/rustwide/cargo-home:ro,Z" "-v" "/var/lib/crater-agent-workspace/rustup-home:/opt/rustwide/rustup-home:ro,Z" "-e" "SOURCE_DIR=/opt/rustwide/workdir" "-e" "CARGO_TARGET_DIR=/opt/rustwide/target" "-e" "CARGO_INCREMENTAL=0" "-e" "RUST_BACKTRACE=full" "-e" "RUSTFLAGS=--cap-lints=forbid -Zrandomize-layout" "-e" "RUSTDOCFLAGS=--cap-lints=forbid" "-e" "CARGO_HOME=/opt/rustwide/cargo-home" "-e" "RUSTUP_HOME=/opt/rustwide/rustup-home" "-w" "/opt/rustwide/workdir" "-m" "1610612736" "--user" "0:0" "--network" "none" "ghcr.io/rust-lang/crates-build-env/linux@sha256:819108c5571ea2e421544af4d832f968d213c87fbe3707a016657f43d2f853bc" "/opt/rustwide/cargo-home/bin/cargo" "+nightly-2025-01-18" "test" "--frozen", kill_on_drop: false }`
[INFO] [stdout] 1e669bd18fda3cbbc7faf2b53b3e580628e4e4f7509cddf1b4f363e94611263c
[INFO] running `Command { std: "docker" "start" "-a" "1e669bd18fda3cbbc7faf2b53b3e580628e4e4f7509cddf1b4f363e94611263c", kill_on_drop: false }`
[INFO] [stderr] warning: no edition set: defaulting to the 2015 edition while 2021 is compatible with `rust-version`
[INFO] [stderr] warning: unused doc comment
[INFO] [stderr]    --> src/structures/009_system_slots.rs:393:21
[INFO] [stderr]     |
[INFO] [stderr] 393 | /                     /// According to (SMBIOS Reference Specification
[INFO] [stderr] 394 | |                     /// 3.4)[https://www.dmtf.org/sites/default/files/standards/documents/DSP0134_3.4.0.pdf]
[INFO] [stderr] 395 | |                     /// fields below starts from offset 14h + 5*n, that looks like mistake.
[INFO] [stderr] 396 | |                     /// It shoud start from 13h + 5*n, because *Peer (S/B/D/F/Width)
[INFO] [stderr] 397 | |                     /// groups* field may has zero length
[INFO] [stderr]     | |_________________________________________________________^
[INFO] [stderr] 398 |                       slot_information: structure.get::<u8>(0x14 + 5 * n).ok(),
[INFO] [stderr]     |                       -------------------------------------------------------- rustdoc does not generate documentation for expression fields
[INFO] [stderr]     |
[INFO] [stderr]     = help: use `//` for a plain comment
[INFO] [stderr]     = note: `#[warn(unused_doc_comments)]` on by default
[INFO] [stderr] 
[INFO] [stderr] warning: elided lifetime has a name
[INFO] [stderr]    --> src/structures/009_system_slots.rs:847:32
[INFO] [stderr]     |
[INFO] [stderr] 846 | impl<'a> From<&'a [u8]> for PeerDevices<'a> {
[INFO] [stderr]     |      -- lifetime `'a` declared here
[INFO] [stderr] 847 |     fn from(data: &'a [u8]) -> PeerDevices {
[INFO] [stderr]     |                                ^^^^^^^^^^^ this elided lifetime gets resolved as `'a`
[INFO] [stderr]     |
[INFO] [stderr]     = note: `#[warn(elided_named_lifetimes)]` on by default
[INFO] [stderr] 
[INFO] [stderr] warning: struct `SmbiosBound` is never constructed
[INFO] [stderr]    --> src/lib.rs:318:8
[INFO] [stderr]     |
[INFO] [stderr] 318 | struct SmbiosBound {
[INFO] [stderr]     |        ^^^^^^^^^^^
[INFO] [stderr]     |
[INFO] [stderr]     = note: `#[warn(dead_code)]` on by default
[INFO] [stderr] 
[INFO] [stderr] warning: `dmidecode` (lib) generated 3 warnings
[INFO] [stderr] warning: `dmidecode` (lib test) generated 3 warnings (3 duplicates)
[INFO] [stderr]     Finished `test` profile [unoptimized + debuginfo] target(s) in 0.03s
[INFO] [stderr]      Running unittests src/lib.rs (/opt/rustwide/target/debug/deps/dmidecode-ef9d60f87803c2ae)
[INFO] [stdout] 
[INFO] [stdout] running 89 tests
[INFO] [stdout] test bitfield::tests::layout_macro ... ok
[INFO] [stdout] test bitfield::tests::reserved ... ok
[INFO] [stdout] test bitfield::tests::iter ... ok
[INFO] [stdout] test bitfield::tests::from_iterator_values ... ok
[INFO] [stdout] test bitfield::tests::significants ... ok
[INFO] [stdout] test structures::bios::tests::characteristics_extension2 ... ok
[INFO] [stdout] test structures::bios::tests::characteristics ... ok
[INFO] [stdout] test structures::bios::tests::dmi_bin_all_characteristics ... ok
[INFO] [stdout] test structures::bios::tests::dmi_bin_full_bios_structure ... ok
[INFO] [stdout] test structures::bios::tests::characteristics_extension1 ... ok
[INFO] [stdout] test structures::bios::tests::dmi_bin_bios_size ... ok
[INFO] [stdout] test structures::built_in_pointing_device::tests::built_in_pointing_device ... ok
[INFO] [stdout] test structures::bios::tests::dmi_bin_revisions ... ok
[INFO] [stdout] test structures::bios::tests::rom_size ... ok
[INFO] [stdout] test structures::built_in_pointing_device::tests::type_ ... ok
[INFO] [stdout] test structures::cache::tests::cache_enums ... ok
[INFO] [stdout] test structures::bios_language::tests::dmi_bin ... ok
[INFO] [stdout] test structures::bios_language::tests::installable_languages ... ok
[INFO] [stdout] test structures::enclosure::tests::contained_element ... ok
[INFO] [stdout] test structures::enclosure::tests::contained_elements ... ok
[INFO] [stdout] test structures::enclosure::tests::no_sku_on_3_14 ... ok
[INFO] [stdout] test structures::enclosure::tests::enclosure_type ... ok
[INFO] [stdout] test structures::built_in_pointing_device::tests::interface ... ok
[INFO] [stdout] test structures::cache::tests::cache_configuration ... ok
[INFO] [stdout] test structures::group_associations::tests::group_associations ... ok
[INFO] [stdout] test structures::enclosure::tests::state ... ok
[INFO] [stdout] test structures::enclosure::tests::security_status ... ok
[INFO] [stdout] test structures::memory_device::tests::smbios_3_2_memory_device_with_40_bytes_parses ... ok
[INFO] [stdout] test structures::memory_device_mapped_address::tests::memory_device_mapped_address ... ok
[INFO] [stdout] test structures::group_associations::tests::group_items ... ok
[INFO] [stdout] test structures::memory_array_mapped_address::tests::memory_array_mapped_address ... ok
[INFO] [stdout] test structures::memory_error_32::tests::error_granularity ... ok
[INFO] [stdout] test structures::memory_error_32::tests::memory_error_32 ... ok
[INFO] [stdout] test structures::memory_error_32::tests::error_operation ... ok
[INFO] [stdout] test structures::enclosure::tests::dmi_bin ... ok
[INFO] [stdout] test structures::memory_error_32::tests::error_type ... ok
[INFO] [stdout] test structures::port_connector::test::connector_type ... ok
[INFO] [stdout] test structures::oem_strings::tests::oem_strings ... ok
[INFO] [stdout] test structures::cache::tests::cache_size ... ok
[INFO] [stdout] test structures::port_connector::test::port_connector ... ok
[INFO] [stdout] test structures::oem_strings::tests::dmi_bin ... ok
[INFO] [stdout] test structures::port_connector::test::dmi_bin ... ok
[INFO] [stdout] test structures::port_connector::test::port_type ... ok
[INFO] [stdout] test structures::portable_battery::tests::manufacture_date ... ok
[INFO] [stdout] test structures::portable_battery::tests::device_chemistry ... ok
[INFO] [stdout] test structures::portable_battery::tests::serial_number ... ok
[INFO] [stdout] test structures::processor::tests::processor_upgrade ... ok
[INFO] [stdout] test structures::processor::tests::processor_voltage ... ok
[INFO] [stdout] test structures::processor::tests::smbios_2_8_processor_intel_atom_parses ... ok
[INFO] [stdout] test structures::processor::tests::smbios_2_8_processor_parses_with_processor_family_2 ... ok
[INFO] [stdout] test structures::memory_device::tests::foo ... ok
[INFO] [stdout] test structures::memory_device::tests::smbios_2_8_memory_device_with_34_bytes_parses ... ok
[INFO] [stdout] test structures::system_configuration_options::tests::dmi_bin ... ok
[INFO] [stdout] test structures::system_configuration_options::tests::system_configuration_options ... ok
[INFO] [stdout] test structures::system_event_log::log_record_format::tests::post_results ... ok
[INFO] [stdout] test structures::system_event_log::log_record_format::tests::system_management_type ... ok
[INFO] [stdout] test structures::portable_battery::tests::design_capacity ... ok
[INFO] [stdout] test structures::system_event_log::tests::access_method ... ok
[INFO] [stdout] test structures::system_event_log::tests::log_status ... ok
[INFO] [stdout] test structures::system_slots::tests::device ... ok
[INFO] [stdout] test structures::system_event_log::tests::supported_event_log_type_descriptors ... ok
[INFO] [stdout] test structures::portable_battery::tests::portable_battery ... ok
[INFO] [stdout] test structures::system_event_log::tests::system_event_log ... ok
[INFO] [stdout] test structures::system_slots::tests::peer_devices ... ok
[INFO] [stdout] test structures::system_slots::tests::slot_caharacteristics_1 ... ok
[INFO] [stdout] test structures::system_slots::tests::slot_length ... ok
[INFO] [stdout] test structures::system_slots::tests::slot_caharacteristics_2 ... ok
[INFO] [stdout] test structures::system_slots::tests::slot_width ... ok
[INFO] [stdout] test structures::system_event_log::tests::log_header_format ... ok
[INFO] [stdout] test structures::system_slots::tests::current_usage ... ok
[INFO] [stdout] test structures::system_slots::tests::slot_type ... ok
[INFO] [stdout] test tests::find_nulnul_single_char ... ok
[INFO] [stdout] test tests::find_nulnul_trivial ... ok
[INFO] [stdout] test tests::find_nulnul_with_data ... ok
[INFO] [stdout] test tests::find_nulnul_with_data_more_at_end ... ok
[INFO] [stdout] test tests::found_signature ... ok
[INFO] [stdout] test tests::found_smbios_entry ... ok
[INFO] [stdout] test structures::system_slots::tests::dmi_bin ... ok
[INFO] [stdout] test tests::find_nulnul_empty ... ok
[INFO] [stdout] test tests::iterator_through_structures ... ok
[INFO] [stdout] test tests::iterator_through_structures_v3 ... ok
[INFO] [stdout] test tests::iterator_through_structures_v3_short ... ok
[INFO] [stdout] test tests::structure_strings ... ok
[INFO] [stdout] test tests::found_smbios_entry_v3 ... ok
[INFO] [stdout] test bitfield::tests::from_iterator_shift_overflow - should panic ... ok
[INFO] [stdout] test tests::doesnt_find_signature - should panic ... ok
[INFO] [stdout] test tests::doesnt_find_smbios_entry - should panic ... ok
[INFO] [stdout] test structures::processor::tests::processor_family ... ok
[INFO] [stderr]    Doc-tests dmidecode
[INFO] [stdout] test structures::system_slots::tests::system_slots ... ok
[INFO] [stdout] 
[INFO] [stdout] test result: ok. 89 passed; 0 failed; 0 ignored; 0 measured; 0 filtered out; finished in 0.23s
[INFO] [stdout] 
[INFO] [stdout] 
[INFO] [stdout] running 3 tests
[INFO] [stdout] test src/bitfield.rs - bitfield::layout (line 85) ... ignored
[INFO] [stdout] test src/lib.rs - EntryPoint::structures (line 160) ... FAILED
[INFO] [stdout] test src/lib.rs - EntryPoint::search (line 188) ... ok
[INFO] [stdout] 
[INFO] [stdout] failures:
[INFO] [stdout] 
[INFO] [stdout] ---- src/lib.rs - EntryPoint::structures (line 160) stdout ----
[INFO] [stdout] error[E0277]: the trait bound `InvalidEntryPointError: std::error::Error` is not satisfied
[INFO] [stdout]   --> src/lib.rs:168:52
[INFO] [stdout]    |
[INFO] [stdout] 10 | let entry_point = EntryPoint::search(DMIDECODE_BIN)?;
[INFO] [stdout]    |                                                    ^ the trait `std::error::Error` is not implemented for `InvalidEntryPointError`
[INFO] [stdout]    |
[INFO] [stdout]    = help: the trait `FromResidual<Result<Infallible, E>>` is implemented for `Result<T, F>`
[INFO] [stdout]    = note: required for `Box<dyn std::error::Error>` to implement `From<InvalidEntryPointError>`
[INFO] [stdout]    = note: required for `Result<(), Box<dyn std::error::Error>>` to implement `FromResidual<Result<Infallible, InvalidEntryPointError>>`
[INFO] [stdout] 
[INFO] [stdout] error[E0277]: the trait bound `MalformedStructureError: std::error::Error` is not satisfied
[INFO] [stdout]   --> src/lib.rs:170:16
[INFO] [stdout]    |
[INFO] [stdout] 12 |   let table = s?;
[INFO] [stdout]    |                ^ the trait `std::error::Error` is not implemented for `MalformedStructureError`
[INFO] [stdout]    |
[INFO] [stdout]    = help: the trait `FromResidual<Result<Infallible, E>>` is implemented for `Result<T, F>`
[INFO] [stdout]    = note: required for `Box<dyn std::error::Error>` to implement `From<MalformedStructureError>`
[INFO] [stdout]    = note: required for `Result<(), Box<dyn std::error::Error>>` to implement `FromResidual<Result<Infallible, MalformedStructureError>>`
[INFO] [stdout] 
[INFO] [stdout] error: aborting due to 2 previous errors
[INFO] [stdout] 
[INFO] [stdout] For more information about this error, try `rustc --explain E0277`.
[INFO] [stdout] Couldn't compile the test.
[INFO] [stdout] 
[INFO] [stdout] failures:
[INFO] [stdout]     src/lib.rs - EntryPoint::structures (line 160)
[INFO] [stdout] 
[INFO] [stdout] test result: FAILED. 1 passed; 1 failed; 1 ignored; 0 measured; 0 filtered out; finished in 0.33s
[INFO] [stdout] 
[INFO] [stderr] error: doctest failed, to rerun pass `--doc`
[INFO] running `Command { std: "docker" "inspect" "1e669bd18fda3cbbc7faf2b53b3e580628e4e4f7509cddf1b4f363e94611263c", kill_on_drop: false }`
[INFO] running `Command { std: "docker" "rm" "-f" "1e669bd18fda3cbbc7faf2b53b3e580628e4e4f7509cddf1b4f363e94611263c", kill_on_drop: false }`
[INFO] [stdout] 1e669bd18fda3cbbc7faf2b53b3e580628e4e4f7509cddf1b4f363e94611263c
