[INFO] fetching crate cogent 0.6.3...
[INFO] testing cogent-0.6.3 against nightly-2025-01-18 for randomize-layout-2
[INFO] extracting crate cogent 0.6.3 into /workspace/builds/worker-0-tc1/source
[INFO] validating manifest of crates.io crate cogent 0.6.3 on toolchain nightly-2025-01-18
[INFO] running `Command { std: CARGO_HOME="/workspace/cargo-home" RUSTUP_HOME="/workspace/rustup-home" "/workspace/cargo-home/bin/cargo" "+nightly-2025-01-18" "metadata" "--manifest-path" "Cargo.toml" "--no-deps", kill_on_drop: false }`
[INFO] started tweaking crates.io crate cogent 0.6.3
[INFO] finished tweaking crates.io crate cogent 0.6.3
[INFO] tweaked toml for crates.io crate cogent 0.6.3 written to /workspace/builds/worker-0-tc1/source/Cargo.toml
[INFO] running `Command { std: CARGO_HOME="/workspace/cargo-home" RUSTUP_HOME="/workspace/rustup-home" "/workspace/cargo-home/bin/cargo" "+nightly-2025-01-18" "generate-lockfile" "--manifest-path" "Cargo.toml", kill_on_drop: false }`
[INFO] [stderr]     Updating crates.io index
[INFO] [stderr]     Blocking waiting for file lock on package cache
[INFO] [stderr]      Locking 63 packages to latest compatible versions
[INFO] [stderr]       Adding crossterm v0.18.2 (available: v0.28.1)
[INFO] [stderr]       Adding itertools v0.9.0 (available: v0.14.0)
[INFO] [stderr]       Adding ndarray v0.14.0 (available: v0.16.1)
[INFO] [stderr]       Adding rand v0.7.3 (available: v0.8.5)
[INFO] running `Command { std: CARGO_HOME="/workspace/cargo-home" RUSTUP_HOME="/workspace/rustup-home" "/workspace/cargo-home/bin/cargo" "+nightly-2025-01-18" "fetch" "--manifest-path" "Cargo.toml", kill_on_drop: false }`
[INFO] [stderr]     Blocking waiting for file lock on package cache
[INFO] [stderr]     Blocking waiting for file lock on package cache
[INFO] [stderr]  Downloading crates ...
[INFO] [stderr]   Downloaded mnist_read v1.0.1
[INFO] [stderr]   Downloaded ndarray v0.13.1
[INFO] [stderr]   Downloaded crossterm v0.18.2
[INFO] [stderr]   Downloaded arrayfire v3.8.0
[INFO] [stderr]   Downloaded ndarray v0.14.0
[INFO] running `Command { std: "docker" "create" "-v" "/var/lib/crater-agent-workspace/builds/worker-0-tc1/target:/opt/rustwide/target:rw,Z" "-v" "/var/lib/crater-agent-workspace/builds/worker-0-tc1/source:/opt/rustwide/workdir:ro,Z" "-v" "/var/lib/crater-agent-workspace/cargo-home:/opt/rustwide/cargo-home:ro,Z" "-v" "/var/lib/crater-agent-workspace/rustup-home:/opt/rustwide/rustup-home:ro,Z" "-e" "SOURCE_DIR=/opt/rustwide/workdir" "-e" "CARGO_TARGET_DIR=/opt/rustwide/target" "-e" "CARGO_HOME=/opt/rustwide/cargo-home" "-e" "RUSTUP_HOME=/opt/rustwide/rustup-home" "-w" "/opt/rustwide/workdir" "-m" "1610612736" "--user" "0:0" "--network" "none" "ghcr.io/rust-lang/crates-build-env/linux@sha256:819108c5571ea2e421544af4d832f968d213c87fbe3707a016657f43d2f853bc" "/opt/rustwide/cargo-home/bin/cargo" "+nightly-2025-01-18" "metadata" "--no-deps" "--format-version=1", kill_on_drop: false }`
[INFO] [stdout] b0bd27d035d5b97f7c845cb948a1190a5d22137251b5e874ae75d810ff99c295
[INFO] running `Command { std: "docker" "start" "-a" "b0bd27d035d5b97f7c845cb948a1190a5d22137251b5e874ae75d810ff99c295", kill_on_drop: false }`
[INFO] running `Command { std: "docker" "inspect" "b0bd27d035d5b97f7c845cb948a1190a5d22137251b5e874ae75d810ff99c295", kill_on_drop: false }`
[INFO] running `Command { std: "docker" "rm" "-f" "b0bd27d035d5b97f7c845cb948a1190a5d22137251b5e874ae75d810ff99c295", kill_on_drop: false }`
[INFO] [stdout] b0bd27d035d5b97f7c845cb948a1190a5d22137251b5e874ae75d810ff99c295
[INFO] running `Command { std: "docker" "create" "-v" "/var/lib/crater-agent-workspace/builds/worker-0-tc1/target:/opt/rustwide/target:rw,Z" "-v" "/var/lib/crater-agent-workspace/builds/worker-0-tc1/source:/opt/rustwide/workdir:ro,Z" "-v" "/var/lib/crater-agent-workspace/cargo-home:/opt/rustwide/cargo-home:ro,Z" "-v" "/var/lib/crater-agent-workspace/rustup-home:/opt/rustwide/rustup-home:ro,Z" "-e" "SOURCE_DIR=/opt/rustwide/workdir" "-e" "CARGO_TARGET_DIR=/opt/rustwide/target" "-e" "CARGO_INCREMENTAL=0" "-e" "RUST_BACKTRACE=full" "-e" "RUSTFLAGS=--cap-lints=forbid" "-e" "RUSTDOCFLAGS=--cap-lints=forbid" "-e" "CARGO_HOME=/opt/rustwide/cargo-home" "-e" "RUSTUP_HOME=/opt/rustwide/rustup-home" "-w" "/opt/rustwide/workdir" "-m" "1610612736" "--user" "0:0" "--network" "none" "ghcr.io/rust-lang/crates-build-env/linux@sha256:819108c5571ea2e421544af4d832f968d213c87fbe3707a016657f43d2f853bc" "/opt/rustwide/cargo-home/bin/cargo" "+nightly-2025-01-18" "build" "--frozen" "--message-format=json", kill_on_drop: false }`
[INFO] [stdout] ae4d00383e77cb174f1b9507c9abf2ef271edd91e76786a09a64f6d9aaa0d541
[INFO] running `Command { std: "docker" "start" "-a" "ae4d00383e77cb174f1b9507c9abf2ef271edd91e76786a09a64f6d9aaa0d541", kill_on_drop: false }`
[INFO] [stderr]    Compiling autocfg v1.4.0
[INFO] [stderr]    Compiling proc-macro2 v1.0.93
[INFO] [stderr]    Compiling serde v1.0.217
[INFO] [stderr]    Compiling serde_json v1.0.137
[INFO] [stderr]    Compiling getrandom v0.1.16
[INFO] [stderr]    Compiling semver-parser v0.7.0
[INFO] [stderr]    Compiling memchr v2.7.4
[INFO] [stderr]    Compiling byteorder v1.5.0
[INFO] [stderr]    Compiling itoa v1.0.14
[INFO] [stderr]    Compiling rawpointer v0.2.1
[INFO] [stderr]    Compiling ryu v1.0.18
[INFO] [stderr]    Compiling parking_lot_core v0.8.6
[INFO] [stderr]    Compiling ndarray v0.13.1
[INFO] [stderr]    Compiling instant v0.1.13
[INFO] [stderr]    Compiling smallvec v1.13.2
[INFO] [stderr]    Compiling log v0.4.25
[INFO] [stderr]    Compiling matrixmultiply v0.2.4
[INFO] [stderr]    Compiling scopeguard v1.2.0
[INFO] [stderr]    Compiling mio v0.7.14
[INFO] [stderr]    Compiling signal-hook-registry v1.4.2
[INFO] [stderr]    Compiling ndarray v0.14.0
[INFO] [stderr]    Compiling half v1.8.3
[INFO] [stderr]    Compiling itertools v0.9.0
[INFO] [stderr]    Compiling semver v0.9.0
[INFO] [stderr]    Compiling rand_core v0.5.1
[INFO] [stderr]    Compiling signal-hook v0.1.17
[INFO] [stderr]    Compiling num-traits v0.2.19
[INFO] [stderr]    Compiling num-complex v0.2.4
[INFO] [stderr]    Compiling num-bigint v0.2.6
[INFO] [stderr]    Compiling lock_api v0.4.12
[INFO] [stderr]    Compiling num-rational v0.2.4
[INFO] [stderr]    Compiling rustc_version v0.2.3
[INFO] [stderr]    Compiling quote v1.0.38
[INFO] [stderr]    Compiling syn v2.0.96
[INFO] [stderr]    Compiling parking_lot v0.11.2
[INFO] [stderr]    Compiling crossterm v0.18.2
[INFO] [stderr]    Compiling num-integer v0.1.46
[INFO] [stderr]    Compiling num-complex v0.3.1
[INFO] [stderr]    Compiling num-iter v0.1.45
[INFO] [stderr]    Compiling num v0.2.1
[INFO] [stderr]    Compiling serde_derive v1.0.217
[INFO] [stderr]    Compiling zerocopy-derive v0.7.35
[INFO] [stderr]    Compiling zerocopy v0.7.35
[INFO] [stderr]    Compiling mnist_read v1.0.1
[INFO] [stderr]    Compiling ppv-lite86 v0.2.20
[INFO] [stderr]    Compiling rand_chacha v0.2.2
[INFO] [stderr]    Compiling rand v0.7.3
[INFO] [stderr]    Compiling arrayfire v3.8.0
[INFO] [stderr]    Compiling cogent v0.6.3 (/opt/rustwide/workdir)
[INFO] [stderr]     Finished `dev` profile [unoptimized + debuginfo] target(s) in 22.90s
[INFO] running `Command { std: "docker" "inspect" "ae4d00383e77cb174f1b9507c9abf2ef271edd91e76786a09a64f6d9aaa0d541", kill_on_drop: false }`
[INFO] running `Command { std: "docker" "rm" "-f" "ae4d00383e77cb174f1b9507c9abf2ef271edd91e76786a09a64f6d9aaa0d541", kill_on_drop: false }`
[INFO] [stdout] ae4d00383e77cb174f1b9507c9abf2ef271edd91e76786a09a64f6d9aaa0d541
[INFO] running `Command { std: "docker" "create" "-v" "/var/lib/crater-agent-workspace/builds/worker-0-tc1/target:/opt/rustwide/target:rw,Z" "-v" "/var/lib/crater-agent-workspace/builds/worker-0-tc1/source:/opt/rustwide/workdir:ro,Z" "-v" "/var/lib/crater-agent-workspace/cargo-home:/opt/rustwide/cargo-home:ro,Z" "-v" "/var/lib/crater-agent-workspace/rustup-home:/opt/rustwide/rustup-home:ro,Z" "-e" "SOURCE_DIR=/opt/rustwide/workdir" "-e" "CARGO_TARGET_DIR=/opt/rustwide/target" "-e" "CARGO_INCREMENTAL=0" "-e" "RUST_BACKTRACE=full" "-e" "RUSTFLAGS=--cap-lints=forbid" "-e" "RUSTDOCFLAGS=--cap-lints=forbid" "-e" "CARGO_HOME=/opt/rustwide/cargo-home" "-e" "RUSTUP_HOME=/opt/rustwide/rustup-home" "-w" "/opt/rustwide/workdir" "-m" "1610612736" "--user" "0:0" "--network" "none" "ghcr.io/rust-lang/crates-build-env/linux@sha256:819108c5571ea2e421544af4d832f968d213c87fbe3707a016657f43d2f853bc" "/opt/rustwide/cargo-home/bin/cargo" "+nightly-2025-01-18" "test" "--frozen" "--no-run" "--message-format=json", kill_on_drop: false }`
[INFO] [stdout] 24fc35a52e13352694f191c86621d0a635d6f8b1d4efcd12b989f9bdbac8d4ab
[INFO] running `Command { std: "docker" "start" "-a" "24fc35a52e13352694f191c86621d0a635d6f8b1d4efcd12b989f9bdbac8d4ab", kill_on_drop: false }`
[INFO] [stderr]    Compiling cogent v0.6.3 (/opt/rustwide/workdir)
[INFO] [stderr]     Finished `test` profile [unoptimized + debuginfo] target(s) in 0.65s
[INFO] running `Command { std: "docker" "inspect" "24fc35a52e13352694f191c86621d0a635d6f8b1d4efcd12b989f9bdbac8d4ab", kill_on_drop: false }`
[INFO] running `Command { std: "docker" "rm" "-f" "24fc35a52e13352694f191c86621d0a635d6f8b1d4efcd12b989f9bdbac8d4ab", kill_on_drop: false }`
[INFO] [stdout] 24fc35a52e13352694f191c86621d0a635d6f8b1d4efcd12b989f9bdbac8d4ab
[INFO] running `Command { std: "docker" "create" "-v" "/var/lib/crater-agent-workspace/builds/worker-0-tc1/target:/opt/rustwide/target:rw,Z" "-v" "/var/lib/crater-agent-workspace/builds/worker-0-tc1/source:/opt/rustwide/workdir:ro,Z" "-v" "/var/lib/crater-agent-workspace/cargo-home:/opt/rustwide/cargo-home:ro,Z" "-v" "/var/lib/crater-agent-workspace/rustup-home:/opt/rustwide/rustup-home:ro,Z" "-e" "SOURCE_DIR=/opt/rustwide/workdir" "-e" "CARGO_TARGET_DIR=/opt/rustwide/target" "-e" "CARGO_INCREMENTAL=0" "-e" "RUST_BACKTRACE=full" "-e" "RUSTFLAGS=--cap-lints=forbid" "-e" "RUSTDOCFLAGS=--cap-lints=forbid" "-e" "CARGO_HOME=/opt/rustwide/cargo-home" "-e" "RUSTUP_HOME=/opt/rustwide/rustup-home" "-w" "/opt/rustwide/workdir" "-m" "1610612736" "--user" "0:0" "--network" "none" "ghcr.io/rust-lang/crates-build-env/linux@sha256:819108c5571ea2e421544af4d832f968d213c87fbe3707a016657f43d2f853bc" "/opt/rustwide/cargo-home/bin/cargo" "+nightly-2025-01-18" "test" "--frozen", kill_on_drop: false }`
[INFO] [stdout] 3d4c56216f751f94cff6a30937c43457597bef01e7f385b88b7842e5b6e25fbe
[INFO] running `Command { std: "docker" "start" "-a" "3d4c56216f751f94cff6a30937c43457597bef01e7f385b88b7842e5b6e25fbe", kill_on_drop: false }`
[INFO] [stderr]     Finished `test` profile [unoptimized + debuginfo] target(s) in 0.07s
[INFO] [stderr]      Running unittests src/lib.rs (/opt/rustwide/target/debug/deps/cogent-f23dc4f860b31470)
[INFO] [stdout] 
[INFO] [stdout] running 0 tests
[INFO] [stdout] 
[INFO] [stdout] test result: ok. 0 passed; 0 failed; 0 ignored; 0 measured; 0 filtered out; finished in 0.00s
[INFO] [stdout] 
[INFO] [stderr]    Doc-tests cogent
[INFO] [stdout] 
[INFO] [stdout] running 9 tests
[INFO] [stdout] test src/neural_network.rs - neural_network::NeuralNetwork::analyze_string (line 1099) ... ignored
[INFO] [stdout] test src/neural_network.rs - neural_network::NeuralNetwork::export (line 1306) ... ignored
[INFO] [stdout] test src/neural_network.rs - neural_network::NeuralNetwork::import (line 1348) ... ignored
[INFO] [stdout] test src/neural_network.rs - neural_network::NeuralNetwork::analyze (line 927) ... FAILED
[INFO] [stdout] test src/neural_network.rs - neural_network::NeuralNetwork::activation (line 183) ... FAILED
[INFO] [stdout] test src/neural_network.rs - neural_network::NeuralNetwork::new (line 70) ... FAILED
[INFO] [stdout] test src/neural_network.rs - neural_network::NeuralNetwork::evaluate (line 847) ... FAILED
[INFO] [stdout] test src/neural_network.rs - neural_network::NeuralNetwork::train (line 283) ... FAILED
[INFO] [stdout] test src/neural_network.rs - neural_network::NeuralNetwork::analyze_string (line 1062) ... FAILED
[INFO] [stdout] 
[INFO] [stdout] failures:
[INFO] [stdout] 
[INFO] [stdout] ---- src/neural_network.rs - neural_network::NeuralNetwork::analyze (line 927) stdout ----
[INFO] [stdout] error: linking with `cc` failed: exit status: 1
[INFO] [stdout]   |
[INFO] [stdout]   = note: LC_ALL="C" PATH="/opt/rustwide/rustup-home/toolchains/nightly-2025-01-18-x86_64-unknown-linux-gnu/lib/rustlib/x86_64-unknown-linux-gnu/bin:/opt/rustwide/rustup-home/toolchains/nightly-2025-01-18-x86_64-unknown-linux-gnu/lib/rustlib/x86_64-unknown-linux-gnu/bin/self-contained:/opt/rustwide/cargo-home/bin:/usr/local/sbin:/usr/local/bin:/usr/sbin:/usr/bin:/sbin:/bin" VSLANG="1033" "cc" "-m64" "/tmp/rustc0q5oTl/symbols.o" "<2 object files omitted>" "-Wl,--as-needed" "-Wl,-Bstatic" "/opt/rustwide/target/debug/deps/{libcogent-28b7b71adb2af618.rlib,libserde_json-9a6782948380eeed.rlib,libmemchr-4f0714dc45d95749.rlib,libitoa-d34da3363977f6fb.rlib,libryu-f8ba606093049f91.rlib,libcrossterm-a0752dc8524906b3.rlib,libsignal_hook-b2df3df46a90cb49.rlib,libsignal_hook_registry-3cc9fd60c2bdc8b4.rlib,libmio-28e15807b6fc9020.rlib,liblog-7d65fd516d3aa4e6.rlib,libbitflags-e2b4db6c651223da.rlib,libparking_lot-f714065c60517710.rlib,libparking_lot_core-2db339ecd2bed899.rlib,libsmallvec-8045c56aeb050430.rlib,liblock_api-0fd539a479e0f355.rlib,libscopeguard-d52bd00767847e44.rlib,libinstant-7ca0f2602aa54eaa.rlib,libndarray-6faefa77b8b8405e.rlib,libmatrixmultiply-4a4b7026a6a016ee.rlib,libnum_complex-bc3ce2d2ba3092c5.rlib,librawpointer-a726d041f28ef5ec.rlib,librand-b417c49c82a3cc4a.rlib,librand_chacha-e77dc9f529b45254.rlib,libppv_lite86-74237a0aeb4f9d64.rlib,libzerocopy-f62734ee05af7920.rlib,libbyteorder-7df9ab1ae37e1368.rlib,librand_core-786c496a76ca404f.rlib,libgetrandom-28a5b35360fe84a7.rlib,libcfg_if-33ef6c02a07f9fec.rlib,libitertools-f224c9140dd84d73.rlib,libeither-05c06c46adc2ac96.rlib,libarrayfire-062ec0b068d9d603.rlib,libhalf-cc6be314b18dd970.rlib,liblibc-60646f2741300933.rlib,libnum-f173dc64c8689555.rlib,libnum_rational-f6d346aa32240faf.rlib,libnum_iter-5ebba9fe00350828.rlib,libnum_complex-c48a499ddb6f6d90.rlib,libnum_bigint-dbc037cb734d4706.rlib,libnum_integer-00c3f4622c85ced8.rlib,libnum_traits-9c08140b505fd33f.rlib,liblazy_static-b3603208c0de2608.rlib,libserde-fcb5e360c3fe137e.rlib}" "/opt/rustwide/rustup-home/toolchains/nightly-2025-01-18-x86_64-unknown-linux-gnu/lib/rustlib/x86_64-unknown-linux-gnu/lib/{libstd-006123e2ce67e99d.rlib,libpanic_unwind-e1447e1efa6f1e57.rlib,libobject-f6963a4916fcf097.rlib,libmemchr-49a2d9af912f4524.rlib,libaddr2line-04d19aad3936869d.rlib,libgimli-483c235edb789db0.rlib,librustc_demangle-294281af50b8f748.rlib,libstd_detect-3b08295250aabc2a.rlib,libhashbrown-4472d1e05ba0dfaf.rlib,librustc_std_workspace_alloc-2ef099fac590e457.rlib,libminiz_oxide-8a51f5e848546c29.rlib,libadler2-3d3fa22b868db521.rlib,libunwind-0ffda8b08e22dbea.rlib,libcfg_if-b08f62458fdd43b9.rlib,liblibc-559675126e63b890.rlib,liballoc-fcf21c8d1c9c7b75.rlib,librustc_std_workspace_core-e0b0460135bcf21d.rlib,libcore-d4097fdcbddd3bc7.rlib,libcompiler_builtins-fea484ac1eed7881.rlib}" "-Wl,-Bdynamic" "-lgcc_s" "-lutil" "-lrt" "-lpthread" "-lm" "-ldl" "-lc" "-B/opt/rustwide/rustup-home/toolchains/nightly-2025-01-18-x86_64-unknown-linux-gnu/lib/rustlib/x86_64-unknown-linux-gnu/bin/gcc-ld" "-fuse-ld=lld" "-Wl,--eh-frame-hdr" "-Wl,-z,noexecstack" "-L" "/opt/arrayfire/lib" "-L" "/opt/arrayfire/lib64" "-L" "/usr/lib" "-L" "/usr/local/lib" "-L" "/opt/rustwide/rustup-home/toolchains/nightly-2025-01-18-x86_64-unknown-linux-gnu/lib/rustlib/x86_64-unknown-linux-gnu/lib" "-o" "/tmp/rustdoctestm0DPmA/rust_out" "-Wl,--gc-sections" "-pie" "-Wl,-z,relro,-z,now" "-nodefaultlibs"
[INFO] [stdout]   = note: some arguments are omitted. use `--verbose` to show all linker arguments
[INFO] [stdout]   = note: rust-lld: error: undefined symbol: af_retain_array
[INFO] [stdout]           >>> referenced by array.rs:694 (/opt/rustwide/cargo-home/registry/src/index.crates.io-1949cf8c6b5b557f/arrayfire-3.8.0/src/core/array.rs:694)
[INFO] [stdout]           >>>               cogent-28b7b71adb2af618.cogent.56b0e753c22ca09-cgu.05.rcgu.o:(_$LT$arrayfire..core..array..Array$LT$T$GT$$u20$as$u20$core..clone..Clone$GT$::clone::h6d631d2167c9bd20) in archive /opt/rustwide/target/debug/deps/libcogent-28b7b71adb2af618.rlib
[INFO] [stdout]           >>> referenced by array.rs:694 (/opt/rustwide/cargo-home/registry/src/index.crates.io-1949cf8c6b5b557f/arrayfire-3.8.0/src/core/array.rs:694)
[INFO] [stdout]           >>>               cogent-28b7b71adb2af618.cogent.56b0e753c22ca09-cgu.05.rcgu.o:(_$LT$arrayfire..core..array..Array$LT$T$GT$$u20$as$u20$core..clone..Clone$GT$::clone::hbac7526a458255f0) in archive /opt/rustwide/target/debug/deps/libcogent-28b7b71adb2af618.rlib
[INFO] [stdout]           >>> referenced by array.rs:694 (src/core/array.rs:694)
[INFO] [stdout]           >>>               arrayfire-062ec0b068d9d603.arrayfire.5295f9b7a63d39c-cgu.0.rcgu.o:(_$LT$arrayfire..core..array..Array$LT$T$GT$$u20$as$u20$core..clone..Clone$GT$::clone::h5967b53136c34632) in archive /opt/rustwide/target/debug/deps/libarrayfire-062ec0b068d9d603.rlib
[INFO] [stdout]           
[INFO] [stdout]           rust-lld: error: undefined symbol: af_release_array
[INFO] [stdout]           >>> referenced by array.rs:710 (/opt/rustwide/cargo-home/registry/src/index.crates.io-1949cf8c6b5b557f/arrayfire-3.8.0/src/core/array.rs:710)
[INFO] [stdout]           >>>               cogent-28b7b71adb2af618.cogent.56b0e753c22ca09-cgu.05.rcgu.o:(_$LT$arrayfire..core..array..Array$LT$T$GT$$u20$as$u20$core..ops..drop..Drop$GT$::drop::h09938af211cfcd06) in archive /opt/rustwide/target/debug/deps/libcogent-28b7b71adb2af618.rlib
[INFO] [stdout]           >>> referenced by array.rs:710 (/opt/rustwide/cargo-home/registry/src/index.crates.io-1949cf8c6b5b557f/arrayfire-3.8.0/src/core/array.rs:710)
[INFO] [stdout]           >>>               cogent-28b7b71adb2af618.cogent.56b0e753c22ca09-cgu.05.rcgu.o:(_$LT$arrayfire..core..array..Array$LT$T$GT$$u20$as$u20$core..ops..drop..Drop$GT$::drop::h18a5e721b8d3dac6) in archive /opt/rustwide/target/debug/deps/libcogent-28b7b71adb2af618.rlib
[INFO] [stdout]           >>> referenced by array.rs:710 (/opt/rustwide/cargo-home/registry/src/index.crates.io-1949cf8c6b5b557f/arrayfire-3.8.0/src/core/array.rs:710)
[INFO] [stdout]           >>>               cogent-28b7b71adb2af618.cogent.56b0e753c22ca09-cgu.05.rcgu.o:(_$LT$arrayfire..core..array..Array$LT$T$GT$$u20$as$u20$core..ops..drop..Drop$GT$::drop::h4e9c3db85d03eeb6) in archive /opt/rustwide/target/debug/deps/libcogent-28b7b71adb2af618.rlib
[INFO] [stdout]           >>> referenced 2 more times
[INFO] [stdout]           
[INFO] [stdout]           rust-lld: error: undefined symbol: af_matmul
[INFO] [stdout]           >>> referenced by mod.rs:167 (/opt/rustwide/cargo-home/registry/src/index.crates.io-1949cf8c6b5b557f/arrayfire-3.8.0/src/blas/mod.rs:167)
[INFO] [stdout]           >>>               cogent-28b7b71adb2af618.cogent.56b0e753c22ca09-cgu.05.rcgu.o:(arrayfire::blas::matmul::h1ae10f94a906731d) in archive /opt/rustwide/target/debug/deps/libcogent-28b7b71adb2af618.rlib
[INFO] [stdout]           
[INFO] [stdout]           rust-lld: error: undefined symbol: af_transpose
[INFO] [stdout]           >>> referenced by mod.rs:225 (/opt/rustwide/cargo-home/registry/src/index.crates.io-1949cf8c6b5b557f/arrayfire-3.8.0/src/blas/mod.rs:225)
[INFO] [stdout]           >>>               cogent-28b7b71adb2af618.cogent.56b0e753c22ca09-cgu.05.rcgu.o:(arrayfire::blas::transpose::hc589695665d70c6e) in archive /opt/rustwide/target/debug/deps/libcogent-28b7b71adb2af618.rlib
[INFO] [stdout]           
[INFO] [stdout]           rust-lld: error: undefined symbol: af_diag_extract
[INFO] [stdout]           >>> referenced by data.rs:416 (/opt/rustwide/cargo-home/registry/src/index.crates.io-1949cf8c6b5b557f/arrayfire-3.8.0/src/core/data.rs:416)
[INFO] [stdout]           >>>               cogent-28b7b71adb2af618.cogent.56b0e753c22ca09-cgu.05.rcgu.o:(arrayfire::core::data::diag_extract::h5b4eb916de93f1fb) in archive /opt/rustwide/target/debug/deps/libcogent-28b7b71adb2af618.rlib
[INFO] [stdout]           
[INFO] [stdout]           rust-lld: error: undefined symbol: af_tile
[INFO] [stdout]           >>> referenced by data.rs:496 (/opt/rustwide/cargo-home/registry/src/index.crates.io-1949cf8c6b5b557f/arrayfire-3.8.0/src/core/data.rs:496)
[INFO] [stdout]           >>>               cogent-28b7b71adb2af618.cogent.56b0e753c22ca09-cgu.05.rcgu.o:(arrayfire::core::data::tile::h556b8b66c9615217) in archive /opt/rustwide/target/debug/deps/libcogent-28b7b71adb2af618.rlib
[INFO] [stdout]           >>> referenced by data.rs:496 (/opt/rustwide/cargo-home/registry/src/index.crates.io-1949cf8c6b5b557f/arrayfire-3.8.0/src/core/data.rs:496)
[INFO] [stdout]           >>>               cogent-28b7b71adb2af618.cogent.56b0e753c22ca09-cgu.05.rcgu.o:(arrayfire::core::data::tile::h8439889d1aeeb55c) in archive /opt/rustwide/target/debug/deps/libcogent-28b7b71adb2af618.rlib
[INFO] [stdout]           >>> referenced by data.rs:496 (/opt/rustwide/cargo-home/registry/src/index.crates.io-1949cf8c6b5b557f/arrayfire-3.8.0/src/core/data.rs:496)
[INFO] [stdout]           >>>               cogent-28b7b71adb2af618.cogent.56b0e753c22ca09-cgu.05.rcgu.o:(arrayfire::core::data::tile::hcb187b249a8a4865) in archive /opt/rustwide/target/debug/deps/libcogent-28b7b71adb2af618.rlib
[INFO] [stdout]           >>> referenced 1 more times
[INFO] [stdout]           
[INFO] [stdout]           rust-lld: error: undefined symbol: af_add
[INFO] [stdout]           >>> referenced by arith.rs:407 (/opt/rustwide/cargo-home/registry/src/index.crates.io-1949cf8c6b5b557f/arrayfire-3.8.0/src/core/arith.rs:407)
[INFO] [stdout]           >>>               cogent-28b7b71adb2af618.cogent.56b0e753c22ca09-cgu.05.rcgu.o:(arrayfire::core::arith::add_helper::h3665d928b1693c3b) in archive /opt/rustwide/target/debug/deps/libcogent-28b7b71adb2af618.rlib
[INFO] [stdout]           >>> referenced by arith.rs:407 (/opt/rustwide/cargo-home/registry/src/index.crates.io-1949cf8c6b5b557f/arrayfire-3.8.0/src/core/arith.rs:407)
[INFO] [stdout]           >>>               cogent-28b7b71adb2af618.cogent.56b0e753c22ca09-cgu.05.rcgu.o:(arrayfire::core::arith::add_helper::h4ea2c2d67bca565d) in archive /opt/rustwide/target/debug/deps/libcogent-28b7b71adb2af618.rlib
[INFO] [stdout]           >>> referenced by arith.rs:407 (/opt/rustwide/cargo-home/registry/src/index.crates.io-1949cf8c6b5b557f/arrayfire-3.8.0/src/core/arith.rs:407)
[INFO] [stdout]           >>>               cogent-28b7b71adb2af618.cogent.56b0e753c22ca09-cgu.05.rcgu.o:(arrayfire::core::arith::add_helper::h6f9b4493e0fd5605) in archive /opt/rustwide/target/debug/deps/libcogent-28b7b71adb2af618.rlib
[INFO] [stdout]           
[INFO] [stdout]           rust-lld: error: undefined symbol: af_div
[INFO] [stdout]           >>> referenced by arith.rs:407 (/opt/rustwide/cargo-home/registry/src/index.crates.io-1949cf8c6b5b557f/arrayfire-3.8.0/src/core/arith.rs:407)
[INFO] [stdout]           >>>               cogent-28b7b71adb2af618.cogent.56b0e753c22ca09-cgu.05.rcgu.o:(arrayfire::core::arith::div_helper::haff280b61a03fd6b) in archive /opt/rustwide/target/debug/deps/libcogent-28b7b71adb2af618.rlib
[INFO] [stdout]           
[INFO] [stdout]           rust-lld: error: undefined symbol: af_mul
[INFO] [stdout]           >>> referenced by arith.rs:407 (/opt/rustwide/cargo-home/registry/src/index.crates.io-1949cf8c6b5b557f/arrayfire-3.8.0/src/core/arith.rs:407)
[INFO] [stdout]           >>>               cogent-28b7b71adb2af618.cogent.56b0e753c22ca09-cgu.05.rcgu.o:(arrayfire::core::arith::mul_helper::h3d556db617765f24) in archive /opt/rustwide/target/debug/deps/libcogent-28b7b71adb2af618.rlib
[INFO] [stdout]           >>> referenced by arith.rs:407 (/opt/rustwide/cargo-home/registry/src/index.crates.io-1949cf8c6b5b557f/arrayfire-3.8.0/src/core/arith.rs:407)
[INFO] [stdout]           >>>               cogent-28b7b71adb2af618.cogent.56b0e753c22ca09-cgu.05.rcgu.o:(arrayfire::core::arith::mul_helper::h8483e829530af22d) in archive /opt/rustwide/target/debug/deps/libcogent-28b7b71adb2af618.rlib
[INFO] [stdout]           >>> referenced by arith.rs:407 (/opt/rustwide/cargo-home/registry/src/index.crates.io-1949cf8c6b5b557f/arrayfire-3.8.0/src/core/arith.rs:407)
[INFO] [stdout]           >>>               cogent-28b7b71adb2af618.cogent.56b0e753c22ca09-cgu.05.rcgu.o:(arrayfire::core::arith::mul_helper::hcb65486f72e49643) in archive /opt/rustwide/target/debug/deps/libcogent-28b7b71adb2af618.rlib
[INFO] [stdout]           
[INFO] [stdout]           rust-lld: error: undefined symbol: af_pow
[INFO] [stdout]           >>> referenced by arith.rs:407 (/opt/rustwide/cargo-home/registry/src/index.crates.io-1949cf8c6b5b557f/arrayfire-3.8.0/src/core/arith.rs:407)
[INFO] [stdout]           >>>               cogent-28b7b71adb2af618.cogent.56b0e753c22ca09-cgu.05.rcgu.o:(arrayfire::core::arith::pow_helper::h5a38281e94e56c94) in archive /opt/rustwide/target/debug/deps/libcogent-28b7b71adb2af618.rlib
[INFO] [stdout]           
[INFO] [stdout]           rust-lld: error: undefined symbol: af_sub
[INFO] [stdout]           >>> referenced by arith.rs:407 (/opt/rustwide/cargo-home/registry/src/index.crates.io-1949cf8c6b5b557f/arrayfire-3.8.0/src/core/arith.rs:407)
[INFO] [stdout]           >>>               cogent-28b7b71adb2af618.cogent.56b0e753c22ca09-cgu.05.rcgu.o:(arrayfire::core::arith::sub_helper::h592ea656326d0f2e) in archive /opt/rustwide/target/debug/deps/libcogent-28b7b71adb2af618.rlib
[INFO] [stdout]           >>> referenced by arith.rs:407 (/opt/rustwide/cargo-home/registry/src/index.crates.io-1949cf8c6b5b557f/arrayfire-3.8.0/src/core/arith.rs:407)
[INFO] [stdout]           >>>               cogent-28b7b71adb2af618.cogent.56b0e753c22ca09-cgu.05.rcgu.o:(arrayfire::core::arith::sub_helper::hd7b36831dec6e02d) in archive /opt/rustwide/target/debug/deps/libcogent-28b7b71adb2af618.rlib
[INFO] [stdout]           
[INFO] [stdout]           rust-lld: error: undefined symbol: af_and
[INFO] [stdout]           >>> referenced by arith.rs:296 (/opt/rustwide/cargo-home/registry/src/index.crates.io-1949cf8c6b5b557f/arrayfire-3.8.0/src/core/arith.rs:296)
[INFO] [stdout]           >>>               cogent-28b7b71adb2af618.cogent.56b0e753c22ca09-cgu.05.rcgu.o:(arrayfire::core::arith::and::h23b548a7f5dba8d7) in archive /opt/rustwide/target/debug/deps/libcogent-28b7b71adb2af618.rlib
[INFO] [stdout]           
[INFO] [stdout]           rust-lld: error: undefined symbol: af_exp
[INFO] [stdout]           >>> referenced by arith.rs:129 (/opt/rustwide/cargo-home/registry/src/index.crates.io-1949cf8c6b5b557f/arrayfire-3.8.0/src/core/arith.rs:129)
[INFO] [stdout]           >>>               cogent-28b7b71adb2af618.cogent.56b0e753c22ca09-cgu.05.rcgu.o:(arrayfire::core::arith::exp::h8d1678485a261dc3) in archive /opt/rustwide/target/debug/deps/libcogent-28b7b71adb2af618.rlib
[INFO] [stdout]           
[INFO] [stdout]           rust-lld: error: undefined symbol: af_log
[INFO] [stdout]           >>> referenced by arith.rs:129 (/opt/rustwide/cargo-home/registry/src/index.crates.io-1949cf8c6b5b557f/arrayfire-3.8.0/src/core/arith.rs:129)
[INFO] [stdout]           >>>               cogent-28b7b71adb2af618.cogent.56b0e753c22ca09-cgu.05.rcgu.o:(arrayfire::core::arith::log::ha3c335b74c4e56ff) in archive /opt/rustwide/target/debug/deps/libcogent-28b7b71adb2af618.rlib
[INFO] [stdout]           
[INFO] [stdout]           rust-lld: error: undefined symbol: af_tanh
[INFO] [stdout]           >>> referenced by arith.rs:129 (/opt/rustwide/cargo-home/registry/src/index.crates.io-1949cf8c6b5b557f/arrayfire-3.8.0/src/core/arith.rs:129)
[INFO] [stdout]           >>>               cogent-28b7b71adb2af618.cogent.56b0e753c22ca09-cgu.05.rcgu.o:(arrayfire::core::arith::tanh::h10677d0eeb071efb) in archive /opt/rustwide/target/debug/deps/libcogent-28b7b71adb2af618.rlib
[INFO] [stdout]           
[INFO] [stdout]           rust-lld: error: undefined symbol: af_maxof
[INFO] [stdout]           >>> referenced by arith.rs:296 (/opt/rustwide/cargo-home/registry/src/index.crates.io-1949cf8c6b5b557f/arrayfire-3.8.0/src/core/arith.rs:296)
[INFO] [stdout]           >>>               cogent-28b7b71adb2af618.cogent.56b0e753c22ca09-cgu.05.rcgu.o:(arrayfire::core::arith::maxof::h67649a1ef52ba9ba) in archive /opt/rustwide/target/debug/deps/libcogent-28b7b71adb2af618.rlib
[INFO] [stdout]           
[INFO] [stdout]           rust-lld: error: undefined symbol: af_sigmoid
[INFO] [stdout]           >>> referenced by arith.rs:129 (/opt/rustwide/cargo-home/registry/src/index.crates.io-1949cf8c6b5b557f/arrayfire-3.8.0/src/core/arith.rs:129)
[INFO] [stdout]           >>>               cogent-28b7b71adb2af618.cogent.56b0e753c22ca09-cgu.05.rcgu.o:(arrayfire::core::arith::sigmoid::hd466d06836e3a2e3) in archive /opt/rustwide/target/debug/deps/libcogent-28b7b71adb2af618.rlib
[INFO] [stdout]           
[INFO] [stdout]           rust-lld: error: undefined symbol: af_eq
[INFO] [stdout]           >>> referenced by arith.rs:511 (/opt/rustwide/cargo-home/registry/src/index.crates.io-1949cf8c6b5b557f/arrayfire-3.8.0/src/core/arith.rs:511)
[INFO] [stdout]           >>>               cogent-28b7b71adb2af618.cogent.56b0e753c22ca09-cgu.05.rcgu.o:(arrayfire::core::arith::eq_helper::h8f9edad58c453d20) in archive /opt/rustwide/target/debug/deps/libcogent-28b7b71adb2af618.rlib
[INFO] [stdout]           >>> referenced by arith.rs:511 (/opt/rustwide/cargo-home/registry/src/index.crates.io-1949cf8c6b5b557f/arrayfire-3.8.0/src/core/arith.rs:511)
[INFO] [stdout]           >>>               cogent-28b7b71adb2af618.cogent.56b0e753c22ca09-cgu.05.rcgu.o:(arrayfire::core::arith::eq_helper::hd92456736752d4fb) in archive /opt/rustwide/target/debug/deps/libcogent-28b7b71adb2af618.rlib
[INFO] [stdout]           
[INFO] [stdout]           rust-lld: error: undefined symbol: af_gt
[INFO] [stdout]           >>> referenced by arith.rs:511 (/opt/rustwide/cargo-home/registry/src/index.crates.io-1949cf8c6b5b557f/arrayfire-3.8.0/src/core/arith.rs:511)
[INFO] [stdout]           >>>               cogent-28b7b71adb2af618.cogent.56b0e753c22ca09-cgu.05.rcgu.o:(arrayfire::core::arith::gt_helper::h5937da4b6c91c677) in archive /opt/rustwide/target/debug/deps/libcogent-28b7b71adb2af618.rlib
[INFO] [stdout]           
[INFO] [stdout]           rust-lld: error: undefined symbol: af_create_array
[INFO] [stdout]           >>> referenced by array.rs:228 (/opt/rustwide/cargo-home/registry/src/index.crates.io-1949cf8c6b5b557f/arrayfire-3.8.0/src/core/array.rs:228)
[INFO] [stdout]           >>>               cogent-28b7b71adb2af618.cogent.56b0e753c22ca09-cgu.05.rcgu.o:(arrayfire::core::array::Array$LT$T$GT$::new::h34094b7315e6ddfe) in archive /opt/rustwide/target/debug/deps/libcogent-28b7b71adb2af618.rlib
[INFO] [stdout]           >>> referenced by array.rs:228 (/opt/rustwide/cargo-home/registry/src/index.crates.io-1949cf8c6b5b557f/arrayfire-3.8.0/src/core/array.rs:228)
[INFO] [stdout]           >>>               cogent-28b7b71adb2af618.cogent.56b0e753c22ca09-cgu.05.rcgu.o:(arrayfire::core::array::Array$LT$T$GT$::new::hba16d7d59d0e0b09) in archive /opt/rustwide/target/debug/deps/libcogent-28b7b71adb2af618.rlib
[INFO] [stdout]           
[INFO] [stdout]           rust-lld: error: too many errors emitted, stopping now (use --error-limit=0 to see all errors)
[INFO] [stdout]           collect2: error: ld returned 1 exit status
[INFO] [stdout]           
[INFO] [stdout] 
[INFO] [stdout] error: aborting due to 1 previous error
[INFO] [stdout] 
[INFO] [stdout] Couldn't compile the test.
[INFO] [stdout] ---- src/neural_network.rs - neural_network::NeuralNetwork::activation (line 183) stdout ----
[INFO] [stdout] error: linking with `cc` failed: exit status: 1
[INFO] [stdout]   |
[INFO] [stdout]   = note: LC_ALL="C" PATH="/opt/rustwide/rustup-home/toolchains/nightly-2025-01-18-x86_64-unknown-linux-gnu/lib/rustlib/x86_64-unknown-linux-gnu/bin:/opt/rustwide/rustup-home/toolchains/nightly-2025-01-18-x86_64-unknown-linux-gnu/lib/rustlib/x86_64-unknown-linux-gnu/bin/self-contained:/opt/rustwide/cargo-home/bin:/usr/local/sbin:/usr/local/bin:/usr/sbin:/usr/bin:/sbin:/bin" VSLANG="1033" "cc" "-m64" "/tmp/rustcs6SYN2/symbols.o" "<2 object files omitted>" "-Wl,--as-needed" "-Wl,-Bstatic" "/opt/rustwide/target/debug/deps/{libcogent-28b7b71adb2af618.rlib,libserde_json-9a6782948380eeed.rlib,libmemchr-4f0714dc45d95749.rlib,libitoa-d34da3363977f6fb.rlib,libryu-f8ba606093049f91.rlib,libcrossterm-a0752dc8524906b3.rlib,libsignal_hook-b2df3df46a90cb49.rlib,libsignal_hook_registry-3cc9fd60c2bdc8b4.rlib,libmio-28e15807b6fc9020.rlib,liblog-7d65fd516d3aa4e6.rlib,libbitflags-e2b4db6c651223da.rlib,libparking_lot-f714065c60517710.rlib,libparking_lot_core-2db339ecd2bed899.rlib,libsmallvec-8045c56aeb050430.rlib,liblock_api-0fd539a479e0f355.rlib,libscopeguard-d52bd00767847e44.rlib,libinstant-7ca0f2602aa54eaa.rlib,libndarray-6faefa77b8b8405e.rlib,libmatrixmultiply-4a4b7026a6a016ee.rlib,libnum_complex-bc3ce2d2ba3092c5.rlib,librawpointer-a726d041f28ef5ec.rlib,librand-b417c49c82a3cc4a.rlib,librand_chacha-e77dc9f529b45254.rlib,libppv_lite86-74237a0aeb4f9d64.rlib,libzerocopy-f62734ee05af7920.rlib,libbyteorder-7df9ab1ae37e1368.rlib,librand_core-786c496a76ca404f.rlib,libgetrandom-28a5b35360fe84a7.rlib,libcfg_if-33ef6c02a07f9fec.rlib,libitertools-f224c9140dd84d73.rlib,libeither-05c06c46adc2ac96.rlib,libarrayfire-062ec0b068d9d603.rlib,libhalf-cc6be314b18dd970.rlib,liblibc-60646f2741300933.rlib,libnum-f173dc64c8689555.rlib,libnum_rational-f6d346aa32240faf.rlib,libnum_iter-5ebba9fe00350828.rlib,libnum_complex-c48a499ddb6f6d90.rlib,libnum_bigint-dbc037cb734d4706.rlib,libnum_integer-00c3f4622c85ced8.rlib,libnum_traits-9c08140b505fd33f.rlib,liblazy_static-b3603208c0de2608.rlib,libserde-fcb5e360c3fe137e.rlib}" "/opt/rustwide/rustup-home/toolchains/nightly-2025-01-18-x86_64-unknown-linux-gnu/lib/rustlib/x86_64-unknown-linux-gnu/lib/{libstd-006123e2ce67e99d.rlib,libpanic_unwind-e1447e1efa6f1e57.rlib,libobject-f6963a4916fcf097.rlib,libmemchr-49a2d9af912f4524.rlib,libaddr2line-04d19aad3936869d.rlib,libgimli-483c235edb789db0.rlib,librustc_demangle-294281af50b8f748.rlib,libstd_detect-3b08295250aabc2a.rlib,libhashbrown-4472d1e05ba0dfaf.rlib,librustc_std_workspace_alloc-2ef099fac590e457.rlib,libminiz_oxide-8a51f5e848546c29.rlib,libadler2-3d3fa22b868db521.rlib,libunwind-0ffda8b08e22dbea.rlib,libcfg_if-b08f62458fdd43b9.rlib,liblibc-559675126e63b890.rlib,liballoc-fcf21c8d1c9c7b75.rlib,librustc_std_workspace_core-e0b0460135bcf21d.rlib,libcore-d4097fdcbddd3bc7.rlib,libcompiler_builtins-fea484ac1eed7881.rlib}" "-Wl,-Bdynamic" "-lgcc_s" "-lutil" "-lrt" "-lpthread" "-lm" "-ldl" "-lc" "-B/opt/rustwide/rustup-home/toolchains/nightly-2025-01-18-x86_64-unknown-linux-gnu/lib/rustlib/x86_64-unknown-linux-gnu/bin/gcc-ld" "-fuse-ld=lld" "-Wl,--eh-frame-hdr" "-Wl,-z,noexecstack" "-L" "/opt/arrayfire/lib" "-L" "/opt/arrayfire/lib64" "-L" "/usr/lib" "-L" "/usr/local/lib" "-L" "/opt/rustwide/rustup-home/toolchains/nightly-2025-01-18-x86_64-unknown-linux-gnu/lib/rustlib/x86_64-unknown-linux-gnu/lib" "-o" "/tmp/rustdoctestrdWpzn/rust_out" "-Wl,--gc-sections" "-pie" "-Wl,-z,relro,-z,now" "-nodefaultlibs"
[INFO] [stdout]   = note: some arguments are omitted. use `--verbose` to show all linker arguments
[INFO] [stdout]   = note: rust-lld: error: undefined symbol: af_tile
[INFO] [stdout]           >>> referenced by data.rs:496 (/opt/rustwide/cargo-home/registry/src/index.crates.io-1949cf8c6b5b557f/arrayfire-3.8.0/src/core/data.rs:496)
[INFO] [stdout]           >>>               cogent-28b7b71adb2af618.cogent.56b0e753c22ca09-cgu.05.rcgu.o:(arrayfire::core::data::tile::hcb187b249a8a4865) in archive /opt/rustwide/target/debug/deps/libcogent-28b7b71adb2af618.rlib
[INFO] [stdout]           
[INFO] [stdout]           rust-lld: error: undefined symbol: af_div
[INFO] [stdout]           >>> referenced by arith.rs:407 (/opt/rustwide/cargo-home/registry/src/index.crates.io-1949cf8c6b5b557f/arrayfire-3.8.0/src/core/arith.rs:407)
[INFO] [stdout]           >>>               cogent-28b7b71adb2af618.cogent.56b0e753c22ca09-cgu.05.rcgu.o:(arrayfire::core::arith::div_helper::haff280b61a03fd6b) in archive /opt/rustwide/target/debug/deps/libcogent-28b7b71adb2af618.rlib
[INFO] [stdout]           
[INFO] [stdout]           rust-lld: error: undefined symbol: af_mul
[INFO] [stdout]           >>> referenced by arith.rs:407 (/opt/rustwide/cargo-home/registry/src/index.crates.io-1949cf8c6b5b557f/arrayfire-3.8.0/src/core/arith.rs:407)
[INFO] [stdout]           >>>               cogent-28b7b71adb2af618.cogent.56b0e753c22ca09-cgu.05.rcgu.o:(arrayfire::core::arith::mul_helper::hcb65486f72e49643) in archive /opt/rustwide/target/debug/deps/libcogent-28b7b71adb2af618.rlib
[INFO] [stdout]           
[INFO] [stdout]           rust-lld: error: undefined symbol: af_sub
[INFO] [stdout]           >>> referenced by arith.rs:407 (/opt/rustwide/cargo-home/registry/src/index.crates.io-1949cf8c6b5b557f/arrayfire-3.8.0/src/core/arith.rs:407)
[INFO] [stdout]           >>>               cogent-28b7b71adb2af618.cogent.56b0e753c22ca09-cgu.05.rcgu.o:(arrayfire::core::arith::sub_helper::hd7b36831dec6e02d) in archive /opt/rustwide/target/debug/deps/libcogent-28b7b71adb2af618.rlib
[INFO] [stdout]           
[INFO] [stdout]           rust-lld: error: undefined symbol: af_get_dims
[INFO] [stdout]           >>> referenced by array.rs:433 (/opt/rustwide/cargo-home/registry/src/index.crates.io-1949cf8c6b5b557f/arrayfire-3.8.0/src/core/array.rs:433)
[INFO] [stdout]           >>>               cogent-28b7b71adb2af618.cogent.56b0e753c22ca09-cgu.05.rcgu.o:(arrayfire::core::array::Array$LT$T$GT$::dims::he39e97f09b20903a) in archive /opt/rustwide/target/debug/deps/libcogent-28b7b71adb2af618.rlib
[INFO] [stdout]           
[INFO] [stdout]           rust-lld: error: undefined symbol: af_is_scalar
[INFO] [stdout]           >>> referenced by array.rs:181 (/opt/rustwide/cargo-home/registry/src/index.crates.io-1949cf8c6b5b557f/arrayfire-3.8.0/src/core/array.rs:181)
[INFO] [stdout]           >>>               cogent-28b7b71adb2af618.cogent.56b0e753c22ca09-cgu.05.rcgu.o:(arrayfire::core::array::Array$LT$T$GT$::is_scalar::h133df254da62a786) in archive /opt/rustwide/target/debug/deps/libcogent-28b7b71adb2af618.rlib
[INFO] [stdout]           
[INFO] [stdout]           rust-lld: error: undefined symbol: af_create_handle
[INFO] [stdout]           >>> referenced by array.rs:274 (/opt/rustwide/cargo-home/registry/src/index.crates.io-1949cf8c6b5b557f/arrayfire-3.8.0/src/core/array.rs:274)
[INFO] [stdout]           >>>               cogent-28b7b71adb2af618.cogent.56b0e753c22ca09-cgu.05.rcgu.o:(arrayfire::core::array::Array$LT$T$GT$::new_empty::ha5ae4ed76dd37583) in archive /opt/rustwide/target/debug/deps/libcogent-28b7b71adb2af618.rlib
[INFO] [stdout]           
[INFO] [stdout]           rust-lld: error: undefined symbol: af_randu
[INFO] [stdout]           >>> referenced by random.rs:80 (/opt/rustwide/cargo-home/registry/src/index.crates.io-1949cf8c6b5b557f/arrayfire-3.8.0/src/core/random.rs:80)
[INFO] [stdout]           >>>               cogent-28b7b71adb2af618.cogent.56b0e753c22ca09-cgu.05.rcgu.o:(arrayfire::core::random::randu::heac6cc937f35aaee) in archive /opt/rustwide/target/debug/deps/libcogent-28b7b71adb2af618.rlib
[INFO] [stdout]           
[INFO] [stdout]           rust-lld: error: undefined symbol: af_retain_array
[INFO] [stdout]           >>> referenced by array.rs:694 (src/core/array.rs:694)
[INFO] [stdout]           >>>               arrayfire-062ec0b068d9d603.arrayfire.5295f9b7a63d39c-cgu.0.rcgu.o:(_$LT$arrayfire..core..array..Array$LT$T$GT$$u20$as$u20$core..clone..Clone$GT$::clone::h5967b53136c34632) in archive /opt/rustwide/target/debug/deps/libarrayfire-062ec0b068d9d603.rlib
[INFO] [stdout]           
[INFO] [stdout]           rust-lld: error: undefined symbol: af_release_array
[INFO] [stdout]           >>> referenced by array.rs:710 (src/core/array.rs:710)
[INFO] [stdout]           >>>               arrayfire-062ec0b068d9d603.arrayfire.5295f9b7a63d39c-cgu.0.rcgu.o:(_$LT$arrayfire..core..array..Array$LT$T$GT$$u20$as$u20$core..ops..drop..Drop$GT$::drop::h8cda300a59e8b2e4) in archive /opt/rustwide/target/debug/deps/libarrayfire-062ec0b068d9d603.rlib
[INFO] [stdout]           
[INFO] [stdout]           rust-lld: error: undefined symbol: af_get_last_error
[INFO] [stdout]           >>> referenced by error.rs:104 (src/core/error.rs:104)
[INFO] [stdout]           >>>               arrayfire-062ec0b068d9d603.arrayfire.5295f9b7a63d39c-cgu.0.rcgu.o:(arrayfire::core::error::get_last_error::h8d9f4f1631a109e4) in archive /opt/rustwide/target/debug/deps/libarrayfire-062ec0b068d9d603.rlib
[INFO] [stdout]           
[INFO] [stdout]           rust-lld: error: undefined symbol: af_free_host
[INFO] [stdout]           >>> referenced by util.rs:68 (src/core/util.rs:68)
[INFO] [stdout]           >>>               arrayfire-062ec0b068d9d603.arrayfire.5295f9b7a63d39c-cgu.0.rcgu.o:(arrayfire::core::util::free_host::heba18f4e61c11a9d) in archive /opt/rustwide/target/debug/deps/libarrayfire-062ec0b068d9d603.rlib
[INFO] [stdout]           
[INFO] [stdout]           rust-lld: error: undefined symbol: af_constant
[INFO] [stdout]           >>> referenced by data.rs:242 (src/core/data.rs:242)
[INFO] [stdout]           >>>               arrayfire-062ec0b068d9d603.arrayfire.5295f9b7a63d39c-cgu.0.rcgu.o:(_$LT$f32$u20$as$u20$arrayfire..core..data..ConstGenerator$GT$::generate::hafb01610ef00f9e1) in archive /opt/rustwide/target/debug/deps/libarrayfire-062ec0b068d9d603.rlib
[INFO] [stdout]           collect2: error: ld returned 1 exit status
[INFO] [stdout]           
[INFO] [stdout] 
[INFO] [stdout] error: aborting due to 1 previous error
[INFO] [stdout] 
[INFO] [stdout] Couldn't compile the test.
[INFO] [stdout] ---- src/neural_network.rs - neural_network::NeuralNetwork::new (line 70) stdout ----
[INFO] [stdout] error: linking with `cc` failed: exit status: 1
[INFO] [stdout]   |
[INFO] [stdout]   = note: LC_ALL="C" PATH="/opt/rustwide/rustup-home/toolchains/nightly-2025-01-18-x86_64-unknown-linux-gnu/lib/rustlib/x86_64-unknown-linux-gnu/bin:/opt/rustwide/rustup-home/toolchains/nightly-2025-01-18-x86_64-unknown-linux-gnu/lib/rustlib/x86_64-unknown-linux-gnu/bin/self-contained:/opt/rustwide/cargo-home/bin:/usr/local/sbin:/usr/local/bin:/usr/sbin:/usr/bin:/sbin:/bin" VSLANG="1033" "cc" "-m64" "/tmp/rustcFW1ouO/symbols.o" "<2 object files omitted>" "-Wl,--as-needed" "-Wl,-Bstatic" "/opt/rustwide/target/debug/deps/{libcogent-28b7b71adb2af618.rlib,libserde_json-9a6782948380eeed.rlib,libmemchr-4f0714dc45d95749.rlib,libitoa-d34da3363977f6fb.rlib,libryu-f8ba606093049f91.rlib,libcrossterm-a0752dc8524906b3.rlib,libsignal_hook-b2df3df46a90cb49.rlib,libsignal_hook_registry-3cc9fd60c2bdc8b4.rlib,libmio-28e15807b6fc9020.rlib,liblog-7d65fd516d3aa4e6.rlib,libbitflags-e2b4db6c651223da.rlib,libparking_lot-f714065c60517710.rlib,libparking_lot_core-2db339ecd2bed899.rlib,libsmallvec-8045c56aeb050430.rlib,liblock_api-0fd539a479e0f355.rlib,libscopeguard-d52bd00767847e44.rlib,libinstant-7ca0f2602aa54eaa.rlib,libndarray-6faefa77b8b8405e.rlib,libmatrixmultiply-4a4b7026a6a016ee.rlib,libnum_complex-bc3ce2d2ba3092c5.rlib,librawpointer-a726d041f28ef5ec.rlib,librand-b417c49c82a3cc4a.rlib,librand_chacha-e77dc9f529b45254.rlib,libppv_lite86-74237a0aeb4f9d64.rlib,libzerocopy-f62734ee05af7920.rlib,libbyteorder-7df9ab1ae37e1368.rlib,librand_core-786c496a76ca404f.rlib,libgetrandom-28a5b35360fe84a7.rlib,libcfg_if-33ef6c02a07f9fec.rlib,libitertools-f224c9140dd84d73.rlib,libeither-05c06c46adc2ac96.rlib,libarrayfire-062ec0b068d9d603.rlib,libhalf-cc6be314b18dd970.rlib,liblibc-60646f2741300933.rlib,libnum-f173dc64c8689555.rlib,libnum_rational-f6d346aa32240faf.rlib,libnum_iter-5ebba9fe00350828.rlib,libnum_complex-c48a499ddb6f6d90.rlib,libnum_bigint-dbc037cb734d4706.rlib,libnum_integer-00c3f4622c85ced8.rlib,libnum_traits-9c08140b505fd33f.rlib,liblazy_static-b3603208c0de2608.rlib,libserde-fcb5e360c3fe137e.rlib}" "/opt/rustwide/rustup-home/toolchains/nightly-2025-01-18-x86_64-unknown-linux-gnu/lib/rustlib/x86_64-unknown-linux-gnu/lib/{libstd-006123e2ce67e99d.rlib,libpanic_unwind-e1447e1efa6f1e57.rlib,libobject-f6963a4916fcf097.rlib,libmemchr-49a2d9af912f4524.rlib,libaddr2line-04d19aad3936869d.rlib,libgimli-483c235edb789db0.rlib,librustc_demangle-294281af50b8f748.rlib,libstd_detect-3b08295250aabc2a.rlib,libhashbrown-4472d1e05ba0dfaf.rlib,librustc_std_workspace_alloc-2ef099fac590e457.rlib,libminiz_oxide-8a51f5e848546c29.rlib,libadler2-3d3fa22b868db521.rlib,libunwind-0ffda8b08e22dbea.rlib,libcfg_if-b08f62458fdd43b9.rlib,liblibc-559675126e63b890.rlib,liballoc-fcf21c8d1c9c7b75.rlib,librustc_std_workspace_core-e0b0460135bcf21d.rlib,libcore-d4097fdcbddd3bc7.rlib,libcompiler_builtins-fea484ac1eed7881.rlib}" "-Wl,-Bdynamic" "-lgcc_s" "-lutil" "-lrt" "-lpthread" "-lm" "-ldl" "-lc" "-B/opt/rustwide/rustup-home/toolchains/nightly-2025-01-18-x86_64-unknown-linux-gnu/lib/rustlib/x86_64-unknown-linux-gnu/bin/gcc-ld" "-fuse-ld=lld" "-Wl,--eh-frame-hdr" "-Wl,-z,noexecstack" "-L" "/opt/arrayfire/lib" "-L" "/opt/arrayfire/lib64" "-L" "/usr/lib" "-L" "/usr/local/lib" "-L" "/opt/rustwide/rustup-home/toolchains/nightly-2025-01-18-x86_64-unknown-linux-gnu/lib/rustlib/x86_64-unknown-linux-gnu/lib" "-o" "/tmp/rustdoctestl0HQsA/rust_out" "-Wl,--gc-sections" "-pie" "-Wl,-z,relro,-z,now" "-nodefaultlibs"
[INFO] [stdout]   = note: some arguments are omitted. use `--verbose` to show all linker arguments
[INFO] [stdout]   = note: rust-lld: error: undefined symbol: af_tile
[INFO] [stdout]           >>> referenced by data.rs:496 (/opt/rustwide/cargo-home/registry/src/index.crates.io-1949cf8c6b5b557f/arrayfire-3.8.0/src/core/data.rs:496)
[INFO] [stdout]           >>>               cogent-28b7b71adb2af618.cogent.56b0e753c22ca09-cgu.05.rcgu.o:(arrayfire::core::data::tile::hcb187b249a8a4865) in archive /opt/rustwide/target/debug/deps/libcogent-28b7b71adb2af618.rlib
[INFO] [stdout]           
[INFO] [stdout]           rust-lld: error: undefined symbol: af_div
[INFO] [stdout]           >>> referenced by arith.rs:407 (/opt/rustwide/cargo-home/registry/src/index.crates.io-1949cf8c6b5b557f/arrayfire-3.8.0/src/core/arith.rs:407)
[INFO] [stdout]           >>>               cogent-28b7b71adb2af618.cogent.56b0e753c22ca09-cgu.05.rcgu.o:(arrayfire::core::arith::div_helper::haff280b61a03fd6b) in archive /opt/rustwide/target/debug/deps/libcogent-28b7b71adb2af618.rlib
[INFO] [stdout]           
[INFO] [stdout]           rust-lld: error: undefined symbol: af_mul
[INFO] [stdout]           >>> referenced by arith.rs:407 (/opt/rustwide/cargo-home/registry/src/index.crates.io-1949cf8c6b5b557f/arrayfire-3.8.0/src/core/arith.rs:407)
[INFO] [stdout]           >>>               cogent-28b7b71adb2af618.cogent.56b0e753c22ca09-cgu.05.rcgu.o:(arrayfire::core::arith::mul_helper::hcb65486f72e49643) in archive /opt/rustwide/target/debug/deps/libcogent-28b7b71adb2af618.rlib
[INFO] [stdout]           
[INFO] [stdout]           rust-lld: error: undefined symbol: af_sub
[INFO] [stdout]           >>> referenced by arith.rs:407 (/opt/rustwide/cargo-home/registry/src/index.crates.io-1949cf8c6b5b557f/arrayfire-3.8.0/src/core/arith.rs:407)
[INFO] [stdout]           >>>               cogent-28b7b71adb2af618.cogent.56b0e753c22ca09-cgu.05.rcgu.o:(arrayfire::core::arith::sub_helper::hd7b36831dec6e02d) in archive /opt/rustwide/target/debug/deps/libcogent-28b7b71adb2af618.rlib
[INFO] [stdout]           
[INFO] [stdout]           rust-lld: error: undefined symbol: af_get_dims
[INFO] [stdout]           >>> referenced by array.rs:433 (/opt/rustwide/cargo-home/registry/src/index.crates.io-1949cf8c6b5b557f/arrayfire-3.8.0/src/core/array.rs:433)
[INFO] [stdout]           >>>               cogent-28b7b71adb2af618.cogent.56b0e753c22ca09-cgu.05.rcgu.o:(arrayfire::core::array::Array$LT$T$GT$::dims::he39e97f09b20903a) in archive /opt/rustwide/target/debug/deps/libcogent-28b7b71adb2af618.rlib
[INFO] [stdout]           
[INFO] [stdout]           rust-lld: error: undefined symbol: af_is_scalar
[INFO] [stdout]           >>> referenced by array.rs:181 (/opt/rustwide/cargo-home/registry/src/index.crates.io-1949cf8c6b5b557f/arrayfire-3.8.0/src/core/array.rs:181)
[INFO] [stdout]           >>>               cogent-28b7b71adb2af618.cogent.56b0e753c22ca09-cgu.05.rcgu.o:(arrayfire::core::array::Array$LT$T$GT$::is_scalar::h133df254da62a786) in archive /opt/rustwide/target/debug/deps/libcogent-28b7b71adb2af618.rlib
[INFO] [stdout]           
[INFO] [stdout]           rust-lld: error: undefined symbol: af_create_handle
[INFO] [stdout]           >>> referenced by array.rs:274 (/opt/rustwide/cargo-home/registry/src/index.crates.io-1949cf8c6b5b557f/arrayfire-3.8.0/src/core/array.rs:274)
[INFO] [stdout]           >>>               cogent-28b7b71adb2af618.cogent.56b0e753c22ca09-cgu.05.rcgu.o:(arrayfire::core::array::Array$LT$T$GT$::new_empty::ha5ae4ed76dd37583) in archive /opt/rustwide/target/debug/deps/libcogent-28b7b71adb2af618.rlib
[INFO] [stdout]           
[INFO] [stdout]           rust-lld: error: undefined symbol: af_randu
[INFO] [stdout]           >>> referenced by random.rs:80 (/opt/rustwide/cargo-home/registry/src/index.crates.io-1949cf8c6b5b557f/arrayfire-3.8.0/src/core/random.rs:80)
[INFO] [stdout]           >>>               cogent-28b7b71adb2af618.cogent.56b0e753c22ca09-cgu.05.rcgu.o:(arrayfire::core::random::randu::heac6cc937f35aaee) in archive /opt/rustwide/target/debug/deps/libcogent-28b7b71adb2af618.rlib
[INFO] [stdout]           
[INFO] [stdout]           rust-lld: error: undefined symbol: af_retain_array
[INFO] [stdout]           >>> referenced by array.rs:694 (src/core/array.rs:694)
[INFO] [stdout]           >>>               arrayfire-062ec0b068d9d603.arrayfire.5295f9b7a63d39c-cgu.0.rcgu.o:(_$LT$arrayfire..core..array..Array$LT$T$GT$$u20$as$u20$core..clone..Clone$GT$::clone::h5967b53136c34632) in archive /opt/rustwide/target/debug/deps/libarrayfire-062ec0b068d9d603.rlib
[INFO] [stdout]           
[INFO] [stdout]           rust-lld: error: undefined symbol: af_release_array
[INFO] [stdout]           >>> referenced by array.rs:710 (src/core/array.rs:710)
[INFO] [stdout]           >>>               arrayfire-062ec0b068d9d603.arrayfire.5295f9b7a63d39c-cgu.0.rcgu.o:(_$LT$arrayfire..core..array..Array$LT$T$GT$$u20$as$u20$core..ops..drop..Drop$GT$::drop::h8cda300a59e8b2e4) in archive /opt/rustwide/target/debug/deps/libarrayfire-062ec0b068d9d603.rlib
[INFO] [stdout]           
[INFO] [stdout]           rust-lld: error: undefined symbol: af_get_last_error
[INFO] [stdout]           >>> referenced by error.rs:104 (src/core/error.rs:104)
[INFO] [stdout]           >>>               arrayfire-062ec0b068d9d603.arrayfire.5295f9b7a63d39c-cgu.0.rcgu.o:(arrayfire::core::error::get_last_error::h8d9f4f1631a109e4) in archive /opt/rustwide/target/debug/deps/libarrayfire-062ec0b068d9d603.rlib
[INFO] [stdout]           
[INFO] [stdout]           rust-lld: error: undefined symbol: af_free_host
[INFO] [stdout]           >>> referenced by util.rs:68 (src/core/util.rs:68)
[INFO] [stdout]           >>>               arrayfire-062ec0b068d9d603.arrayfire.5295f9b7a63d39c-cgu.0.rcgu.o:(arrayfire::core::util::free_host::heba18f4e61c11a9d) in archive /opt/rustwide/target/debug/deps/libarrayfire-062ec0b068d9d603.rlib
[INFO] [stdout]           
[INFO] [stdout]           rust-lld: error: undefined symbol: af_constant
[INFO] [stdout]           >>> referenced by data.rs:242 (src/core/data.rs:242)
[INFO] [stdout]           >>>               arrayfire-062ec0b068d9d603.arrayfire.5295f9b7a63d39c-cgu.0.rcgu.o:(_$LT$f32$u20$as$u20$arrayfire..core..data..ConstGenerator$GT$::generate::hafb01610ef00f9e1) in archive /opt/rustwide/target/debug/deps/libarrayfire-062ec0b068d9d603.rlib
[INFO] [stdout]           collect2: error: ld returned 1 exit status
[INFO] [stdout]           
[INFO] [stdout] 
[INFO] [stdout] error: aborting due to 1 previous error
[INFO] [stdout] 
[INFO] [stdout] Couldn't compile the test.
[INFO] [stdout] ---- src/neural_network.rs - neural_network::NeuralNetwork::evaluate (line 847) stdout ----
[INFO] [stdout] error: linking with `cc` failed: exit status: 1
[INFO] [stdout]   |
[INFO] [stdout]   = note: LC_ALL="C" PATH="/opt/rustwide/rustup-home/toolchains/nightly-2025-01-18-x86_64-unknown-linux-gnu/lib/rustlib/x86_64-unknown-linux-gnu/bin:/opt/rustwide/rustup-home/toolchains/nightly-2025-01-18-x86_64-unknown-linux-gnu/lib/rustlib/x86_64-unknown-linux-gnu/bin/self-contained:/opt/rustwide/cargo-home/bin:/usr/local/sbin:/usr/local/bin:/usr/sbin:/usr/bin:/sbin:/bin" VSLANG="1033" "cc" "-m64" "/tmp/rustcuDcEF4/symbols.o" "<2 object files omitted>" "-Wl,--as-needed" "-Wl,-Bstatic" "/opt/rustwide/target/debug/deps/{libcogent-28b7b71adb2af618.rlib,libserde_json-9a6782948380eeed.rlib,libmemchr-4f0714dc45d95749.rlib,libitoa-d34da3363977f6fb.rlib,libryu-f8ba606093049f91.rlib,libcrossterm-a0752dc8524906b3.rlib,libsignal_hook-b2df3df46a90cb49.rlib,libsignal_hook_registry-3cc9fd60c2bdc8b4.rlib,libmio-28e15807b6fc9020.rlib,liblog-7d65fd516d3aa4e6.rlib,libbitflags-e2b4db6c651223da.rlib,libparking_lot-f714065c60517710.rlib,libparking_lot_core-2db339ecd2bed899.rlib,libsmallvec-8045c56aeb050430.rlib,liblock_api-0fd539a479e0f355.rlib,libscopeguard-d52bd00767847e44.rlib,libinstant-7ca0f2602aa54eaa.rlib,libndarray-6faefa77b8b8405e.rlib,libmatrixmultiply-4a4b7026a6a016ee.rlib,libnum_complex-bc3ce2d2ba3092c5.rlib,librawpointer-a726d041f28ef5ec.rlib,librand-b417c49c82a3cc4a.rlib,librand_chacha-e77dc9f529b45254.rlib,libppv_lite86-74237a0aeb4f9d64.rlib,libzerocopy-f62734ee05af7920.rlib,libbyteorder-7df9ab1ae37e1368.rlib,librand_core-786c496a76ca404f.rlib,libgetrandom-28a5b35360fe84a7.rlib,libcfg_if-33ef6c02a07f9fec.rlib,libitertools-f224c9140dd84d73.rlib,libeither-05c06c46adc2ac96.rlib,libarrayfire-062ec0b068d9d603.rlib,libhalf-cc6be314b18dd970.rlib,liblibc-60646f2741300933.rlib,libnum-f173dc64c8689555.rlib,libnum_rational-f6d346aa32240faf.rlib,libnum_iter-5ebba9fe00350828.rlib,libnum_complex-c48a499ddb6f6d90.rlib,libnum_bigint-dbc037cb734d4706.rlib,libnum_integer-00c3f4622c85ced8.rlib,libnum_traits-9c08140b505fd33f.rlib,liblazy_static-b3603208c0de2608.rlib,libserde-fcb5e360c3fe137e.rlib}" "/opt/rustwide/rustup-home/toolchains/nightly-2025-01-18-x86_64-unknown-linux-gnu/lib/rustlib/x86_64-unknown-linux-gnu/lib/{libstd-006123e2ce67e99d.rlib,libpanic_unwind-e1447e1efa6f1e57.rlib,libobject-f6963a4916fcf097.rlib,libmemchr-49a2d9af912f4524.rlib,libaddr2line-04d19aad3936869d.rlib,libgimli-483c235edb789db0.rlib,librustc_demangle-294281af50b8f748.rlib,libstd_detect-3b08295250aabc2a.rlib,libhashbrown-4472d1e05ba0dfaf.rlib,librustc_std_workspace_alloc-2ef099fac590e457.rlib,libminiz_oxide-8a51f5e848546c29.rlib,libadler2-3d3fa22b868db521.rlib,libunwind-0ffda8b08e22dbea.rlib,libcfg_if-b08f62458fdd43b9.rlib,liblibc-559675126e63b890.rlib,liballoc-fcf21c8d1c9c7b75.rlib,librustc_std_workspace_core-e0b0460135bcf21d.rlib,libcore-d4097fdcbddd3bc7.rlib,libcompiler_builtins-fea484ac1eed7881.rlib}" "-Wl,-Bdynamic" "-lgcc_s" "-lutil" "-lrt" "-lpthread" "-lm" "-ldl" "-lc" "-B/opt/rustwide/rustup-home/toolchains/nightly-2025-01-18-x86_64-unknown-linux-gnu/lib/rustlib/x86_64-unknown-linux-gnu/bin/gcc-ld" "-fuse-ld=lld" "-Wl,--eh-frame-hdr" "-Wl,-z,noexecstack" "-L" "/opt/arrayfire/lib" "-L" "/opt/arrayfire/lib64" "-L" "/usr/lib" "-L" "/usr/local/lib" "-L" "/opt/rustwide/rustup-home/toolchains/nightly-2025-01-18-x86_64-unknown-linux-gnu/lib/rustlib/x86_64-unknown-linux-gnu/lib" "-o" "/tmp/rustdoctestDoONiK/rust_out" "-Wl,--gc-sections" "-pie" "-Wl,-z,relro,-z,now" "-nodefaultlibs"
[INFO] [stdout]   = note: some arguments are omitted. use `--verbose` to show all linker arguments
[INFO] [stdout]   = note: rust-lld: error: undefined symbol: af_retain_array
[INFO] [stdout]           >>> referenced by array.rs:694 (/opt/rustwide/cargo-home/registry/src/index.crates.io-1949cf8c6b5b557f/arrayfire-3.8.0/src/core/array.rs:694)
[INFO] [stdout]           >>>               cogent-28b7b71adb2af618.cogent.56b0e753c22ca09-cgu.05.rcgu.o:(_$LT$arrayfire..core..array..Array$LT$T$GT$$u20$as$u20$core..clone..Clone$GT$::clone::h6d631d2167c9bd20) in archive /opt/rustwide/target/debug/deps/libcogent-28b7b71adb2af618.rlib
[INFO] [stdout]           >>> referenced by array.rs:694 (/opt/rustwide/cargo-home/registry/src/index.crates.io-1949cf8c6b5b557f/arrayfire-3.8.0/src/core/array.rs:694)
[INFO] [stdout]           >>>               cogent-28b7b71adb2af618.cogent.56b0e753c22ca09-cgu.05.rcgu.o:(_$LT$arrayfire..core..array..Array$LT$T$GT$$u20$as$u20$core..clone..Clone$GT$::clone::hbac7526a458255f0) in archive /opt/rustwide/target/debug/deps/libcogent-28b7b71adb2af618.rlib
[INFO] [stdout]           >>> referenced by array.rs:694 (src/core/array.rs:694)
[INFO] [stdout]           >>>               arrayfire-062ec0b068d9d603.arrayfire.5295f9b7a63d39c-cgu.0.rcgu.o:(_$LT$arrayfire..core..array..Array$LT$T$GT$$u20$as$u20$core..clone..Clone$GT$::clone::h5967b53136c34632) in archive /opt/rustwide/target/debug/deps/libarrayfire-062ec0b068d9d603.rlib
[INFO] [stdout]           
[INFO] [stdout]           rust-lld: error: undefined symbol: af_release_array
[INFO] [stdout]           >>> referenced by array.rs:710 (/opt/rustwide/cargo-home/registry/src/index.crates.io-1949cf8c6b5b557f/arrayfire-3.8.0/src/core/array.rs:710)
[INFO] [stdout]           >>>               cogent-28b7b71adb2af618.cogent.56b0e753c22ca09-cgu.05.rcgu.o:(_$LT$arrayfire..core..array..Array$LT$T$GT$$u20$as$u20$core..ops..drop..Drop$GT$::drop::h09938af211cfcd06) in archive /opt/rustwide/target/debug/deps/libcogent-28b7b71adb2af618.rlib
[INFO] [stdout]           >>> referenced by array.rs:710 (/opt/rustwide/cargo-home/registry/src/index.crates.io-1949cf8c6b5b557f/arrayfire-3.8.0/src/core/array.rs:710)
[INFO] [stdout]           >>>               cogent-28b7b71adb2af618.cogent.56b0e753c22ca09-cgu.05.rcgu.o:(_$LT$arrayfire..core..array..Array$LT$T$GT$$u20$as$u20$core..ops..drop..Drop$GT$::drop::h18a5e721b8d3dac6) in archive /opt/rustwide/target/debug/deps/libcogent-28b7b71adb2af618.rlib
[INFO] [stdout]           >>> referenced by array.rs:710 (/opt/rustwide/cargo-home/registry/src/index.crates.io-1949cf8c6b5b557f/arrayfire-3.8.0/src/core/array.rs:710)
[INFO] [stdout]           >>>               cogent-28b7b71adb2af618.cogent.56b0e753c22ca09-cgu.05.rcgu.o:(_$LT$arrayfire..core..array..Array$LT$T$GT$$u20$as$u20$core..ops..drop..Drop$GT$::drop::h4e9c3db85d03eeb6) in archive /opt/rustwide/target/debug/deps/libcogent-28b7b71adb2af618.rlib
[INFO] [stdout]           >>> referenced 2 more times
[INFO] [stdout]           
[INFO] [stdout]           rust-lld: error: undefined symbol: af_matmul
[INFO] [stdout]           >>> referenced by mod.rs:167 (/opt/rustwide/cargo-home/registry/src/index.crates.io-1949cf8c6b5b557f/arrayfire-3.8.0/src/blas/mod.rs:167)
[INFO] [stdout]           >>>               cogent-28b7b71adb2af618.cogent.56b0e753c22ca09-cgu.05.rcgu.o:(arrayfire::blas::matmul::h1ae10f94a906731d) in archive /opt/rustwide/target/debug/deps/libcogent-28b7b71adb2af618.rlib
[INFO] [stdout]           
[INFO] [stdout]           rust-lld: error: undefined symbol: af_tile
[INFO] [stdout]           >>> referenced by data.rs:496 (/opt/rustwide/cargo-home/registry/src/index.crates.io-1949cf8c6b5b557f/arrayfire-3.8.0/src/core/data.rs:496)
[INFO] [stdout]           >>>               cogent-28b7b71adb2af618.cogent.56b0e753c22ca09-cgu.05.rcgu.o:(arrayfire::core::data::tile::h556b8b66c9615217) in archive /opt/rustwide/target/debug/deps/libcogent-28b7b71adb2af618.rlib
[INFO] [stdout]           >>> referenced by data.rs:496 (/opt/rustwide/cargo-home/registry/src/index.crates.io-1949cf8c6b5b557f/arrayfire-3.8.0/src/core/data.rs:496)
[INFO] [stdout]           >>>               cogent-28b7b71adb2af618.cogent.56b0e753c22ca09-cgu.05.rcgu.o:(arrayfire::core::data::tile::h8439889d1aeeb55c) in archive /opt/rustwide/target/debug/deps/libcogent-28b7b71adb2af618.rlib
[INFO] [stdout]           >>> referenced by data.rs:496 (/opt/rustwide/cargo-home/registry/src/index.crates.io-1949cf8c6b5b557f/arrayfire-3.8.0/src/core/data.rs:496)
[INFO] [stdout]           >>>               cogent-28b7b71adb2af618.cogent.56b0e753c22ca09-cgu.05.rcgu.o:(arrayfire::core::data::tile::hcb187b249a8a4865) in archive /opt/rustwide/target/debug/deps/libcogent-28b7b71adb2af618.rlib
[INFO] [stdout]           >>> referenced 1 more times
[INFO] [stdout]           
[INFO] [stdout]           rust-lld: error: undefined symbol: af_add
[INFO] [stdout]           >>> referenced by arith.rs:407 (/opt/rustwide/cargo-home/registry/src/index.crates.io-1949cf8c6b5b557f/arrayfire-3.8.0/src/core/arith.rs:407)
[INFO] [stdout]           >>>               cogent-28b7b71adb2af618.cogent.56b0e753c22ca09-cgu.05.rcgu.o:(arrayfire::core::arith::add_helper::h3665d928b1693c3b) in archive /opt/rustwide/target/debug/deps/libcogent-28b7b71adb2af618.rlib
[INFO] [stdout]           >>> referenced by arith.rs:407 (/opt/rustwide/cargo-home/registry/src/index.crates.io-1949cf8c6b5b557f/arrayfire-3.8.0/src/core/arith.rs:407)
[INFO] [stdout]           >>>               cogent-28b7b71adb2af618.cogent.56b0e753c22ca09-cgu.05.rcgu.o:(arrayfire::core::arith::add_helper::h4ea2c2d67bca565d) in archive /opt/rustwide/target/debug/deps/libcogent-28b7b71adb2af618.rlib
[INFO] [stdout]           >>> referenced by arith.rs:407 (/opt/rustwide/cargo-home/registry/src/index.crates.io-1949cf8c6b5b557f/arrayfire-3.8.0/src/core/arith.rs:407)
[INFO] [stdout]           >>>               cogent-28b7b71adb2af618.cogent.56b0e753c22ca09-cgu.05.rcgu.o:(arrayfire::core::arith::add_helper::h6f9b4493e0fd5605) in archive /opt/rustwide/target/debug/deps/libcogent-28b7b71adb2af618.rlib
[INFO] [stdout]           
[INFO] [stdout]           rust-lld: error: undefined symbol: af_div
[INFO] [stdout]           >>> referenced by arith.rs:407 (/opt/rustwide/cargo-home/registry/src/index.crates.io-1949cf8c6b5b557f/arrayfire-3.8.0/src/core/arith.rs:407)
[INFO] [stdout]           >>>               cogent-28b7b71adb2af618.cogent.56b0e753c22ca09-cgu.05.rcgu.o:(arrayfire::core::arith::div_helper::haff280b61a03fd6b) in archive /opt/rustwide/target/debug/deps/libcogent-28b7b71adb2af618.rlib
[INFO] [stdout]           
[INFO] [stdout]           rust-lld: error: undefined symbol: af_mul
[INFO] [stdout]           >>> referenced by arith.rs:407 (/opt/rustwide/cargo-home/registry/src/index.crates.io-1949cf8c6b5b557f/arrayfire-3.8.0/src/core/arith.rs:407)
[INFO] [stdout]           >>>               cogent-28b7b71adb2af618.cogent.56b0e753c22ca09-cgu.05.rcgu.o:(arrayfire::core::arith::mul_helper::h3d556db617765f24) in archive /opt/rustwide/target/debug/deps/libcogent-28b7b71adb2af618.rlib
[INFO] [stdout]           >>> referenced by arith.rs:407 (/opt/rustwide/cargo-home/registry/src/index.crates.io-1949cf8c6b5b557f/arrayfire-3.8.0/src/core/arith.rs:407)
[INFO] [stdout]           >>>               cogent-28b7b71adb2af618.cogent.56b0e753c22ca09-cgu.05.rcgu.o:(arrayfire::core::arith::mul_helper::h8483e829530af22d) in archive /opt/rustwide/target/debug/deps/libcogent-28b7b71adb2af618.rlib
[INFO] [stdout]           >>> referenced by arith.rs:407 (/opt/rustwide/cargo-home/registry/src/index.crates.io-1949cf8c6b5b557f/arrayfire-3.8.0/src/core/arith.rs:407)
[INFO] [stdout]           >>>               cogent-28b7b71adb2af618.cogent.56b0e753c22ca09-cgu.05.rcgu.o:(arrayfire::core::arith::mul_helper::hcb65486f72e49643) in archive /opt/rustwide/target/debug/deps/libcogent-28b7b71adb2af618.rlib
[INFO] [stdout]           
[INFO] [stdout]           rust-lld: error: undefined symbol: af_pow
[INFO] [stdout]           >>> referenced by arith.rs:407 (/opt/rustwide/cargo-home/registry/src/index.crates.io-1949cf8c6b5b557f/arrayfire-3.8.0/src/core/arith.rs:407)
[INFO] [stdout]           >>>               cogent-28b7b71adb2af618.cogent.56b0e753c22ca09-cgu.05.rcgu.o:(arrayfire::core::arith::pow_helper::h5a38281e94e56c94) in archive /opt/rustwide/target/debug/deps/libcogent-28b7b71adb2af618.rlib
[INFO] [stdout]           
[INFO] [stdout]           rust-lld: error: undefined symbol: af_sub
[INFO] [stdout]           >>> referenced by arith.rs:407 (/opt/rustwide/cargo-home/registry/src/index.crates.io-1949cf8c6b5b557f/arrayfire-3.8.0/src/core/arith.rs:407)
[INFO] [stdout]           >>>               cogent-28b7b71adb2af618.cogent.56b0e753c22ca09-cgu.05.rcgu.o:(arrayfire::core::arith::sub_helper::h592ea656326d0f2e) in archive /opt/rustwide/target/debug/deps/libcogent-28b7b71adb2af618.rlib
[INFO] [stdout]           >>> referenced by arith.rs:407 (/opt/rustwide/cargo-home/registry/src/index.crates.io-1949cf8c6b5b557f/arrayfire-3.8.0/src/core/arith.rs:407)
[INFO] [stdout]           >>>               cogent-28b7b71adb2af618.cogent.56b0e753c22ca09-cgu.05.rcgu.o:(arrayfire::core::arith::sub_helper::hd7b36831dec6e02d) in archive /opt/rustwide/target/debug/deps/libcogent-28b7b71adb2af618.rlib
[INFO] [stdout]           
[INFO] [stdout]           rust-lld: error: undefined symbol: af_and
[INFO] [stdout]           >>> referenced by arith.rs:296 (/opt/rustwide/cargo-home/registry/src/index.crates.io-1949cf8c6b5b557f/arrayfire-3.8.0/src/core/arith.rs:296)
[INFO] [stdout]           >>>               cogent-28b7b71adb2af618.cogent.56b0e753c22ca09-cgu.05.rcgu.o:(arrayfire::core::arith::and::h23b548a7f5dba8d7) in archive /opt/rustwide/target/debug/deps/libcogent-28b7b71adb2af618.rlib
[INFO] [stdout]           
[INFO] [stdout]           rust-lld: error: undefined symbol: af_exp
[INFO] [stdout]           >>> referenced by arith.rs:129 (/opt/rustwide/cargo-home/registry/src/index.crates.io-1949cf8c6b5b557f/arrayfire-3.8.0/src/core/arith.rs:129)
[INFO] [stdout]           >>>               cogent-28b7b71adb2af618.cogent.56b0e753c22ca09-cgu.05.rcgu.o:(arrayfire::core::arith::exp::h8d1678485a261dc3) in archive /opt/rustwide/target/debug/deps/libcogent-28b7b71adb2af618.rlib
[INFO] [stdout]           
[INFO] [stdout]           rust-lld: error: undefined symbol: af_log
[INFO] [stdout]           >>> referenced by arith.rs:129 (/opt/rustwide/cargo-home/registry/src/index.crates.io-1949cf8c6b5b557f/arrayfire-3.8.0/src/core/arith.rs:129)
[INFO] [stdout]           >>>               cogent-28b7b71adb2af618.cogent.56b0e753c22ca09-cgu.05.rcgu.o:(arrayfire::core::arith::log::ha3c335b74c4e56ff) in archive /opt/rustwide/target/debug/deps/libcogent-28b7b71adb2af618.rlib
[INFO] [stdout]           
[INFO] [stdout]           rust-lld: error: undefined symbol: af_tanh
[INFO] [stdout]           >>> referenced by arith.rs:129 (/opt/rustwide/cargo-home/registry/src/index.crates.io-1949cf8c6b5b557f/arrayfire-3.8.0/src/core/arith.rs:129)
[INFO] [stdout]           >>>               cogent-28b7b71adb2af618.cogent.56b0e753c22ca09-cgu.05.rcgu.o:(arrayfire::core::arith::tanh::h10677d0eeb071efb) in archive /opt/rustwide/target/debug/deps/libcogent-28b7b71adb2af618.rlib
[INFO] [stdout]           
[INFO] [stdout]           rust-lld: error: undefined symbol: af_maxof
[INFO] [stdout]           >>> referenced by arith.rs:296 (/opt/rustwide/cargo-home/registry/src/index.crates.io-1949cf8c6b5b557f/arrayfire-3.8.0/src/core/arith.rs:296)
[INFO] [stdout]           >>>               cogent-28b7b71adb2af618.cogent.56b0e753c22ca09-cgu.05.rcgu.o:(arrayfire::core::arith::maxof::h67649a1ef52ba9ba) in archive /opt/rustwide/target/debug/deps/libcogent-28b7b71adb2af618.rlib
[INFO] [stdout]           
[INFO] [stdout]           rust-lld: error: undefined symbol: af_sigmoid
[INFO] [stdout]           >>> referenced by arith.rs:129 (/opt/rustwide/cargo-home/registry/src/index.crates.io-1949cf8c6b5b557f/arrayfire-3.8.0/src/core/arith.rs:129)
[INFO] [stdout]           >>>               cogent-28b7b71adb2af618.cogent.56b0e753c22ca09-cgu.05.rcgu.o:(arrayfire::core::arith::sigmoid::hd466d06836e3a2e3) in archive /opt/rustwide/target/debug/deps/libcogent-28b7b71adb2af618.rlib
[INFO] [stdout]           
[INFO] [stdout]           rust-lld: error: undefined symbol: af_eq
[INFO] [stdout]           >>> referenced by arith.rs:511 (/opt/rustwide/cargo-home/registry/src/index.crates.io-1949cf8c6b5b557f/arrayfire-3.8.0/src/core/arith.rs:511)
[INFO] [stdout]           >>>               cogent-28b7b71adb2af618.cogent.56b0e753c22ca09-cgu.05.rcgu.o:(arrayfire::core::arith::eq_helper::hd92456736752d4fb) in archive /opt/rustwide/target/debug/deps/libcogent-28b7b71adb2af618.rlib
[INFO] [stdout]           
[INFO] [stdout]           rust-lld: error: undefined symbol: af_gt
[INFO] [stdout]           >>> referenced by arith.rs:511 (/opt/rustwide/cargo-home/registry/src/index.crates.io-1949cf8c6b5b557f/arrayfire-3.8.0/src/core/arith.rs:511)
[INFO] [stdout]           >>>               cogent-28b7b71adb2af618.cogent.56b0e753c22ca09-cgu.05.rcgu.o:(arrayfire::core::arith::gt_helper::h5937da4b6c91c677) in archive /opt/rustwide/target/debug/deps/libcogent-28b7b71adb2af618.rlib
[INFO] [stdout]           
[INFO] [stdout]           rust-lld: error: undefined symbol: af_create_array
[INFO] [stdout]           >>> referenced by array.rs:228 (/opt/rustwide/cargo-home/registry/src/index.crates.io-1949cf8c6b5b557f/arrayfire-3.8.0/src/core/array.rs:228)
[INFO] [stdout]           >>>               cogent-28b7b71adb2af618.cogent.56b0e753c22ca09-cgu.05.rcgu.o:(arrayfire::core::array::Array$LT$T$GT$::new::h34094b7315e6ddfe) in archive /opt/rustwide/target/debug/deps/libcogent-28b7b71adb2af618.rlib
[INFO] [stdout]           >>> referenced by array.rs:228 (/opt/rustwide/cargo-home/registry/src/index.crates.io-1949cf8c6b5b557f/arrayfire-3.8.0/src/core/array.rs:228)
[INFO] [stdout]           >>>               cogent-28b7b71adb2af618.cogent.56b0e753c22ca09-cgu.05.rcgu.o:(arrayfire::core::array::Array$LT$T$GT$::new::hba16d7d59d0e0b09) in archive /opt/rustwide/target/debug/deps/libcogent-28b7b71adb2af618.rlib
[INFO] [stdout]           
[INFO] [stdout]           rust-lld: error: undefined symbol: af_cast
[INFO] [stdout]           >>> referenced by array.rs:617 (/opt/rustwide/cargo-home/registry/src/index.crates.io-1949cf8c6b5b557f/arrayfire-3.8.0/src/core/array.rs:617)
[INFO] [stdout]           >>>               cogent-28b7b71adb2af618.cogent.56b0e753c22ca09-cgu.05.rcgu.o:(arrayfire::core::array::Array$LT$T$GT$::cast::hb4da19916794bbe3) in archive /opt/rustwide/target/debug/deps/libcogent-28b7b71adb2af618.rlib
[INFO] [stdout]           
[INFO] [stdout]           rust-lld: error: undefined symbol: af_get_dims
[INFO] [stdout]           >>> referenced by array.rs:433 (/opt/rustwide/cargo-home/registry/src/index.crates.io-1949cf8c6b5b557f/arrayfire-3.8.0/src/core/array.rs:433)
[INFO] [stdout]           >>>               cogent-28b7b71adb2af618.cogent.56b0e753c22ca09-cgu.05.rcgu.o:(arrayfire::core::array::Array$LT$T$GT$::dims::h5b52ca071d9f8f62) in archive /opt/rustwide/target/debug/deps/libcogent-28b7b71adb2af618.rlib
[INFO] [stdout]           >>> referenced by array.rs:433 (/opt/rustwide/cargo-home/registry/src/index.crates.io-1949cf8c6b5b557f/arrayfire-3.8.0/src/core/array.rs:433)
[INFO] [stdout]           >>>               cogent-28b7b71adb2af618.cogent.56b0e753c22ca09-cgu.05.rcgu.o:(arrayfire::core::array::Array$LT$T$GT$::dims::h6d644e808c173c56) in archive /opt/rustwide/target/debug/deps/libcogent-28b7b71adb2af618.rlib
[INFO] [stdout]           >>> referenced by array.rs:433 (/opt/rustwide/cargo-home/registry/src/index.crates.io-1949cf8c6b5b557f/arrayfire-3.8.0/src/core/array.rs:433)
[INFO] [stdout]           >>>               cogent-28b7b71adb2af618.cogent.56b0e753c22ca09-cgu.05.rcgu.o:(arrayfire::core::array::Array$LT$T$GT$::dims::he39e97f09b20903a) in archive /opt/rustwide/target/debug/deps/libcogent-28b7b71adb2af618.rlib
[INFO] [stdout]           >>> referenced 1 more times
[INFO] [stdout]           
[INFO] [stdout]           rust-lld: error: too many errors emitted, stopping now (use --error-limit=0 to see all errors)
[INFO] [stdout]           collect2: error: ld returned 1 exit status
[INFO] [stdout]           
[INFO] [stdout] 
[INFO] [stdout] error: aborting due to 1 previous error
[INFO] [stdout] 
[INFO] [stdout] Couldn't compile the test.
[INFO] [stdout] ---- src/neural_network.rs - neural_network::NeuralNetwork::train (line 283) stdout ----
[INFO] [stdout] error: linking with `cc` failed: exit status: 1
[INFO] [stdout]   |
[INFO] [stdout]   = note: LC_ALL="C" PATH="/opt/rustwide/rustup-home/toolchains/nightly-2025-01-18-x86_64-unknown-linux-gnu/lib/rustlib/x86_64-unknown-linux-gnu/bin:/opt/rustwide/rustup-home/toolchains/nightly-2025-01-18-x86_64-unknown-linux-gnu/lib/rustlib/x86_64-unknown-linux-gnu/bin/self-contained:/opt/rustwide/cargo-home/bin:/usr/local/sbin:/usr/local/bin:/usr/sbin:/usr/bin:/sbin:/bin" VSLANG="1033" "cc" "-m64" "/tmp/rustce2LnmJ/symbols.o" "<2 object files omitted>" "-Wl,--as-needed" "-Wl,-Bstatic" "/opt/rustwide/target/debug/deps/{libcogent-28b7b71adb2af618.rlib,libserde_json-9a6782948380eeed.rlib,libmemchr-4f0714dc45d95749.rlib,libitoa-d34da3363977f6fb.rlib,libryu-f8ba606093049f91.rlib,libcrossterm-a0752dc8524906b3.rlib,libsignal_hook-b2df3df46a90cb49.rlib,libsignal_hook_registry-3cc9fd60c2bdc8b4.rlib,libmio-28e15807b6fc9020.rlib,liblog-7d65fd516d3aa4e6.rlib,libbitflags-e2b4db6c651223da.rlib,libparking_lot-f714065c60517710.rlib,libparking_lot_core-2db339ecd2bed899.rlib,libsmallvec-8045c56aeb050430.rlib,liblock_api-0fd539a479e0f355.rlib,libscopeguard-d52bd00767847e44.rlib,libinstant-7ca0f2602aa54eaa.rlib,libndarray-6faefa77b8b8405e.rlib,libmatrixmultiply-4a4b7026a6a016ee.rlib,libnum_complex-bc3ce2d2ba3092c5.rlib,librawpointer-a726d041f28ef5ec.rlib,librand-b417c49c82a3cc4a.rlib,librand_chacha-e77dc9f529b45254.rlib,libppv_lite86-74237a0aeb4f9d64.rlib,libzerocopy-f62734ee05af7920.rlib,libbyteorder-7df9ab1ae37e1368.rlib,librand_core-786c496a76ca404f.rlib,libgetrandom-28a5b35360fe84a7.rlib,libcfg_if-33ef6c02a07f9fec.rlib,libitertools-f224c9140dd84d73.rlib,libeither-05c06c46adc2ac96.rlib,libarrayfire-062ec0b068d9d603.rlib,libhalf-cc6be314b18dd970.rlib,liblibc-60646f2741300933.rlib,libnum-f173dc64c8689555.rlib,libnum_rational-f6d346aa32240faf.rlib,libnum_iter-5ebba9fe00350828.rlib,libnum_complex-c48a499ddb6f6d90.rlib,libnum_bigint-dbc037cb734d4706.rlib,libnum_integer-00c3f4622c85ced8.rlib,libnum_traits-9c08140b505fd33f.rlib,liblazy_static-b3603208c0de2608.rlib,libserde-fcb5e360c3fe137e.rlib}" "/opt/rustwide/rustup-home/toolchains/nightly-2025-01-18-x86_64-unknown-linux-gnu/lib/rustlib/x86_64-unknown-linux-gnu/lib/{libstd-006123e2ce67e99d.rlib,libpanic_unwind-e1447e1efa6f1e57.rlib,libobject-f6963a4916fcf097.rlib,libmemchr-49a2d9af912f4524.rlib,libaddr2line-04d19aad3936869d.rlib,libgimli-483c235edb789db0.rlib,librustc_demangle-294281af50b8f748.rlib,libstd_detect-3b08295250aabc2a.rlib,libhashbrown-4472d1e05ba0dfaf.rlib,librustc_std_workspace_alloc-2ef099fac590e457.rlib,libminiz_oxide-8a51f5e848546c29.rlib,libadler2-3d3fa22b868db521.rlib,libunwind-0ffda8b08e22dbea.rlib,libcfg_if-b08f62458fdd43b9.rlib,liblibc-559675126e63b890.rlib,liballoc-fcf21c8d1c9c7b75.rlib,librustc_std_workspace_core-e0b0460135bcf21d.rlib,libcore-d4097fdcbddd3bc7.rlib,libcompiler_builtins-fea484ac1eed7881.rlib}" "-Wl,-Bdynamic" "-lgcc_s" "-lutil" "-lrt" "-lpthread" "-lm" "-ldl" "-lc" "-B/opt/rustwide/rustup-home/toolchains/nightly-2025-01-18-x86_64-unknown-linux-gnu/lib/rustlib/x86_64-unknown-linux-gnu/bin/gcc-ld" "-fuse-ld=lld" "-Wl,--eh-frame-hdr" "-Wl,-z,noexecstack" "-L" "/opt/arrayfire/lib" "-L" "/opt/arrayfire/lib64" "-L" "/usr/lib" "-L" "/usr/local/lib" "-L" "/opt/rustwide/rustup-home/toolchains/nightly-2025-01-18-x86_64-unknown-linux-gnu/lib/rustlib/x86_64-unknown-linux-gnu/lib" "-o" "/tmp/rustdoctesth5i86P/rust_out" "-Wl,--gc-sections" "-pie" "-Wl,-z,relro,-z,now" "-nodefaultlibs"
[INFO] [stdout]   = note: some arguments are omitted. use `--verbose` to show all linker arguments
[INFO] [stdout]   = note: rust-lld: error: undefined symbol: af_retain_array
[INFO] [stdout]           >>> referenced by array.rs:694 (/opt/rustwide/cargo-home/registry/src/index.crates.io-1949cf8c6b5b557f/arrayfire-3.8.0/src/core/array.rs:694)
[INFO] [stdout]           >>>               cogent-28b7b71adb2af618.cogent.56b0e753c22ca09-cgu.05.rcgu.o:(_$LT$arrayfire..core..array..Array$LT$T$GT$$u20$as$u20$core..clone..Clone$GT$::clone::h6d631d2167c9bd20) in archive /opt/rustwide/target/debug/deps/libcogent-28b7b71adb2af618.rlib
[INFO] [stdout]           >>> referenced by array.rs:694 (/opt/rustwide/cargo-home/registry/src/index.crates.io-1949cf8c6b5b557f/arrayfire-3.8.0/src/core/array.rs:694)
[INFO] [stdout]           >>>               cogent-28b7b71adb2af618.cogent.56b0e753c22ca09-cgu.05.rcgu.o:(_$LT$arrayfire..core..array..Array$LT$T$GT$$u20$as$u20$core..clone..Clone$GT$::clone::hbac7526a458255f0) in archive /opt/rustwide/target/debug/deps/libcogent-28b7b71adb2af618.rlib
[INFO] [stdout]           >>> referenced by array.rs:694 (src/core/array.rs:694)
[INFO] [stdout]           >>>               arrayfire-062ec0b068d9d603.arrayfire.5295f9b7a63d39c-cgu.0.rcgu.o:(_$LT$arrayfire..core..array..Array$LT$T$GT$$u20$as$u20$core..clone..Clone$GT$::clone::h5967b53136c34632) in archive /opt/rustwide/target/debug/deps/libarrayfire-062ec0b068d9d603.rlib
[INFO] [stdout]           
[INFO] [stdout]           rust-lld: error: undefined symbol: af_release_array
[INFO] [stdout]           >>> referenced by array.rs:710 (/opt/rustwide/cargo-home/registry/src/index.crates.io-1949cf8c6b5b557f/arrayfire-3.8.0/src/core/array.rs:710)
[INFO] [stdout]           >>>               cogent-28b7b71adb2af618.cogent.56b0e753c22ca09-cgu.05.rcgu.o:(_$LT$arrayfire..core..array..Array$LT$T$GT$$u20$as$u20$core..ops..drop..Drop$GT$::drop::h09938af211cfcd06) in archive /opt/rustwide/target/debug/deps/libcogent-28b7b71adb2af618.rlib
[INFO] [stdout]           >>> referenced by array.rs:710 (/opt/rustwide/cargo-home/registry/src/index.crates.io-1949cf8c6b5b557f/arrayfire-3.8.0/src/core/array.rs:710)
[INFO] [stdout]           >>>               cogent-28b7b71adb2af618.cogent.56b0e753c22ca09-cgu.05.rcgu.o:(_$LT$arrayfire..core..array..Array$LT$T$GT$$u20$as$u20$core..ops..drop..Drop$GT$::drop::h18a5e721b8d3dac6) in archive /opt/rustwide/target/debug/deps/libcogent-28b7b71adb2af618.rlib
[INFO] [stdout]           >>> referenced by array.rs:710 (/opt/rustwide/cargo-home/registry/src/index.crates.io-1949cf8c6b5b557f/arrayfire-3.8.0/src/core/array.rs:710)
[INFO] [stdout]           >>>               cogent-28b7b71adb2af618.cogent.56b0e753c22ca09-cgu.05.rcgu.o:(_$LT$arrayfire..core..array..Array$LT$T$GT$$u20$as$u20$core..ops..drop..Drop$GT$::drop::h4e9c3db85d03eeb6) in archive /opt/rustwide/target/debug/deps/libcogent-28b7b71adb2af618.rlib
[INFO] [stdout]           >>> referenced 2 more times
[INFO] [stdout]           
[INFO] [stdout]           rust-lld: error: undefined symbol: af_matmul
[INFO] [stdout]           >>> referenced by mod.rs:167 (/opt/rustwide/cargo-home/registry/src/index.crates.io-1949cf8c6b5b557f/arrayfire-3.8.0/src/blas/mod.rs:167)
[INFO] [stdout]           >>>               cogent-28b7b71adb2af618.cogent.56b0e753c22ca09-cgu.05.rcgu.o:(arrayfire::blas::matmul::h1ae10f94a906731d) in archive /opt/rustwide/target/debug/deps/libcogent-28b7b71adb2af618.rlib
[INFO] [stdout]           
[INFO] [stdout]           rust-lld: error: undefined symbol: af_tile
[INFO] [stdout]           >>> referenced by data.rs:496 (/opt/rustwide/cargo-home/registry/src/index.crates.io-1949cf8c6b5b557f/arrayfire-3.8.0/src/core/data.rs:496)
[INFO] [stdout]           >>>               cogent-28b7b71adb2af618.cogent.56b0e753c22ca09-cgu.05.rcgu.o:(arrayfire::core::data::tile::h556b8b66c9615217) in archive /opt/rustwide/target/debug/deps/libcogent-28b7b71adb2af618.rlib
[INFO] [stdout]           >>> referenced by data.rs:496 (/opt/rustwide/cargo-home/registry/src/index.crates.io-1949cf8c6b5b557f/arrayfire-3.8.0/src/core/data.rs:496)
[INFO] [stdout]           >>>               cogent-28b7b71adb2af618.cogent.56b0e753c22ca09-cgu.05.rcgu.o:(arrayfire::core::data::tile::h8439889d1aeeb55c) in archive /opt/rustwide/target/debug/deps/libcogent-28b7b71adb2af618.rlib
[INFO] [stdout]           >>> referenced by data.rs:496 (/opt/rustwide/cargo-home/registry/src/index.crates.io-1949cf8c6b5b557f/arrayfire-3.8.0/src/core/data.rs:496)
[INFO] [stdout]           >>>               cogent-28b7b71adb2af618.cogent.56b0e753c22ca09-cgu.05.rcgu.o:(arrayfire::core::data::tile::hcb187b249a8a4865) in archive /opt/rustwide/target/debug/deps/libcogent-28b7b71adb2af618.rlib
[INFO] [stdout]           >>> referenced 1 more times
[INFO] [stdout]           
[INFO] [stdout]           rust-lld: error: undefined symbol: af_add
[INFO] [stdout]           >>> referenced by arith.rs:407 (/opt/rustwide/cargo-home/registry/src/index.crates.io-1949cf8c6b5b557f/arrayfire-3.8.0/src/core/arith.rs:407)
[INFO] [stdout]           >>>               cogent-28b7b71adb2af618.cogent.56b0e753c22ca09-cgu.05.rcgu.o:(arrayfire::core::arith::add_helper::h3665d928b1693c3b) in archive /opt/rustwide/target/debug/deps/libcogent-28b7b71adb2af618.rlib
[INFO] [stdout]           >>> referenced by arith.rs:407 (/opt/rustwide/cargo-home/registry/src/index.crates.io-1949cf8c6b5b557f/arrayfire-3.8.0/src/core/arith.rs:407)
[INFO] [stdout]           >>>               cogent-28b7b71adb2af618.cogent.56b0e753c22ca09-cgu.05.rcgu.o:(arrayfire::core::arith::add_helper::h4ea2c2d67bca565d) in archive /opt/rustwide/target/debug/deps/libcogent-28b7b71adb2af618.rlib
[INFO] [stdout]           >>> referenced by arith.rs:407 (/opt/rustwide/cargo-home/registry/src/index.crates.io-1949cf8c6b5b557f/arrayfire-3.8.0/src/core/arith.rs:407)
[INFO] [stdout]           >>>               cogent-28b7b71adb2af618.cogent.56b0e753c22ca09-cgu.05.rcgu.o:(arrayfire::core::arith::add_helper::h6f9b4493e0fd5605) in archive /opt/rustwide/target/debug/deps/libcogent-28b7b71adb2af618.rlib
[INFO] [stdout]           
[INFO] [stdout]           rust-lld: error: undefined symbol: af_div
[INFO] [stdout]           >>> referenced by arith.rs:407 (/opt/rustwide/cargo-home/registry/src/index.crates.io-1949cf8c6b5b557f/arrayfire-3.8.0/src/core/arith.rs:407)
[INFO] [stdout]           >>>               cogent-28b7b71adb2af618.cogent.56b0e753c22ca09-cgu.05.rcgu.o:(arrayfire::core::arith::div_helper::haff280b61a03fd6b) in archive /opt/rustwide/target/debug/deps/libcogent-28b7b71adb2af618.rlib
[INFO] [stdout]           
[INFO] [stdout]           rust-lld: error: undefined symbol: af_mul
[INFO] [stdout]           >>> referenced by arith.rs:407 (/opt/rustwide/cargo-home/registry/src/index.crates.io-1949cf8c6b5b557f/arrayfire-3.8.0/src/core/arith.rs:407)
[INFO] [stdout]           >>>               cogent-28b7b71adb2af618.cogent.56b0e753c22ca09-cgu.05.rcgu.o:(arrayfire::core::arith::mul_helper::h3d556db617765f24) in archive /opt/rustwide/target/debug/deps/libcogent-28b7b71adb2af618.rlib
[INFO] [stdout]           >>> referenced by arith.rs:407 (/opt/rustwide/cargo-home/registry/src/index.crates.io-1949cf8c6b5b557f/arrayfire-3.8.0/src/core/arith.rs:407)
[INFO] [stdout]           >>>               cogent-28b7b71adb2af618.cogent.56b0e753c22ca09-cgu.05.rcgu.o:(arrayfire::core::arith::mul_helper::h8483e829530af22d) in archive /opt/rustwide/target/debug/deps/libcogent-28b7b71adb2af618.rlib
[INFO] [stdout]           >>> referenced by arith.rs:407 (/opt/rustwide/cargo-home/registry/src/index.crates.io-1949cf8c6b5b557f/arrayfire-3.8.0/src/core/arith.rs:407)
[INFO] [stdout]           >>>               cogent-28b7b71adb2af618.cogent.56b0e753c22ca09-cgu.05.rcgu.o:(arrayfire::core::arith::mul_helper::hcb65486f72e49643) in archive /opt/rustwide/target/debug/deps/libcogent-28b7b71adb2af618.rlib
[INFO] [stdout]           
[INFO] [stdout]           rust-lld: error: undefined symbol: af_pow
[INFO] [stdout]           >>> referenced by arith.rs:407 (/opt/rustwide/cargo-home/registry/src/index.crates.io-1949cf8c6b5b557f/arrayfire-3.8.0/src/core/arith.rs:407)
[INFO] [stdout]           >>>               cogent-28b7b71adb2af618.cogent.56b0e753c22ca09-cgu.05.rcgu.o:(arrayfire::core::arith::pow_helper::h5a38281e94e56c94) in archive /opt/rustwide/target/debug/deps/libcogent-28b7b71adb2af618.rlib
[INFO] [stdout]           
[INFO] [stdout]           rust-lld: error: undefined symbol: af_sub
[INFO] [stdout]           >>> referenced by arith.rs:407 (/opt/rustwide/cargo-home/registry/src/index.crates.io-1949cf8c6b5b557f/arrayfire-3.8.0/src/core/arith.rs:407)
[INFO] [stdout]           >>>               cogent-28b7b71adb2af618.cogent.56b0e753c22ca09-cgu.05.rcgu.o:(arrayfire::core::arith::sub_helper::h592ea656326d0f2e) in archive /opt/rustwide/target/debug/deps/libcogent-28b7b71adb2af618.rlib
[INFO] [stdout]           >>> referenced by arith.rs:407 (/opt/rustwide/cargo-home/registry/src/index.crates.io-1949cf8c6b5b557f/arrayfire-3.8.0/src/core/arith.rs:407)
[INFO] [stdout]           >>>               cogent-28b7b71adb2af618.cogent.56b0e753c22ca09-cgu.05.rcgu.o:(arrayfire::core::arith::sub_helper::hd7b36831dec6e02d) in archive /opt/rustwide/target/debug/deps/libcogent-28b7b71adb2af618.rlib
[INFO] [stdout]           
[INFO] [stdout]           rust-lld: error: undefined symbol: af_and
[INFO] [stdout]           >>> referenced by arith.rs:296 (/opt/rustwide/cargo-home/registry/src/index.crates.io-1949cf8c6b5b557f/arrayfire-3.8.0/src/core/arith.rs:296)
[INFO] [stdout]           >>>               cogent-28b7b71adb2af618.cogent.56b0e753c22ca09-cgu.05.rcgu.o:(arrayfire::core::arith::and::h23b548a7f5dba8d7) in archive /opt/rustwide/target/debug/deps/libcogent-28b7b71adb2af618.rlib
[INFO] [stdout]           
[INFO] [stdout]           rust-lld: error: undefined symbol: af_exp
[INFO] [stdout]           >>> referenced by arith.rs:129 (/opt/rustwide/cargo-home/registry/src/index.crates.io-1949cf8c6b5b557f/arrayfire-3.8.0/src/core/arith.rs:129)
[INFO] [stdout]           >>>               cogent-28b7b71adb2af618.cogent.56b0e753c22ca09-cgu.05.rcgu.o:(arrayfire::core::arith::exp::h8d1678485a261dc3) in archive /opt/rustwide/target/debug/deps/libcogent-28b7b71adb2af618.rlib
[INFO] [stdout]           
[INFO] [stdout]           rust-lld: error: undefined symbol: af_log
[INFO] [stdout]           >>> referenced by arith.rs:129 (/opt/rustwide/cargo-home/registry/src/index.crates.io-1949cf8c6b5b557f/arrayfire-3.8.0/src/core/arith.rs:129)
[INFO] [stdout]           >>>               cogent-28b7b71adb2af618.cogent.56b0e753c22ca09-cgu.05.rcgu.o:(arrayfire::core::arith::log::ha3c335b74c4e56ff) in archive /opt/rustwide/target/debug/deps/libcogent-28b7b71adb2af618.rlib
[INFO] [stdout]           
[INFO] [stdout]           rust-lld: error: undefined symbol: af_tanh
[INFO] [stdout]           >>> referenced by arith.rs:129 (/opt/rustwide/cargo-home/registry/src/index.crates.io-1949cf8c6b5b557f/arrayfire-3.8.0/src/core/arith.rs:129)
[INFO] [stdout]           >>>               cogent-28b7b71adb2af618.cogent.56b0e753c22ca09-cgu.05.rcgu.o:(arrayfire::core::arith::tanh::h10677d0eeb071efb) in archive /opt/rustwide/target/debug/deps/libcogent-28b7b71adb2af618.rlib
[INFO] [stdout]           
[INFO] [stdout]           rust-lld: error: undefined symbol: af_maxof
[INFO] [stdout]           >>> referenced by arith.rs:296 (/opt/rustwide/cargo-home/registry/src/index.crates.io-1949cf8c6b5b557f/arrayfire-3.8.0/src/core/arith.rs:296)
[INFO] [stdout]           >>>               cogent-28b7b71adb2af618.cogent.56b0e753c22ca09-cgu.05.rcgu.o:(arrayfire::core::arith::maxof::h67649a1ef52ba9ba) in archive /opt/rustwide/target/debug/deps/libcogent-28b7b71adb2af618.rlib
[INFO] [stdout]           
[INFO] [stdout]           rust-lld: error: undefined symbol: af_sigmoid
[INFO] [stdout]           >>> referenced by arith.rs:129 (/opt/rustwide/cargo-home/registry/src/index.crates.io-1949cf8c6b5b557f/arrayfire-3.8.0/src/core/arith.rs:129)
[INFO] [stdout]           >>>               cogent-28b7b71adb2af618.cogent.56b0e753c22ca09-cgu.05.rcgu.o:(arrayfire::core::arith::sigmoid::hd466d06836e3a2e3) in archive /opt/rustwide/target/debug/deps/libcogent-28b7b71adb2af618.rlib
[INFO] [stdout]           
[INFO] [stdout]           rust-lld: error: undefined symbol: af_eq
[INFO] [stdout]           >>> referenced by arith.rs:511 (/opt/rustwide/cargo-home/registry/src/index.crates.io-1949cf8c6b5b557f/arrayfire-3.8.0/src/core/arith.rs:511)
[INFO] [stdout]           >>>               cogent-28b7b71adb2af618.cogent.56b0e753c22ca09-cgu.05.rcgu.o:(arrayfire::core::arith::eq_helper::hd92456736752d4fb) in archive /opt/rustwide/target/debug/deps/libcogent-28b7b71adb2af618.rlib
[INFO] [stdout]           
[INFO] [stdout]           rust-lld: error: undefined symbol: af_gt
[INFO] [stdout]           >>> referenced by arith.rs:511 (/opt/rustwide/cargo-home/registry/src/index.crates.io-1949cf8c6b5b557f/arrayfire-3.8.0/src/core/arith.rs:511)
[INFO] [stdout]           >>>               cogent-28b7b71adb2af618.cogent.56b0e753c22ca09-cgu.05.rcgu.o:(arrayfire::core::arith::gt_helper::h5937da4b6c91c677) in archive /opt/rustwide/target/debug/deps/libcogent-28b7b71adb2af618.rlib
[INFO] [stdout]           
[INFO] [stdout]           rust-lld: error: undefined symbol: af_create_array
[INFO] [stdout]           >>> referenced by array.rs:228 (/opt/rustwide/cargo-home/registry/src/index.crates.io-1949cf8c6b5b557f/arrayfire-3.8.0/src/core/array.rs:228)
[INFO] [stdout]           >>>               cogent-28b7b71adb2af618.cogent.56b0e753c22ca09-cgu.05.rcgu.o:(arrayfire::core::array::Array$LT$T$GT$::new::h34094b7315e6ddfe) in archive /opt/rustwide/target/debug/deps/libcogent-28b7b71adb2af618.rlib
[INFO] [stdout]           >>> referenced by array.rs:228 (/opt/rustwide/cargo-home/registry/src/index.crates.io-1949cf8c6b5b557f/arrayfire-3.8.0/src/core/array.rs:228)
[INFO] [stdout]           >>>               cogent-28b7b71adb2af618.cogent.56b0e753c22ca09-cgu.05.rcgu.o:(arrayfire::core::array::Array$LT$T$GT$::new::hba16d7d59d0e0b09) in archive /opt/rustwide/target/debug/deps/libcogent-28b7b71adb2af618.rlib
[INFO] [stdout]           
[INFO] [stdout]           rust-lld: error: undefined symbol: af_cast
[INFO] [stdout]           >>> referenced by array.rs:617 (/opt/rustwide/cargo-home/registry/src/index.crates.io-1949cf8c6b5b557f/arrayfire-3.8.0/src/core/array.rs:617)
[INFO] [stdout]           >>>               cogent-28b7b71adb2af618.cogent.56b0e753c22ca09-cgu.05.rcgu.o:(arrayfire::core::array::Array$LT$T$GT$::cast::hb4da19916794bbe3) in archive /opt/rustwide/target/debug/deps/libcogent-28b7b71adb2af618.rlib
[INFO] [stdout]           
[INFO] [stdout]           rust-lld: error: undefined symbol: af_get_dims
[INFO] [stdout]           >>> referenced by array.rs:433 (/opt/rustwide/cargo-home/registry/src/index.crates.io-1949cf8c6b5b557f/arrayfire-3.8.0/src/core/array.rs:433)
[INFO] [stdout]           >>>               cogent-28b7b71adb2af618.cogent.56b0e753c22ca09-cgu.05.rcgu.o:(arrayfire::core::array::Array$LT$T$GT$::dims::h5b52ca071d9f8f62) in archive /opt/rustwide/target/debug/deps/libcogent-28b7b71adb2af618.rlib
[INFO] [stdout]           >>> referenced by array.rs:433 (/opt/rustwide/cargo-home/registry/src/index.crates.io-1949cf8c6b5b557f/arrayfire-3.8.0/src/core/array.rs:433)
[INFO] [stdout]           >>>               cogent-28b7b71adb2af618.cogent.56b0e753c22ca09-cgu.05.rcgu.o:(arrayfire::core::array::Array$LT$T$GT$::dims::h6d644e808c173c56) in archive /opt/rustwide/target/debug/deps/libcogent-28b7b71adb2af618.rlib
[INFO] [stdout]           >>> referenced by array.rs:433 (/opt/rustwide/cargo-home/registry/src/index.crates.io-1949cf8c6b5b557f/arrayfire-3.8.0/src/core/array.rs:433)
[INFO] [stdout]           >>>               cogent-28b7b71adb2af618.cogent.56b0e753c22ca09-cgu.05.rcgu.o:(arrayfire::core::array::Array$LT$T$GT$::dims::he39e97f09b20903a) in archive /opt/rustwide/target/debug/deps/libcogent-28b7b71adb2af618.rlib
[INFO] [stdout]           >>> referenced 1 more times
[INFO] [stdout]           
[INFO] [stdout]           rust-lld: error: too many errors emitted, stopping now (use --error-limit=0 to see all errors)
[INFO] [stdout]           collect2: error: ld returned 1 exit status
[INFO] [stdout]           
[INFO] [stdout] 
[INFO] [stdout] error: aborting due to 1 previous error
[INFO] [stdout] 
[INFO] [stdout] Couldn't compile the test.
[INFO] [stdout] ---- src/neural_network.rs - neural_network::NeuralNetwork::analyze_string (line 1062) stdout ----
[INFO] [stdout] error: linking with `cc` failed: exit status: 1
[INFO] [stdout]   |
[INFO] [stdout]   = note: LC_ALL="C" PATH="/opt/rustwide/rustup-home/toolchains/nightly-2025-01-18-x86_64-unknown-linux-gnu/lib/rustlib/x86_64-unknown-linux-gnu/bin:/opt/rustwide/rustup-home/toolchains/nightly-2025-01-18-x86_64-unknown-linux-gnu/lib/rustlib/x86_64-unknown-linux-gnu/bin/self-contained:/opt/rustwide/cargo-home/bin:/usr/local/sbin:/usr/local/bin:/usr/sbin:/usr/bin:/sbin:/bin" VSLANG="1033" "cc" "-m64" "/tmp/rustcQVuVs3/symbols.o" "<2 object files omitted>" "-Wl,--as-needed" "-Wl,-Bstatic" "/opt/rustwide/target/debug/deps/{libcogent-28b7b71adb2af618.rlib,libserde_json-9a6782948380eeed.rlib,libmemchr-4f0714dc45d95749.rlib,libitoa-d34da3363977f6fb.rlib,libryu-f8ba606093049f91.rlib,libcrossterm-a0752dc8524906b3.rlib,libsignal_hook-b2df3df46a90cb49.rlib,libsignal_hook_registry-3cc9fd60c2bdc8b4.rlib,libmio-28e15807b6fc9020.rlib,liblog-7d65fd516d3aa4e6.rlib,libbitflags-e2b4db6c651223da.rlib,libparking_lot-f714065c60517710.rlib,libparking_lot_core-2db339ecd2bed899.rlib,libsmallvec-8045c56aeb050430.rlib,liblock_api-0fd539a479e0f355.rlib,libscopeguard-d52bd00767847e44.rlib,libinstant-7ca0f2602aa54eaa.rlib,libndarray-6faefa77b8b8405e.rlib,libmatrixmultiply-4a4b7026a6a016ee.rlib,libnum_complex-bc3ce2d2ba3092c5.rlib,librawpointer-a726d041f28ef5ec.rlib,librand-b417c49c82a3cc4a.rlib,librand_chacha-e77dc9f529b45254.rlib,libppv_lite86-74237a0aeb4f9d64.rlib,libzerocopy-f62734ee05af7920.rlib,libbyteorder-7df9ab1ae37e1368.rlib,librand_core-786c496a76ca404f.rlib,libgetrandom-28a5b35360fe84a7.rlib,libcfg_if-33ef6c02a07f9fec.rlib,libitertools-f224c9140dd84d73.rlib,libeither-05c06c46adc2ac96.rlib,libarrayfire-062ec0b068d9d603.rlib,libhalf-cc6be314b18dd970.rlib,liblibc-60646f2741300933.rlib,libnum-f173dc64c8689555.rlib,libnum_rational-f6d346aa32240faf.rlib,libnum_iter-5ebba9fe00350828.rlib,libnum_complex-c48a499ddb6f6d90.rlib,libnum_bigint-dbc037cb734d4706.rlib,libnum_integer-00c3f4622c85ced8.rlib,libnum_traits-9c08140b505fd33f.rlib,liblazy_static-b3603208c0de2608.rlib,libserde-fcb5e360c3fe137e.rlib}" "/opt/rustwide/rustup-home/toolchains/nightly-2025-01-18-x86_64-unknown-linux-gnu/lib/rustlib/x86_64-unknown-linux-gnu/lib/{libstd-006123e2ce67e99d.rlib,libpanic_unwind-e1447e1efa6f1e57.rlib,libobject-f6963a4916fcf097.rlib,libmemchr-49a2d9af912f4524.rlib,libaddr2line-04d19aad3936869d.rlib,libgimli-483c235edb789db0.rlib,librustc_demangle-294281af50b8f748.rlib,libstd_detect-3b08295250aabc2a.rlib,libhashbrown-4472d1e05ba0dfaf.rlib,librustc_std_workspace_alloc-2ef099fac590e457.rlib,libminiz_oxide-8a51f5e848546c29.rlib,libadler2-3d3fa22b868db521.rlib,libunwind-0ffda8b08e22dbea.rlib,libcfg_if-b08f62458fdd43b9.rlib,liblibc-559675126e63b890.rlib,liballoc-fcf21c8d1c9c7b75.rlib,librustc_std_workspace_core-e0b0460135bcf21d.rlib,libcore-d4097fdcbddd3bc7.rlib,libcompiler_builtins-fea484ac1eed7881.rlib}" "-Wl,-Bdynamic" "-lgcc_s" "-lutil" "-lrt" "-lpthread" "-lm" "-ldl" "-lc" "-B/opt/rustwide/rustup-home/toolchains/nightly-2025-01-18-x86_64-unknown-linux-gnu/lib/rustlib/x86_64-unknown-linux-gnu/bin/gcc-ld" "-fuse-ld=lld" "-Wl,--eh-frame-hdr" "-Wl,-z,noexecstack" "-L" "/opt/arrayfire/lib" "-L" "/opt/arrayfire/lib64" "-L" "/usr/lib" "-L" "/usr/local/lib" "-L" "/opt/rustwide/rustup-home/toolchains/nightly-2025-01-18-x86_64-unknown-linux-gnu/lib/rustlib/x86_64-unknown-linux-gnu/lib" "-o" "/tmp/rustdoctestInWIzj/rust_out" "-Wl,--gc-sections" "-pie" "-Wl,-z,relro,-z,now" "-nodefaultlibs"
[INFO] [stdout]   = note: some arguments are omitted. use `--verbose` to show all linker arguments
[INFO] [stdout]   = note: rust-lld: error: undefined symbol: af_retain_array
[INFO] [stdout]           >>> referenced by array.rs:694 (/opt/rustwide/cargo-home/registry/src/index.crates.io-1949cf8c6b5b557f/arrayfire-3.8.0/src/core/array.rs:694)
[INFO] [stdout]           >>>               cogent-28b7b71adb2af618.cogent.56b0e753c22ca09-cgu.05.rcgu.o:(_$LT$arrayfire..core..array..Array$LT$T$GT$$u20$as$u20$core..clone..Clone$GT$::clone::h6d631d2167c9bd20) in archive /opt/rustwide/target/debug/deps/libcogent-28b7b71adb2af618.rlib
[INFO] [stdout]           >>> referenced by array.rs:694 (/opt/rustwide/cargo-home/registry/src/index.crates.io-1949cf8c6b5b557f/arrayfire-3.8.0/src/core/array.rs:694)
[INFO] [stdout]           >>>               cogent-28b7b71adb2af618.cogent.56b0e753c22ca09-cgu.05.rcgu.o:(_$LT$arrayfire..core..array..Array$LT$T$GT$$u20$as$u20$core..clone..Clone$GT$::clone::hbac7526a458255f0) in archive /opt/rustwide/target/debug/deps/libcogent-28b7b71adb2af618.rlib
[INFO] [stdout]           >>> referenced by array.rs:694 (src/core/array.rs:694)
[INFO] [stdout]           >>>               arrayfire-062ec0b068d9d603.arrayfire.5295f9b7a63d39c-cgu.0.rcgu.o:(_$LT$arrayfire..core..array..Array$LT$T$GT$$u20$as$u20$core..clone..Clone$GT$::clone::h5967b53136c34632) in archive /opt/rustwide/target/debug/deps/libarrayfire-062ec0b068d9d603.rlib
[INFO] [stdout]           
[INFO] [stdout]           rust-lld: error: undefined symbol: af_release_array
[INFO] [stdout]           >>> referenced by array.rs:710 (/opt/rustwide/cargo-home/registry/src/index.crates.io-1949cf8c6b5b557f/arrayfire-3.8.0/src/core/array.rs:710)
[INFO] [stdout]           >>>               cogent-28b7b71adb2af618.cogent.56b0e753c22ca09-cgu.05.rcgu.o:(_$LT$arrayfire..core..array..Array$LT$T$GT$$u20$as$u20$core..ops..drop..Drop$GT$::drop::h09938af211cfcd06) in archive /opt/rustwide/target/debug/deps/libcogent-28b7b71adb2af618.rlib
[INFO] [stdout]           >>> referenced by array.rs:710 (/opt/rustwide/cargo-home/registry/src/index.crates.io-1949cf8c6b5b557f/arrayfire-3.8.0/src/core/array.rs:710)
[INFO] [stdout]           >>>               cogent-28b7b71adb2af618.cogent.56b0e753c22ca09-cgu.05.rcgu.o:(_$LT$arrayfire..core..array..Array$LT$T$GT$$u20$as$u20$core..ops..drop..Drop$GT$::drop::h18a5e721b8d3dac6) in archive /opt/rustwide/target/debug/deps/libcogent-28b7b71adb2af618.rlib
[INFO] [stdout]           >>> referenced by array.rs:710 (/opt/rustwide/cargo-home/registry/src/index.crates.io-1949cf8c6b5b557f/arrayfire-3.8.0/src/core/array.rs:710)
[INFO] [stdout]           >>>               cogent-28b7b71adb2af618.cogent.56b0e753c22ca09-cgu.05.rcgu.o:(_$LT$arrayfire..core..array..Array$LT$T$GT$$u20$as$u20$core..ops..drop..Drop$GT$::drop::h4e9c3db85d03eeb6) in archive /opt/rustwide/target/debug/deps/libcogent-28b7b71adb2af618.rlib
[INFO] [stdout]           >>> referenced 2 more times
[INFO] [stdout]           
[INFO] [stdout]           rust-lld: error: undefined symbol: af_matmul
[INFO] [stdout]           >>> referenced by mod.rs:167 (/opt/rustwide/cargo-home/registry/src/index.crates.io-1949cf8c6b5b557f/arrayfire-3.8.0/src/blas/mod.rs:167)
[INFO] [stdout]           >>>               cogent-28b7b71adb2af618.cogent.56b0e753c22ca09-cgu.05.rcgu.o:(arrayfire::blas::matmul::h1ae10f94a906731d) in archive /opt/rustwide/target/debug/deps/libcogent-28b7b71adb2af618.rlib
[INFO] [stdout]           
[INFO] [stdout]           rust-lld: error: undefined symbol: af_transpose
[INFO] [stdout]           >>> referenced by mod.rs:225 (/opt/rustwide/cargo-home/registry/src/index.crates.io-1949cf8c6b5b557f/arrayfire-3.8.0/src/blas/mod.rs:225)
[INFO] [stdout]           >>>               cogent-28b7b71adb2af618.cogent.56b0e753c22ca09-cgu.05.rcgu.o:(arrayfire::blas::transpose::hc589695665d70c6e) in archive /opt/rustwide/target/debug/deps/libcogent-28b7b71adb2af618.rlib
[INFO] [stdout]           
[INFO] [stdout]           rust-lld: error: undefined symbol: af_diag_extract
[INFO] [stdout]           >>> referenced by data.rs:416 (/opt/rustwide/cargo-home/registry/src/index.crates.io-1949cf8c6b5b557f/arrayfire-3.8.0/src/core/data.rs:416)
[INFO] [stdout]           >>>               cogent-28b7b71adb2af618.cogent.56b0e753c22ca09-cgu.05.rcgu.o:(arrayfire::core::data::diag_extract::h5b4eb916de93f1fb) in archive /opt/rustwide/target/debug/deps/libcogent-28b7b71adb2af618.rlib
[INFO] [stdout]           
[INFO] [stdout]           rust-lld: error: undefined symbol: af_tile
[INFO] [stdout]           >>> referenced by data.rs:496 (/opt/rustwide/cargo-home/registry/src/index.crates.io-1949cf8c6b5b557f/arrayfire-3.8.0/src/core/data.rs:496)
[INFO] [stdout]           >>>               cogent-28b7b71adb2af618.cogent.56b0e753c22ca09-cgu.05.rcgu.o:(arrayfire::core::data::tile::h556b8b66c9615217) in archive /opt/rustwide/target/debug/deps/libcogent-28b7b71adb2af618.rlib
[INFO] [stdout]           >>> referenced by data.rs:496 (/opt/rustwide/cargo-home/registry/src/index.crates.io-1949cf8c6b5b557f/arrayfire-3.8.0/src/core/data.rs:496)
[INFO] [stdout]           >>>               cogent-28b7b71adb2af618.cogent.56b0e753c22ca09-cgu.05.rcgu.o:(arrayfire::core::data::tile::h8439889d1aeeb55c) in archive /opt/rustwide/target/debug/deps/libcogent-28b7b71adb2af618.rlib
[INFO] [stdout]           >>> referenced by data.rs:496 (/opt/rustwide/cargo-home/registry/src/index.crates.io-1949cf8c6b5b557f/arrayfire-3.8.0/src/core/data.rs:496)
[INFO] [stdout]           >>>               cogent-28b7b71adb2af618.cogent.56b0e753c22ca09-cgu.05.rcgu.o:(arrayfire::core::data::tile::hcb187b249a8a4865) in archive /opt/rustwide/target/debug/deps/libcogent-28b7b71adb2af618.rlib
[INFO] [stdout]           >>> referenced 1 more times
[INFO] [stdout]           
[INFO] [stdout]           rust-lld: error: undefined symbol: af_add
[INFO] [stdout]           >>> referenced by arith.rs:407 (/opt/rustwide/cargo-home/registry/src/index.crates.io-1949cf8c6b5b557f/arrayfire-3.8.0/src/core/arith.rs:407)
[INFO] [stdout]           >>>               cogent-28b7b71adb2af618.cogent.56b0e753c22ca09-cgu.05.rcgu.o:(arrayfire::core::arith::add_helper::h3665d928b1693c3b) in archive /opt/rustwide/target/debug/deps/libcogent-28b7b71adb2af618.rlib
[INFO] [stdout]           >>> referenced by arith.rs:407 (/opt/rustwide/cargo-home/registry/src/index.crates.io-1949cf8c6b5b557f/arrayfire-3.8.0/src/core/arith.rs:407)
[INFO] [stdout]           >>>               cogent-28b7b71adb2af618.cogent.56b0e753c22ca09-cgu.05.rcgu.o:(arrayfire::core::arith::add_helper::h4ea2c2d67bca565d) in archive /opt/rustwide/target/debug/deps/libcogent-28b7b71adb2af618.rlib
[INFO] [stdout]           >>> referenced by arith.rs:407 (/opt/rustwide/cargo-home/registry/src/index.crates.io-1949cf8c6b5b557f/arrayfire-3.8.0/src/core/arith.rs:407)
[INFO] [stdout]           >>>               cogent-28b7b71adb2af618.cogent.56b0e753c22ca09-cgu.05.rcgu.o:(arrayfire::core::arith::add_helper::h6f9b4493e0fd5605) in archive /opt/rustwide/target/debug/deps/libcogent-28b7b71adb2af618.rlib
[INFO] [stdout]           
[INFO] [stdout]           rust-lld: error: undefined symbol: af_div
[INFO] [stdout]           >>> referenced by arith.rs:407 (/opt/rustwide/cargo-home/registry/src/index.crates.io-1949cf8c6b5b557f/arrayfire-3.8.0/src/core/arith.rs:407)
[INFO] [stdout]           >>>               cogent-28b7b71adb2af618.cogent.56b0e753c22ca09-cgu.05.rcgu.o:(arrayfire::core::arith::div_helper::haff280b61a03fd6b) in archive /opt/rustwide/target/debug/deps/libcogent-28b7b71adb2af618.rlib
[INFO] [stdout]           
[INFO] [stdout]           rust-lld: error: undefined symbol: af_mul
[INFO] [stdout]           >>> referenced by arith.rs:407 (/opt/rustwide/cargo-home/registry/src/index.crates.io-1949cf8c6b5b557f/arrayfire-3.8.0/src/core/arith.rs:407)
[INFO] [stdout]           >>>               cogent-28b7b71adb2af618.cogent.56b0e753c22ca09-cgu.05.rcgu.o:(arrayfire::core::arith::mul_helper::h3d556db617765f24) in archive /opt/rustwide/target/debug/deps/libcogent-28b7b71adb2af618.rlib
[INFO] [stdout]           >>> referenced by arith.rs:407 (/opt/rustwide/cargo-home/registry/src/index.crates.io-1949cf8c6b5b557f/arrayfire-3.8.0/src/core/arith.rs:407)
[INFO] [stdout]           >>>               cogent-28b7b71adb2af618.cogent.56b0e753c22ca09-cgu.05.rcgu.o:(arrayfire::core::arith::mul_helper::h8483e829530af22d) in archive /opt/rustwide/target/debug/deps/libcogent-28b7b71adb2af618.rlib
[INFO] [stdout]           >>> referenced by arith.rs:407 (/opt/rustwide/cargo-home/registry/src/index.crates.io-1949cf8c6b5b557f/arrayfire-3.8.0/src/core/arith.rs:407)
[INFO] [stdout]           >>>               cogent-28b7b71adb2af618.cogent.56b0e753c22ca09-cgu.05.rcgu.o:(arrayfire::core::arith::mul_helper::hcb65486f72e49643) in archive /opt/rustwide/target/debug/deps/libcogent-28b7b71adb2af618.rlib
[INFO] [stdout]           
[INFO] [stdout]           rust-lld: error: undefined symbol: af_pow
[INFO] [stdout]           >>> referenced by arith.rs:407 (/opt/rustwide/cargo-home/registry/src/index.crates.io-1949cf8c6b5b557f/arrayfire-3.8.0/src/core/arith.rs:407)
[INFO] [stdout]           >>>               cogent-28b7b71adb2af618.cogent.56b0e753c22ca09-cgu.05.rcgu.o:(arrayfire::core::arith::pow_helper::h5a38281e94e56c94) in archive /opt/rustwide/target/debug/deps/libcogent-28b7b71adb2af618.rlib
[INFO] [stdout]           
[INFO] [stdout]           rust-lld: error: undefined symbol: af_sub
[INFO] [stdout]           >>> referenced by arith.rs:407 (/opt/rustwide/cargo-home/registry/src/index.crates.io-1949cf8c6b5b557f/arrayfire-3.8.0/src/core/arith.rs:407)
[INFO] [stdout]           >>>               cogent-28b7b71adb2af618.cogent.56b0e753c22ca09-cgu.05.rcgu.o:(arrayfire::core::arith::sub_helper::h592ea656326d0f2e) in archive /opt/rustwide/target/debug/deps/libcogent-28b7b71adb2af618.rlib
[INFO] [stdout]           >>> referenced by arith.rs:407 (/opt/rustwide/cargo-home/registry/src/index.crates.io-1949cf8c6b5b557f/arrayfire-3.8.0/src/core/arith.rs:407)
[INFO] [stdout]           >>>               cogent-28b7b71adb2af618.cogent.56b0e753c22ca09-cgu.05.rcgu.o:(arrayfire::core::arith::sub_helper::hd7b36831dec6e02d) in archive /opt/rustwide/target/debug/deps/libcogent-28b7b71adb2af618.rlib
[INFO] [stdout]           
[INFO] [stdout]           rust-lld: error: undefined symbol: af_and
[INFO] [stdout]           >>> referenced by arith.rs:296 (/opt/rustwide/cargo-home/registry/src/index.crates.io-1949cf8c6b5b557f/arrayfire-3.8.0/src/core/arith.rs:296)
[INFO] [stdout]           >>>               cogent-28b7b71adb2af618.cogent.56b0e753c22ca09-cgu.05.rcgu.o:(arrayfire::core::arith::and::h23b548a7f5dba8d7) in archive /opt/rustwide/target/debug/deps/libcogent-28b7b71adb2af618.rlib
[INFO] [stdout]           
[INFO] [stdout]           rust-lld: error: undefined symbol: af_exp
[INFO] [stdout]           >>> referenced by arith.rs:129 (/opt/rustwide/cargo-home/registry/src/index.crates.io-1949cf8c6b5b557f/arrayfire-3.8.0/src/core/arith.rs:129)
[INFO] [stdout]           >>>               cogent-28b7b71adb2af618.cogent.56b0e753c22ca09-cgu.05.rcgu.o:(arrayfire::core::arith::exp::h8d1678485a261dc3) in archive /opt/rustwide/target/debug/deps/libcogent-28b7b71adb2af618.rlib
[INFO] [stdout]           
[INFO] [stdout]           rust-lld: error: undefined symbol: af_log
[INFO] [stdout]           >>> referenced by arith.rs:129 (/opt/rustwide/cargo-home/registry/src/index.crates.io-1949cf8c6b5b557f/arrayfire-3.8.0/src/core/arith.rs:129)
[INFO] [stdout]           >>>               cogent-28b7b71adb2af618.cogent.56b0e753c22ca09-cgu.05.rcgu.o:(arrayfire::core::arith::log::ha3c335b74c4e56ff) in archive /opt/rustwide/target/debug/deps/libcogent-28b7b71adb2af618.rlib
[INFO] [stdout]           
[INFO] [stdout]           rust-lld: error: undefined symbol: af_tanh
[INFO] [stdout]           >>> referenced by arith.rs:129 (/opt/rustwide/cargo-home/registry/src/index.crates.io-1949cf8c6b5b557f/arrayfire-3.8.0/src/core/arith.rs:129)
[INFO] [stdout]           >>>               cogent-28b7b71adb2af618.cogent.56b0e753c22ca09-cgu.05.rcgu.o:(arrayfire::core::arith::tanh::h10677d0eeb071efb) in archive /opt/rustwide/target/debug/deps/libcogent-28b7b71adb2af618.rlib
[INFO] [stdout]           
[INFO] [stdout]           rust-lld: error: undefined symbol: af_maxof
[INFO] [stdout]           >>> referenced by arith.rs:296 (/opt/rustwide/cargo-home/registry/src/index.crates.io-1949cf8c6b5b557f/arrayfire-3.8.0/src/core/arith.rs:296)
[INFO] [stdout]           >>>               cogent-28b7b71adb2af618.cogent.56b0e753c22ca09-cgu.05.rcgu.o:(arrayfire::core::arith::maxof::h67649a1ef52ba9ba) in archive /opt/rustwide/target/debug/deps/libcogent-28b7b71adb2af618.rlib
[INFO] [stdout]           
[INFO] [stdout]           rust-lld: error: undefined symbol: af_sigmoid
[INFO] [stdout]           >>> referenced by arith.rs:129 (/opt/rustwide/cargo-home/registry/src/index.crates.io-1949cf8c6b5b557f/arrayfire-3.8.0/src/core/arith.rs:129)
[INFO] [stdout]           >>>               cogent-28b7b71adb2af618.cogent.56b0e753c22ca09-cgu.05.rcgu.o:(arrayfire::core::arith::sigmoid::hd466d06836e3a2e3) in archive /opt/rustwide/target/debug/deps/libcogent-28b7b71adb2af618.rlib
[INFO] [stdout]           
[INFO] [stdout]           rust-lld: error: undefined symbol: af_eq
[INFO] [stdout]           >>> referenced by arith.rs:511 (/opt/rustwide/cargo-home/registry/src/index.crates.io-1949cf8c6b5b557f/arrayfire-3.8.0/src/core/arith.rs:511)
[INFO] [stdout]           >>>               cogent-28b7b71adb2af618.cogent.56b0e753c22ca09-cgu.05.rcgu.o:(arrayfire::core::arith::eq_helper::h8f9edad58c453d20) in archive /opt/rustwide/target/debug/deps/libcogent-28b7b71adb2af618.rlib
[INFO] [stdout]           >>> referenced by arith.rs:511 (/opt/rustwide/cargo-home/registry/src/index.crates.io-1949cf8c6b5b557f/arrayfire-3.8.0/src/core/arith.rs:511)
[INFO] [stdout]           >>>               cogent-28b7b71adb2af618.cogent.56b0e753c22ca09-cgu.05.rcgu.o:(arrayfire::core::arith::eq_helper::hd92456736752d4fb) in archive /opt/rustwide/target/debug/deps/libcogent-28b7b71adb2af618.rlib
[INFO] [stdout]           
[INFO] [stdout]           rust-lld: error: undefined symbol: af_gt
[INFO] [stdout]           >>> referenced by arith.rs:511 (/opt/rustwide/cargo-home/registry/src/index.crates.io-1949cf8c6b5b557f/arrayfire-3.8.0/src/core/arith.rs:511)
[INFO] [stdout]           >>>               cogent-28b7b71adb2af618.cogent.56b0e753c22ca09-cgu.05.rcgu.o:(arrayfire::core::arith::gt_helper::h5937da4b6c91c677) in archive /opt/rustwide/target/debug/deps/libcogent-28b7b71adb2af618.rlib
[INFO] [stdout]           
[INFO] [stdout]           rust-lld: error: undefined symbol: af_create_array
[INFO] [stdout]           >>> referenced by array.rs:228 (/opt/rustwide/cargo-home/registry/src/index.crates.io-1949cf8c6b5b557f/arrayfire-3.8.0/src/core/array.rs:228)
[INFO] [stdout]           >>>               cogent-28b7b71adb2af618.cogent.56b0e753c22ca09-cgu.05.rcgu.o:(arrayfire::core::array::Array$LT$T$GT$::new::h34094b7315e6ddfe) in archive /opt/rustwide/target/debug/deps/libcogent-28b7b71adb2af618.rlib
[INFO] [stdout]           >>> referenced by array.rs:228 (/opt/rustwide/cargo-home/registry/src/index.crates.io-1949cf8c6b5b557f/arrayfire-3.8.0/src/core/array.rs:228)
[INFO] [stdout]           >>>               cogent-28b7b71adb2af618.cogent.56b0e753c22ca09-cgu.05.rcgu.o:(arrayfire::core::array::Array$LT$T$GT$::new::hba16d7d59d0e0b09) in archive /opt/rustwide/target/debug/deps/libcogent-28b7b71adb2af618.rlib
[INFO] [stdout]           
[INFO] [stdout]           rust-lld: error: too many errors emitted, stopping now (use --error-limit=0 to see all errors)
[INFO] [stdout]           collect2: error: ld returned 1 exit status
[INFO] [stdout]           
[INFO] [stdout] 
[INFO] [stdout] error: aborting due to 1 previous error
[INFO] [stdout] 
[INFO] [stdout] Couldn't compile the test.
[INFO] [stdout] 
[INFO] [stdout] failures:
[INFO] [stdout]     src/neural_network.rs - neural_network::NeuralNetwork::activation (line 183)
[INFO] [stdout]     src/neural_network.rs - neural_network::NeuralNetwork::analyze (line 927)
[INFO] [stdout]     src/neural_network.rs - neural_network::NeuralNetwork::analyze_string (line 1062)
[INFO] [stdout]     src/neural_network.rs - neural_network::NeuralNetwork::evaluate (line 847)
[INFO] [stdout]     src/neural_network.rs - neural_network::NeuralNetwork::new (line 70)
[INFO] [stdout]     src/neural_network.rs - neural_network::NeuralNetwork::train (line 283)
[INFO] [stdout] 
[INFO] [stdout] test result: FAILED. 0 passed; 6 failed; 3 ignored; 0 measured; 0 filtered out; finished in 0.81s
[INFO] [stdout] 
[INFO] [stderr] error: doctest failed, to rerun pass `--doc`
[INFO] running `Command { std: "docker" "inspect" "3d4c56216f751f94cff6a30937c43457597bef01e7f385b88b7842e5b6e25fbe", kill_on_drop: false }`
[INFO] running `Command { std: "docker" "rm" "-f" "3d4c56216f751f94cff6a30937c43457597bef01e7f385b88b7842e5b6e25fbe", kill_on_drop: false }`
[INFO] [stdout] 3d4c56216f751f94cff6a30937c43457597bef01e7f385b88b7842e5b6e25fbe
