[INFO] fetching crate clog 0.11.0...
[INFO] testing clog-0.11.0 against nightly-2025-01-18 for randomize-layout-2
[INFO] extracting crate clog 0.11.0 into /workspace/builds/worker-7-tc1/source
[INFO] validating manifest of crates.io crate clog 0.11.0 on toolchain nightly-2025-01-18
[INFO] running `Command { std: CARGO_HOME="/workspace/cargo-home" RUSTUP_HOME="/workspace/rustup-home" "/workspace/cargo-home/bin/cargo" "+nightly-2025-01-18" "metadata" "--manifest-path" "Cargo.toml" "--no-deps", kill_on_drop: false }`
[INFO] started tweaking crates.io crate clog 0.11.0
[INFO] finished tweaking crates.io crate clog 0.11.0
[INFO] tweaked toml for crates.io crate clog 0.11.0 written to /workspace/builds/worker-7-tc1/source/Cargo.toml
[INFO] running `Command { std: CARGO_HOME="/workspace/cargo-home" RUSTUP_HOME="/workspace/rustup-home" "/workspace/cargo-home/bin/cargo" "+nightly-2025-01-18" "generate-lockfile" "--manifest-path" "Cargo.toml", kill_on_drop: false }`
[INFO] [stderr]     Updating crates.io index
[INFO] [stderr]      Locking 30 packages to latest compatible versions
[INFO] [stderr]       Adding indexmap v1.9.3 (available: v2.7.1)
[INFO] [stderr]       Adding strum v0.24.1 (available: v0.26.3)
[INFO] [stderr]       Adding thiserror v1.0.69 (available: v2.0.11)
[INFO] [stderr]       Adding toml v0.5.11 (available: v0.8.19)
[INFO] running `Command { std: CARGO_HOME="/workspace/cargo-home" RUSTUP_HOME="/workspace/rustup-home" "/workspace/cargo-home/bin/cargo" "+nightly-2025-01-18" "fetch" "--manifest-path" "Cargo.toml", kill_on_drop: false }`
[INFO] running `Command { std: "docker" "create" "-v" "/var/lib/crater-agent-workspace/builds/worker-7-tc1/target:/opt/rustwide/target:rw,Z" "-v" "/var/lib/crater-agent-workspace/builds/worker-7-tc1/source:/opt/rustwide/workdir:ro,Z" "-v" "/var/lib/crater-agent-workspace/cargo-home:/opt/rustwide/cargo-home:ro,Z" "-v" "/var/lib/crater-agent-workspace/rustup-home:/opt/rustwide/rustup-home:ro,Z" "-e" "SOURCE_DIR=/opt/rustwide/workdir" "-e" "CARGO_TARGET_DIR=/opt/rustwide/target" "-e" "CARGO_HOME=/opt/rustwide/cargo-home" "-e" "RUSTUP_HOME=/opt/rustwide/rustup-home" "-w" "/opt/rustwide/workdir" "-m" "1610612736" "--user" "0:0" "--network" "none" "ghcr.io/rust-lang/crates-build-env/linux@sha256:819108c5571ea2e421544af4d832f968d213c87fbe3707a016657f43d2f853bc" "/opt/rustwide/cargo-home/bin/cargo" "+nightly-2025-01-18" "metadata" "--no-deps" "--format-version=1", kill_on_drop: false }`
[INFO] [stdout] 2b9feb492df6a7c6324c7a187c16af03f33eac994a51fc27651e33d9d1e9e9e7
[INFO] running `Command { std: "docker" "start" "-a" "2b9feb492df6a7c6324c7a187c16af03f33eac994a51fc27651e33d9d1e9e9e7", kill_on_drop: false }`
[INFO] running `Command { std: "docker" "inspect" "2b9feb492df6a7c6324c7a187c16af03f33eac994a51fc27651e33d9d1e9e9e7", kill_on_drop: false }`
[INFO] running `Command { std: "docker" "rm" "-f" "2b9feb492df6a7c6324c7a187c16af03f33eac994a51fc27651e33d9d1e9e9e7", kill_on_drop: false }`
[INFO] [stdout] 2b9feb492df6a7c6324c7a187c16af03f33eac994a51fc27651e33d9d1e9e9e7
[INFO] running `Command { std: "docker" "create" "-v" "/var/lib/crater-agent-workspace/builds/worker-7-tc1/target:/opt/rustwide/target:rw,Z" "-v" "/var/lib/crater-agent-workspace/builds/worker-7-tc1/source:/opt/rustwide/workdir:ro,Z" "-v" "/var/lib/crater-agent-workspace/cargo-home:/opt/rustwide/cargo-home:ro,Z" "-v" "/var/lib/crater-agent-workspace/rustup-home:/opt/rustwide/rustup-home:ro,Z" "-e" "SOURCE_DIR=/opt/rustwide/workdir" "-e" "CARGO_TARGET_DIR=/opt/rustwide/target" "-e" "CARGO_INCREMENTAL=0" "-e" "RUST_BACKTRACE=full" "-e" "RUSTFLAGS=--cap-lints=forbid" "-e" "RUSTDOCFLAGS=--cap-lints=forbid" "-e" "CARGO_HOME=/opt/rustwide/cargo-home" "-e" "RUSTUP_HOME=/opt/rustwide/rustup-home" "-w" "/opt/rustwide/workdir" "-m" "1610612736" "--user" "0:0" "--network" "none" "ghcr.io/rust-lang/crates-build-env/linux@sha256:819108c5571ea2e421544af4d832f968d213c87fbe3707a016657f43d2f853bc" "/opt/rustwide/cargo-home/bin/cargo" "+nightly-2025-01-18" "build" "--frozen" "--message-format=json", kill_on_drop: false }`
[INFO] [stdout] fea0a25dc2678999793cec8bf5449c805838ef04c2ac4acd5dfe407eac0804d8
[INFO] running `Command { std: "docker" "start" "-a" "fea0a25dc2678999793cec8bf5449c805838ef04c2ac4acd5dfe407eac0804d8", kill_on_drop: false }`
[INFO] [stderr]    Compiling proc-macro2 v1.0.93
[INFO] [stderr]    Compiling unicode-ident v1.0.14
[INFO] [stderr]    Compiling rustversion v1.0.19
[INFO] [stderr]    Compiling syn v1.0.109
[INFO] [stderr]    Compiling serde v1.0.217
[INFO] [stderr]    Compiling autocfg v1.4.0
[INFO] [stderr]    Compiling memchr v2.7.4
[INFO] [stderr]    Compiling regex-syntax v0.8.5
[INFO] [stderr]    Compiling heck v0.4.1
[INFO] [stderr]    Compiling powerfmt v0.2.0
[INFO] [stderr]    Compiling thiserror v1.0.69
[INFO] [stderr]    Compiling itoa v1.0.14
[INFO] [stderr]    Compiling deranged v0.3.11
[INFO] [stderr]    Compiling num-conv v0.1.0
[INFO] [stderr]    Compiling indexmap v1.9.3
[INFO] [stderr]    Compiling hashbrown v0.12.3
[INFO] [stderr]    Compiling time-core v0.1.2
[INFO] [stderr]    Compiling log v0.4.25
[INFO] [stderr]    Compiling aho-corasick v1.1.3
[INFO] [stderr]    Compiling quote v1.0.38
[INFO] [stderr]    Compiling syn v2.0.96
[INFO] [stderr]    Compiling time v0.3.37
[INFO] [stderr]    Compiling regex-automata v0.4.9
[INFO] [stderr]    Compiling serde_derive v1.0.217
[INFO] [stderr]    Compiling thiserror-impl v1.0.69
[INFO] [stderr]    Compiling strum_macros v0.24.3
[INFO] [stderr]    Compiling regex v1.11.1
[INFO] [stderr]    Compiling strum v0.24.1
[INFO] [stderr]    Compiling toml v0.5.11
[INFO] [stderr]    Compiling clog v0.11.0 (/opt/rustwide/workdir)
[INFO] [stderr]     Finished `dev` profile [unoptimized + debuginfo] target(s) in 38.91s
[INFO] running `Command { std: "docker" "inspect" "fea0a25dc2678999793cec8bf5449c805838ef04c2ac4acd5dfe407eac0804d8", kill_on_drop: false }`
[INFO] running `Command { std: "docker" "rm" "-f" "fea0a25dc2678999793cec8bf5449c805838ef04c2ac4acd5dfe407eac0804d8", kill_on_drop: false }`
[INFO] [stdout] fea0a25dc2678999793cec8bf5449c805838ef04c2ac4acd5dfe407eac0804d8
[INFO] running `Command { std: "docker" "create" "-v" "/var/lib/crater-agent-workspace/builds/worker-7-tc1/target:/opt/rustwide/target:rw,Z" "-v" "/var/lib/crater-agent-workspace/builds/worker-7-tc1/source:/opt/rustwide/workdir:ro,Z" "-v" "/var/lib/crater-agent-workspace/cargo-home:/opt/rustwide/cargo-home:ro,Z" "-v" "/var/lib/crater-agent-workspace/rustup-home:/opt/rustwide/rustup-home:ro,Z" "-e" "SOURCE_DIR=/opt/rustwide/workdir" "-e" "CARGO_TARGET_DIR=/opt/rustwide/target" "-e" "CARGO_INCREMENTAL=0" "-e" "RUST_BACKTRACE=full" "-e" "RUSTFLAGS=--cap-lints=forbid" "-e" "RUSTDOCFLAGS=--cap-lints=forbid" "-e" "CARGO_HOME=/opt/rustwide/cargo-home" "-e" "RUSTUP_HOME=/opt/rustwide/rustup-home" "-w" "/opt/rustwide/workdir" "-m" "1610612736" "--user" "0:0" "--network" "none" "ghcr.io/rust-lang/crates-build-env/linux@sha256:819108c5571ea2e421544af4d832f968d213c87fbe3707a016657f43d2f853bc" "/opt/rustwide/cargo-home/bin/cargo" "+nightly-2025-01-18" "test" "--frozen" "--no-run" "--message-format=json", kill_on_drop: false }`
[INFO] [stdout] 7881db26829c72f47521d0a1a48e9bb13af0875e87fddd24218c4aad45fbacb8
[INFO] running `Command { std: "docker" "start" "-a" "7881db26829c72f47521d0a1a48e9bb13af0875e87fddd24218c4aad45fbacb8", kill_on_drop: false }`
[INFO] [stderr]    Compiling clog v0.11.0 (/opt/rustwide/workdir)
[INFO] [stderr]     Finished `test` profile [unoptimized + debuginfo] target(s) in 2.15s
[INFO] running `Command { std: "docker" "inspect" "7881db26829c72f47521d0a1a48e9bb13af0875e87fddd24218c4aad45fbacb8", kill_on_drop: false }`
[INFO] running `Command { std: "docker" "rm" "-f" "7881db26829c72f47521d0a1a48e9bb13af0875e87fddd24218c4aad45fbacb8", kill_on_drop: false }`
[INFO] [stdout] 7881db26829c72f47521d0a1a48e9bb13af0875e87fddd24218c4aad45fbacb8
[INFO] running `Command { std: "docker" "create" "-v" "/var/lib/crater-agent-workspace/builds/worker-7-tc1/target:/opt/rustwide/target:rw,Z" "-v" "/var/lib/crater-agent-workspace/builds/worker-7-tc1/source:/opt/rustwide/workdir:ro,Z" "-v" "/var/lib/crater-agent-workspace/cargo-home:/opt/rustwide/cargo-home:ro,Z" "-v" "/var/lib/crater-agent-workspace/rustup-home:/opt/rustwide/rustup-home:ro,Z" "-e" "SOURCE_DIR=/opt/rustwide/workdir" "-e" "CARGO_TARGET_DIR=/opt/rustwide/target" "-e" "CARGO_INCREMENTAL=0" "-e" "RUST_BACKTRACE=full" "-e" "RUSTFLAGS=--cap-lints=forbid" "-e" "RUSTDOCFLAGS=--cap-lints=forbid" "-e" "CARGO_HOME=/opt/rustwide/cargo-home" "-e" "RUSTUP_HOME=/opt/rustwide/rustup-home" "-w" "/opt/rustwide/workdir" "-m" "1610612736" "--user" "0:0" "--network" "none" "ghcr.io/rust-lang/crates-build-env/linux@sha256:819108c5571ea2e421544af4d832f968d213c87fbe3707a016657f43d2f853bc" "/opt/rustwide/cargo-home/bin/cargo" "+nightly-2025-01-18" "test" "--frozen", kill_on_drop: false }`
[INFO] [stdout] 7ffd700128b02729dcd673a8039313221ab37fa6e5d4664f963fea6cbc68137d
[INFO] running `Command { std: "docker" "start" "-a" "7ffd700128b02729dcd673a8039313221ab37fa6e5d4664f963fea6cbc68137d", kill_on_drop: false }`
[INFO] [stderr]     Finished `test` profile [unoptimized + debuginfo] target(s) in 0.04s
[INFO] [stderr]      Running unittests src/lib.rs (/opt/rustwide/target/debug/deps/clog-a9a3abd5ce17aa81)
[INFO] [stdout] 
[INFO] [stdout] running 2 tests
[INFO] [stderr]    Doc-tests clog
[INFO] [stdout] test config::tests::dogfood_config ... ok
[INFO] [stdout] test config::tests::from_config ... ok
[INFO] [stdout] 
[INFO] [stdout] test result: ok. 2 passed; 0 failed; 0 ignored; 0 measured; 0 filtered out; finished in 0.00s
[INFO] [stdout] 
[INFO] [stdout] 
[INFO] [stdout] running 37 tests
[INFO] [stdout] test src/clog.rs - clog::Clog::get_last_commit (line 664) - compile ... ok
[INFO] [stdout] test src/clog.rs - clog::Clog::from_config (line 203) - compile ... ok
[INFO] [stdout] test src/clog.rs - clog::Clog::component_for (line 740) - compile ... ok
[INFO] [stdout] test src/clog.rs - clog::Clog::from (line 374) - compile ... ok
[INFO] [stdout] test src/clog.rs - clog::Clog::get_latest_tag_ver (line 641) - compile ... ok
[INFO] [stdout] test src/clog.rs - clog::Clog::get_latest_tag (line 619) - compile ... ok
[INFO] [stdout] test src/clog.rs - clog::Clog::get_commits (line 530) - compile ... ok
[INFO] [stdout] test src/clog.rs - clog::Clog::format (line 287) - compile ... ok
[INFO] [stdout] test src/clog.rs - clog::Clog::changelog (line 407) - compile ... ok
[INFO] [stdout] test src/clog.rs - clog::Clog::git_work_tree (line 485) - compile ... ok
[INFO] [stdout] test src/clog.rs - clog::Clog::git_dir (line 471) - compile ... ok
[INFO] [stdout] test src/clog.rs - clog::Clog::grep (line 273) - compile ... ok
[INFO] [stdout] test src/clog.rs - clog::Clog::infile (line 454) - compile ... ok
[INFO] [stdout] test src/clog.rs - clog::Clog::output_format (line 516) - compile ... ok
[INFO] [stdout] test src/clog.rs - clog::Clog::link_style (line 325) - compile ... ok
[INFO] [stdout] test src/clog.rs - clog::Clog::patch_ver (line 502) - compile ... ok
[INFO] [stdout] test src/clog.rs - clog::Clog::repository (line 306) - compile ... ok
[INFO] [stdout] test src/clog.rs - clog::Clog::new (line 166) - compile ... ok
[INFO] [stdout] test src/clog.rs - clog::Clog::subtitle (line 356) - compile ... ok
[INFO] [stdout] test src/clog.rs - clog::Clog::outfile (line 431) - compile ... ok
[INFO] [stdout] test src/clog.rs - clog::Clog::with_git_work_tree (line 185) - compile ... ok
[INFO] [stdout] test src/clog.rs - clog::Clog::write_changelog (line 759) - compile ... ok
[INFO] [stdout] test src/clog.rs - clog::Clog::section_for (line 723) - compile ... ok
[INFO] [stdout] test src/clog.rs - clog::Clog::to (line 389) - compile ... ok
[INFO] [stdout] test src/clog.rs - clog::Clog::write_changelog_to (line 794) - compile ... ok
[INFO] [stdout] test src/clog.rs - clog::Clog::write_changelog_with (line 897) - compile ... ok
[INFO] [stdout] test src/clog.rs - clog::Clog::write_changelog_from (line 840) - compile ... ok
[INFO] [stdout] test src/clog.rs - clog::Clog::version (line 342) - compile ... ok
[INFO] [stdout] test src/fmt/json_writer.rs - fmt::json_writer::JsonWriter (line 12) - compile ... ok
[INFO] [stdout] test src/fmt/md_writer.rs - fmt::md_writer::MarkdownWriter<'a>::new (line 37) - compile ... ok
[INFO] [stdout] test src/fmt/json_writer.rs - fmt::json_writer::JsonWriter<'a>::new (line 38) - compile ... ok
[INFO] [stdout] test src/link_style.rs - link_style::LinkStyle (line 10) - compile ... ok
[INFO] [stdout] test src/link_style.rs - link_style::LinkStyle::issue_link (line 40) - compile ... ok
[INFO] [stdout] test src/link_style.rs - link_style::LinkStyle::commit_link (line 64) - compile ... ok
[INFO] [stdout] test src/fmt/md_writer.rs - fmt::md_writer::MarkdownWriter (line 11) - compile ... ok
[INFO] [stdout] test src/sectionmap.rs - sectionmap::SectionMap::from_commits (line 20) - compile ... ok
[INFO] [stdout] test src/lib.rs - (line 50) ... FAILED
[INFO] [stdout] 
[INFO] [stdout] failures:
[INFO] [stdout] 
[INFO] [stdout] ---- src/lib.rs - (line 50) stdout ----
[INFO] [stdout] Test executable failed (exit status: 101).
[INFO] [stdout] 
[INFO] [stdout] stderr:
[INFO] [stdout] 
[INFO] [stdout] thread 'main' panicked at src/lib.rs:19:28:
[INFO] [stdout] called `Result::unwrap()` on an `Err` value: Io(Os { code: 30, kind: ReadOnlyFilesystem, message: "Read-only file system" })
[INFO] [stdout] stack backtrace:
[INFO] [stdout]    0:     0x654c2c4bf3ba - std::backtrace_rs::backtrace::libunwind::trace::hb059275cfc8d6126
[INFO] [stdout]                                at /rustc/6067b36314ab5eb2eb47cecc464545ba58e1ad24/library/std/src/../../backtrace/src/backtrace/libunwind.rs:116:5
[INFO] [stdout]    1:     0x654c2c4bf3ba - std::backtrace_rs::backtrace::trace_unsynchronized::h2da071e4327ce3ee
[INFO] [stdout]                                at /rustc/6067b36314ab5eb2eb47cecc464545ba58e1ad24/library/std/src/../../backtrace/src/backtrace/mod.rs:66:5
[INFO] [stdout]    2:     0x654c2c4bf3ba - std::sys::backtrace::_print_fmt::h842a1474e6f8d23f
[INFO] [stdout]                                at /rustc/6067b36314ab5eb2eb47cecc464545ba58e1ad24/library/std/src/sys/backtrace.rs:66:9
[INFO] [stdout]    3:     0x654c2c4bf3ba - <std::sys::backtrace::BacktraceLock::print::DisplayBacktrace as core::fmt::Display>::fmt::h71a62eb3b9696b12
[INFO] [stdout]                                at /rustc/6067b36314ab5eb2eb47cecc464545ba58e1ad24/library/std/src/sys/backtrace.rs:39:26
[INFO] [stdout]    4:     0x654c2c4e6be3 - core::fmt::rt::Argument::fmt::hdb6b616786b41dc1
[INFO] [stdout]                                at /rustc/6067b36314ab5eb2eb47cecc464545ba58e1ad24/library/core/src/fmt/rt.rs:177:76
[INFO] [stdout]    5:     0x654c2c4e6be3 - core::fmt::write::h2cc1698af7e2d686
[INFO] [stdout]                                at /rustc/6067b36314ab5eb2eb47cecc464545ba58e1ad24/library/core/src/fmt/mod.rs:1440:21
[INFO] [stdout]    6:     0x654c2c4bbea3 - std::io::Write::write_fmt::h00c8700df393f328
[INFO] [stdout]                                at /rustc/6067b36314ab5eb2eb47cecc464545ba58e1ad24/library/std/src/io/mod.rs:1887:15
[INFO] [stdout]    7:     0x654c2c4bf202 - std::sys::backtrace::BacktraceLock::print::h147fe35b4ea13b08
[INFO] [stdout]                                at /rustc/6067b36314ab5eb2eb47cecc464545ba58e1ad24/library/std/src/sys/backtrace.rs:42:9
[INFO] [stdout]    8:     0x654c2c4c015f - std::panicking::default_hook::{{closure}}::hbd44223dbdc0d208
[INFO] [stdout]                                at /rustc/6067b36314ab5eb2eb47cecc464545ba58e1ad24/library/std/src/panicking.rs:298:22
[INFO] [stdout]    9:     0x654c2c4bffca - std::panicking::default_hook::h20f81eb0576efcec
[INFO] [stdout]                                at /rustc/6067b36314ab5eb2eb47cecc464545ba58e1ad24/library/std/src/panicking.rs:325:9
[INFO] [stdout]   10:     0x654c2c4c0b42 - std::panicking::rust_panic_with_hook::h625eea43051b2edc
[INFO] [stdout]                                at /rustc/6067b36314ab5eb2eb47cecc464545ba58e1ad24/library/std/src/panicking.rs:831:13
[INFO] [stdout]   11:     0x654c2c4c08ca - std::panicking::begin_panic_handler::{{closure}}::h4f9159cfbc3f6bd3
[INFO] [stdout]                                at /rustc/6067b36314ab5eb2eb47cecc464545ba58e1ad24/library/std/src/panicking.rs:704:13
[INFO] [stdout]   12:     0x654c2c4bf8b9 - std::sys::backtrace::__rust_end_short_backtrace::h0390abce48353151
[INFO] [stdout]                                at /rustc/6067b36314ab5eb2eb47cecc464545ba58e1ad24/library/std/src/sys/backtrace.rs:168:18
[INFO] [stdout]   13:     0x654c2c4c055d - rust_begin_unwind
[INFO] [stdout]                                at /rustc/6067b36314ab5eb2eb47cecc464545ba58e1ad24/library/std/src/panicking.rs:695:5
[INFO] [stdout]   14:     0x654c2c4e4de0 - core::panicking::panic_fmt::h9e7c637e9e5f29c9
[INFO] [stdout]                                at /rustc/6067b36314ab5eb2eb47cecc464545ba58e1ad24/library/core/src/panicking.rs:75:14
[INFO] [stdout]   15:     0x654c2c4e5256 - core::result::unwrap_failed::h7979f09313fe1849
[INFO] [stdout]                                at /rustc/6067b36314ab5eb2eb47cecc464545ba58e1ad24/library/core/src/result.rs:1704:5
[INFO] [stdout]   16:     0x654c2c12bb8b - rust_out::main::he88f0b9b281d54e0
[INFO] [stdout]   17:     0x654c2c12b403 - core::ops::function::FnOnce::call_once::hcf3829d8b58d0254
[INFO] [stdout]   18:     0x654c2c12aa86 - std::sys::backtrace::__rust_begin_short_backtrace::h5e1527399e8d5bd4
[INFO] [stdout]   19:     0x654c2c12aa69 - std::rt::lang_start::{{closure}}::h2c234101ed7b1b74
[INFO] [stdout]   20:     0x654c2c4b8680 - core::ops::function::impls::<impl core::ops::function::FnOnce<A> for &F>::call_once::h1b085b6c1d2518b2
[INFO] [stdout]                                at /rustc/6067b36314ab5eb2eb47cecc464545ba58e1ad24/library/core/src/ops/function.rs:284:13
[INFO] [stdout]   21:     0x654c2c4b8680 - std::panicking::try::do_call::h382f964a5a23b565
[INFO] [stdout]                                at /rustc/6067b36314ab5eb2eb47cecc464545ba58e1ad24/library/std/src/panicking.rs:587:40
[INFO] [stdout]   22:     0x654c2c4b8680 - std::panicking::try::h57f991055eb622f9
[INFO] [stdout]                                at /rustc/6067b36314ab5eb2eb47cecc464545ba58e1ad24/library/std/src/panicking.rs:550:19
[INFO] [stdout]   23:     0x654c2c4b8680 - std::panic::catch_unwind::h4d9a74ef04456343
[INFO] [stdout]                                at /rustc/6067b36314ab5eb2eb47cecc464545ba58e1ad24/library/std/src/panic.rs:358:14
[INFO] [stdout]   24:     0x654c2c4b8680 - std::rt::lang_start_internal::{{closure}}::h2faa8ae84a93f314
[INFO] [stdout]                                at /rustc/6067b36314ab5eb2eb47cecc464545ba58e1ad24/library/std/src/rt.rs:163:24
[INFO] [stdout]   25:     0x654c2c4b8680 - std::panicking::try::do_call::h0f8932bf638a9bf5
[INFO] [stdout]                                at /rustc/6067b36314ab5eb2eb47cecc464545ba58e1ad24/library/std/src/panicking.rs:587:40
[INFO] [stdout]   26:     0x654c2c4b8680 - std::panicking::try::h683416ea756b175d
[INFO] [stdout]                                at /rustc/6067b36314ab5eb2eb47cecc464545ba58e1ad24/library/std/src/panicking.rs:550:19
[INFO] [stdout]   27:     0x654c2c4b8680 - std::panic::catch_unwind::h56189fac8994979f
[INFO] [stdout]                                at /rustc/6067b36314ab5eb2eb47cecc464545ba58e1ad24/library/std/src/panic.rs:358:14
[INFO] [stdout]   28:     0x654c2c4b8680 - std::rt::lang_start_internal::h8bbc1061691274fe
[INFO] [stdout]                                at /rustc/6067b36314ab5eb2eb47cecc464545ba58e1ad24/library/std/src/rt.rs:159:5
[INFO] [stdout]   29:     0x654c2c12aa51 - std::rt::lang_start::h601b10a269c70ef7
[INFO] [stdout]   30:     0x654c2c12bc35 - main
[INFO] [stdout]   31:     0x7409d7046d90 - <unknown>
[INFO] [stdout]   32:     0x7409d7046e40 - __libc_start_main
[INFO] [stdout]   33:     0x654c2c12a965 - _start
[INFO] [stdout]   34:                0x0 - <unknown>
[INFO] [stdout] 
[INFO] [stdout] 
[INFO] [stdout] 
[INFO] [stdout] failures:
[INFO] [stdout]     src/lib.rs - (line 50)
[INFO] [stdout] 
[INFO] [stdout] test result: FAILED. 36 passed; 1 failed; 0 ignored; 0 measured; 0 filtered out; finished in 2.11s
[INFO] [stdout] 
[INFO] [stderr] error: doctest failed, to rerun pass `--doc`
[INFO] running `Command { std: "docker" "inspect" "7ffd700128b02729dcd673a8039313221ab37fa6e5d4664f963fea6cbc68137d", kill_on_drop: false }`
[INFO] running `Command { std: "docker" "rm" "-f" "7ffd700128b02729dcd673a8039313221ab37fa6e5d4664f963fea6cbc68137d", kill_on_drop: false }`
[INFO] [stdout] 7ffd700128b02729dcd673a8039313221ab37fa6e5d4664f963fea6cbc68137d
