[INFO] fetching crate chromoe-db 0.1.1...
[INFO] testing chromoe-db-0.1.1 against nightly-2025-01-18 for randomize-layout-2
[INFO] extracting crate chromoe-db 0.1.1 into /workspace/builds/worker-6-tc1/source
[INFO] validating manifest of crates.io crate chromoe-db 0.1.1 on toolchain nightly-2025-01-18
[INFO] running `Command { std: CARGO_HOME="/workspace/cargo-home" RUSTUP_HOME="/workspace/rustup-home" "/workspace/cargo-home/bin/cargo" "+nightly-2025-01-18" "metadata" "--manifest-path" "Cargo.toml" "--no-deps", kill_on_drop: false }`
[INFO] started tweaking crates.io crate chromoe-db 0.1.1
[INFO] finished tweaking crates.io crate chromoe-db 0.1.1
[INFO] tweaked toml for crates.io crate chromoe-db 0.1.1 written to /workspace/builds/worker-6-tc1/source/Cargo.toml
[INFO] crate crates.io crate chromoe-db 0.1.1 already has a lockfile, it will not be regenerated
[INFO] running `Command { std: CARGO_HOME="/workspace/cargo-home" RUSTUP_HOME="/workspace/rustup-home" "/workspace/cargo-home/bin/cargo" "+nightly-2025-01-18" "fetch" "--manifest-path" "Cargo.toml", kill_on_drop: false }`
[INFO] running `Command { std: "docker" "create" "-v" "/var/lib/crater-agent-workspace/builds/worker-6-tc1/target:/opt/rustwide/target:rw,Z" "-v" "/var/lib/crater-agent-workspace/builds/worker-6-tc1/source:/opt/rustwide/workdir:ro,Z" "-v" "/var/lib/crater-agent-workspace/cargo-home:/opt/rustwide/cargo-home:ro,Z" "-v" "/var/lib/crater-agent-workspace/rustup-home:/opt/rustwide/rustup-home:ro,Z" "-e" "SOURCE_DIR=/opt/rustwide/workdir" "-e" "CARGO_TARGET_DIR=/opt/rustwide/target" "-e" "CARGO_HOME=/opt/rustwide/cargo-home" "-e" "RUSTUP_HOME=/opt/rustwide/rustup-home" "-w" "/opt/rustwide/workdir" "-m" "1610612736" "--user" "0:0" "--network" "none" "ghcr.io/rust-lang/crates-build-env/linux@sha256:819108c5571ea2e421544af4d832f968d213c87fbe3707a016657f43d2f853bc" "/opt/rustwide/cargo-home/bin/cargo" "+nightly-2025-01-18" "metadata" "--no-deps" "--format-version=1", kill_on_drop: false }`
[INFO] [stdout] 6ba39b414ba47e303bd21292add783565e0cee998c84957eca9a1633cf62b459
[INFO] running `Command { std: "docker" "start" "-a" "6ba39b414ba47e303bd21292add783565e0cee998c84957eca9a1633cf62b459", kill_on_drop: false }`
[INFO] running `Command { std: "docker" "inspect" "6ba39b414ba47e303bd21292add783565e0cee998c84957eca9a1633cf62b459", kill_on_drop: false }`
[INFO] running `Command { std: "docker" "rm" "-f" "6ba39b414ba47e303bd21292add783565e0cee998c84957eca9a1633cf62b459", kill_on_drop: false }`
[INFO] [stdout] 6ba39b414ba47e303bd21292add783565e0cee998c84957eca9a1633cf62b459
[INFO] running `Command { std: "docker" "create" "-v" "/var/lib/crater-agent-workspace/builds/worker-6-tc1/target:/opt/rustwide/target:rw,Z" "-v" "/var/lib/crater-agent-workspace/builds/worker-6-tc1/source:/opt/rustwide/workdir:ro,Z" "-v" "/var/lib/crater-agent-workspace/cargo-home:/opt/rustwide/cargo-home:ro,Z" "-v" "/var/lib/crater-agent-workspace/rustup-home:/opt/rustwide/rustup-home:ro,Z" "-e" "SOURCE_DIR=/opt/rustwide/workdir" "-e" "CARGO_TARGET_DIR=/opt/rustwide/target" "-e" "CARGO_INCREMENTAL=0" "-e" "RUST_BACKTRACE=full" "-e" "RUSTFLAGS=--cap-lints=forbid" "-e" "RUSTDOCFLAGS=--cap-lints=forbid" "-e" "CARGO_HOME=/opt/rustwide/cargo-home" "-e" "RUSTUP_HOME=/opt/rustwide/rustup-home" "-w" "/opt/rustwide/workdir" "-m" "1610612736" "--user" "0:0" "--network" "none" "ghcr.io/rust-lang/crates-build-env/linux@sha256:819108c5571ea2e421544af4d832f968d213c87fbe3707a016657f43d2f853bc" "/opt/rustwide/cargo-home/bin/cargo" "+nightly-2025-01-18" "build" "--frozen" "--message-format=json", kill_on_drop: false }`
[INFO] [stdout] 1d7148acb68e1a276265d9a1c559160073b02b01a86cf56500ea0f42e8e81aca
[INFO] running `Command { std: "docker" "start" "-a" "1d7148acb68e1a276265d9a1c559160073b02b01a86cf56500ea0f42e8e81aca", kill_on_drop: false }`
[INFO] [stderr]    Compiling proc-macro2 v1.0.92
[INFO] [stderr]    Compiling version_check v0.9.5
[INFO] [stderr]    Compiling once_cell v1.20.2
[INFO] [stderr]    Compiling vcpkg v0.2.15
[INFO] [stderr]    Compiling zerocopy v0.7.35
[INFO] [stderr]    Compiling serde v1.0.215
[INFO] [stderr]    Compiling serde_json v1.0.133
[INFO] [stderr]    Compiling bitflags v2.6.0
[INFO] [stderr]    Compiling fallible-iterator v0.3.0
[INFO] [stderr]    Compiling fallible-streaming-iterator v0.1.9
[INFO] [stderr]    Compiling memchr v2.7.4
[INFO] [stderr]    Compiling itoa v1.0.13
[INFO] [stderr]    Compiling cc v1.2.1
[INFO] [stderr]    Compiling ryu v1.0.18
[INFO] [stderr]    Compiling ahash v0.8.11
[INFO] [stderr]    Compiling hashbrown v0.14.5
[INFO] [stderr]    Compiling quote v1.0.37
[INFO] [stderr]    Compiling syn v2.0.89
[INFO] [stderr]    Compiling hashlink v0.9.1
[INFO] [stderr]    Compiling libsqlite3-sys v0.30.1
[INFO] [stderr]    Compiling serde_derive v1.0.215
[INFO] [stderr]    Compiling rusqlite v0.32.1
[INFO] [stderr]    Compiling chromoe-db v0.1.1 (/opt/rustwide/workdir)
[INFO] [stderr]     Finished `dev` profile [unoptimized + debuginfo] target(s) in 11.27s
[INFO] running `Command { std: "docker" "inspect" "1d7148acb68e1a276265d9a1c559160073b02b01a86cf56500ea0f42e8e81aca", kill_on_drop: false }`
[INFO] running `Command { std: "docker" "rm" "-f" "1d7148acb68e1a276265d9a1c559160073b02b01a86cf56500ea0f42e8e81aca", kill_on_drop: false }`
[INFO] [stdout] 1d7148acb68e1a276265d9a1c559160073b02b01a86cf56500ea0f42e8e81aca
[INFO] running `Command { std: "docker" "create" "-v" "/var/lib/crater-agent-workspace/builds/worker-6-tc1/target:/opt/rustwide/target:rw,Z" "-v" "/var/lib/crater-agent-workspace/builds/worker-6-tc1/source:/opt/rustwide/workdir:ro,Z" "-v" "/var/lib/crater-agent-workspace/cargo-home:/opt/rustwide/cargo-home:ro,Z" "-v" "/var/lib/crater-agent-workspace/rustup-home:/opt/rustwide/rustup-home:ro,Z" "-e" "SOURCE_DIR=/opt/rustwide/workdir" "-e" "CARGO_TARGET_DIR=/opt/rustwide/target" "-e" "CARGO_INCREMENTAL=0" "-e" "RUST_BACKTRACE=full" "-e" "RUSTFLAGS=--cap-lints=forbid" "-e" "RUSTDOCFLAGS=--cap-lints=forbid" "-e" "CARGO_HOME=/opt/rustwide/cargo-home" "-e" "RUSTUP_HOME=/opt/rustwide/rustup-home" "-w" "/opt/rustwide/workdir" "-m" "1610612736" "--user" "0:0" "--network" "none" "ghcr.io/rust-lang/crates-build-env/linux@sha256:819108c5571ea2e421544af4d832f968d213c87fbe3707a016657f43d2f853bc" "/opt/rustwide/cargo-home/bin/cargo" "+nightly-2025-01-18" "test" "--frozen" "--no-run" "--message-format=json", kill_on_drop: false }`
[INFO] [stdout] 968f3802dde5df55176bcbdad6cdf36ac7d8ee60a4a5140030ec574773db69e5
[INFO] running `Command { std: "docker" "start" "-a" "968f3802dde5df55176bcbdad6cdf36ac7d8ee60a4a5140030ec574773db69e5", kill_on_drop: false }`
[INFO] [stderr]    Compiling chromoe-db v0.1.1 (/opt/rustwide/workdir)
[INFO] [stderr]     Finished `test` profile [unoptimized + debuginfo] target(s) in 0.22s
[INFO] running `Command { std: "docker" "inspect" "968f3802dde5df55176bcbdad6cdf36ac7d8ee60a4a5140030ec574773db69e5", kill_on_drop: false }`
[INFO] running `Command { std: "docker" "rm" "-f" "968f3802dde5df55176bcbdad6cdf36ac7d8ee60a4a5140030ec574773db69e5", kill_on_drop: false }`
[INFO] [stdout] 968f3802dde5df55176bcbdad6cdf36ac7d8ee60a4a5140030ec574773db69e5
[INFO] running `Command { std: "docker" "create" "-v" "/var/lib/crater-agent-workspace/builds/worker-6-tc1/target:/opt/rustwide/target:rw,Z" "-v" "/var/lib/crater-agent-workspace/builds/worker-6-tc1/source:/opt/rustwide/workdir:ro,Z" "-v" "/var/lib/crater-agent-workspace/cargo-home:/opt/rustwide/cargo-home:ro,Z" "-v" "/var/lib/crater-agent-workspace/rustup-home:/opt/rustwide/rustup-home:ro,Z" "-e" "SOURCE_DIR=/opt/rustwide/workdir" "-e" "CARGO_TARGET_DIR=/opt/rustwide/target" "-e" "CARGO_INCREMENTAL=0" "-e" "RUST_BACKTRACE=full" "-e" "RUSTFLAGS=--cap-lints=forbid" "-e" "RUSTDOCFLAGS=--cap-lints=forbid" "-e" "CARGO_HOME=/opt/rustwide/cargo-home" "-e" "RUSTUP_HOME=/opt/rustwide/rustup-home" "-w" "/opt/rustwide/workdir" "-m" "1610612736" "--user" "0:0" "--network" "none" "ghcr.io/rust-lang/crates-build-env/linux@sha256:819108c5571ea2e421544af4d832f968d213c87fbe3707a016657f43d2f853bc" "/opt/rustwide/cargo-home/bin/cargo" "+nightly-2025-01-18" "test" "--frozen", kill_on_drop: false }`
[INFO] [stdout] e89252019284b55655a73fa1c21a5f27fd02574fb1c4c43c33bd9862b98acbac
[INFO] running `Command { std: "docker" "start" "-a" "e89252019284b55655a73fa1c21a5f27fd02574fb1c4c43c33bd9862b98acbac", kill_on_drop: false }`
[INFO] [stderr]     Finished `test` profile [unoptimized + debuginfo] target(s) in 0.02s
[INFO] [stderr]      Running unittests src/lib.rs (/opt/rustwide/target/debug/deps/chromoe_db-ba831394563d9bfc)
[INFO] [stdout] 
[INFO] [stdout] running 0 tests
[INFO] [stdout] 
[INFO] [stdout] test result: ok. 0 passed; 0 failed; 0 ignored; 0 measured; 0 filtered out; finished in 0.00s
[INFO] [stdout] 
[INFO] [stderr]    Doc-tests chromoe_db
[INFO] [stdout] 
[INFO] [stdout] running 2 tests
[INFO] [stdout] test src/structure.rs - structure::SQLiteDriverOptions (line 68) ... FAILED
[INFO] [stdout] test src/structure.rs - structure::DataSet (line 26) ... FAILED
[INFO] [stdout] 
[INFO] [stdout] failures:
[INFO] [stdout] 
[INFO] [stdout] ---- src/structure.rs - structure::SQLiteDriverOptions (line 68) stdout ----
[INFO] [stdout] error[E0422]: cannot find struct, variant or union type `SQLiteDriverOptions` in this scope
[INFO] [stdout]  --> src/structure.rs:69:15
[INFO] [stdout]   |
[INFO] [stdout] 3 | let options = SQLiteDriverOptions {
[INFO] [stdout]   |               ^^^^^^^^^^^^^^^^^^^ not found in this scope
[INFO] [stdout]   |
[INFO] [stdout] help: consider importing this struct
[INFO] [stdout]   |
[INFO] [stdout] 2 + use chromoe_db::structure::SQLiteDriverOptions;
[INFO] [stdout]   |
[INFO] [stdout] 
[INFO] [stdout] error: aborting due to 1 previous error
[INFO] [stdout] 
[INFO] [stdout] For more information about this error, try `rustc --explain E0422`.
[INFO] [stdout] Couldn't compile the test.
[INFO] [stdout] ---- src/structure.rs - structure::DataSet (line 26) stdout ----
[INFO] [stdout] error[E0422]: cannot find struct, variant or union type `DataSet` in this scope
[INFO] [stdout]  --> src/structure.rs:29:12
[INFO] [stdout]   |
[INFO] [stdout] 5 | let data = DataSet {
[INFO] [stdout]   |            ^^^^^^^ not found in this scope
[INFO] [stdout]   |
[INFO] [stdout] help: consider importing this struct
[INFO] [stdout]   |
[INFO] [stdout] 2 + use chromoe_db::structure::DataSet;
[INFO] [stdout]   |
[INFO] [stdout] 
[INFO] [stdout] error: aborting due to 1 previous error
[INFO] [stdout] 
[INFO] [stdout] For more information about this error, try `rustc --explain E0422`.
[INFO] [stdout] Couldn't compile the test.
[INFO] [stdout] 
[INFO] [stdout] failures:
[INFO] [stdout]     src/structure.rs - structure::DataSet (line 26)
[INFO] [stdout]     src/structure.rs - structure::SQLiteDriverOptions (line 68)
[INFO] [stdout] 
[INFO] [stdout] test result: FAILED. 0 passed; 2 failed; 0 ignored; 0 measured; 0 filtered out; finished in 0.05s
[INFO] [stdout] 
[INFO] [stderr] error: doctest failed, to rerun pass `--doc`
[INFO] running `Command { std: "docker" "inspect" "e89252019284b55655a73fa1c21a5f27fd02574fb1c4c43c33bd9862b98acbac", kill_on_drop: false }`
[INFO] running `Command { std: "docker" "rm" "-f" "e89252019284b55655a73fa1c21a5f27fd02574fb1c4c43c33bd9862b98acbac", kill_on_drop: false }`
[INFO] [stdout] e89252019284b55655a73fa1c21a5f27fd02574fb1c4c43c33bd9862b98acbac
