[INFO] fetching crate cdk 0.6.0...
[INFO] testing cdk-0.6.0 against nightly-2025-01-18 for randomize-layout-2
[INFO] extracting crate cdk 0.6.0 into /workspace/builds/worker-1-tc1/source
[INFO] validating manifest of crates.io crate cdk 0.6.0 on toolchain nightly-2025-01-18
[INFO] running `Command { std: CARGO_HOME="/workspace/cargo-home" RUSTUP_HOME="/workspace/rustup-home" "/workspace/cargo-home/bin/cargo" "+nightly-2025-01-18" "metadata" "--manifest-path" "Cargo.toml" "--no-deps", kill_on_drop: false }`
[INFO] started tweaking crates.io crate cdk 0.6.0
[INFO] removed 0 missing examples
[INFO] finished tweaking crates.io crate cdk 0.6.0
[INFO] tweaked toml for crates.io crate cdk 0.6.0 written to /workspace/builds/worker-1-tc1/source/Cargo.toml
[INFO] crate crates.io crate cdk 0.6.0 already has a lockfile, it will not be regenerated
[INFO] running `Command { std: CARGO_HOME="/workspace/cargo-home" RUSTUP_HOME="/workspace/rustup-home" "/workspace/cargo-home/bin/cargo" "+nightly-2025-01-18" "fetch" "--manifest-path" "Cargo.toml", kill_on_drop: false }`
[INFO] [stderr]     Updating crates.io index
[INFO] [stderr]  Downloading crates ...
[INFO] [stderr]   Downloaded bip39 v2.1.0
[INFO] [stderr]   Downloaded lightning-types v0.1.0
[INFO] [stderr]   Downloaded lightning-invoice v0.32.0
[INFO] [stderr]   Downloaded serde_with_macros v3.1.0
[INFO] [stderr]   Downloaded utoipa v4.2.3
[INFO] [stderr]   Downloaded backtrace v0.3.58
[INFO] [stderr]   Downloaded serde_with v3.1.0
[INFO] [stderr]   Downloaded utoipa-gen v4.3.1
[INFO] running `Command { std: "docker" "create" "-v" "/var/lib/crater-agent-workspace/builds/worker-1-tc1/target:/opt/rustwide/target:rw,Z" "-v" "/var/lib/crater-agent-workspace/builds/worker-1-tc1/source:/opt/rustwide/workdir:ro,Z" "-v" "/var/lib/crater-agent-workspace/cargo-home:/opt/rustwide/cargo-home:ro,Z" "-v" "/var/lib/crater-agent-workspace/rustup-home:/opt/rustwide/rustup-home:ro,Z" "-e" "SOURCE_DIR=/opt/rustwide/workdir" "-e" "CARGO_TARGET_DIR=/opt/rustwide/target" "-e" "CARGO_HOME=/opt/rustwide/cargo-home" "-e" "RUSTUP_HOME=/opt/rustwide/rustup-home" "-w" "/opt/rustwide/workdir" "-m" "1610612736" "--user" "0:0" "--network" "none" "ghcr.io/rust-lang/crates-build-env/linux@sha256:819108c5571ea2e421544af4d832f968d213c87fbe3707a016657f43d2f853bc" "/opt/rustwide/cargo-home/bin/cargo" "+nightly-2025-01-18" "metadata" "--no-deps" "--format-version=1", kill_on_drop: false }`
[INFO] [stdout] ba547bb23c9729a475e3488c4f7871492c30b9d1964c607dd110610912fbd7ef
[INFO] running `Command { std: "docker" "start" "-a" "ba547bb23c9729a475e3488c4f7871492c30b9d1964c607dd110610912fbd7ef", kill_on_drop: false }`
[INFO] running `Command { std: "docker" "inspect" "ba547bb23c9729a475e3488c4f7871492c30b9d1964c607dd110610912fbd7ef", kill_on_drop: false }`
[INFO] running `Command { std: "docker" "rm" "-f" "ba547bb23c9729a475e3488c4f7871492c30b9d1964c607dd110610912fbd7ef", kill_on_drop: false }`
[INFO] [stdout] ba547bb23c9729a475e3488c4f7871492c30b9d1964c607dd110610912fbd7ef
[INFO] running `Command { std: "docker" "create" "-v" "/var/lib/crater-agent-workspace/builds/worker-1-tc1/target:/opt/rustwide/target:rw,Z" "-v" "/var/lib/crater-agent-workspace/builds/worker-1-tc1/source:/opt/rustwide/workdir:ro,Z" "-v" "/var/lib/crater-agent-workspace/cargo-home:/opt/rustwide/cargo-home:ro,Z" "-v" "/var/lib/crater-agent-workspace/rustup-home:/opt/rustwide/rustup-home:ro,Z" "-e" "SOURCE_DIR=/opt/rustwide/workdir" "-e" "CARGO_TARGET_DIR=/opt/rustwide/target" "-e" "CARGO_INCREMENTAL=0" "-e" "RUST_BACKTRACE=full" "-e" "RUSTFLAGS=--cap-lints=forbid" "-e" "RUSTDOCFLAGS=--cap-lints=forbid" "-e" "CARGO_HOME=/opt/rustwide/cargo-home" "-e" "RUSTUP_HOME=/opt/rustwide/rustup-home" "-w" "/opt/rustwide/workdir" "-m" "1610612736" "--user" "0:0" "--network" "none" "ghcr.io/rust-lang/crates-build-env/linux@sha256:819108c5571ea2e421544af4d832f968d213c87fbe3707a016657f43d2f853bc" "/opt/rustwide/cargo-home/bin/cargo" "+nightly-2025-01-18" "build" "--frozen" "--message-format=json", kill_on_drop: false }`
[INFO] [stdout] 532ed8a4d49ff02b808231d8463f79ba3e19adc6988ff931699e2ab9ce34bc6f
[INFO] running `Command { std: "docker" "start" "-a" "532ed8a4d49ff02b808231d8463f79ba3e19adc6988ff931699e2ab9ce34bc6f", kill_on_drop: false }`
[INFO] [stderr]    Compiling libc v0.2.167
[INFO] [stderr]    Compiling proc-macro2 v1.0.92
[INFO] [stderr]    Compiling unicode-ident v1.0.14
[INFO] [stderr]    Compiling shlex v1.3.0
[INFO] [stderr]    Compiling cfg-if v1.0.0
[INFO] [stderr]    Compiling autocfg v1.4.0
[INFO] [stderr]    Compiling serde v1.0.215
[INFO] [stderr]    Compiling bytes v1.9.0
[INFO] [stderr]    Compiling fnv v1.0.7
[INFO] [stderr]    Compiling pin-project-lite v0.2.15
[INFO] [stderr]    Compiling spin v0.9.8
[INFO] [stderr]    Compiling untrusted v0.9.0
[INFO] [stderr]    Compiling itoa v1.0.14
[INFO] [stderr]    Compiling futures-core v0.3.31
[INFO] [stderr]    Compiling futures-sink v0.3.31
[INFO] [stderr]    Compiling log v0.4.22
[INFO] [stderr]    Compiling byteorder v1.5.0
[INFO] [stderr]    Compiling typenum v1.17.0
[INFO] [stderr]    Compiling futures-task v0.3.31
[INFO] [stderr]    Compiling pin-utils v0.1.0
[INFO] [stderr]    Compiling version_check v0.9.5
[INFO] [stderr]    Compiling bitcoin-io v0.1.3
[INFO] [stderr]    Compiling tinyvec_macros v0.1.1
[INFO] [stderr]    Compiling memchr v2.7.4
[INFO] [stderr]    Compiling pkg-config v0.3.31
[INFO] [stderr]    Compiling httparse v1.9.5
[INFO] [stderr]    Compiling rustls-pki-types v1.10.0
[INFO] [stderr]    Compiling tinyvec v1.8.0
[INFO] [stderr]    Compiling arrayvec v0.7.6
[INFO] [stderr]    Compiling percent-encoding v2.3.1
[INFO] [stderr]    Compiling bitcoin-internals v0.3.0
[INFO] [stderr]    Compiling hex-conservative v0.2.1
[INFO] [stderr]    Compiling thiserror v1.0.69
[INFO] [stderr]    Compiling generic-array v0.14.7
[INFO] [stderr]    Compiling form_urlencoded v1.2.1
[INFO] [stderr]    Compiling slab v0.4.9
[INFO] [stderr]    Compiling num-traits v0.2.19
[INFO] [stderr]    Compiling unicode-bidi v0.3.17
[INFO] [stderr]    Compiling base64 v0.21.7
[INFO] [stderr]    Compiling futures-channel v0.3.31
[INFO] [stderr]    Compiling zstd-safe v7.2.1
[INFO] [stderr]    Compiling rustls v0.21.12
[INFO] [stderr]    Compiling futures-util v0.3.31
[INFO] [stderr]    Compiling unicode-normalization v0.1.22
[INFO] [stderr]    Compiling hex_lit v0.1.1
[INFO] [stderr]    Compiling once_cell v1.20.2
[INFO] [stderr]    Compiling http v1.2.0
[INFO] [stderr]    Compiling quote v1.0.37
[INFO] [stderr]    Compiling alloc-no-stdlib v2.0.4
[INFO] [stderr]    Compiling rustls v0.22.4
[INFO] [stderr]    Compiling jobserver v0.1.32
[INFO] [stderr]    Compiling getrandom v0.2.15
[INFO] [stderr]    Compiling syn v2.0.90
[INFO] [stderr]    Compiling num_cpus v1.16.0
[INFO] [stderr]    Compiling socket2 v0.5.8
[INFO] [stderr]    Compiling mio v0.8.11
[INFO] [stderr]    Compiling strsim v0.11.1
[INFO] [stderr]    Compiling rand_core v0.6.4
[INFO] [stderr]    Compiling idna v0.5.0
[INFO] [stderr]    Compiling ident_case v1.0.1
[INFO] [stderr]    Compiling try-lock v0.2.5
[INFO] [stderr]    Compiling want v0.3.1
[INFO] [stderr]    Compiling alloc-stdlib v0.2.2
[INFO] [stderr]    Compiling tracing-core v0.1.33
[INFO] [stderr]    Compiling miniz_oxide v0.4.4
[INFO] [stderr]    Compiling bitcoin v0.32.5
[INFO] [stderr]    Compiling zeroize v1.8.1
[INFO] [stderr]    Compiling smallvec v1.13.2
[INFO] [stderr]    Compiling subtle v2.6.1
[INFO] [stderr]    Compiling cc v1.2.2
[INFO] [stderr]    Compiling adler2 v2.0.0
[INFO] [stderr]    Compiling openssl-probe v0.1.5
[INFO] [stderr]    Compiling miniz_oxide v0.8.0
[INFO] [stderr]    Compiling brotli-decompressor v4.0.1
[INFO] [stderr]    Compiling num-integer v0.1.46
[INFO] [stderr]    Compiling http-body v1.0.1
[INFO] [stderr]    Compiling crc32fast v1.4.2
[INFO] [stderr]    Compiling url v2.5.2
[INFO] [stderr]    Compiling data-encoding v2.6.0
[INFO] [stderr]    Compiling tower-service v0.3.3
[INFO] [stderr]    Compiling gimli v0.23.0
[INFO] [stderr]    Compiling bech32 v0.11.0
[INFO] [stderr]    Compiling half v2.2.1
[INFO] [stderr]    Compiling cpufeatures v0.2.16
[INFO] [stderr]    Compiling ryu v1.0.18
[INFO] [stderr]    Compiling block-buffer v0.10.4
[INFO] [stderr]    Compiling crypto-common v0.1.6
[INFO] [stderr]    Compiling serde_json v1.0.133
[INFO] [stderr]    Compiling adler v1.0.2
[INFO] [stderr]    Compiling brotli v7.0.0
[INFO] [stderr]    Compiling digest v0.10.7
[INFO] [stderr]    Compiling num-bigint v0.4.6
[INFO] [stderr]    Compiling rustls-pemfile v1.0.4
[INFO] [stderr]    Compiling aho-corasick v1.1.3
[INFO] [stderr]    Compiling http v0.2.12
[INFO] [stderr]    Compiling flate2 v1.0.35
[INFO] [stderr]    Compiling sha1 v0.10.6
[INFO] [stderr]    Compiling rustls-pemfile v2.2.0
[INFO] [stderr]    Compiling utf-8 v0.7.6
[INFO] [stderr]    Compiling either v1.13.0
[INFO] [stderr]    Compiling bech32 v0.9.1
[INFO] [stderr]    Compiling rustc-demangle v0.1.24
[INFO] [stderr]    Compiling minimal-lexical v0.2.1
[INFO] [stderr]    Compiling ciborium-io v0.2.2
[INFO] [stderr]    Compiling regex-syntax v0.7.5
[INFO] [stderr]    Compiling object v0.23.0
[INFO] [stderr]    Compiling anyhow v1.0.94
[INFO] [stderr]    Compiling nom v7.1.3
[INFO] [stderr]    Compiling ciborium-ll v0.2.2
[INFO] [stderr]    Compiling http-body-util v0.1.2
[INFO] [stderr]    Compiling rustls-native-certs v0.7.3
[INFO] [stderr]    Compiling rustls-native-certs v0.6.3
[INFO] [stderr]    Compiling chrono v0.4.38
[INFO] [stderr]    Compiling webpki-roots v0.26.7
[INFO] [stderr]    Compiling futures-io v0.3.31
[INFO] [stderr]    Compiling ring v0.17.8
[INFO] [stderr]    Compiling zstd-sys v2.0.13+zstd.1.5.6
[INFO] [stderr]    Compiling secp256k1-sys v0.10.1
[INFO] [stderr]    Compiling backtrace v0.3.58
[INFO] [stderr]    Compiling num-rational v0.4.2
[INFO] [stderr]    Compiling sync_wrapper v0.1.2
[INFO] [stderr]    Compiling addr2line v0.14.1
[INFO] [stderr]    Compiling separator v0.4.1
[INFO] [stderr]    Compiling ipnet v2.10.1
[INFO] [stderr]    Compiling base64 v0.22.1
[INFO] [stderr]    Compiling mime v0.3.17
[INFO] [stderr]    Compiling bs58 v0.5.1
[INFO] [stderr]    Compiling futures v0.3.31
[INFO] [stderr]    Compiling regex-automata v0.3.9
[INFO] [stderr]    Compiling darling_core v0.20.10
[INFO] [stderr]    Compiling serde_derive v1.0.215
[INFO] [stderr]    Compiling tokio-macros v2.3.0
[INFO] [stderr]    Compiling zerocopy-derive v0.7.35
[INFO] [stderr]    Compiling thiserror-impl v1.0.69
[INFO] [stderr]    Compiling tracing-attributes v0.1.28
[INFO] [stderr]    Compiling async-trait v0.1.83
[INFO] [stderr]    Compiling rustls-webpki v0.102.8
[INFO] [stderr]    Compiling rustls-webpki v0.101.7
[INFO] [stderr]    Compiling tokio v1.38.1
[INFO] [stderr]    Compiling sct v0.7.1
[INFO] [stderr]    Compiling webpki v0.22.4
[INFO] [stderr]    Compiling zerocopy v0.7.35
[INFO] [stderr]    Compiling regex v1.9.6
[INFO] [stderr]    Compiling tracing v0.1.41
[INFO] [stderr]    Compiling ppv-lite86 v0.2.20
[INFO] [stderr]    Compiling darling_macro v0.20.10
[INFO] [stderr]    Compiling darling v0.20.10
[INFO] [stderr]    Compiling serde_with_macros v3.1.0
[INFO] [stderr]    Compiling rand_chacha v0.3.1
[INFO] [stderr]    Compiling zstd v0.13.2
[INFO] [stderr]    Compiling rand v0.8.5
[INFO] [stderr]    Compiling tungstenite v0.19.0
[INFO] [stderr]    Compiling hyper v1.5.1
[INFO] [stderr]    Compiling tokio-rustls v0.25.0
[INFO] [stderr]    Compiling tokio-rustls v0.24.1
[INFO] [stderr]    Compiling tokio-util v0.7.11
[INFO] [stderr]    Compiling tokio-socks v0.5.2
[INFO] [stderr]    Compiling async-compression v0.4.18
[INFO] [stderr]    Compiling bitcoin_hashes v0.14.0
[INFO] [stderr]    Compiling serde_urlencoded v0.7.1
[INFO] [stderr]    Compiling uuid v1.11.0
[INFO] [stderr]    Compiling serde_with v3.1.0
[INFO] [stderr]    Compiling tokio-tungstenite v0.19.0
[INFO] [stderr]    Compiling ciborium v0.2.2
[INFO] [stderr]    Compiling bitcoin-units v0.1.2
[INFO] [stderr]    Compiling cbor-diag v0.1.12
[INFO] [stderr]    Compiling hyper-util v0.1.10
[INFO] [stderr]    Compiling secp256k1 v0.29.1
[INFO] [stderr]    Compiling base58ck v0.1.0
[INFO] [stderr]    Compiling hyper-rustls v0.26.0
[INFO] [stderr]    Compiling reqwest v0.12.4
[INFO] [stderr]    Compiling lightning-types v0.1.0
[INFO] [stderr]    Compiling lightning-invoice v0.32.0
[INFO] [stderr]    Compiling cdk v0.6.0 (/opt/rustwide/workdir)
[INFO] [stderr]     Finished `dev` profile [unoptimized + debuginfo] target(s) in 1m 34s
[INFO] running `Command { std: "docker" "inspect" "532ed8a4d49ff02b808231d8463f79ba3e19adc6988ff931699e2ab9ce34bc6f", kill_on_drop: false }`
[INFO] running `Command { std: "docker" "rm" "-f" "532ed8a4d49ff02b808231d8463f79ba3e19adc6988ff931699e2ab9ce34bc6f", kill_on_drop: false }`
[INFO] [stdout] 532ed8a4d49ff02b808231d8463f79ba3e19adc6988ff931699e2ab9ce34bc6f
[INFO] running `Command { std: "docker" "create" "-v" "/var/lib/crater-agent-workspace/builds/worker-1-tc1/target:/opt/rustwide/target:rw,Z" "-v" "/var/lib/crater-agent-workspace/builds/worker-1-tc1/source:/opt/rustwide/workdir:ro,Z" "-v" "/var/lib/crater-agent-workspace/cargo-home:/opt/rustwide/cargo-home:ro,Z" "-v" "/var/lib/crater-agent-workspace/rustup-home:/opt/rustwide/rustup-home:ro,Z" "-e" "SOURCE_DIR=/opt/rustwide/workdir" "-e" "CARGO_TARGET_DIR=/opt/rustwide/target" "-e" "CARGO_INCREMENTAL=0" "-e" "RUST_BACKTRACE=full" "-e" "RUSTFLAGS=--cap-lints=forbid" "-e" "RUSTDOCFLAGS=--cap-lints=forbid" "-e" "CARGO_HOME=/opt/rustwide/cargo-home" "-e" "RUSTUP_HOME=/opt/rustwide/rustup-home" "-w" "/opt/rustwide/workdir" "-m" "1610612736" "--user" "0:0" "--network" "none" "ghcr.io/rust-lang/crates-build-env/linux@sha256:819108c5571ea2e421544af4d832f968d213c87fbe3707a016657f43d2f853bc" "/opt/rustwide/cargo-home/bin/cargo" "+nightly-2025-01-18" "test" "--frozen" "--no-run" "--message-format=json", kill_on_drop: false }`
[INFO] [stdout] 48c7ac465a84687acc50a47769d8b9372340a00aaf10b13a9d538e8ff3b17528
[INFO] running `Command { std: "docker" "start" "-a" "48c7ac465a84687acc50a47769d8b9372340a00aaf10b13a9d538e8ff3b17528", kill_on_drop: false }`
[INFO] [stderr]    Compiling num-traits v0.2.19
[INFO] [stderr]    Compiling crossbeam-utils v0.8.20
[INFO] [stderr]    Compiling rayon-core v1.12.1
[INFO] [stderr]    Compiling bitcoin-internals v0.2.0
[INFO] [stderr]    Compiling anstyle v1.0.10
[INFO] [stderr]    Compiling clap_lex v0.7.4
[INFO] [stderr]    Compiling plotters-backend v0.3.7
[INFO] [stderr]    Compiling ciborium v0.2.2
[INFO] [stderr]    Compiling itertools v0.10.5
[INFO] [stderr]    Compiling hex-conservative v0.1.2
[INFO] [stderr]    Compiling cast v0.3.0
[INFO] [stderr]    Compiling same-file v1.0.6
[INFO] [stderr]    Compiling tinytemplate v1.2.1
[INFO] [stderr]    Compiling is-terminal v0.4.13
[INFO] [stderr]    Compiling oorandom v11.1.4
[INFO] [stderr]    Compiling anes v0.1.6
[INFO] [stderr]    Compiling walkdir v2.5.0
[INFO] [stderr]    Compiling plotters-svg v0.3.7
[INFO] [stderr]    Compiling clap_builder v4.5.23
[INFO] [stderr]    Compiling bitcoin_hashes v0.13.0
[INFO] [stderr]    Compiling crossbeam-epoch v0.9.18
[INFO] [stderr]    Compiling crossbeam-deque v0.8.5
[INFO] [stderr]    Compiling num-integer v0.1.46
[INFO] [stderr]    Compiling chrono v0.4.38
[INFO] [stderr]    Compiling plotters v0.3.7
[INFO] [stderr]    Compiling num-bigint v0.4.6
[INFO] [stderr]    Compiling bip39 v2.1.0
[INFO] [stderr]    Compiling criterion-plot v0.5.0
[INFO] [stderr]    Compiling rayon v1.10.0
[INFO] [stderr]    Compiling clap v4.5.23
[INFO] [stderr]    Compiling num-rational v0.4.2
[INFO] [stderr]    Compiling cbor-diag v0.1.12
[INFO] [stderr]    Compiling criterion v0.5.1
[INFO] [stderr]    Compiling cdk v0.6.0 (/opt/rustwide/workdir)
[INFO] [stderr]     Finished `test` profile [unoptimized + debuginfo] target(s) in 47.43s
[INFO] running `Command { std: "docker" "inspect" "48c7ac465a84687acc50a47769d8b9372340a00aaf10b13a9d538e8ff3b17528", kill_on_drop: false }`
[INFO] running `Command { std: "docker" "rm" "-f" "48c7ac465a84687acc50a47769d8b9372340a00aaf10b13a9d538e8ff3b17528", kill_on_drop: false }`
[INFO] [stdout] 48c7ac465a84687acc50a47769d8b9372340a00aaf10b13a9d538e8ff3b17528
[INFO] running `Command { std: "docker" "create" "-v" "/var/lib/crater-agent-workspace/builds/worker-1-tc1/target:/opt/rustwide/target:rw,Z" "-v" "/var/lib/crater-agent-workspace/builds/worker-1-tc1/source:/opt/rustwide/workdir:ro,Z" "-v" "/var/lib/crater-agent-workspace/cargo-home:/opt/rustwide/cargo-home:ro,Z" "-v" "/var/lib/crater-agent-workspace/rustup-home:/opt/rustwide/rustup-home:ro,Z" "-e" "SOURCE_DIR=/opt/rustwide/workdir" "-e" "CARGO_TARGET_DIR=/opt/rustwide/target" "-e" "CARGO_INCREMENTAL=0" "-e" "RUST_BACKTRACE=full" "-e" "RUSTFLAGS=--cap-lints=forbid" "-e" "RUSTDOCFLAGS=--cap-lints=forbid" "-e" "CARGO_HOME=/opt/rustwide/cargo-home" "-e" "RUSTUP_HOME=/opt/rustwide/rustup-home" "-w" "/opt/rustwide/workdir" "-m" "1610612736" "--user" "0:0" "--network" "none" "ghcr.io/rust-lang/crates-build-env/linux@sha256:819108c5571ea2e421544af4d832f968d213c87fbe3707a016657f43d2f853bc" "/opt/rustwide/cargo-home/bin/cargo" "+nightly-2025-01-18" "test" "--frozen", kill_on_drop: false }`
[INFO] [stdout] dc6a080fde78d3a12c57661b82fd4a12002bda376e3bf1d324324cc91040cc44
[INFO] running `Command { std: "docker" "start" "-a" "dc6a080fde78d3a12c57661b82fd4a12002bda376e3bf1d324324cc91040cc44", kill_on_drop: false }`
[INFO] [stderr]     Finished `test` profile [unoptimized + debuginfo] target(s) in 0.57s
[INFO] [stderr]      Running unittests src/lib.rs (/opt/rustwide/target/debug/deps/cdk-e4418dc7010120d7)
[INFO] [stdout] 
[INFO] [stdout] running 75 tests
[INFO] [stdout] test amount::tests::test_split_values ... ok
[INFO] [stdout] test amount::tests::test_try_amount_addition ... ok
[INFO] [stdout] test amount::tests::test_split_target_amount ... ok
[INFO] [stdout] test amount::tests::test_split_amount ... ok
[INFO] [stdout] test dhke::tests::test_hash_e ... ok
[INFO] [stdout] test dhke::tests::test_hash_to_curve ... ok
[INFO] [stdout] test fees::tests::test_calc_fee ... ok
[INFO] [stdout] test dhke::tests::test_unblind_message ... ok
[INFO] [stdout] test mint::tests::mint_mod_new_mint ... ok
[INFO] [stdout] test mint::tests::mint_mod_generate_keyset_from_xpriv ... ok
[INFO] [stdout] test mint::tests::mint_mod_generate_keyset_from_seed ... ok
[INFO] [stdout] test mint_url::tests::test_case_insensitive ... ok
[INFO] [stdout] test dhke::tests::test_sign_message ... ok
[INFO] [stdout] test dhke::tests::test_full_bhke ... ok
[INFO] [stdout] test dhke::tests::test_blind_message ... ok
[INFO] [stdout] test amount::tests::test_amount_to_unit ... ok
[INFO] [stdout] test mint::tests::mint_mod_rotate_keyset ... ok
[INFO] [stdout] test nuts::nut00::token::tests::test_token_v4_multi_keyset ... ok
[INFO] [stdout] test nuts::nut00::token::tests::incorrect_tokens ... ok
[INFO] [stdout] test nuts::nut00::token::tests::test_token_padding ... ok
[INFO] [stdout] test nuts::nut00::token::tests::test_token_v4_str_round_trip ... ok
[INFO] [stdout] test nuts::nut00::token::tests::test_tokenv4_from_tokenv3 ... ok
[INFO] [stdout] test nuts::nut00::tests::test_proof_serialize ... ok
[INFO] [stdout] test nuts::nut01::public_key::tests::test_invalid_public_key_from_hex ... ok
[INFO] [stdout] test nuts::nut01::public_key::tests::test_public_key_from_hex ... ok
[INFO] [stdout] test nuts::nut02::test::test_deserialization_of_keyset_response ... ok
[INFO] [stdout] test nuts::nut02::test::test_deserialization_keyset_info ... ok
[INFO] [stdout] test nuts::nut02::test::test_id_from_invalid_byte_length ... ok
[INFO] [stdout] test nuts::nut02::test::test_keyset_bytes ... ok
[INFO] [stdout] test nuts::nut02::test::test_id_serialization ... ok
[INFO] [stdout] test nuts::nut01::tests::pubkey ... ok
[INFO] [stdout] test nuts::nut06::tests::test_des_mint_into ... ok
[INFO] [stdout] test nuts::nut01::tests::test_ser_der_secret ... ok
[INFO] [stdout] test nuts::nut10::tests::test_secret_serialize ... ok
[INFO] [stdout] test nuts::nut09::test::restore_response ... ok
[INFO] [stdout] test nuts::nut00::token::tests::test_token_str_round_trip ... ok
[INFO] [stdout] test nuts::nut02::test::test_deserialization_keys_response ... ok
[INFO] [stdout] test nuts::nut06::tests::test_ser_mint_info ... ok
[INFO] [stdout] test mint_url::tests::test_trim_trailing_slashes ... ok
[INFO] [stdout] test nuts::nut02::test::test_id_deserialization ... ok
[INFO] [stdout] test nuts::nut01::tests::test_vectors_01 ... ok
[INFO] [stdout] test nuts::nut00::tests::test_blank_blinded_messages ... ok
[INFO] [stdout] test nuts::nut02::test::test_to_int ... ok
[INFO] [stdout] test nuts::nut11::tests::test_secret_ser ... ok
[INFO] [stdout] test nuts::nut13::tests::test_derive_path_from_keyset_id ... ok
[INFO] [stdout] test nuts::nut18::tests::test_decode_payment_req ... ok
[INFO] [stdout] test nuts::nut02::test::test_deserialization_and_id_generation ... ok
[INFO] [stdout] test nuts::nut11::tests::test_verify ... ok
[INFO] [stdout] test nuts::nut18::tests::test_roundtrip_payment_req ... ok
[INFO] [stdout] test pub_sub::index::tests::test_index_cmp_prefix ... ok
[INFO] [stdout] test pub_sub::index::tests::test_sub_id_deref ... ok
[INFO] [stdout] test pub_sub::test::test_active_subscription_drop ... ok
[INFO] [stdout] test nuts::nut11::tests::sign_proof ... ok
[INFO] [stdout] test nuts::nut12::tests::test_blind_signature_dleq ... ok
[INFO] [stdout] test nuts::nut11::tests::verify_multi_sig ... ok
[INFO] [stdout] test nuts::nut11::tests::verify_refund ... ok
[INFO] [stdout] test pub_sub::index::tests::test_index_from_tuple ... ok
[INFO] [stdout] test util::hex::tests::test_decode ... ok
[INFO] [stdout] test pub_sub::index::tests::test_sub_id_from_str ... ok
[INFO] [stdout] test nuts::nut12::tests::test_proof_dleq ... ok
[INFO] [stdout] test types::tests::test_melted_with_change ... ok
[INFO] [stdout] test util::hex::tests::test_invalid_char ... ok
[INFO] [stdout] test util::hex::tests::test_encode ... ok
[INFO] [stdout] test nuts::nut17::manager::test::broadcast ... ok
[INFO] [stdout] test types::tests::test_melted ... ok
[INFO] [stdout] test nuts::nut17::manager::test::parsing_request ... ok
[INFO] [stdout] test util::hex::tests::test_invalid_length ... ok
[INFO] [stdout] test wallet::util::tests::test_token_from_text ... ok
[INFO] [stdout] test secret::tests::test_secret_from_str ... ok
[INFO] [stdout] test nuts::nut17::manager::test::active_and_drop ... ok
[INFO] [stdout] test nuts::nut17::manager::test::json_test ... ok
[INFO] [stdout] test mint::tests::test_mint_keyset_gen ... ok
[INFO] [stdout] test nuts::nut13::tests::test_r_from_seed ... ok
[INFO] [stdout] test nuts::nut13::tests::test_secret_from_seed ... ok
[INFO] [stdout] test amount::tests::test_amount_addition - should panic ... ok
[INFO] [stdout] 
[INFO] [stdout] test result: ok. 75 passed; 0 failed; 0 ignored; 0 measured; 0 filtered out; finished in 0.19s
[INFO] [stdout] 
[INFO] [stderr]    Doc-tests cdk
[INFO] [stdout] 
[INFO] [stdout] running 7 tests
[INFO] [stdout] test src/wallet/receive.rs - wallet::receive::Wallet::receive (line 163) - compile ... ok
[INFO] [stdout] test src/wallet/melt.rs - wallet::melt::Wallet::melt (line 249) - compile ... ok
[INFO] [stdout] test src/wallet/mod.rs - wallet::Wallet::new (line 117) ... ok
[INFO] [stdout] test src/wallet/mod.rs - wallet (line 9) ... ok
[INFO] [stdout] test src/wallet/mint.rs - wallet::mint::Wallet::mint (line 137) ... FAILED
[INFO] [stdout] test src/wallet/mint.rs - wallet::mint::Wallet::mint_quote (line 19) ... FAILED
[INFO] [stdout] test src/wallet/melt.rs - wallet::melt::Wallet::melt_quote (line 20) ... FAILED
[INFO] [stdout] 
[INFO] [stdout] failures:
[INFO] [stdout] 
[INFO] [stdout] ---- src/wallet/mint.rs - wallet::mint::Wallet::mint (line 137) stdout ----
[INFO] [stdout] Test executable failed (exit status: 1).
[INFO] [stdout] 
[INFO] [stdout] stderr:
[INFO] [stdout] Error: error sending request for url (https://testnut.cashu.space/v1/mint/quote/bolt11)
[INFO] [stdout] 
[INFO] [stdout] Caused by:
[INFO] [stdout]     0: client error (Connect)
[INFO] [stdout]     1: dns error: failed to lookup address information: Temporary failure in name resolution
[INFO] [stdout]     2: failed to lookup address information: Temporary failure in name resolution
[INFO] [stdout] 
[INFO] [stdout] Stack backtrace:
[INFO] [stdout]    0: anyhow::error::<impl core::convert::From<E> for anyhow::Error>::from
[INFO] [stdout]    1: <core::result::Result<T,F> as core::ops::try_trait::FromResidual<core::result::Result<core::convert::Infallible,E>>>::from_residual
[INFO] [stdout]    2: rust_out::main::{{closure}}
[INFO] [stdout]    3: tokio::runtime::park::CachedParkThread::block_on::{{closure}}
[INFO] [stdout]    4: tokio::runtime::park::CachedParkThread::block_on
[INFO] [stdout]    5: tokio::runtime::context::blocking::BlockingRegionGuard::block_on
[INFO] [stdout]    6: tokio::runtime::scheduler::multi_thread::MultiThread::block_on::{{closure}}
[INFO] [stdout]    7: tokio::runtime::context::runtime::enter_runtime
[INFO] [stdout]    8: tokio::runtime::scheduler::multi_thread::MultiThread::block_on
[INFO] [stdout]    9: tokio::runtime::runtime::Runtime::block_on
[INFO] [stdout]   10: rust_out::main
[INFO] [stdout]   11: core::ops::function::FnOnce::call_once
[INFO] [stdout]   12: std::sys::backtrace::__rust_begin_short_backtrace
[INFO] [stdout]   13: std::rt::lang_start::{{closure}}
[INFO] [stdout]   14: core::ops::function::impls::<impl core::ops::function::FnOnce<A> for &F>::call_once
[INFO] [stdout]              at /rustc/6067b36314ab5eb2eb47cecc464545ba58e1ad24/library/core/src/ops/function.rs:284:13
[INFO] [stdout]   15: std::panicking::try::do_call
[INFO] [stdout]              at /rustc/6067b36314ab5eb2eb47cecc464545ba58e1ad24/library/std/src/panicking.rs:587:40
[INFO] [stdout]   16: std::panicking::try
[INFO] [stdout]              at /rustc/6067b36314ab5eb2eb47cecc464545ba58e1ad24/library/std/src/panicking.rs:550:19
[INFO] [stdout]   17: std::panic::catch_unwind
[INFO] [stdout]              at /rustc/6067b36314ab5eb2eb47cecc464545ba58e1ad24/library/std/src/panic.rs:358:14
[INFO] [stdout]   18: std::rt::lang_start_internal::{{closure}}
[INFO] [stdout]              at /rustc/6067b36314ab5eb2eb47cecc464545ba58e1ad24/library/std/src/rt.rs:163:24
[INFO] [stdout]   19: std::panicking::try::do_call
[INFO] [stdout]              at /rustc/6067b36314ab5eb2eb47cecc464545ba58e1ad24/library/std/src/panicking.rs:587:40
[INFO] [stdout]   20: std::panicking::try
[INFO] [stdout]              at /rustc/6067b36314ab5eb2eb47cecc464545ba58e1ad24/library/std/src/panicking.rs:550:19
[INFO] [stdout]   21: std::panic::catch_unwind
[INFO] [stdout]              at /rustc/6067b36314ab5eb2eb47cecc464545ba58e1ad24/library/std/src/panic.rs:358:14
[INFO] [stdout]   22: std::rt::lang_start_internal
[INFO] [stdout]              at /rustc/6067b36314ab5eb2eb47cecc464545ba58e1ad24/library/std/src/rt.rs:159:5
[INFO] [stdout]   23: std::rt::lang_start
[INFO] [stdout]   24: main
[INFO] [stdout]   25: <unknown>
[INFO] [stdout]   26: __libc_start_main
[INFO] [stdout]   27: _start
[INFO] [stdout] 
[INFO] [stdout] 
[INFO] [stdout] ---- src/wallet/mint.rs - wallet::mint::Wallet::mint_quote (line 19) stdout ----
[INFO] [stdout] Test executable failed (exit status: 1).
[INFO] [stdout] 
[INFO] [stdout] stderr:
[INFO] [stdout] Error: error sending request for url (https://testnut.cashu.space/v1/mint/quote/bolt11)
[INFO] [stdout] 
[INFO] [stdout] Caused by:
[INFO] [stdout]     0: client error (Connect)
[INFO] [stdout]     1: dns error: failed to lookup address information: Temporary failure in name resolution
[INFO] [stdout]     2: failed to lookup address information: Temporary failure in name resolution
[INFO] [stdout] 
[INFO] [stdout] Stack backtrace:
[INFO] [stdout]    0: anyhow::error::<impl core::convert::From<E> for anyhow::Error>::from
[INFO] [stdout]    1: <core::result::Result<T,F> as core::ops::try_trait::FromResidual<core::result::Result<core::convert::Infallible,E>>>::from_residual
[INFO] [stdout]    2: rust_out::main::{{closure}}
[INFO] [stdout]    3: tokio::runtime::park::CachedParkThread::block_on::{{closure}}
[INFO] [stdout]    4: tokio::runtime::park::CachedParkThread::block_on
[INFO] [stdout]    5: tokio::runtime::context::blocking::BlockingRegionGuard::block_on
[INFO] [stdout]    6: tokio::runtime::scheduler::multi_thread::MultiThread::block_on::{{closure}}
[INFO] [stdout]    7: tokio::runtime::context::runtime::enter_runtime
[INFO] [stdout]    8: tokio::runtime::scheduler::multi_thread::MultiThread::block_on
[INFO] [stdout]    9: tokio::runtime::runtime::Runtime::block_on
[INFO] [stdout]   10: rust_out::main
[INFO] [stdout]   11: core::ops::function::FnOnce::call_once
[INFO] [stdout]   12: std::sys::backtrace::__rust_begin_short_backtrace
[INFO] [stdout]   13: std::rt::lang_start::{{closure}}
[INFO] [stdout]   14: core::ops::function::impls::<impl core::ops::function::FnOnce<A> for &F>::call_once
[INFO] [stdout]              at /rustc/6067b36314ab5eb2eb47cecc464545ba58e1ad24/library/core/src/ops/function.rs:284:13
[INFO] [stdout]   15: std::panicking::try::do_call
[INFO] [stdout]              at /rustc/6067b36314ab5eb2eb47cecc464545ba58e1ad24/library/std/src/panicking.rs:587:40
[INFO] [stdout]   16: std::panicking::try
[INFO] [stdout]              at /rustc/6067b36314ab5eb2eb47cecc464545ba58e1ad24/library/std/src/panicking.rs:550:19
[INFO] [stdout]   17: std::panic::catch_unwind
[INFO] [stdout]              at /rustc/6067b36314ab5eb2eb47cecc464545ba58e1ad24/library/std/src/panic.rs:358:14
[INFO] [stdout]   18: std::rt::lang_start_internal::{{closure}}
[INFO] [stdout]              at /rustc/6067b36314ab5eb2eb47cecc464545ba58e1ad24/library/std/src/rt.rs:163:24
[INFO] [stdout]   19: std::panicking::try::do_call
[INFO] [stdout]              at /rustc/6067b36314ab5eb2eb47cecc464545ba58e1ad24/library/std/src/panicking.rs:587:40
[INFO] [stdout]   20: std::panicking::try
[INFO] [stdout]              at /rustc/6067b36314ab5eb2eb47cecc464545ba58e1ad24/library/std/src/panicking.rs:550:19
[INFO] [stdout]   21: std::panic::catch_unwind
[INFO] [stdout]              at /rustc/6067b36314ab5eb2eb47cecc464545ba58e1ad24/library/std/src/panic.rs:358:14
[INFO] [stdout]   22: std::rt::lang_start_internal
[INFO] [stdout]              at /rustc/6067b36314ab5eb2eb47cecc464545ba58e1ad24/library/std/src/rt.rs:159:5
[INFO] [stdout]   23: std::rt::lang_start
[INFO] [stdout]   24: main
[INFO] [stdout]   25: <unknown>
[INFO] [stdout]   26: __libc_start_main
[INFO] [stdout]   27: _start
[INFO] [stdout] 
[INFO] [stdout] 
[INFO] [stdout] ---- src/wallet/melt.rs - wallet::melt::Wallet::melt_quote (line 20) stdout ----
[INFO] [stdout] Test executable failed (exit status: 1).
[INFO] [stdout] 
[INFO] [stdout] stderr:
[INFO] [stdout] Error: error sending request for url (https://testnut.cashu.space/v1/melt/quote/bolt11)
[INFO] [stdout] 
[INFO] [stdout] Caused by:
[INFO] [stdout]     0: client error (Connect)
[INFO] [stdout]     1: dns error: failed to lookup address information: Temporary failure in name resolution
[INFO] [stdout]     2: failed to lookup address information: Temporary failure in name resolution
[INFO] [stdout] 
[INFO] [stdout] Stack backtrace:
[INFO] [stdout]    0: anyhow::error::<impl core::convert::From<E> for anyhow::Error>::from
[INFO] [stdout]    1: <core::result::Result<T,F> as core::ops::try_trait::FromResidual<core::result::Result<core::convert::Infallible,E>>>::from_residual
[INFO] [stdout]    2: rust_out::main::{{closure}}
[INFO] [stdout]    3: tokio::runtime::park::CachedParkThread::block_on::{{closure}}
[INFO] [stdout]    4: tokio::runtime::park::CachedParkThread::block_on
[INFO] [stdout]    5: tokio::runtime::context::blocking::BlockingRegionGuard::block_on
[INFO] [stdout]    6: tokio::runtime::scheduler::multi_thread::MultiThread::block_on::{{closure}}
[INFO] [stdout]    7: tokio::runtime::context::runtime::enter_runtime
[INFO] [stdout]    8: tokio::runtime::scheduler::multi_thread::MultiThread::block_on
[INFO] [stdout]    9: tokio::runtime::runtime::Runtime::block_on
[INFO] [stdout]   10: rust_out::main
[INFO] [stdout]   11: core::ops::function::FnOnce::call_once
[INFO] [stdout]   12: std::sys::backtrace::__rust_begin_short_backtrace
[INFO] [stdout]   13: std::rt::lang_start::{{closure}}
[INFO] [stdout]   14: core::ops::function::impls::<impl core::ops::function::FnOnce<A> for &F>::call_once
[INFO] [stdout]              at /rustc/6067b36314ab5eb2eb47cecc464545ba58e1ad24/library/core/src/ops/function.rs:284:13
[INFO] [stdout]   15: std::panicking::try::do_call
[INFO] [stdout]              at /rustc/6067b36314ab5eb2eb47cecc464545ba58e1ad24/library/std/src/panicking.rs:587:40
[INFO] [stdout]   16: std::panicking::try
[INFO] [stdout]              at /rustc/6067b36314ab5eb2eb47cecc464545ba58e1ad24/library/std/src/panicking.rs:550:19
[INFO] [stdout]   17: std::panic::catch_unwind
[INFO] [stdout]              at /rustc/6067b36314ab5eb2eb47cecc464545ba58e1ad24/library/std/src/panic.rs:358:14
[INFO] [stdout]   18: std::rt::lang_start_internal::{{closure}}
[INFO] [stdout]              at /rustc/6067b36314ab5eb2eb47cecc464545ba58e1ad24/library/std/src/rt.rs:163:24
[INFO] [stdout]   19: std::panicking::try::do_call
[INFO] [stdout]              at /rustc/6067b36314ab5eb2eb47cecc464545ba58e1ad24/library/std/src/panicking.rs:587:40
[INFO] [stdout]   20: std::panicking::try
[INFO] [stdout]              at /rustc/6067b36314ab5eb2eb47cecc464545ba58e1ad24/library/std/src/panicking.rs:550:19
[INFO] [stdout]   21: std::panic::catch_unwind
[INFO] [stdout]              at /rustc/6067b36314ab5eb2eb47cecc464545ba58e1ad24/library/std/src/panic.rs:358:14
[INFO] [stdout]   22: std::rt::lang_start_internal
[INFO] [stdout]              at /rustc/6067b36314ab5eb2eb47cecc464545ba58e1ad24/library/std/src/rt.rs:159:5
[INFO] [stdout]   23: std::rt::lang_start
[INFO] [stdout]   24: main
[INFO] [stdout]   25: <unknown>
[INFO] [stdout]   26: __libc_start_main
[INFO] [stdout]   27: _start
[INFO] [stdout] 
[INFO] [stdout] 
[INFO] [stdout] 
[INFO] [stdout] failures:
[INFO] [stdout]     src/wallet/melt.rs - wallet::melt::Wallet::melt_quote (line 20)
[INFO] [stdout]     src/wallet/mint.rs - wallet::mint::Wallet::mint (line 137)
[INFO] [stdout]     src/wallet/mint.rs - wallet::mint::Wallet::mint_quote (line 19)
[INFO] [stdout] 
[INFO] [stdout] test result: FAILED. 4 passed; 3 failed; 0 ignored; 0 measured; 0 filtered out; finished in 5.26s
[INFO] [stdout] 
[INFO] [stderr] error: doctest failed, to rerun pass `--doc`
[INFO] running `Command { std: "docker" "inspect" "dc6a080fde78d3a12c57661b82fd4a12002bda376e3bf1d324324cc91040cc44", kill_on_drop: false }`
[INFO] running `Command { std: "docker" "rm" "-f" "dc6a080fde78d3a12c57661b82fd4a12002bda376e3bf1d324324cc91040cc44", kill_on_drop: false }`
[INFO] [stdout] dc6a080fde78d3a12c57661b82fd4a12002bda376e3bf1d324324cc91040cc44
