[INFO] fetching crate callee 0.1.4...
[INFO] testing callee-0.1.4 against nightly-2025-01-18 for randomize-layout-2
[INFO] extracting crate callee 0.1.4 into /workspace/builds/worker-5-tc1/source
[INFO] validating manifest of crates.io crate callee 0.1.4 on toolchain nightly-2025-01-18
[INFO] running `Command { std: CARGO_HOME="/workspace/cargo-home" RUSTUP_HOME="/workspace/rustup-home" "/workspace/cargo-home/bin/cargo" "+nightly-2025-01-18" "metadata" "--manifest-path" "Cargo.toml" "--no-deps", kill_on_drop: false }`
[INFO] removed /workspace/builds/worker-5-tc1/source/rust-toolchain.toml
[INFO] started tweaking crates.io crate callee 0.1.4
[INFO] finished tweaking crates.io crate callee 0.1.4
[INFO] tweaked toml for crates.io crate callee 0.1.4 written to /workspace/builds/worker-5-tc1/source/Cargo.toml
[INFO] crate crates.io crate callee 0.1.4 already has a lockfile, it will not be regenerated
[INFO] running `Command { std: CARGO_HOME="/workspace/cargo-home" RUSTUP_HOME="/workspace/rustup-home" "/workspace/cargo-home/bin/cargo" "+nightly-2025-01-18" "fetch" "--manifest-path" "Cargo.toml", kill_on_drop: false }`
[INFO] running `Command { std: "docker" "create" "-v" "/var/lib/crater-agent-workspace/builds/worker-5-tc1/target:/opt/rustwide/target:rw,Z" "-v" "/var/lib/crater-agent-workspace/builds/worker-5-tc1/source:/opt/rustwide/workdir:ro,Z" "-v" "/var/lib/crater-agent-workspace/cargo-home:/opt/rustwide/cargo-home:ro,Z" "-v" "/var/lib/crater-agent-workspace/rustup-home:/opt/rustwide/rustup-home:ro,Z" "-e" "SOURCE_DIR=/opt/rustwide/workdir" "-e" "CARGO_TARGET_DIR=/opt/rustwide/target" "-e" "CARGO_HOME=/opt/rustwide/cargo-home" "-e" "RUSTUP_HOME=/opt/rustwide/rustup-home" "-w" "/opt/rustwide/workdir" "-m" "1610612736" "--user" "0:0" "--network" "none" "ghcr.io/rust-lang/crates-build-env/linux@sha256:819108c5571ea2e421544af4d832f968d213c87fbe3707a016657f43d2f853bc" "/opt/rustwide/cargo-home/bin/cargo" "+nightly-2025-01-18" "metadata" "--no-deps" "--format-version=1", kill_on_drop: false }`
[INFO] [stdout] f7c14705d73c8bd1bb9850efd017bb4feaca787bfa2a25aec315d95a83e18f75
[INFO] running `Command { std: "docker" "start" "-a" "f7c14705d73c8bd1bb9850efd017bb4feaca787bfa2a25aec315d95a83e18f75", kill_on_drop: false }`
[INFO] running `Command { std: "docker" "inspect" "f7c14705d73c8bd1bb9850efd017bb4feaca787bfa2a25aec315d95a83e18f75", kill_on_drop: false }`
[INFO] running `Command { std: "docker" "rm" "-f" "f7c14705d73c8bd1bb9850efd017bb4feaca787bfa2a25aec315d95a83e18f75", kill_on_drop: false }`
[INFO] [stdout] f7c14705d73c8bd1bb9850efd017bb4feaca787bfa2a25aec315d95a83e18f75
[INFO] running `Command { std: "docker" "create" "-v" "/var/lib/crater-agent-workspace/builds/worker-5-tc1/target:/opt/rustwide/target:rw,Z" "-v" "/var/lib/crater-agent-workspace/builds/worker-5-tc1/source:/opt/rustwide/workdir:ro,Z" "-v" "/var/lib/crater-agent-workspace/cargo-home:/opt/rustwide/cargo-home:ro,Z" "-v" "/var/lib/crater-agent-workspace/rustup-home:/opt/rustwide/rustup-home:ro,Z" "-e" "SOURCE_DIR=/opt/rustwide/workdir" "-e" "CARGO_TARGET_DIR=/opt/rustwide/target" "-e" "CARGO_INCREMENTAL=0" "-e" "RUST_BACKTRACE=full" "-e" "RUSTFLAGS=--cap-lints=forbid" "-e" "RUSTDOCFLAGS=--cap-lints=forbid" "-e" "CARGO_HOME=/opt/rustwide/cargo-home" "-e" "RUSTUP_HOME=/opt/rustwide/rustup-home" "-w" "/opt/rustwide/workdir" "-m" "1610612736" "--user" "0:0" "--network" "none" "ghcr.io/rust-lang/crates-build-env/linux@sha256:819108c5571ea2e421544af4d832f968d213c87fbe3707a016657f43d2f853bc" "/opt/rustwide/cargo-home/bin/cargo" "+nightly-2025-01-18" "build" "--frozen" "--message-format=json", kill_on_drop: false }`
[INFO] [stdout] 3ac6c115d35678ab9cc10e2681f05154d40c3fc0e81df5f2e6e2648d3b7bd54c
[INFO] running `Command { std: "docker" "start" "-a" "3ac6c115d35678ab9cc10e2681f05154d40c3fc0e81df5f2e6e2648d3b7bd54c", kill_on_drop: false }`
[INFO] [stderr]    Compiling proc-macro2 v1.0.65
[INFO] [stderr]    Compiling quote v1.0.30
[INFO] [stderr]    Compiling unicode-ident v1.0.11
[INFO] [stderr]    Compiling thiserror v1.0.43
[INFO] [stderr]    Compiling serde v1.0.171
[INFO] [stderr]    Compiling syn v2.0.26
[INFO] [stderr]    Compiling thiserror-impl v1.0.43
[INFO] [stderr]    Compiling serde_derive v1.0.171
[INFO] [stderr]    Compiling callee v0.1.4 (/opt/rustwide/workdir)
[INFO] [stderr]     Finished `dev` profile [unoptimized + debuginfo] target(s) in 6.56s
[INFO] running `Command { std: "docker" "inspect" "3ac6c115d35678ab9cc10e2681f05154d40c3fc0e81df5f2e6e2648d3b7bd54c", kill_on_drop: false }`
[INFO] running `Command { std: "docker" "rm" "-f" "3ac6c115d35678ab9cc10e2681f05154d40c3fc0e81df5f2e6e2648d3b7bd54c", kill_on_drop: false }`
[INFO] [stdout] 3ac6c115d35678ab9cc10e2681f05154d40c3fc0e81df5f2e6e2648d3b7bd54c
[INFO] running `Command { std: "docker" "create" "-v" "/var/lib/crater-agent-workspace/builds/worker-5-tc1/target:/opt/rustwide/target:rw,Z" "-v" "/var/lib/crater-agent-workspace/builds/worker-5-tc1/source:/opt/rustwide/workdir:ro,Z" "-v" "/var/lib/crater-agent-workspace/cargo-home:/opt/rustwide/cargo-home:ro,Z" "-v" "/var/lib/crater-agent-workspace/rustup-home:/opt/rustwide/rustup-home:ro,Z" "-e" "SOURCE_DIR=/opt/rustwide/workdir" "-e" "CARGO_TARGET_DIR=/opt/rustwide/target" "-e" "CARGO_INCREMENTAL=0" "-e" "RUST_BACKTRACE=full" "-e" "RUSTFLAGS=--cap-lints=forbid" "-e" "RUSTDOCFLAGS=--cap-lints=forbid" "-e" "CARGO_HOME=/opt/rustwide/cargo-home" "-e" "RUSTUP_HOME=/opt/rustwide/rustup-home" "-w" "/opt/rustwide/workdir" "-m" "1610612736" "--user" "0:0" "--network" "none" "ghcr.io/rust-lang/crates-build-env/linux@sha256:819108c5571ea2e421544af4d832f968d213c87fbe3707a016657f43d2f853bc" "/opt/rustwide/cargo-home/bin/cargo" "+nightly-2025-01-18" "test" "--frozen" "--no-run" "--message-format=json", kill_on_drop: false }`
[INFO] [stdout] 4a1e6036ee761bea4c5992e6e0fb43a3cbd5464092fd31d1f63685dc0f3ae969
[INFO] running `Command { std: "docker" "start" "-a" "4a1e6036ee761bea4c5992e6e0fb43a3cbd5464092fd31d1f63685dc0f3ae969", kill_on_drop: false }`
[INFO] [stderr]    Compiling serde_json v1.0.103
[INFO] [stderr]    Compiling itoa v1.0.9
[INFO] [stderr]    Compiling ryu v1.0.15
[INFO] [stderr]    Compiling callee v0.1.4 (/opt/rustwide/workdir)
[INFO] [stderr]     Finished `test` profile [unoptimized + debuginfo] target(s) in 1.15s
[INFO] running `Command { std: "docker" "inspect" "4a1e6036ee761bea4c5992e6e0fb43a3cbd5464092fd31d1f63685dc0f3ae969", kill_on_drop: false }`
[INFO] running `Command { std: "docker" "rm" "-f" "4a1e6036ee761bea4c5992e6e0fb43a3cbd5464092fd31d1f63685dc0f3ae969", kill_on_drop: false }`
[INFO] [stdout] 4a1e6036ee761bea4c5992e6e0fb43a3cbd5464092fd31d1f63685dc0f3ae969
[INFO] running `Command { std: "docker" "create" "-v" "/var/lib/crater-agent-workspace/builds/worker-5-tc1/target:/opt/rustwide/target:rw,Z" "-v" "/var/lib/crater-agent-workspace/builds/worker-5-tc1/source:/opt/rustwide/workdir:ro,Z" "-v" "/var/lib/crater-agent-workspace/cargo-home:/opt/rustwide/cargo-home:ro,Z" "-v" "/var/lib/crater-agent-workspace/rustup-home:/opt/rustwide/rustup-home:ro,Z" "-e" "SOURCE_DIR=/opt/rustwide/workdir" "-e" "CARGO_TARGET_DIR=/opt/rustwide/target" "-e" "CARGO_INCREMENTAL=0" "-e" "RUST_BACKTRACE=full" "-e" "RUSTFLAGS=--cap-lints=forbid" "-e" "RUSTDOCFLAGS=--cap-lints=forbid" "-e" "CARGO_HOME=/opt/rustwide/cargo-home" "-e" "RUSTUP_HOME=/opt/rustwide/rustup-home" "-w" "/opt/rustwide/workdir" "-m" "1610612736" "--user" "0:0" "--network" "none" "ghcr.io/rust-lang/crates-build-env/linux@sha256:819108c5571ea2e421544af4d832f968d213c87fbe3707a016657f43d2f853bc" "/opt/rustwide/cargo-home/bin/cargo" "+nightly-2025-01-18" "test" "--frozen", kill_on_drop: false }`
[INFO] [stdout] 1378d169fe83d3f34b0ad8a86aed57eae62b1e5a7dfd5176a46bfb9d6204e626
[INFO] running `Command { std: "docker" "start" "-a" "1378d169fe83d3f34b0ad8a86aed57eae62b1e5a7dfd5176a46bfb9d6204e626", kill_on_drop: false }`
[INFO] [stderr]     Finished `test` profile [unoptimized + debuginfo] target(s) in 0.02s
[INFO] [stderr]      Running unittests src/lib.rs (/opt/rustwide/target/debug/deps/callee-76d38ab0357c55c1)
[INFO] [stdout] 
[INFO] [stdout] running 4 tests
[INFO] [stdout] test tests::init_callee_is_ok ... ignored
[INFO] [stdout] test tests::native_ppid_from_str_works ... ignored
[INFO] [stdout] test tests::native_ppid_works ... ignored
[INFO] [stdout] test tests::parse_ppid_from_str ... ok
[INFO] [stdout] 
[INFO] [stdout] test result: ok. 1 passed; 0 failed; 3 ignored; 0 measured; 0 filtered out; finished in 0.00s
[INFO] [stdout] 
[INFO] [stderr]    Doc-tests callee
[INFO] [stdout] 
[INFO] [stdout] running 3 tests
[INFO] [stdout] test src/lib.rs - Ppid::from_str (line 186) ... FAILED
[INFO] [stdout] test src/lib.rs - Callee::init (line 72) ... ok
[INFO] [stdout] test src/lib.rs - (line 17) ... ok
[INFO] [stdout] 
[INFO] [stdout] failures:
[INFO] [stdout] 
[INFO] [stdout] ---- src/lib.rs - Ppid::from_str (line 186) stdout ----
[INFO] [stdout] error[E0603]: struct `Ppid` is private
[INFO] [stdout]    --> src/lib.rs:188:13
[INFO] [stdout]     |
[INFO] [stdout] 5   | use callee::Ppid;
[INFO] [stdout]     |             ^^^^ private struct
[INFO] [stdout]     |
[INFO] [stdout] note: the struct `Ppid` is defined here
[INFO] [stdout]    --> /opt/rustwide/workdir/src/lib.rs:155:1
[INFO] [stdout]     |
[INFO] [stdout] 155 | struct Ppid(String);
[INFO] [stdout]     | ^^^^^^^^^^^
[INFO] [stdout] 
[INFO] [stdout] error: aborting due to 1 previous error
[INFO] [stdout] 
[INFO] [stdout] For more information about this error, try `rustc --explain E0603`.
[INFO] [stdout] Couldn't compile the test.
[INFO] [stdout] 
[INFO] [stdout] failures:
[INFO] [stdout]     src/lib.rs - Ppid::from_str (line 186)
[INFO] [stdout] 
[INFO] [stdout] test result: FAILED. 2 passed; 1 failed; 0 ignored; 0 measured; 0 filtered out; finished in 0.08s
[INFO] [stdout] 
[INFO] [stderr] error: doctest failed, to rerun pass `--doc`
[INFO] running `Command { std: "docker" "inspect" "1378d169fe83d3f34b0ad8a86aed57eae62b1e5a7dfd5176a46bfb9d6204e626", kill_on_drop: false }`
[INFO] running `Command { std: "docker" "rm" "-f" "1378d169fe83d3f34b0ad8a86aed57eae62b1e5a7dfd5176a46bfb9d6204e626", kill_on_drop: false }`
[INFO] [stdout] 1378d169fe83d3f34b0ad8a86aed57eae62b1e5a7dfd5176a46bfb9d6204e626
