[INFO] fetching crate blaze-rs 1.0.3...
[INFO] testing blaze-rs-1.0.3 against nightly-2025-01-18+rustflags=-Zrandomize-layout for randomize-layout-2
[INFO] extracting crate blaze-rs 1.0.3 into /workspace/builds/worker-7-tc2/source
[INFO] validating manifest of crates.io crate blaze-rs 1.0.3 on toolchain nightly-2025-01-18
[INFO] running `Command { std: CARGO_HOME="/workspace/cargo-home" RUSTUP_HOME="/workspace/rustup-home" "/workspace/cargo-home/bin/cargo" "+nightly-2025-01-18" "metadata" "--manifest-path" "Cargo.toml" "--no-deps", kill_on_drop: false }`
[INFO] started tweaking crates.io crate blaze-rs 1.0.3
[INFO] finished tweaking crates.io crate blaze-rs 1.0.3
[INFO] tweaked toml for crates.io crate blaze-rs 1.0.3 written to /workspace/builds/worker-7-tc2/source/Cargo.toml
[INFO] running `Command { std: CARGO_HOME="/workspace/cargo-home" RUSTUP_HOME="/workspace/rustup-home" "/workspace/cargo-home/bin/cargo" "+nightly-2025-01-18" "generate-lockfile" "--manifest-path" "Cargo.toml", kill_on_drop: false }`
[INFO] [stderr]     Updating crates.io index
[INFO] [stderr]      Locking 95 packages to latest compatible versions
[INFO] [stderr]       Adding bitflags v1.3.2 (available: v2.8.0)
[INFO] [stderr]       Adding num_enum v0.6.1 (available: v0.7.3)
[INFO] [stderr]       Adding opencl-sys v0.2.9 (available: v0.4.0)
[INFO] running `Command { std: CARGO_HOME="/workspace/cargo-home" RUSTUP_HOME="/workspace/rustup-home" "/workspace/cargo-home/bin/cargo" "+nightly-2025-01-18" "fetch" "--manifest-path" "Cargo.toml", kill_on_drop: false }`
[INFO] running `Command { std: "docker" "create" "-v" "/var/lib/crater-agent-workspace/builds/worker-7-tc2/target:/opt/rustwide/target:rw,Z" "-v" "/var/lib/crater-agent-workspace/builds/worker-7-tc2/source:/opt/rustwide/workdir:ro,Z" "-v" "/var/lib/crater-agent-workspace/cargo-home:/opt/rustwide/cargo-home:ro,Z" "-v" "/var/lib/crater-agent-workspace/rustup-home:/opt/rustwide/rustup-home:ro,Z" "-e" "SOURCE_DIR=/opt/rustwide/workdir" "-e" "CARGO_TARGET_DIR=/opt/rustwide/target" "-e" "CARGO_HOME=/opt/rustwide/cargo-home" "-e" "RUSTUP_HOME=/opt/rustwide/rustup-home" "-w" "/opt/rustwide/workdir" "-m" "1610612736" "--user" "0:0" "--network" "none" "ghcr.io/rust-lang/crates-build-env/linux@sha256:819108c5571ea2e421544af4d832f968d213c87fbe3707a016657f43d2f853bc" "/opt/rustwide/cargo-home/bin/cargo" "+nightly-2025-01-18" "metadata" "--no-deps" "--format-version=1", kill_on_drop: false }`
[INFO] [stdout] e59c179437efff6281e17e851e30757b6a8430de21d1a294b39d8c746a29dd71
[INFO] running `Command { std: "docker" "start" "-a" "e59c179437efff6281e17e851e30757b6a8430de21d1a294b39d8c746a29dd71", kill_on_drop: false }`
[INFO] running `Command { std: "docker" "inspect" "e59c179437efff6281e17e851e30757b6a8430de21d1a294b39d8c746a29dd71", kill_on_drop: false }`
[INFO] running `Command { std: "docker" "rm" "-f" "e59c179437efff6281e17e851e30757b6a8430de21d1a294b39d8c746a29dd71", kill_on_drop: false }`
[INFO] [stdout] e59c179437efff6281e17e851e30757b6a8430de21d1a294b39d8c746a29dd71
[INFO] running `Command { std: "docker" "create" "-v" "/var/lib/crater-agent-workspace/builds/worker-7-tc2/target:/opt/rustwide/target:rw,Z" "-v" "/var/lib/crater-agent-workspace/builds/worker-7-tc2/source:/opt/rustwide/workdir:ro,Z" "-v" "/var/lib/crater-agent-workspace/cargo-home:/opt/rustwide/cargo-home:ro,Z" "-v" "/var/lib/crater-agent-workspace/rustup-home:/opt/rustwide/rustup-home:ro,Z" "-e" "SOURCE_DIR=/opt/rustwide/workdir" "-e" "CARGO_TARGET_DIR=/opt/rustwide/target" "-e" "CARGO_INCREMENTAL=0" "-e" "RUST_BACKTRACE=full" "-e" "RUSTFLAGS=--cap-lints=forbid -Zrandomize-layout" "-e" "RUSTDOCFLAGS=--cap-lints=forbid" "-e" "CARGO_HOME=/opt/rustwide/cargo-home" "-e" "RUSTUP_HOME=/opt/rustwide/rustup-home" "-w" "/opt/rustwide/workdir" "-m" "1610612736" "--user" "0:0" "--network" "none" "ghcr.io/rust-lang/crates-build-env/linux@sha256:819108c5571ea2e421544af4d832f968d213c87fbe3707a016657f43d2f853bc" "/opt/rustwide/cargo-home/bin/cargo" "+nightly-2025-01-18" "build" "--frozen" "--message-format=json", kill_on_drop: false }`
[INFO] [stdout] f80f186749cc917a226d34c2ade6f2935b49c5bc49d0492c518d6853ed4b7cd7
[INFO] running `Command { std: "docker" "start" "-a" "f80f186749cc917a226d34c2ade6f2935b49c5bc49d0492c518d6853ed4b7cd7", kill_on_drop: false }`
[INFO] [stderr]    Compiling proc-macro2 v1.0.93
[INFO] [stderr]    Compiling unicode-ident v1.0.14
[INFO] [stderr]    Compiling crossbeam-utils v0.8.21
[INFO] [stderr]    Compiling syn v1.0.109
[INFO] [stderr]    Compiling equivalent v1.0.1
[INFO] [stderr]    Compiling hashbrown v0.15.2
[INFO] [stderr]    Compiling winnow v0.5.40
[INFO] [stderr]    Compiling camino v1.1.9
[INFO] [stderr]    Compiling toml_datetime v0.6.8
[INFO] [stderr]    Compiling autocfg v1.4.0
[INFO] [stderr]    Compiling once_cell v1.20.2
[INFO] [stderr]    Compiling libc v0.2.169
[INFO] [stderr]    Compiling radium v0.7.0
[INFO] [stderr]    Compiling opencl-sys v0.2.9
[INFO] [stderr]    Compiling tap v1.0.1
[INFO] [stderr]    Compiling static_assertions v1.1.0
[INFO] [stderr]    Compiling funty v2.0.0
[INFO] [stderr]    Compiling pin-project-lite v0.2.16
[INFO] [stderr]    Compiling bytemuck v1.21.0
[INFO] [stderr]    Compiling wyz v0.5.1
[INFO] [stderr]    Compiling bitflags v1.3.2
[INFO] [stderr]    Compiling num-traits v0.2.19
[INFO] [stderr]    Compiling blaze-rs v1.0.3 (/opt/rustwide/workdir)
[INFO] [stderr]    Compiling bitvec v1.0.1
[INFO] [stderr]    Compiling quote v1.0.38
[INFO] [stderr]    Compiling crossbeam-epoch v0.9.18
[INFO] [stderr]    Compiling crossbeam-queue v0.3.12
[INFO] [stderr]    Compiling crossbeam-channel v0.5.14
[INFO] [stderr]    Compiling syn v2.0.96
[INFO] [stderr]    Compiling indexmap v2.7.1
[INFO] [stderr]    Compiling crossbeam-deque v0.8.6
[INFO] [stderr]    Compiling crossbeam v0.8.4
[INFO] [stderr]    Compiling toml_edit v0.19.15
[INFO] [stderr]    Compiling docfg v0.1.0
[INFO] [stderr]    Compiling derive-syn-parse v0.1.5
[INFO] [stderr]    Compiling utils-atomics v1.1.2
[INFO] [stderr]    Compiling pin-project-internal v1.1.8
[INFO] [stderr]    Compiling bytemuck_derive v1.8.1
[INFO] [stderr]    Compiling proc-macro-crate v1.3.1
[INFO] [stderr]    Compiling pin-project v1.1.8
[INFO] [stderr]    Compiling elor v1.1.4
[INFO] [stderr]    Compiling blaze-proc v1.0.0
[INFO] [stderr]    Compiling num_enum_derive v0.6.1
[INFO] [stderr]    Compiling num_enum v0.6.1
[INFO] [stdout] warning: unexpected `cfg` condition value: `image`
[INFO] [stdout]    --> src/lib.rs:145:7
[INFO] [stdout]     |
[INFO] [stdout] 145 | #[cfg(feature = "image")]
[INFO] [stdout]     |       ^^^^^^^^^^^^^^^^^
[INFO] [stdout]     |
[INFO] [stdout]     = note: expected values for `feature` are: `cl1_1`, `cl1_2`, `cl2`, `cl2_1`, `cl2_2`, `cl3`, `futures`, `nightly`, `strict`, and `svm`
[INFO] [stdout]     = help: consider adding `image` as a feature in `Cargo.toml`
[INFO] [stdout]     = note: see <https://doc.rust-lang.org/nightly/rustc/check-cfg/cargo-specifics.html> for more information about checking conditional configuration
[INFO] [stdout]     = note: `#[warn(unexpected_cfgs)]` on by default
[INFO] [stdout] 
[INFO] [stdout] 
[INFO] [stdout] warning: unexpected `cfg` condition value: `image`
[INFO] [stdout]    --> src/context/raw.rs:232:11
[INFO] [stdout]     |
[INFO] [stdout] 232 |     #[cfg(feature = "image")]
[INFO] [stdout]     |           ^^^^^^^^^^^^^^^^^
[INFO] [stdout]     |
[INFO] [stdout]     = note: expected values for `feature` are: `cl1_1`, `cl1_2`, `cl2`, `cl2_1`, `cl2_2`, `cl3`, `futures`, `nightly`, `strict`, and `svm`
[INFO] [stdout]     = help: consider adding `image` as a feature in `Cargo.toml`
[INFO] [stdout]     = note: see <https://doc.rust-lang.org/nightly/rustc/check-cfg/cargo-specifics.html> for more information about checking conditional configuration
[INFO] [stdout] 
[INFO] [stdout] 
[INFO] [stdout] warning: unexpected `cfg` condition name: `featurew`
[INFO] [stdout]    --> src/core/device.rs:440:13
[INFO] [stdout]     |
[INFO] [stdout] 440 |     #[docfg(featurew = "cl2")]
[INFO] [stdout]     |             ^^^^^^^^^^^^^^^^
[INFO] [stdout]     |
[INFO] [stdout]     = note: see <https://doc.rust-lang.org/nightly/rustc/check-cfg/cargo-specifics.html> for more information about checking conditional configuration
[INFO] [stdout] help: there is a config with a similar name and value
[INFO] [stdout]     |
[INFO] [stdout] 440 |     #[docfg(feature = "cl2")]
[INFO] [stdout]     |             ~~~~~~~
[INFO] [stdout] 
[INFO] [stdout] 
[INFO] [stdout] warning: unexpected `cfg` condition value: `half`
[INFO] [stdout]    --> src/core/device.rs:568:36
[INFO] [stdout]     |
[INFO] [stdout] 568 |     #[docfg(all(feature = "cl1_1", feature = "half"))]
[INFO] [stdout]     |                                    ^^^^^^^^^^^^^^^^
[INFO] [stdout]     |
[INFO] [stdout]     = note: expected values for `feature` are: `cl1_1`, `cl1_2`, `cl2`, `cl2_1`, `cl2_2`, `cl3`, `futures`, `nightly`, `strict`, and `svm`
[INFO] [stdout]     = help: consider adding `half` as a feature in `Cargo.toml`
[INFO] [stdout]     = note: see <https://doc.rust-lang.org/nightly/rustc/check-cfg/cargo-specifics.html> for more information about checking conditional configuration
[INFO] [stdout] 
[INFO] [stdout] 
[INFO] [stdout] warning: use of deprecated module `std::intrinsics`: import this function via `std::mem` instead
[INFO] [stdout]  --> src/event/status.rs:1:22
[INFO] [stdout]   |
[INFO] [stdout] 1 | use std::intrinsics::transmute;
[INFO] [stdout]   |                      ^^^^^^^^^
[INFO] [stdout]   |
[INFO] [stdout]   = note: `#[warn(deprecated)]` on by default
[INFO] [stdout] 
[INFO] [stdout] 
[INFO] [stdout] warning: pointers cannot be transmuted to integers during const eval
[INFO] [stdout]    --> src/lib.rs:202:25
[INFO] [stdout]     |
[INFO] [stdout] 202 |             if unsafe { ::core::mem::transmute::<*mut T, usize>(ptr) == 0 } {
[INFO] [stdout]     |                         ^^^^^^^^^^^^^^^^^^^^^^^^^^^^^^^^^^^^^^^^^^^^
[INFO] [stdout]     |
[INFO] [stdout]     = note: at compile-time, pointers do not have an integer value
[INFO] [stdout]     = note: avoiding this restriction via `union` or raw pointers leads to compile-time undefined behavior
[INFO] [stdout]     = help: for more information, see https://doc.rust-lang.org/std/mem/fn.transmute.html
[INFO] [stdout]     = note: `#[warn(ptr_to_integer_transmute_in_consts)]` on by default
[INFO] [stdout] 
[INFO] [stdout] 
[INFO] [stdout] warning: function `min_value` is never used
[INFO] [stdout]    --> src/core/error.rs:253:10
[INFO] [stdout]     |
[INFO] [stdout] 253 | const fn min_value<const N: usize>(iter: [i32; N]) -> i32 {
[INFO] [stdout]     |          ^^^^^^^^^
[INFO] [stdout]     |
[INFO] [stdout]     = note: `#[warn(dead_code)]` on by default
[INFO] [stdout] 
[INFO] [stdout] 
[INFO] [stdout] warning: function `max_value` is never used
[INFO] [stdout]    --> src/core/error.rs:268:10
[INFO] [stdout]     |
[INFO] [stdout] 268 | const fn max_value<const N: usize>(iter: [i32; N]) -> i32 {
[INFO] [stdout]     |          ^^^^^^^^^
[INFO] [stdout] 
[INFO] [stdout] 
[INFO] [stderr]     Finished `dev` profile [unoptimized + debuginfo] target(s) in 20.23s
[INFO] running `Command { std: "docker" "inspect" "f80f186749cc917a226d34c2ade6f2935b49c5bc49d0492c518d6853ed4b7cd7", kill_on_drop: false }`
[INFO] running `Command { std: "docker" "rm" "-f" "f80f186749cc917a226d34c2ade6f2935b49c5bc49d0492c518d6853ed4b7cd7", kill_on_drop: false }`
[INFO] [stdout] f80f186749cc917a226d34c2ade6f2935b49c5bc49d0492c518d6853ed4b7cd7
[INFO] running `Command { std: "docker" "create" "-v" "/var/lib/crater-agent-workspace/builds/worker-7-tc2/target:/opt/rustwide/target:rw,Z" "-v" "/var/lib/crater-agent-workspace/builds/worker-7-tc2/source:/opt/rustwide/workdir:ro,Z" "-v" "/var/lib/crater-agent-workspace/cargo-home:/opt/rustwide/cargo-home:ro,Z" "-v" "/var/lib/crater-agent-workspace/rustup-home:/opt/rustwide/rustup-home:ro,Z" "-e" "SOURCE_DIR=/opt/rustwide/workdir" "-e" "CARGO_TARGET_DIR=/opt/rustwide/target" "-e" "CARGO_INCREMENTAL=0" "-e" "RUST_BACKTRACE=full" "-e" "RUSTFLAGS=--cap-lints=forbid -Zrandomize-layout" "-e" "RUSTDOCFLAGS=--cap-lints=forbid" "-e" "CARGO_HOME=/opt/rustwide/cargo-home" "-e" "RUSTUP_HOME=/opt/rustwide/rustup-home" "-w" "/opt/rustwide/workdir" "-m" "1610612736" "--user" "0:0" "--network" "none" "ghcr.io/rust-lang/crates-build-env/linux@sha256:819108c5571ea2e421544af4d832f968d213c87fbe3707a016657f43d2f853bc" "/opt/rustwide/cargo-home/bin/cargo" "+nightly-2025-01-18" "test" "--frozen" "--no-run" "--message-format=json", kill_on_drop: false }`
[INFO] [stdout] 2b277367d3bc3714de6c6f7c452ed544df0bc7c1a69ad88c7c8a969f9b5674d9
[INFO] running `Command { std: "docker" "start" "-a" "2b277367d3bc3714de6c6f7c452ed544df0bc7c1a69ad88c7c8a969f9b5674d9", kill_on_drop: false }`
[INFO] [stderr]    Compiling zerocopy-derive v0.7.35
[INFO] [stderr]    Compiling byteorder v1.5.0
[INFO] [stderr]    Compiling parking_lot_core v0.9.10
[INFO] [stderr]    Compiling getrandom v0.2.15
[INFO] [stderr]    Compiling lock_api v0.4.12
[INFO] [stderr]    Compiling scopeguard v1.2.0
[INFO] [stderr]    Compiling smallvec v1.13.2
[INFO] [stdout] warning: unexpected `cfg` condition value: `image`
[INFO] [stdout]    --> src/lib.rs:145:7
[INFO] [stdout]     |
[INFO] [stdout] 145 | #[cfg(feature = "image")]
[INFO] [stdout]     |       ^^^^^^^^^^^^^^^^^
[INFO] [stdout]     |
[INFO] [stdout]     = note: expected values for `feature` are: `cl1_1`, `cl1_2`, `cl2`, `cl2_1`, `cl2_2`, `cl3`, `futures`, `nightly`, `strict`, and `svm`
[INFO] [stdout]     = help: consider adding `image` as a feature in `Cargo.toml`
[INFO] [stdout]     = note: see <https://doc.rust-lang.org/nightly/rustc/check-cfg/cargo-specifics.html> for more information about checking conditional configuration
[INFO] [stdout]     = note: `#[warn(unexpected_cfgs)]` on by default
[INFO] [stdout] 
[INFO] [stdout] 
[INFO] [stdout] warning: unexpected `cfg` condition value: `image`
[INFO] [stdout]    --> src/context/raw.rs:232:11
[INFO] [stdout]     |
[INFO] [stdout] 232 |     #[cfg(feature = "image")]
[INFO] [stdout]     |           ^^^^^^^^^^^^^^^^^
[INFO] [stdout]     |
[INFO] [stdout]     = note: expected values for `feature` are: `cl1_1`, `cl1_2`, `cl2`, `cl2_1`, `cl2_2`, `cl3`, `futures`, `nightly`, `strict`, and `svm`
[INFO] [stdout]     = help: consider adding `image` as a feature in `Cargo.toml`
[INFO] [stdout]     = note: see <https://doc.rust-lang.org/nightly/rustc/check-cfg/cargo-specifics.html> for more information about checking conditional configuration
[INFO] [stdout] 
[INFO] [stdout] 
[INFO] [stdout] warning: unexpected `cfg` condition name: `featurew`
[INFO] [stdout]    --> src/core/device.rs:440:13
[INFO] [stdout]     |
[INFO] [stdout] 440 |     #[docfg(featurew = "cl2")]
[INFO] [stdout]     |             ^^^^^^^^^^^^^^^^
[INFO] [stdout]     |
[INFO] [stdout]     = note: see <https://doc.rust-lang.org/nightly/rustc/check-cfg/cargo-specifics.html> for more information about checking conditional configuration
[INFO] [stdout] help: there is a config with a similar name and value
[INFO] [stdout]     |
[INFO] [stdout] 440 |     #[docfg(feature = "cl2")]
[INFO] [stdout]     |             ~~~~~~~
[INFO] [stdout] 
[INFO] [stdout] 
[INFO] [stdout] warning: unexpected `cfg` condition value: `half`
[INFO] [stdout]    --> src/core/device.rs:568:36
[INFO] [stdout]     |
[INFO] [stdout] 568 |     #[docfg(all(feature = "cl1_1", feature = "half"))]
[INFO] [stdout]     |                                    ^^^^^^^^^^^^^^^^
[INFO] [stdout]     |
[INFO] [stdout]     = note: expected values for `feature` are: `cl1_1`, `cl1_2`, `cl2`, `cl2_1`, `cl2_2`, `cl3`, `futures`, `nightly`, `strict`, and `svm`
[INFO] [stdout]     = help: consider adding `half` as a feature in `Cargo.toml`
[INFO] [stdout]     = note: see <https://doc.rust-lang.org/nightly/rustc/check-cfg/cargo-specifics.html> for more information about checking conditional configuration
[INFO] [stdout] 
[INFO] [stdout] 
[INFO] [stdout] warning: use of deprecated module `std::intrinsics`: import this function via `std::mem` instead
[INFO] [stdout]  --> src/event/status.rs:1:22
[INFO] [stdout]   |
[INFO] [stdout] 1 | use std::intrinsics::transmute;
[INFO] [stdout]   |                      ^^^^^^^^^
[INFO] [stdout]   |
[INFO] [stdout]   = note: `#[warn(deprecated)]` on by default
[INFO] [stdout] 
[INFO] [stdout] 
[INFO] [stdout] warning: pointers cannot be transmuted to integers during const eval
[INFO] [stdout]    --> src/lib.rs:202:25
[INFO] [stdout]     |
[INFO] [stdout] 202 |             if unsafe { ::core::mem::transmute::<*mut T, usize>(ptr) == 0 } {
[INFO] [stdout]     |                         ^^^^^^^^^^^^^^^^^^^^^^^^^^^^^^^^^^^^^^^^^^^^
[INFO] [stdout]     |
[INFO] [stdout]     = note: at compile-time, pointers do not have an integer value
[INFO] [stdout]     = note: avoiding this restriction via `union` or raw pointers leads to compile-time undefined behavior
[INFO] [stdout]     = help: for more information, see https://doc.rust-lang.org/std/mem/fn.transmute.html
[INFO] [stdout]     = note: `#[warn(ptr_to_integer_transmute_in_consts)]` on by default
[INFO] [stdout] 
[INFO] [stdout] 
[INFO] [stdout] warning: function `min_value` is never used
[INFO] [stdout]    --> src/core/error.rs:253:10
[INFO] [stdout]     |
[INFO] [stdout] 253 | const fn min_value<const N: usize>(iter: [i32; N]) -> i32 {
[INFO] [stdout]     |          ^^^^^^^^^
[INFO] [stdout]     |
[INFO] [stdout]     = note: `#[warn(dead_code)]` on by default
[INFO] [stdout] 
[INFO] [stdout] 
[INFO] [stderr]    Compiling signal-hook-registry v1.4.2
[INFO] [stderr]    Compiling mio v1.0.3
[INFO] [stderr]    Compiling socket2 v0.5.8
[INFO] [stderr]    Compiling tokio-macros v2.5.0
[INFO] [stderr]    Compiling bytes v1.9.0
[INFO] [stdout] warning: function `max_value` is never used
[INFO] [stdout]    --> src/core/error.rs:268:10
[INFO] [stdout]     |
[INFO] [stdout] 268 | const fn max_value<const N: usize>(iter: [i32; N]) -> i32 {
[INFO] [stdout]     |          ^^^^^^^^^
[INFO] [stdout] 
[INFO] [stdout] 
[INFO] [stderr]    Compiling rand_core v0.6.4
[INFO] [stderr]    Compiling parking_lot v0.12.3
[INFO] [stderr]    Compiling tokio v1.43.0
[INFO] [stderr]    Compiling zerocopy v0.7.35
[INFO] [stderr]    Compiling ppv-lite86 v0.2.20
[INFO] [stderr]    Compiling rand_chacha v0.3.1
[INFO] [stderr]    Compiling rand v0.8.5
[INFO] [stderr]    Compiling blaze-rs v1.0.3 (/opt/rustwide/workdir)
[INFO] [stdout] warning: unexpected `cfg` condition value: `image`
[INFO] [stdout]    --> src/lib.rs:145:7
[INFO] [stdout]     |
[INFO] [stdout] 145 | #[cfg(feature = "image")]
[INFO] [stdout]     |       ^^^^^^^^^^^^^^^^^
[INFO] [stdout]     |
[INFO] [stdout]     = note: expected values for `feature` are: `cl1_1`, `cl1_2`, `cl2`, `cl2_1`, `cl2_2`, `cl3`, `futures`, `nightly`, `strict`, and `svm`
[INFO] [stdout]     = help: consider adding `image` as a feature in `Cargo.toml`
[INFO] [stdout]     = note: see <https://doc.rust-lang.org/nightly/rustc/check-cfg/cargo-specifics.html> for more information about checking conditional configuration
[INFO] [stdout]     = note: `#[warn(unexpected_cfgs)]` on by default
[INFO] [stdout] 
[INFO] [stdout] 
[INFO] [stdout] warning: unexpected `cfg` condition value: `image`
[INFO] [stdout]    --> src/context/raw.rs:232:11
[INFO] [stdout]     |
[INFO] [stdout] 232 |     #[cfg(feature = "image")]
[INFO] [stdout]     |           ^^^^^^^^^^^^^^^^^
[INFO] [stdout]     |
[INFO] [stdout]     = note: expected values for `feature` are: `cl1_1`, `cl1_2`, `cl2`, `cl2_1`, `cl2_2`, `cl3`, `futures`, `nightly`, `strict`, and `svm`
[INFO] [stdout]     = help: consider adding `image` as a feature in `Cargo.toml`
[INFO] [stdout]     = note: see <https://doc.rust-lang.org/nightly/rustc/check-cfg/cargo-specifics.html> for more information about checking conditional configuration
[INFO] [stdout] 
[INFO] [stdout] 
[INFO] [stdout] warning: unexpected `cfg` condition name: `featurew`
[INFO] [stdout]    --> src/core/device.rs:440:13
[INFO] [stdout]     |
[INFO] [stdout] 440 |     #[docfg(featurew = "cl2")]
[INFO] [stdout]     |             ^^^^^^^^^^^^^^^^
[INFO] [stdout]     |
[INFO] [stdout]     = note: see <https://doc.rust-lang.org/nightly/rustc/check-cfg/cargo-specifics.html> for more information about checking conditional configuration
[INFO] [stdout] help: there is a config with a similar name and value
[INFO] [stdout]     |
[INFO] [stdout] 440 |     #[docfg(feature = "cl2")]
[INFO] [stdout]     |             ~~~~~~~
[INFO] [stdout] 
[INFO] [stdout] 
[INFO] [stdout] warning: unexpected `cfg` condition value: `half`
[INFO] [stdout]    --> src/core/device.rs:568:36
[INFO] [stdout]     |
[INFO] [stdout] 568 |     #[docfg(all(feature = "cl1_1", feature = "half"))]
[INFO] [stdout]     |                                    ^^^^^^^^^^^^^^^^
[INFO] [stdout]     |
[INFO] [stdout]     = note: expected values for `feature` are: `cl1_1`, `cl1_2`, `cl2`, `cl2_1`, `cl2_2`, `cl3`, `futures`, `nightly`, `strict`, and `svm`
[INFO] [stdout]     = help: consider adding `half` as a feature in `Cargo.toml`
[INFO] [stdout]     = note: see <https://doc.rust-lang.org/nightly/rustc/check-cfg/cargo-specifics.html> for more information about checking conditional configuration
[INFO] [stdout] 
[INFO] [stdout] 
[INFO] [stdout] warning: use of deprecated module `std::intrinsics`: import this function via `std::mem` instead
[INFO] [stdout]  --> src/event/status.rs:1:22
[INFO] [stdout]   |
[INFO] [stdout] 1 | use std::intrinsics::transmute;
[INFO] [stdout]   |                      ^^^^^^^^^
[INFO] [stdout]   |
[INFO] [stdout]   = note: `#[warn(deprecated)]` on by default
[INFO] [stdout] 
[INFO] [stdout] 
[INFO] [stdout] warning: pointers cannot be transmuted to integers during const eval
[INFO] [stdout]    --> src/lib.rs:202:25
[INFO] [stdout]     |
[INFO] [stdout] 202 |             if unsafe { ::core::mem::transmute::<*mut T, usize>(ptr) == 0 } {
[INFO] [stdout]     |                         ^^^^^^^^^^^^^^^^^^^^^^^^^^^^^^^^^^^^^^^^^^^^
[INFO] [stdout]     |
[INFO] [stdout]     = note: at compile-time, pointers do not have an integer value
[INFO] [stdout]     = note: avoiding this restriction via `union` or raw pointers leads to compile-time undefined behavior
[INFO] [stdout]     = help: for more information, see https://doc.rust-lang.org/std/mem/fn.transmute.html
[INFO] [stdout]     = note: `#[warn(ptr_to_integer_transmute_in_consts)]` on by default
[INFO] [stdout] 
[INFO] [stdout] 
[INFO] [stdout] warning: function `min_value` is never used
[INFO] [stdout]    --> src/core/error.rs:253:10
[INFO] [stdout]     |
[INFO] [stdout] 253 | const fn min_value<const N: usize>(iter: [i32; N]) -> i32 {
[INFO] [stdout]     |          ^^^^^^^^^
[INFO] [stdout]     |
[INFO] [stdout]     = note: `#[warn(dead_code)]` on by default
[INFO] [stdout] 
[INFO] [stdout] 
[INFO] [stdout] warning: function `max_value` is never used
[INFO] [stdout]    --> src/core/error.rs:268:10
[INFO] [stdout]     |
[INFO] [stdout] 268 | const fn max_value<const N: usize>(iter: [i32; N]) -> i32 {
[INFO] [stdout]     |          ^^^^^^^^^
[INFO] [stdout] 
[INFO] [stdout] 
[INFO] [stderr]     Finished `test` profile [unoptimized + debuginfo] target(s) in 13.38s
[INFO] running `Command { std: "docker" "inspect" "2b277367d3bc3714de6c6f7c452ed544df0bc7c1a69ad88c7c8a969f9b5674d9", kill_on_drop: false }`
[INFO] running `Command { std: "docker" "rm" "-f" "2b277367d3bc3714de6c6f7c452ed544df0bc7c1a69ad88c7c8a969f9b5674d9", kill_on_drop: false }`
[INFO] [stdout] 2b277367d3bc3714de6c6f7c452ed544df0bc7c1a69ad88c7c8a969f9b5674d9
[INFO] running `Command { std: "docker" "create" "-v" "/var/lib/crater-agent-workspace/builds/worker-7-tc2/target:/opt/rustwide/target:rw,Z" "-v" "/var/lib/crater-agent-workspace/builds/worker-7-tc2/source:/opt/rustwide/workdir:ro,Z" "-v" "/var/lib/crater-agent-workspace/cargo-home:/opt/rustwide/cargo-home:ro,Z" "-v" "/var/lib/crater-agent-workspace/rustup-home:/opt/rustwide/rustup-home:ro,Z" "-e" "SOURCE_DIR=/opt/rustwide/workdir" "-e" "CARGO_TARGET_DIR=/opt/rustwide/target" "-e" "CARGO_INCREMENTAL=0" "-e" "RUST_BACKTRACE=full" "-e" "RUSTFLAGS=--cap-lints=forbid -Zrandomize-layout" "-e" "RUSTDOCFLAGS=--cap-lints=forbid" "-e" "CARGO_HOME=/opt/rustwide/cargo-home" "-e" "RUSTUP_HOME=/opt/rustwide/rustup-home" "-w" "/opt/rustwide/workdir" "-m" "1610612736" "--user" "0:0" "--network" "none" "ghcr.io/rust-lang/crates-build-env/linux@sha256:819108c5571ea2e421544af4d832f968d213c87fbe3707a016657f43d2f853bc" "/opt/rustwide/cargo-home/bin/cargo" "+nightly-2025-01-18" "test" "--frozen", kill_on_drop: false }`
[INFO] [stdout] 3172f8a939ac28d4f6cdc83bcb1560c818e1b33e58fd593a0e6d2b0c284a070e
[INFO] running `Command { std: "docker" "start" "-a" "3172f8a939ac28d4f6cdc83bcb1560c818e1b33e58fd593a0e6d2b0c284a070e", kill_on_drop: false }`
[INFO] [stderr] warning: unexpected `cfg` condition value: `image`
[INFO] [stderr]    --> src/lib.rs:145:7
[INFO] [stderr]     |
[INFO] [stderr] 145 | #[cfg(feature = "image")]
[INFO] [stderr]     |       ^^^^^^^^^^^^^^^^^
[INFO] [stderr]     |
[INFO] [stderr]     = note: expected values for `feature` are: `cl1_1`, `cl1_2`, `cl2`, `cl2_1`, `cl2_2`, `cl3`, `futures`, `nightly`, `strict`, and `svm`
[INFO] [stderr]     = help: consider adding `image` as a feature in `Cargo.toml`
[INFO] [stderr]     = note: see <https://doc.rust-lang.org/nightly/rustc/check-cfg/cargo-specifics.html> for more information about checking conditional configuration
[INFO] [stderr]     = note: `#[warn(unexpected_cfgs)]` on by default
[INFO] [stderr] 
[INFO] [stderr] warning: unexpected `cfg` condition value: `image`
[INFO] [stderr]    --> src/context/raw.rs:232:11
[INFO] [stderr]     |
[INFO] [stderr] 232 |     #[cfg(feature = "image")]
[INFO] [stderr]     |           ^^^^^^^^^^^^^^^^^
[INFO] [stderr]     |
[INFO] [stderr]     = note: expected values for `feature` are: `cl1_1`, `cl1_2`, `cl2`, `cl2_1`, `cl2_2`, `cl3`, `futures`, `nightly`, `strict`, and `svm`
[INFO] [stderr]     = help: consider adding `image` as a feature in `Cargo.toml`
[INFO] [stderr]     = note: see <https://doc.rust-lang.org/nightly/rustc/check-cfg/cargo-specifics.html> for more information about checking conditional configuration
[INFO] [stderr] 
[INFO] [stderr] warning: unexpected `cfg` condition name: `featurew`
[INFO] [stderr]    --> src/core/device.rs:440:13
[INFO] [stderr]     |
[INFO] [stderr] 440 |     #[docfg(featurew = "cl2")]
[INFO] [stderr]     |             ^^^^^^^^^^^^^^^^
[INFO] [stderr]     |
[INFO] [stderr]     = note: see <https://doc.rust-lang.org/nightly/rustc/check-cfg/cargo-specifics.html> for more information about checking conditional configuration
[INFO] [stderr] help: there is a config with a similar name and value
[INFO] [stderr]     |
[INFO] [stderr] 440 |     #[docfg(feature = "cl2")]
[INFO] [stderr]     |             ~~~~~~~
[INFO] [stderr] 
[INFO] [stderr] warning: unexpected `cfg` condition value: `half`
[INFO] [stderr]    --> src/core/device.rs:568:36
[INFO] [stderr]     |
[INFO] [stderr] 568 |     #[docfg(all(feature = "cl1_1", feature = "half"))]
[INFO] [stderr]     |                                    ^^^^^^^^^^^^^^^^
[INFO] [stderr]     |
[INFO] [stderr]     = note: expected values for `feature` are: `cl1_1`, `cl1_2`, `cl2`, `cl2_1`, `cl2_2`, `cl3`, `futures`, `nightly`, `strict`, and `svm`
[INFO] [stderr]     = help: consider adding `half` as a feature in `Cargo.toml`
[INFO] [stderr]     = note: see <https://doc.rust-lang.org/nightly/rustc/check-cfg/cargo-specifics.html> for more information about checking conditional configuration
[INFO] [stderr] 
[INFO] [stderr] warning: use of deprecated module `std::intrinsics`: import this function via `std::mem` instead
[INFO] [stderr]  --> src/event/status.rs:1:22
[INFO] [stderr]   |
[INFO] [stderr] 1 | use std::intrinsics::transmute;
[INFO] [stderr]   |                      ^^^^^^^^^
[INFO] [stderr]   |
[INFO] [stderr]   = note: `#[warn(deprecated)]` on by default
[INFO] [stderr] 
[INFO] [stderr] warning: pointers cannot be transmuted to integers during const eval
[INFO] [stderr]    --> src/lib.rs:202:25
[INFO] [stderr]     |
[INFO] [stderr] 202 |             if unsafe { ::core::mem::transmute::<*mut T, usize>(ptr) == 0 } {
[INFO] [stderr]     |                         ^^^^^^^^^^^^^^^^^^^^^^^^^^^^^^^^^^^^^^^^^^^^
[INFO] [stderr]     |
[INFO] [stderr]     = note: at compile-time, pointers do not have an integer value
[INFO] [stderr]     = note: avoiding this restriction via `union` or raw pointers leads to compile-time undefined behavior
[INFO] [stderr]     = help: for more information, see https://doc.rust-lang.org/std/mem/fn.transmute.html
[INFO] [stderr]     = note: `#[warn(ptr_to_integer_transmute_in_consts)]` on by default
[INFO] [stderr] 
[INFO] [stderr] warning: function `min_value` is never used
[INFO] [stderr]    --> src/core/error.rs:253:10
[INFO] [stderr]     |
[INFO] [stderr] 253 | const fn min_value<const N: usize>(iter: [i32; N]) -> i32 {
[INFO] [stderr]     |          ^^^^^^^^^
[INFO] [stderr]     |
[INFO] [stderr]     = note: `#[warn(dead_code)]` on by default
[INFO] [stderr] 
[INFO] [stderr] warning: function `max_value` is never used
[INFO] [stderr]    --> src/core/error.rs:268:10
[INFO] [stderr]     |
[INFO] [stderr] 268 | const fn max_value<const N: usize>(iter: [i32; N]) -> i32 {
[INFO] [stderr]     |          ^^^^^^^^^
[INFO] [stderr] 
[INFO] [stderr] warning: `blaze-rs` (lib) generated 8 warnings
[INFO] [stderr] warning: `blaze-rs` (lib test) generated 8 warnings (8 duplicates)
[INFO] [stderr]     Finished `test` profile [unoptimized + debuginfo] target(s) in 0.12s
[INFO] [stderr]      Running unittests src/lib.rs (/opt/rustwide/target/debug/deps/blaze_rs-050a665fd4508a86)
[INFO] [stderr]      Running tests/buf.rs (/opt/rustwide/target/debug/deps/buf-9b345cada1bbdc69)
[INFO] [stdout] 
[INFO] [stdout] running 0 tests
[INFO] [stdout] 
[INFO] [stdout] test result: ok. 0 passed; 0 failed; 0 ignored; 0 measured; 0 filtered out; finished in 0.00s
[INFO] [stdout] 
[INFO] [stdout] 
[INFO] [stdout] running 1 test
[INFO] [stdout] test write ... FAILED
[INFO] [stdout] 
[INFO] [stdout] failures:
[INFO] [stdout] 
[INFO] [stderr] error: test failed, to rerun pass `--test buf`
[INFO] [stdout] ---- write stdout ----
[INFO] [stdout] 
[INFO] [stdout] thread 'write' panicked at src/core/platform.rs:12:9:
[INFO] [stdout] Unknown(-1001)
[INFO] [stdout] stack backtrace:
[INFO] [stdout]    0:     0x58279787a06a - std::backtrace_rs::backtrace::libunwind::trace::hb059275cfc8d6126
[INFO] [stdout]                                at /rustc/6067b36314ab5eb2eb47cecc464545ba58e1ad24/library/std/src/../../backtrace/src/backtrace/libunwind.rs:116:5
[INFO] [stdout]    1:     0x58279787a06a - std::backtrace_rs::backtrace::trace_unsynchronized::h2da071e4327ce3ee
[INFO] [stdout]                                at /rustc/6067b36314ab5eb2eb47cecc464545ba58e1ad24/library/std/src/../../backtrace/src/backtrace/mod.rs:66:5
[INFO] [stdout]    2:     0x58279787a06a - std::sys::backtrace::_print_fmt::h842a1474e6f8d23f
[INFO] [stdout]                                at /rustc/6067b36314ab5eb2eb47cecc464545ba58e1ad24/library/std/src/sys/backtrace.rs:66:9
[INFO] [stdout]    3:     0x58279787a06a - <std::sys::backtrace::BacktraceLock::print::DisplayBacktrace as core::fmt::Display>::fmt::h71a62eb3b9696b12
[INFO] [stdout]                                at /rustc/6067b36314ab5eb2eb47cecc464545ba58e1ad24/library/std/src/sys/backtrace.rs:39:26
[INFO] [stdout]    4:     0x5827978a18f3 - core::fmt::rt::Argument::fmt::hdb6b616786b41dc1
[INFO] [stdout]                                at /rustc/6067b36314ab5eb2eb47cecc464545ba58e1ad24/library/core/src/fmt/rt.rs:177:76
[INFO] [stdout]    5:     0x5827978a18f3 - core::fmt::write::h2cc1698af7e2d686
[INFO] [stdout]                                at /rustc/6067b36314ab5eb2eb47cecc464545ba58e1ad24/library/core/src/fmt/mod.rs:1440:21
[INFO] [stdout]    6:     0x582797876bb3 - std::io::Write::write_fmt::hab1b4cd059a79022
[INFO] [stdout]                                at /rustc/6067b36314ab5eb2eb47cecc464545ba58e1ad24/library/std/src/io/mod.rs:1887:15
[INFO] [stdout]    7:     0x582797879eb2 - std::sys::backtrace::BacktraceLock::print::h147fe35b4ea13b08
[INFO] [stdout]                                at /rustc/6067b36314ab5eb2eb47cecc464545ba58e1ad24/library/std/src/sys/backtrace.rs:42:9
[INFO] [stdout]    8:     0x58279787b48f - std::panicking::default_hook::{{closure}}::hbd44223dbdc0d208
[INFO] [stdout]                                at /rustc/6067b36314ab5eb2eb47cecc464545ba58e1ad24/library/std/src/panicking.rs:298:22
[INFO] [stdout]    9:     0x58279787b2a8 - std::panicking::default_hook::h20f81eb0576efcec
[INFO] [stdout]                                at /rustc/6067b36314ab5eb2eb47cecc464545ba58e1ad24/library/std/src/panicking.rs:322:9
[INFO] [stdout]   10:     0x582797833f83 - <alloc::boxed::Box<F,A> as core::ops::function::Fn<Args>>::call::hdb53814c496a4d34
[INFO] [stdout]                                at /rustc/6067b36314ab5eb2eb47cecc464545ba58e1ad24/library/alloc/src/boxed.rs:2027:9
[INFO] [stdout]   11:     0x582797833f83 - test::test_main::{{closure}}::hc0a4963c59427c24
[INFO] [stdout]                                at /rustc/6067b36314ab5eb2eb47cecc464545ba58e1ad24/library/test/src/lib.rs:134:21
[INFO] [stdout]   12:     0x58279787bf83 - <alloc::boxed::Box<F,A> as core::ops::function::Fn<Args>>::call::h591b2225413a77e9
[INFO] [stdout]                                at /rustc/6067b36314ab5eb2eb47cecc464545ba58e1ad24/library/alloc/src/boxed.rs:2027:9
[INFO] [stdout]   13:     0x58279787bf83 - std::panicking::rust_panic_with_hook::h625eea43051b2edc
[INFO] [stdout]                                at /rustc/6067b36314ab5eb2eb47cecc464545ba58e1ad24/library/std/src/panicking.rs:839:13
[INFO] [stdout]   14:     0x58279787bc3a - std::panicking::begin_panic_handler::{{closure}}::h4f9159cfbc3f6bd3
[INFO] [stdout]                                at /rustc/6067b36314ab5eb2eb47cecc464545ba58e1ad24/library/std/src/panicking.rs:704:13
[INFO] [stdout]   15:     0x58279787a569 - std::sys::backtrace::__rust_end_short_backtrace::h0390abce48353151
[INFO] [stdout]                                at /rustc/6067b36314ab5eb2eb47cecc464545ba58e1ad24/library/std/src/sys/backtrace.rs:168:18
[INFO] [stdout]   16:     0x58279787b8cd - rust_begin_unwind
[INFO] [stdout]                                at /rustc/6067b36314ab5eb2eb47cecc464545ba58e1ad24/library/std/src/panicking.rs:695:5
[INFO] [stdout]   17:     0x5827978a02d0 - core::panicking::panic_fmt::h9e7c637e9e5f29c9
[INFO] [stdout]                                at /rustc/6067b36314ab5eb2eb47cecc464545ba58e1ad24/library/core/src/panicking.rs:75:14
[INFO] [stdout]   18:     0x58279784a788 - blaze_rs::core::platform::PLATFORMS::{{closure}}::hd9e8a1f80343e652
[INFO] [stdout]                                at /opt/rustwide/workdir/src/lib.rs:57:13
[INFO] [stdout]   19:     0x58279784089a - core::ops::function::FnOnce::call_once::hd9ea37e5c3d96709
[INFO] [stdout]                                at /rustc/6067b36314ab5eb2eb47cecc464545ba58e1ad24/library/core/src/ops/function.rs:250:5
[INFO] [stdout]   20:     0x5827978407d2 - core::ops::function::FnOnce::call_once::h2b758eede010878e
[INFO] [stdout]                                at /rustc/6067b36314ab5eb2eb47cecc464545ba58e1ad24/library/core/src/ops/function.rs:250:5
[INFO] [stdout]   21:     0x582797846961 - once_cell::sync::Lazy<T,F>::force::{{closure}}::h7c3c87d2f9e3ed54
[INFO] [stdout]                                at /opt/rustwide/cargo-home/registry/src/index.crates.io-1949cf8c6b5b557f/once_cell-1.20.2/src/lib.rs:1310:28
[INFO] [stdout]   22:     0x5827978469be - once_cell::sync::OnceCell<T>::get_or_init::{{closure}}::h9ec3848b4d8bfad7
[INFO] [stdout]                                at /opt/rustwide/cargo-home/registry/src/index.crates.io-1949cf8c6b5b557f/once_cell-1.20.2/src/lib.rs:1120:57
[INFO] [stdout]   23:     0x5827978466f3 - once_cell::imp::OnceCell<T>::initialize::{{closure}}::h414cbf99c9fa93dd
[INFO] [stdout]                                at /opt/rustwide/cargo-home/registry/src/index.crates.io-1949cf8c6b5b557f/once_cell-1.20.2/src/imp_std.rs:72:23
[INFO] [stdout]   24:     0x58279784ce26 - core::ops::function::impls::<impl core::ops::function::FnMut<A> for &mut F>::call_mut::h9a7ac998f2f87710
[INFO] [stdout]                                at /rustc/6067b36314ab5eb2eb47cecc464545ba58e1ad24/library/core/src/ops/function.rs:294:13
[INFO] [stdout]   25:     0x58279784de31 - once_cell::imp::initialize_or_wait::h4c1b77392fcc4ee2
[INFO] [stdout]                                at /opt/rustwide/cargo-home/registry/src/index.crates.io-1949cf8c6b5b557f/once_cell-1.20.2/src/imp_std.rs:196:20
[INFO] [stdout]   26:     0x5827978466a6 - once_cell::imp::OnceCell<T>::initialize::h8bf107e3511f527a
[INFO] [stdout]                                at /opt/rustwide/cargo-home/registry/src/index.crates.io-1949cf8c6b5b557f/once_cell-1.20.2/src/imp_std.rs:68:9
[INFO] [stdout]   27:     0x582797846a9f - once_cell::sync::OnceCell<T>::get_or_try_init::h6de05c2a31ae2749
[INFO] [stdout]                                at /opt/rustwide/cargo-home/registry/src/index.crates.io-1949cf8c6b5b557f/once_cell-1.20.2/src/lib.rs:1161:13
[INFO] [stdout]   28:     0x582797846984 - once_cell::sync::OnceCell<T>::get_or_init::h305d076eacd1450c
[INFO] [stdout]                                at /opt/rustwide/cargo-home/registry/src/index.crates.io-1949cf8c6b5b557f/once_cell-1.20.2/src/lib.rs:1120:19
[INFO] [stdout]   29:     0x5827978468d5 - once_cell::sync::Lazy<T,F>::force::hb24e85fade7106af
[INFO] [stdout]                                at /opt/rustwide/cargo-home/registry/src/index.crates.io-1949cf8c6b5b557f/once_cell-1.20.2/src/lib.rs:1309:13
[INFO] [stdout]   30:     0x58279784650b - <once_cell::sync::Lazy<T,F> as core::ops::deref::Deref>::deref::h44e3c84b2b2717cd
[INFO] [stdout]                                at /opt/rustwide/cargo-home/registry/src/index.crates.io-1949cf8c6b5b557f/once_cell-1.20.2/src/lib.rs:1376:13
[INFO] [stdout]   31:     0x582797844880 - blaze_rs::core::platform::RawPlatform::all::hb6c0f1113047f281
[INFO] [stdout]                                at /opt/rustwide/workdir/src/core/platform.rs:93:9
[INFO] [stdout]   32:     0x582797844880 - blaze_rs::core::device::DEVICES::{{closure}}::h10fb8733328778f5
[INFO] [stdout]                                at /opt/rustwide/workdir/src/core/device.rs:17:25
[INFO] [stdout]   33:     0x5827978408fa - core::ops::function::FnOnce::call_once::hea8c88e0ab8e4f01
[INFO] [stdout]                                at /rustc/6067b36314ab5eb2eb47cecc464545ba58e1ad24/library/core/src/ops/function.rs:250:5
[INFO] [stdout]   34:     0x5827977e6e52 - core::ops::function::FnOnce::call_once::hc65ad071996ddb48
[INFO] [stdout]                                at /rustc/6067b36314ab5eb2eb47cecc464545ba58e1ad24/library/core/src/ops/function.rs:250:5
[INFO] [stdout]   35:     0x5827977f8f4f - once_cell::sync::Lazy<T,F>::force::{{closure}}::h549cabf9f6bbb538
[INFO] [stdout]                                at /opt/rustwide/cargo-home/registry/src/index.crates.io-1949cf8c6b5b557f/once_cell-1.20.2/src/lib.rs:1310:28
[INFO] [stdout]   36:     0x5827977f90bd - once_cell::sync::OnceCell<T>::get_or_init::{{closure}}::hef28246691685470
[INFO] [stdout]                                at /opt/rustwide/cargo-home/registry/src/index.crates.io-1949cf8c6b5b557f/once_cell-1.20.2/src/lib.rs:1120:57
[INFO] [stdout]   37:     0x5827977f8c40 - once_cell::imp::OnceCell<T>::initialize::{{closure}}::hac31e81ade093e34
[INFO] [stdout]                                at /opt/rustwide/cargo-home/registry/src/index.crates.io-1949cf8c6b5b557f/once_cell-1.20.2/src/imp_std.rs:72:23
[INFO] [stdout]   38:     0x58279784ce26 - core::ops::function::impls::<impl core::ops::function::FnMut<A> for &mut F>::call_mut::h9a7ac998f2f87710
[INFO] [stdout]                                at /rustc/6067b36314ab5eb2eb47cecc464545ba58e1ad24/library/core/src/ops/function.rs:294:13
[INFO] [stdout]   39:     0x58279784de31 - once_cell::imp::initialize_or_wait::h4c1b77392fcc4ee2
[INFO] [stdout]                                at /opt/rustwide/cargo-home/registry/src/index.crates.io-1949cf8c6b5b557f/once_cell-1.20.2/src/imp_std.rs:196:20
[INFO] [stdout]   40:     0x5827977f89e6 - once_cell::imp::OnceCell<T>::initialize::h2f48e9a6933a2a62
[INFO] [stdout]                                at /opt/rustwide/cargo-home/registry/src/index.crates.io-1949cf8c6b5b557f/once_cell-1.20.2/src/imp_std.rs:68:9
[INFO] [stdout]   41:     0x5827977f92c7 - once_cell::sync::OnceCell<T>::get_or_try_init::h7d3dbad60eb7d06c
[INFO] [stdout]                                at /opt/rustwide/cargo-home/registry/src/index.crates.io-1949cf8c6b5b557f/once_cell-1.20.2/src/lib.rs:1161:13
[INFO] [stdout]   42:     0x5827977f9003 - once_cell::sync::OnceCell<T>::get_or_init::h75441761d959693d
[INFO] [stdout]                                at /opt/rustwide/cargo-home/registry/src/index.crates.io-1949cf8c6b5b557f/once_cell-1.20.2/src/lib.rs:1120:19
[INFO] [stdout]   43:     0x5827977f8ec4 - once_cell::sync::Lazy<T,F>::force::he1f04bbc4c0532eb
[INFO] [stdout]                                at /opt/rustwide/cargo-home/registry/src/index.crates.io-1949cf8c6b5b557f/once_cell-1.20.2/src/lib.rs:1309:13
[INFO] [stdout]   44:     0x5827977f4c7a - <once_cell::sync::Lazy<T,F> as core::ops::deref::Deref>::deref::h9d596f0b97d240cc
[INFO] [stdout]                                at /opt/rustwide/cargo-home/registry/src/index.crates.io-1949cf8c6b5b557f/once_cell-1.20.2/src/lib.rs:1376:13
[INFO] [stdout]   45:     0x5827977f93f2 - blaze_rs::core::device::RawDevice::first::hb768710e5941ea9e
[INFO] [stdout]                                at /opt/rustwide/workdir/src/core/device.rs:1044:9
[INFO] [stdout]   46:     0x5827977f93f2 - blaze_rs::context::single::SimpleContext::default::h6b8191efe65dddd2
[INFO] [stdout]                                at /opt/rustwide/workdir/src/context/single.rs:29:22
[INFO] [stdout]   47:     0x5827977f93f2 - buf::CONTEXT::{{closure}}::h7e7405587450606a
[INFO] [stdout]                                at /opt/rustwide/workdir/tests/buf.rs:4:33
[INFO] [stdout]   48:     0x5827977e6cf6 - core::ops::function::FnOnce::call_once::h78f25fa482c5b6af
[INFO] [stdout]                                at /rustc/6067b36314ab5eb2eb47cecc464545ba58e1ad24/library/core/src/ops/function.rs:250:5
[INFO] [stdout]   49:     0x5827977e6b52 - core::ops::function::FnOnce::call_once::h09ab8c1d078047f2
[INFO] [stdout]                                at /rustc/6067b36314ab5eb2eb47cecc464545ba58e1ad24/library/core/src/ops/function.rs:250:5
[INFO] [stdout]   50:     0x5827977f8fdf - once_cell::sync::Lazy<T,F>::force::{{closure}}::h8ff893372dad4e3c
[INFO] [stdout]                                at /opt/rustwide/cargo-home/registry/src/index.crates.io-1949cf8c6b5b557f/once_cell-1.20.2/src/lib.rs:1310:28
[INFO] [stdout]   51:     0x5827977f906d - once_cell::sync::OnceCell<T>::get_or_init::{{closure}}::hb6f1cdd08b7468b2
[INFO] [stdout]                                at /opt/rustwide/cargo-home/registry/src/index.crates.io-1949cf8c6b5b557f/once_cell-1.20.2/src/lib.rs:1120:57
[INFO] [stdout]   52:     0x5827977f8ad0 - once_cell::imp::OnceCell<T>::initialize::{{closure}}::h21bf6114ec7e6b77
[INFO] [stdout]                                at /opt/rustwide/cargo-home/registry/src/index.crates.io-1949cf8c6b5b557f/once_cell-1.20.2/src/imp_std.rs:72:23
[INFO] [stdout]   53:     0x58279784ce26 - core::ops::function::impls::<impl core::ops::function::FnMut<A> for &mut F>::call_mut::h9a7ac998f2f87710
[INFO] [stdout]                                at /rustc/6067b36314ab5eb2eb47cecc464545ba58e1ad24/library/core/src/ops/function.rs:294:13
[INFO] [stdout]   54:     0x58279784de31 - once_cell::imp::initialize_or_wait::h4c1b77392fcc4ee2
[INFO] [stdout]                                at /opt/rustwide/cargo-home/registry/src/index.crates.io-1949cf8c6b5b557f/once_cell-1.20.2/src/imp_std.rs:196:20
[INFO] [stdout]   55:     0x5827977f8a86 - once_cell::imp::OnceCell<T>::initialize::h58f63bb99cbacb22
[INFO] [stdout]                                at /opt/rustwide/cargo-home/registry/src/index.crates.io-1949cf8c6b5b557f/once_cell-1.20.2/src/imp_std.rs:68:9
[INFO] [stdout]   56:     0x5827977f91a7 - once_cell::sync::OnceCell<T>::get_or_try_init::h49f613635fb665e9
[INFO] [stdout]                                at /opt/rustwide/cargo-home/registry/src/index.crates.io-1949cf8c6b5b557f/once_cell-1.20.2/src/lib.rs:1161:13
[INFO] [stdout]   57:     0x5827977f9033 - once_cell::sync::OnceCell<T>::get_or_init::h9367d64c7cf6379d
[INFO] [stdout]                                at /opt/rustwide/cargo-home/registry/src/index.crates.io-1949cf8c6b5b557f/once_cell-1.20.2/src/lib.rs:1120:19
[INFO] [stdout]   58:     0x5827977f8ea4 - once_cell::sync::Lazy<T,F>::force::h23ec44c856673aaa
[INFO] [stdout]                                at /opt/rustwide/cargo-home/registry/src/index.crates.io-1949cf8c6b5b557f/once_cell-1.20.2/src/lib.rs:1309:13
[INFO] [stdout]   59:     0x5827977f956d - __blaze__global__as_raw
[INFO] [stdout]                                at /opt/rustwide/workdir/tests/buf.rs:3:1
[INFO] [stdout]   60:     0x5827977ed458 - <blaze_rs::context::global::Global as blaze_rs::context::Context>::as_raw::hfb7cc6a9276a5f4f
[INFO] [stdout]                                at /opt/rustwide/workdir/src/context/global.rs:32:18
[INFO] [stdout]   61:     0x5827977ed458 - blaze_rs::buffer::complex::Buffer<T,C>::create_in::hfb8c40804087403a
[INFO] [stdout]                                at /opt/rustwide/workdir/src/buffer/complex.rs:249:39
[INFO] [stdout]   62:     0x5827977ed345 - blaze_rs::buffer::complex::Buffer<T,C>::new_in::he695e1d13e02d704
[INFO] [stdout]                                at /opt/rustwide/workdir/src/buffer/complex.rs:186:18
[INFO] [stdout]   63:     0x5827977f9646 - blaze_rs::buffer::complex::Buffer<T>::new::h76fea328deb6f86a
[INFO] [stdout]                                at /opt/rustwide/workdir/src/buffer/complex.rs:143:9
[INFO] [stdout]   64:     0x5827977f9646 - buf::write::h512b26f9974b26ac
[INFO] [stdout]                                at /opt/rustwide/workdir/tests/buf.rs:45:19
[INFO] [stdout]   65:     0x5827977f95bd - buf::write::{{closure}}::h906960aa67a4e875
[INFO] [stdout]                                at /opt/rustwide/workdir/tests/buf.rs:44:15
[INFO] [stdout]   66:     0x5827977e6c46 - core::ops::function::FnOnce::call_once::h3509166b1f50b0e1
[INFO] [stdout]                                at /rustc/6067b36314ab5eb2eb47cecc464545ba58e1ad24/library/core/src/ops/function.rs:250:5
[INFO] [stdout]   67:     0x5827978396db - core::ops::function::FnOnce::call_once::he27718dfdd183f43
[INFO] [stdout]                                at /rustc/6067b36314ab5eb2eb47cecc464545ba58e1ad24/library/core/src/ops/function.rs:250:5
[INFO] [stdout]   68:     0x5827978396db - test::__rust_begin_short_backtrace::h4e84902998457a5d
[INFO] [stdout]                                at /rustc/6067b36314ab5eb2eb47cecc464545ba58e1ad24/library/test/src/lib.rs:632:18
[INFO] [stdout]   69:     0x582797838613 - test::run_test_in_process::{{closure}}::h7176fd18fc1feca0
[INFO] [stdout]                                at /rustc/6067b36314ab5eb2eb47cecc464545ba58e1ad24/library/test/src/lib.rs:655:60
[INFO] [stdout]   70:     0x582797838613 - <core::panic::unwind_safe::AssertUnwindSafe<F> as core::ops::function::FnOnce<()>>::call_once::hf79cff2a624d8cf7
[INFO] [stdout]                                at /rustc/6067b36314ab5eb2eb47cecc464545ba58e1ad24/library/core/src/panic/unwind_safe.rs:272:9
[INFO] [stdout]   71:     0x582797838613 - std::panicking::try::do_call::h3da0561d9ab99c25
[INFO] [stdout]                                at /rustc/6067b36314ab5eb2eb47cecc464545ba58e1ad24/library/std/src/panicking.rs:587:40
[INFO] [stdout]   72:     0x582797838613 - std::panicking::try::h41c9fa508bc61df6
[INFO] [stdout]                                at /rustc/6067b36314ab5eb2eb47cecc464545ba58e1ad24/library/std/src/panicking.rs:550:19
[INFO] [stdout]   73:     0x582797838613 - std::panic::catch_unwind::h6b3ff07bb5afad93
[INFO] [stdout]                                at /rustc/6067b36314ab5eb2eb47cecc464545ba58e1ad24/library/std/src/panic.rs:358:14
[INFO] [stdout]   74:     0x582797838613 - test::run_test_in_process::hc7253dd11b39b9f4
[INFO] [stdout]                                at /rustc/6067b36314ab5eb2eb47cecc464545ba58e1ad24/library/test/src/lib.rs:655:27
[INFO] [stdout]   75:     0x582797838613 - test::run_test::{{closure}}::hfb2007f8649c30bb
[INFO] [stdout]                                at /rustc/6067b36314ab5eb2eb47cecc464545ba58e1ad24/library/test/src/lib.rs:576:43
[INFO] [stdout]   76:     0x5827977fb6f5 - test::run_test::{{closure}}::h56a17aa7a282a9f4
[INFO] [stdout]                                at /rustc/6067b36314ab5eb2eb47cecc464545ba58e1ad24/library/test/src/lib.rs:606:41
[INFO] [stdout]   77:     0x5827977fb6f5 - std::sys::backtrace::__rust_begin_short_backtrace::hd2d2d2fb8e8c6aac
[INFO] [stdout]                                at /rustc/6067b36314ab5eb2eb47cecc464545ba58e1ad24/library/std/src/sys/backtrace.rs:152:18
[INFO] [stdout]   78:     0x5827977fefda - std::thread::Builder::spawn_unchecked_::{{closure}}::{{closure}}::h4faa3f9db6133423
[INFO] [stdout]                                at /rustc/6067b36314ab5eb2eb47cecc464545ba58e1ad24/library/std/src/thread/mod.rs:559:17
[INFO] [stdout]   79:     0x5827977fefda - <core::panic::unwind_safe::AssertUnwindSafe<F> as core::ops::function::FnOnce<()>>::call_once::hf2e855a36a4ea846
[INFO] [stdout]                                at /rustc/6067b36314ab5eb2eb47cecc464545ba58e1ad24/library/core/src/panic/unwind_safe.rs:272:9
[INFO] [stdout]   80:     0x5827977fefda - std::panicking::try::do_call::h2f73af3616c35465
[INFO] [stdout]                                at /rustc/6067b36314ab5eb2eb47cecc464545ba58e1ad24/library/std/src/panicking.rs:587:40
[INFO] [stdout]   81:     0x5827977fefda - std::panicking::try::hd1660ce9efadef5a
[INFO] [stdout]                                at /rustc/6067b36314ab5eb2eb47cecc464545ba58e1ad24/library/std/src/panicking.rs:550:19
[INFO] [stdout]   82:     0x5827977fefda - std::panic::catch_unwind::h5ee8d7823b8ca744
[INFO] [stdout]                                at /rustc/6067b36314ab5eb2eb47cecc464545ba58e1ad24/library/std/src/panic.rs:358:14
[INFO] [stdout]   83:     0x5827977fefda - std::thread::Builder::spawn_unchecked_::{{closure}}::h53c3a1894dce8407
[INFO] [stdout]                                at /rustc/6067b36314ab5eb2eb47cecc464545ba58e1ad24/library/std/src/thread/mod.rs:557:30
[INFO] [stdout]   84:     0x5827977fefda - core::ops::function::FnOnce::call_once{{vtable.shim}}::h048ce291ad4f62bf
[INFO] [stdout]                                at /rustc/6067b36314ab5eb2eb47cecc464545ba58e1ad24/library/core/src/ops/function.rs:250:5
[INFO] [stdout]   85:     0x58279787ffbb - <alloc::boxed::Box<F,A> as core::ops::function::FnOnce<Args>>::call_once::ha52bedf99a3b4981
[INFO] [stdout]                                at /rustc/6067b36314ab5eb2eb47cecc464545ba58e1ad24/library/alloc/src/boxed.rs:2013:9
[INFO] [stdout]   86:     0x58279787ffbb - <alloc::boxed::Box<F,A> as core::ops::function::FnOnce<Args>>::call_once::h567748934d80ccf8
[INFO] [stdout]                                at /rustc/6067b36314ab5eb2eb47cecc464545ba58e1ad24/library/alloc/src/boxed.rs:2013:9
[INFO] [stdout]   87:     0x58279787ffbb - std::sys::pal::unix::thread::Thread::new::thread_start::h2d970728ae887adc
[INFO] [stdout]                                at /rustc/6067b36314ab5eb2eb47cecc464545ba58e1ad24/library/std/src/sys/pal/unix/thread.rs:106:17
[INFO] [stdout]   88:     0x77c8a0362ac3 - <unknown>
[INFO] [stdout]   89:     0x77c8a03f3a04 - clone
[INFO] [stdout]   90:                0x0 - <unknown>
[INFO] [stdout] 
[INFO] [stdout] 
[INFO] [stdout] failures:
[INFO] [stdout]     write
[INFO] [stdout] 
[INFO] [stdout] test result: FAILED. 0 passed; 1 failed; 0 ignored; 0 measured; 0 filtered out; finished in 0.05s
[INFO] [stdout] 
[INFO] running `Command { std: "docker" "inspect" "3172f8a939ac28d4f6cdc83bcb1560c818e1b33e58fd593a0e6d2b0c284a070e", kill_on_drop: false }`
[INFO] running `Command { std: "docker" "rm" "-f" "3172f8a939ac28d4f6cdc83bcb1560c818e1b33e58fd593a0e6d2b0c284a070e", kill_on_drop: false }`
[INFO] [stdout] 3172f8a939ac28d4f6cdc83bcb1560c818e1b33e58fd593a0e6d2b0c284a070e
