[INFO] fetching crate binary_enclave_macro 0.1.1...
[INFO] testing binary_enclave_macro-0.1.1 against nightly-2025-01-18 for randomize-layout-2
[INFO] extracting crate binary_enclave_macro 0.1.1 into /workspace/builds/worker-4-tc1/source
[INFO] validating manifest of crates.io crate binary_enclave_macro 0.1.1 on toolchain nightly-2025-01-18
[INFO] running `Command { std: CARGO_HOME="/workspace/cargo-home" RUSTUP_HOME="/workspace/rustup-home" "/workspace/cargo-home/bin/cargo" "+nightly-2025-01-18" "metadata" "--manifest-path" "Cargo.toml" "--no-deps", kill_on_drop: false }`
[INFO] started tweaking crates.io crate binary_enclave_macro 0.1.1
[INFO] finished tweaking crates.io crate binary_enclave_macro 0.1.1
[INFO] tweaked toml for crates.io crate binary_enclave_macro 0.1.1 written to /workspace/builds/worker-4-tc1/source/Cargo.toml
[INFO] running `Command { std: CARGO_HOME="/workspace/cargo-home" RUSTUP_HOME="/workspace/rustup-home" "/workspace/cargo-home/bin/cargo" "+nightly-2025-01-18" "generate-lockfile" "--manifest-path" "Cargo.toml", kill_on_drop: false }`
[INFO] [stderr]     Updating crates.io index
[INFO] [stderr]      Locking 4 packages to latest compatible versions
[INFO] [stderr]       Adding syn v1.0.109 (available: v2.0.96)
[INFO] running `Command { std: CARGO_HOME="/workspace/cargo-home" RUSTUP_HOME="/workspace/rustup-home" "/workspace/cargo-home/bin/cargo" "+nightly-2025-01-18" "fetch" "--manifest-path" "Cargo.toml", kill_on_drop: false }`
[INFO] [stderr]     Blocking waiting for file lock on package cache
[INFO] running `Command { std: "docker" "create" "-v" "/var/lib/crater-agent-workspace/builds/worker-4-tc1/target:/opt/rustwide/target:rw,Z" "-v" "/var/lib/crater-agent-workspace/builds/worker-4-tc1/source:/opt/rustwide/workdir:ro,Z" "-v" "/var/lib/crater-agent-workspace/cargo-home:/opt/rustwide/cargo-home:ro,Z" "-v" "/var/lib/crater-agent-workspace/rustup-home:/opt/rustwide/rustup-home:ro,Z" "-e" "SOURCE_DIR=/opt/rustwide/workdir" "-e" "CARGO_TARGET_DIR=/opt/rustwide/target" "-e" "CARGO_HOME=/opt/rustwide/cargo-home" "-e" "RUSTUP_HOME=/opt/rustwide/rustup-home" "-w" "/opt/rustwide/workdir" "-m" "1610612736" "--user" "0:0" "--network" "none" "ghcr.io/rust-lang/crates-build-env/linux@sha256:819108c5571ea2e421544af4d832f968d213c87fbe3707a016657f43d2f853bc" "/opt/rustwide/cargo-home/bin/cargo" "+nightly-2025-01-18" "metadata" "--no-deps" "--format-version=1", kill_on_drop: false }`
[INFO] [stdout] 5ff96f7837bc12a78f704382f3231f317823c7eecd8a675429394e2b845d700d
[INFO] running `Command { std: "docker" "start" "-a" "5ff96f7837bc12a78f704382f3231f317823c7eecd8a675429394e2b845d700d", kill_on_drop: false }`
[INFO] running `Command { std: "docker" "inspect" "5ff96f7837bc12a78f704382f3231f317823c7eecd8a675429394e2b845d700d", kill_on_drop: false }`
[INFO] running `Command { std: "docker" "rm" "-f" "5ff96f7837bc12a78f704382f3231f317823c7eecd8a675429394e2b845d700d", kill_on_drop: false }`
[INFO] [stdout] 5ff96f7837bc12a78f704382f3231f317823c7eecd8a675429394e2b845d700d
[INFO] running `Command { std: "docker" "create" "-v" "/var/lib/crater-agent-workspace/builds/worker-4-tc1/target:/opt/rustwide/target:rw,Z" "-v" "/var/lib/crater-agent-workspace/builds/worker-4-tc1/source:/opt/rustwide/workdir:ro,Z" "-v" "/var/lib/crater-agent-workspace/cargo-home:/opt/rustwide/cargo-home:ro,Z" "-v" "/var/lib/crater-agent-workspace/rustup-home:/opt/rustwide/rustup-home:ro,Z" "-e" "SOURCE_DIR=/opt/rustwide/workdir" "-e" "CARGO_TARGET_DIR=/opt/rustwide/target" "-e" "CARGO_INCREMENTAL=0" "-e" "RUST_BACKTRACE=full" "-e" "RUSTFLAGS=--cap-lints=forbid" "-e" "RUSTDOCFLAGS=--cap-lints=forbid" "-e" "CARGO_HOME=/opt/rustwide/cargo-home" "-e" "RUSTUP_HOME=/opt/rustwide/rustup-home" "-w" "/opt/rustwide/workdir" "-m" "1610612736" "--user" "0:0" "--network" "none" "ghcr.io/rust-lang/crates-build-env/linux@sha256:819108c5571ea2e421544af4d832f968d213c87fbe3707a016657f43d2f853bc" "/opt/rustwide/cargo-home/bin/cargo" "+nightly-2025-01-18" "build" "--frozen" "--message-format=json", kill_on_drop: false }`
[INFO] [stdout] 6b9babe234c31c7a11582b9ed84455e470ebd174c4781e04898be672dacfafc7
[INFO] running `Command { std: "docker" "start" "-a" "6b9babe234c31c7a11582b9ed84455e470ebd174c4781e04898be672dacfafc7", kill_on_drop: false }`
[INFO] [stderr]    Compiling proc-macro2 v1.0.93
[INFO] [stderr]    Compiling unicode-ident v1.0.14
[INFO] [stderr]    Compiling syn v1.0.109
[INFO] [stderr]    Compiling quote v1.0.38
[INFO] [stderr]    Compiling binary_enclave_macro v0.1.1 (/opt/rustwide/workdir)
[INFO] [stderr]     Finished `dev` profile [unoptimized + debuginfo] target(s) in 5.90s
[INFO] running `Command { std: "docker" "inspect" "6b9babe234c31c7a11582b9ed84455e470ebd174c4781e04898be672dacfafc7", kill_on_drop: false }`
[INFO] running `Command { std: "docker" "rm" "-f" "6b9babe234c31c7a11582b9ed84455e470ebd174c4781e04898be672dacfafc7", kill_on_drop: false }`
[INFO] [stdout] 6b9babe234c31c7a11582b9ed84455e470ebd174c4781e04898be672dacfafc7
[INFO] running `Command { std: "docker" "create" "-v" "/var/lib/crater-agent-workspace/builds/worker-4-tc1/target:/opt/rustwide/target:rw,Z" "-v" "/var/lib/crater-agent-workspace/builds/worker-4-tc1/source:/opt/rustwide/workdir:ro,Z" "-v" "/var/lib/crater-agent-workspace/cargo-home:/opt/rustwide/cargo-home:ro,Z" "-v" "/var/lib/crater-agent-workspace/rustup-home:/opt/rustwide/rustup-home:ro,Z" "-e" "SOURCE_DIR=/opt/rustwide/workdir" "-e" "CARGO_TARGET_DIR=/opt/rustwide/target" "-e" "CARGO_INCREMENTAL=0" "-e" "RUST_BACKTRACE=full" "-e" "RUSTFLAGS=--cap-lints=forbid" "-e" "RUSTDOCFLAGS=--cap-lints=forbid" "-e" "CARGO_HOME=/opt/rustwide/cargo-home" "-e" "RUSTUP_HOME=/opt/rustwide/rustup-home" "-w" "/opt/rustwide/workdir" "-m" "1610612736" "--user" "0:0" "--network" "none" "ghcr.io/rust-lang/crates-build-env/linux@sha256:819108c5571ea2e421544af4d832f968d213c87fbe3707a016657f43d2f853bc" "/opt/rustwide/cargo-home/bin/cargo" "+nightly-2025-01-18" "test" "--frozen" "--no-run" "--message-format=json", kill_on_drop: false }`
[INFO] [stdout] 167e8da04ec9a810a4e3f1738f812ceb9215dfd02f337fa6f7c8ce2ed6f3e3d7
[INFO] running `Command { std: "docker" "start" "-a" "167e8da04ec9a810a4e3f1738f812ceb9215dfd02f337fa6f7c8ce2ed6f3e3d7", kill_on_drop: false }`
[INFO] [stderr]    Compiling binary_enclave_macro v0.1.1 (/opt/rustwide/workdir)
[INFO] [stderr]     Finished `test` profile [unoptimized + debuginfo] target(s) in 0.47s
[INFO] running `Command { std: "docker" "inspect" "167e8da04ec9a810a4e3f1738f812ceb9215dfd02f337fa6f7c8ce2ed6f3e3d7", kill_on_drop: false }`
[INFO] running `Command { std: "docker" "rm" "-f" "167e8da04ec9a810a4e3f1738f812ceb9215dfd02f337fa6f7c8ce2ed6f3e3d7", kill_on_drop: false }`
[INFO] [stdout] 167e8da04ec9a810a4e3f1738f812ceb9215dfd02f337fa6f7c8ce2ed6f3e3d7
[INFO] running `Command { std: "docker" "create" "-v" "/var/lib/crater-agent-workspace/builds/worker-4-tc1/target:/opt/rustwide/target:rw,Z" "-v" "/var/lib/crater-agent-workspace/builds/worker-4-tc1/source:/opt/rustwide/workdir:ro,Z" "-v" "/var/lib/crater-agent-workspace/cargo-home:/opt/rustwide/cargo-home:ro,Z" "-v" "/var/lib/crater-agent-workspace/rustup-home:/opt/rustwide/rustup-home:ro,Z" "-e" "SOURCE_DIR=/opt/rustwide/workdir" "-e" "CARGO_TARGET_DIR=/opt/rustwide/target" "-e" "CARGO_INCREMENTAL=0" "-e" "RUST_BACKTRACE=full" "-e" "RUSTFLAGS=--cap-lints=forbid" "-e" "RUSTDOCFLAGS=--cap-lints=forbid" "-e" "CARGO_HOME=/opt/rustwide/cargo-home" "-e" "RUSTUP_HOME=/opt/rustwide/rustup-home" "-w" "/opt/rustwide/workdir" "-m" "1610612736" "--user" "0:0" "--network" "none" "ghcr.io/rust-lang/crates-build-env/linux@sha256:819108c5571ea2e421544af4d832f968d213c87fbe3707a016657f43d2f853bc" "/opt/rustwide/cargo-home/bin/cargo" "+nightly-2025-01-18" "test" "--frozen", kill_on_drop: false }`
[INFO] [stdout] 152c6f01217b3a931f02db7ce0e61a58a07ba6e7c9bea4f298327c90bd7dc88e
[INFO] running `Command { std: "docker" "start" "-a" "152c6f01217b3a931f02db7ce0e61a58a07ba6e7c9bea4f298327c90bd7dc88e", kill_on_drop: false }`
[INFO] [stderr]     Finished `test` profile [unoptimized + debuginfo] target(s) in 0.02s
[INFO] [stderr]      Running unittests src/lib.rs (/opt/rustwide/target/debug/deps/binary_enclave_macro-13d5ea81576d59f8)
[INFO] [stdout] 
[INFO] [stdout] running 0 tests
[INFO] [stdout] 
[INFO] [stdout] test result: ok. 0 passed; 0 failed; 0 ignored; 0 measured; 0 filtered out; finished in 0.00s
[INFO] [stdout] 
[INFO] [stderr]    Doc-tests binary_enclave_macro
[INFO] [stdout] 
[INFO] [stdout] running 1 test
[INFO] [stdout] test src/lib.rs - enclave (line 18) ... FAILED
[INFO] [stderr] error: doctest failed, to rerun pass `--doc`
[INFO] [stdout] 
[INFO] [stdout] failures:
[INFO] [stdout] 
[INFO] [stdout] ---- src/lib.rs - enclave (line 18) stdout ----
[INFO] [stdout] error: expected `;`, found `}`
[INFO] [stdout]  --> src/lib.rs:20:65
[INFO] [stdout]   |
[INFO] [stdout] 4 | pub static OUR_STATIC: Enclave<ConfStruct, 128> = Enclave::new()
[INFO] [stdout]   |                                                                 ^ help: add `;` here
[INFO] [stdout] 5 | } _doctest_main_src_lib_rs_18_0() }
[INFO] [stdout]   | - unexpected token
[INFO] [stdout] 
[INFO] [stdout] error: cannot find attribute `enclave` in this scope
[INFO] [stdout]  --> src/lib.rs:19:3
[INFO] [stdout]   |
[INFO] [stdout] 3 | #[enclave(binary_section_name)]
[INFO] [stdout]   |   ^^^^^^^
[INFO] [stdout]   |
[INFO] [stdout] help: consider importing this attribute macro
[INFO] [stdout]   |
[INFO] [stdout] 2 + use binary_enclave_macro::enclave;
[INFO] [stdout]   |
[INFO] [stdout] 
[INFO] [stdout] error[E0412]: cannot find type `Enclave` in this scope
[INFO] [stdout]  --> src/lib.rs:20:24
[INFO] [stdout]   |
[INFO] [stdout] 4 | pub static OUR_STATIC: Enclave<ConfStruct, 128> = Enclave::new()
[INFO] [stdout]   |                        ^^^^^^^ not found in this scope
[INFO] [stdout] 
[INFO] [stdout] error[E0412]: cannot find type `ConfStruct` in this scope
[INFO] [stdout]  --> src/lib.rs:20:32
[INFO] [stdout]   |
[INFO] [stdout] 4 | pub static OUR_STATIC: Enclave<ConfStruct, 128> = Enclave::new()
[INFO] [stdout]   |                                ^^^^^^^^^^ not found in this scope
[INFO] [stdout] 
[INFO] [stdout] error[E0433]: failed to resolve: use of undeclared type `Enclave`
[INFO] [stdout]  --> src/lib.rs:20:51
[INFO] [stdout]   |
[INFO] [stdout] 4 | pub static OUR_STATIC: Enclave<ConfStruct, 128> = Enclave::new()
[INFO] [stdout]   |                                                   ^^^^^^^ use of undeclared type `Enclave`
[INFO] [stdout] 
[INFO] [stdout] error: aborting due to 5 previous errors
[INFO] [stdout] 
[INFO] [stdout] Some errors have detailed explanations: E0412, E0433.
[INFO] [stdout] For more information about an error, try `rustc --explain E0412`.
[INFO] [stdout] Couldn't compile the test.
[INFO] [stdout] 
[INFO] [stdout] failures:
[INFO] [stdout]     src/lib.rs - enclave (line 18)
[INFO] [stdout] 
[INFO] [stdout] test result: FAILED. 0 passed; 1 failed; 0 ignored; 0 measured; 0 filtered out; finished in 0.08s
[INFO] [stdout] 
[INFO] running `Command { std: "docker" "inspect" "152c6f01217b3a931f02db7ce0e61a58a07ba6e7c9bea4f298327c90bd7dc88e", kill_on_drop: false }`
[INFO] running `Command { std: "docker" "rm" "-f" "152c6f01217b3a931f02db7ce0e61a58a07ba6e7c9bea4f298327c90bd7dc88e", kill_on_drop: false }`
[INFO] [stdout] 152c6f01217b3a931f02db7ce0e61a58a07ba6e7c9bea4f298327c90bd7dc88e
