[INFO] fetching crate bevy_stat_query_derive 0.1.0...
[INFO] testing bevy_stat_query_derive-0.1.0 against nightly-2025-01-18 for randomize-layout-2
[INFO] extracting crate bevy_stat_query_derive 0.1.0 into /workspace/builds/worker-2-tc1/source
[INFO] validating manifest of crates.io crate bevy_stat_query_derive 0.1.0 on toolchain nightly-2025-01-18
[INFO] running `Command { std: CARGO_HOME="/workspace/cargo-home" RUSTUP_HOME="/workspace/rustup-home" "/workspace/cargo-home/bin/cargo" "+nightly-2025-01-18" "metadata" "--manifest-path" "Cargo.toml" "--no-deps", kill_on_drop: false }`
[INFO] started tweaking crates.io crate bevy_stat_query_derive 0.1.0
[INFO] finished tweaking crates.io crate bevy_stat_query_derive 0.1.0
[INFO] tweaked toml for crates.io crate bevy_stat_query_derive 0.1.0 written to /workspace/builds/worker-2-tc1/source/Cargo.toml
[INFO] running `Command { std: CARGO_HOME="/workspace/cargo-home" RUSTUP_HOME="/workspace/rustup-home" "/workspace/cargo-home/bin/cargo" "+nightly-2025-01-18" "generate-lockfile" "--manifest-path" "Cargo.toml", kill_on_drop: false }`
[INFO] [stderr]     Updating crates.io index
[INFO] [stderr]      Locking 8 packages to latest compatible versions
[INFO] running `Command { std: CARGO_HOME="/workspace/cargo-home" RUSTUP_HOME="/workspace/rustup-home" "/workspace/cargo-home/bin/cargo" "+nightly-2025-01-18" "fetch" "--manifest-path" "Cargo.toml", kill_on_drop: false }`
[INFO] running `Command { std: "docker" "create" "-v" "/var/lib/crater-agent-workspace/builds/worker-2-tc1/target:/opt/rustwide/target:rw,Z" "-v" "/var/lib/crater-agent-workspace/builds/worker-2-tc1/source:/opt/rustwide/workdir:ro,Z" "-v" "/var/lib/crater-agent-workspace/cargo-home:/opt/rustwide/cargo-home:ro,Z" "-v" "/var/lib/crater-agent-workspace/rustup-home:/opt/rustwide/rustup-home:ro,Z" "-e" "SOURCE_DIR=/opt/rustwide/workdir" "-e" "CARGO_TARGET_DIR=/opt/rustwide/target" "-e" "CARGO_HOME=/opt/rustwide/cargo-home" "-e" "RUSTUP_HOME=/opt/rustwide/rustup-home" "-w" "/opt/rustwide/workdir" "-m" "1610612736" "--user" "0:0" "--network" "none" "ghcr.io/rust-lang/crates-build-env/linux@sha256:819108c5571ea2e421544af4d832f968d213c87fbe3707a016657f43d2f853bc" "/opt/rustwide/cargo-home/bin/cargo" "+nightly-2025-01-18" "metadata" "--no-deps" "--format-version=1", kill_on_drop: false }`
[INFO] [stdout] a4c9020a0069ea147c9f44073d771c8284871884bbd14efdfa889c51fc22073d
[INFO] running `Command { std: "docker" "start" "-a" "a4c9020a0069ea147c9f44073d771c8284871884bbd14efdfa889c51fc22073d", kill_on_drop: false }`
[INFO] running `Command { std: "docker" "inspect" "a4c9020a0069ea147c9f44073d771c8284871884bbd14efdfa889c51fc22073d", kill_on_drop: false }`
[INFO] running `Command { std: "docker" "rm" "-f" "a4c9020a0069ea147c9f44073d771c8284871884bbd14efdfa889c51fc22073d", kill_on_drop: false }`
[INFO] [stdout] a4c9020a0069ea147c9f44073d771c8284871884bbd14efdfa889c51fc22073d
[INFO] running `Command { std: "docker" "create" "-v" "/var/lib/crater-agent-workspace/builds/worker-2-tc1/target:/opt/rustwide/target:rw,Z" "-v" "/var/lib/crater-agent-workspace/builds/worker-2-tc1/source:/opt/rustwide/workdir:ro,Z" "-v" "/var/lib/crater-agent-workspace/cargo-home:/opt/rustwide/cargo-home:ro,Z" "-v" "/var/lib/crater-agent-workspace/rustup-home:/opt/rustwide/rustup-home:ro,Z" "-e" "SOURCE_DIR=/opt/rustwide/workdir" "-e" "CARGO_TARGET_DIR=/opt/rustwide/target" "-e" "CARGO_INCREMENTAL=0" "-e" "RUST_BACKTRACE=full" "-e" "RUSTFLAGS=--cap-lints=forbid" "-e" "RUSTDOCFLAGS=--cap-lints=forbid" "-e" "CARGO_HOME=/opt/rustwide/cargo-home" "-e" "RUSTUP_HOME=/opt/rustwide/rustup-home" "-w" "/opt/rustwide/workdir" "-m" "1610612736" "--user" "0:0" "--network" "none" "ghcr.io/rust-lang/crates-build-env/linux@sha256:819108c5571ea2e421544af4d832f968d213c87fbe3707a016657f43d2f853bc" "/opt/rustwide/cargo-home/bin/cargo" "+nightly-2025-01-18" "build" "--frozen" "--message-format=json", kill_on_drop: false }`
[INFO] [stdout] 5d2303a5e1cf59d29f62a8086e9d1356e0d9d87a4cabdb1a745ef1f19709e57c
[INFO] running `Command { std: "docker" "start" "-a" "5d2303a5e1cf59d29f62a8086e9d1356e0d9d87a4cabdb1a745ef1f19709e57c", kill_on_drop: false }`
[INFO] [stderr]    Compiling proc-macro2 v1.0.93
[INFO] [stderr]    Compiling unicode-ident v1.0.14
[INFO] [stderr]    Compiling version_check v0.9.5
[INFO] [stderr]    Compiling syn v1.0.109
[INFO] [stderr]    Compiling proc-macro-error-attr v1.0.4
[INFO] [stderr]    Compiling proc-macro-error v1.0.4
[INFO] [stderr]    Compiling quote v1.0.38
[INFO] [stderr]    Compiling syn v2.0.96
[INFO] [stderr]    Compiling bevy_stat_query_derive v0.1.0 (/opt/rustwide/workdir)
[INFO] [stderr]     Finished `dev` profile [unoptimized + debuginfo] target(s) in 4.14s
[INFO] running `Command { std: "docker" "inspect" "5d2303a5e1cf59d29f62a8086e9d1356e0d9d87a4cabdb1a745ef1f19709e57c", kill_on_drop: false }`
[INFO] running `Command { std: "docker" "rm" "-f" "5d2303a5e1cf59d29f62a8086e9d1356e0d9d87a4cabdb1a745ef1f19709e57c", kill_on_drop: false }`
[INFO] [stdout] 5d2303a5e1cf59d29f62a8086e9d1356e0d9d87a4cabdb1a745ef1f19709e57c
[INFO] running `Command { std: "docker" "create" "-v" "/var/lib/crater-agent-workspace/builds/worker-2-tc1/target:/opt/rustwide/target:rw,Z" "-v" "/var/lib/crater-agent-workspace/builds/worker-2-tc1/source:/opt/rustwide/workdir:ro,Z" "-v" "/var/lib/crater-agent-workspace/cargo-home:/opt/rustwide/cargo-home:ro,Z" "-v" "/var/lib/crater-agent-workspace/rustup-home:/opt/rustwide/rustup-home:ro,Z" "-e" "SOURCE_DIR=/opt/rustwide/workdir" "-e" "CARGO_TARGET_DIR=/opt/rustwide/target" "-e" "CARGO_INCREMENTAL=0" "-e" "RUST_BACKTRACE=full" "-e" "RUSTFLAGS=--cap-lints=forbid" "-e" "RUSTDOCFLAGS=--cap-lints=forbid" "-e" "CARGO_HOME=/opt/rustwide/cargo-home" "-e" "RUSTUP_HOME=/opt/rustwide/rustup-home" "-w" "/opt/rustwide/workdir" "-m" "1610612736" "--user" "0:0" "--network" "none" "ghcr.io/rust-lang/crates-build-env/linux@sha256:819108c5571ea2e421544af4d832f968d213c87fbe3707a016657f43d2f853bc" "/opt/rustwide/cargo-home/bin/cargo" "+nightly-2025-01-18" "test" "--frozen" "--no-run" "--message-format=json", kill_on_drop: false }`
[INFO] [stdout] 8e49698ce69c7ad841deec8930259bfd8273bad0eb8d942b19d7169b841dd534
[INFO] running `Command { std: "docker" "start" "-a" "8e49698ce69c7ad841deec8930259bfd8273bad0eb8d942b19d7169b841dd534", kill_on_drop: false }`
[INFO] [stderr]    Compiling bevy_stat_query_derive v0.1.0 (/opt/rustwide/workdir)
[INFO] [stderr]     Finished `test` profile [unoptimized + debuginfo] target(s) in 0.42s
[INFO] running `Command { std: "docker" "inspect" "8e49698ce69c7ad841deec8930259bfd8273bad0eb8d942b19d7169b841dd534", kill_on_drop: false }`
[INFO] running `Command { std: "docker" "rm" "-f" "8e49698ce69c7ad841deec8930259bfd8273bad0eb8d942b19d7169b841dd534", kill_on_drop: false }`
[INFO] [stdout] 8e49698ce69c7ad841deec8930259bfd8273bad0eb8d942b19d7169b841dd534
[INFO] running `Command { std: "docker" "create" "-v" "/var/lib/crater-agent-workspace/builds/worker-2-tc1/target:/opt/rustwide/target:rw,Z" "-v" "/var/lib/crater-agent-workspace/builds/worker-2-tc1/source:/opt/rustwide/workdir:ro,Z" "-v" "/var/lib/crater-agent-workspace/cargo-home:/opt/rustwide/cargo-home:ro,Z" "-v" "/var/lib/crater-agent-workspace/rustup-home:/opt/rustwide/rustup-home:ro,Z" "-e" "SOURCE_DIR=/opt/rustwide/workdir" "-e" "CARGO_TARGET_DIR=/opt/rustwide/target" "-e" "CARGO_INCREMENTAL=0" "-e" "RUST_BACKTRACE=full" "-e" "RUSTFLAGS=--cap-lints=forbid" "-e" "RUSTDOCFLAGS=--cap-lints=forbid" "-e" "CARGO_HOME=/opt/rustwide/cargo-home" "-e" "RUSTUP_HOME=/opt/rustwide/rustup-home" "-w" "/opt/rustwide/workdir" "-m" "1610612736" "--user" "0:0" "--network" "none" "ghcr.io/rust-lang/crates-build-env/linux@sha256:819108c5571ea2e421544af4d832f968d213c87fbe3707a016657f43d2f853bc" "/opt/rustwide/cargo-home/bin/cargo" "+nightly-2025-01-18" "test" "--frozen", kill_on_drop: false }`
[INFO] [stdout] bf79681c2b3d283f0c706bbd2e8e39af8860956d9a2334adb3aeeb4d47bf7073
[INFO] running `Command { std: "docker" "start" "-a" "bf79681c2b3d283f0c706bbd2e8e39af8860956d9a2334adb3aeeb4d47bf7073", kill_on_drop: false }`
[INFO] [stderr]     Finished `test` profile [unoptimized + debuginfo] target(s) in 0.01s
[INFO] [stderr]      Running unittests src/lib.rs (/opt/rustwide/target/debug/deps/bevy_stat_query_derive-0525dda73014b367)
[INFO] [stdout] 
[INFO] [stdout] running 0 tests
[INFO] [stdout] 
[INFO] [stdout] test result: ok. 0 passed; 0 failed; 0 ignored; 0 measured; 0 filtered out; finished in 0.00s
[INFO] [stdout] 
[INFO] [stderr]    Doc-tests bevy_stat_query_derive
[INFO] [stdout] 
[INFO] [stdout] running 2 tests
[INFO] [stdout] test src/lib.rs - stat (line 21) ... FAILED
[INFO] [stdout] test src/lib.rs - stat (line 13) ... FAILED
[INFO] [stdout] 
[INFO] [stdout] failures:
[INFO] [stdout] 
[INFO] [stdout] ---- src/lib.rs - stat (line 21) stdout ----
[INFO] [stdout] error: cannot find derive macro `Stat` in this scope
[INFO] [stdout]  --> src/lib.rs:22:30
[INFO] [stdout]   |
[INFO] [stdout] 3 | #[derive(Debug, Clone, Copy, Stat)]
[INFO] [stdout]   |                              ^^^^
[INFO] [stdout]   |
[INFO] [stdout] help: consider importing this derive macro
[INFO] [stdout]   |
[INFO] [stdout] 2 + use bevy_stat_query_derive::Stat;
[INFO] [stdout]   |
[INFO] [stderr] error: doctest failed, to rerun pass `--doc`
[INFO] [stdout] 
[INFO] [stdout] error: cannot find attribute `stat` in this scope
[INFO] [stdout]  --> src/lib.rs:23:3
[INFO] [stdout]   |
[INFO] [stdout] 4 | #[stat(value = "StatIntPercentAdditive<i32>")]
[INFO] [stdout]   |   ^^^^ help: a built-in attribute with a similar name exists: `start`
[INFO] [stdout] 
[INFO] [stdout] error: cannot find attribute `default` in this scope
[INFO] [stdout]  --> src/lib.rs:25:7
[INFO] [stdout]   |
[INFO] [stdout] 6 |     #[default] A,
[INFO] [stdout]   |       ^^^^^^^
[INFO] [stdout]   |
[INFO] [stdout] help: consider adding a derive
[INFO] [stdout]   |
[INFO] [stdout] 5 + #[derive(Default)]
[INFO] [stdout] 6 | pub enum MyStat {
[INFO] [stdout]   |
[INFO] [stdout] 
[INFO] [stdout] error: aborting due to 3 previous errors
[INFO] [stdout] 
[INFO] [stdout] Couldn't compile the test.
[INFO] [stdout] ---- src/lib.rs - stat (line 13) stdout ----
[INFO] [stdout] error: cannot find derive macro `Stat` in this scope
[INFO] [stdout]  --> src/lib.rs:14:30
[INFO] [stdout]   |
[INFO] [stdout] 3 | #[derive(Debug, Clone, Copy, Stat)]
[INFO] [stdout]   |                              ^^^^
[INFO] [stdout]   |
[INFO] [stdout] help: consider importing this derive macro
[INFO] [stdout]   |
[INFO] [stdout] 2 + use bevy_stat_query_derive::Stat;
[INFO] [stdout]   |
[INFO] [stdout] 
[INFO] [stdout] error: cannot find attribute `stat` in this scope
[INFO] [stdout]  --> src/lib.rs:15:3
[INFO] [stdout]   |
[INFO] [stdout] 4 | #[stat(value = "StatIntPercentAdditive<i32>")]
[INFO] [stdout]   |   ^^^^ help: a built-in attribute with a similar name exists: `start`
[INFO] [stdout] 
[INFO] [stdout] error: aborting due to 2 previous errors
[INFO] [stdout] 
[INFO] [stdout] Couldn't compile the test.
[INFO] [stdout] 
[INFO] [stdout] failures:
[INFO] [stdout]     src/lib.rs - stat (line 13)
[INFO] [stdout]     src/lib.rs - stat (line 21)
[INFO] [stdout] 
[INFO] [stdout] test result: FAILED. 0 passed; 2 failed; 0 ignored; 0 measured; 0 filtered out; finished in 0.10s
[INFO] [stdout] 
[INFO] running `Command { std: "docker" "inspect" "bf79681c2b3d283f0c706bbd2e8e39af8860956d9a2334adb3aeeb4d47bf7073", kill_on_drop: false }`
[INFO] running `Command { std: "docker" "rm" "-f" "bf79681c2b3d283f0c706bbd2e8e39af8860956d9a2334adb3aeeb4d47bf7073", kill_on_drop: false }`
[INFO] [stdout] bf79681c2b3d283f0c706bbd2e8e39af8860956d9a2334adb3aeeb4d47bf7073
