[INFO] fetching crate bevy_simplenet_events 0.5.0...
[INFO] testing bevy_simplenet_events-0.5.0 against nightly-2025-01-18+rustflags=-Zrandomize-layout for randomize-layout-2
[INFO] extracting crate bevy_simplenet_events 0.5.0 into /workspace/builds/worker-6-tc2/source
[INFO] validating manifest of crates.io crate bevy_simplenet_events 0.5.0 on toolchain nightly-2025-01-18
[INFO] running `Command { std: CARGO_HOME="/workspace/cargo-home" RUSTUP_HOME="/workspace/rustup-home" "/workspace/cargo-home/bin/cargo" "+nightly-2025-01-18" "metadata" "--manifest-path" "Cargo.toml" "--no-deps", kill_on_drop: false }`
[INFO] started tweaking crates.io crate bevy_simplenet_events 0.5.0
[INFO] removed 0 missing tests
[INFO] finished tweaking crates.io crate bevy_simplenet_events 0.5.0
[INFO] tweaked toml for crates.io crate bevy_simplenet_events 0.5.0 written to /workspace/builds/worker-6-tc2/source/Cargo.toml
[INFO] running `Command { std: CARGO_HOME="/workspace/cargo-home" RUSTUP_HOME="/workspace/rustup-home" "/workspace/cargo-home/bin/cargo" "+nightly-2025-01-18" "generate-lockfile" "--manifest-path" "Cargo.toml", kill_on_drop: false }`
[INFO] [stderr]     Updating crates.io index
[INFO] [stderr]      Locking 315 packages to latest compatible versions
[INFO] [stderr]       Adding bevy_cobweb v0.13.0 (available: v0.16.1)
[INFO] running `Command { std: CARGO_HOME="/workspace/cargo-home" RUSTUP_HOME="/workspace/rustup-home" "/workspace/cargo-home/bin/cargo" "+nightly-2025-01-18" "fetch" "--manifest-path" "Cargo.toml", kill_on_drop: false }`
[INFO] running `Command { std: "docker" "create" "-v" "/var/lib/crater-agent-workspace/builds/worker-6-tc2/target:/opt/rustwide/target:rw,Z" "-v" "/var/lib/crater-agent-workspace/builds/worker-6-tc2/source:/opt/rustwide/workdir:ro,Z" "-v" "/var/lib/crater-agent-workspace/cargo-home:/opt/rustwide/cargo-home:ro,Z" "-v" "/var/lib/crater-agent-workspace/rustup-home:/opt/rustwide/rustup-home:ro,Z" "-e" "SOURCE_DIR=/opt/rustwide/workdir" "-e" "CARGO_TARGET_DIR=/opt/rustwide/target" "-e" "CARGO_HOME=/opt/rustwide/cargo-home" "-e" "RUSTUP_HOME=/opt/rustwide/rustup-home" "-w" "/opt/rustwide/workdir" "-m" "1610612736" "--user" "0:0" "--network" "none" "ghcr.io/rust-lang/crates-build-env/linux@sha256:819108c5571ea2e421544af4d832f968d213c87fbe3707a016657f43d2f853bc" "/opt/rustwide/cargo-home/bin/cargo" "+nightly-2025-01-18" "metadata" "--no-deps" "--format-version=1", kill_on_drop: false }`
[INFO] [stdout] 010d19b1163601dc3891c627d01d73a74960c756254e13456e25cdbcc51ca96a
[INFO] running `Command { std: "docker" "start" "-a" "010d19b1163601dc3891c627d01d73a74960c756254e13456e25cdbcc51ca96a", kill_on_drop: false }`
[INFO] running `Command { std: "docker" "inspect" "010d19b1163601dc3891c627d01d73a74960c756254e13456e25cdbcc51ca96a", kill_on_drop: false }`
[INFO] running `Command { std: "docker" "rm" "-f" "010d19b1163601dc3891c627d01d73a74960c756254e13456e25cdbcc51ca96a", kill_on_drop: false }`
[INFO] [stdout] 010d19b1163601dc3891c627d01d73a74960c756254e13456e25cdbcc51ca96a
[INFO] running `Command { std: "docker" "create" "-v" "/var/lib/crater-agent-workspace/builds/worker-6-tc2/target:/opt/rustwide/target:rw,Z" "-v" "/var/lib/crater-agent-workspace/builds/worker-6-tc2/source:/opt/rustwide/workdir:ro,Z" "-v" "/var/lib/crater-agent-workspace/cargo-home:/opt/rustwide/cargo-home:ro,Z" "-v" "/var/lib/crater-agent-workspace/rustup-home:/opt/rustwide/rustup-home:ro,Z" "-e" "SOURCE_DIR=/opt/rustwide/workdir" "-e" "CARGO_TARGET_DIR=/opt/rustwide/target" "-e" "CARGO_INCREMENTAL=0" "-e" "RUST_BACKTRACE=full" "-e" "RUSTFLAGS=--cap-lints=forbid -Zrandomize-layout" "-e" "RUSTDOCFLAGS=--cap-lints=forbid" "-e" "CARGO_HOME=/opt/rustwide/cargo-home" "-e" "RUSTUP_HOME=/opt/rustwide/rustup-home" "-w" "/opt/rustwide/workdir" "-m" "1610612736" "--user" "0:0" "--network" "none" "ghcr.io/rust-lang/crates-build-env/linux@sha256:819108c5571ea2e421544af4d832f968d213c87fbe3707a016657f43d2f853bc" "/opt/rustwide/cargo-home/bin/cargo" "+nightly-2025-01-18" "build" "--frozen" "--message-format=json", kill_on_drop: false }`
[INFO] [stdout] 4eb219ea896fddd51cb798b72d10456de715a2662c47394c36390bf4bac9dd98
[INFO] running `Command { std: "docker" "start" "-a" "4eb219ea896fddd51cb798b72d10456de715a2662c47394c36390bf4bac9dd98", kill_on_drop: false }`
[INFO] [stderr]    Compiling proc-macro2 v1.0.93
[INFO] [stderr]    Compiling unicode-ident v1.0.14
[INFO] [stderr]    Compiling libc v0.2.169
[INFO] [stderr]    Compiling cfg-if v1.0.0
[INFO] [stderr]    Compiling autocfg v1.4.0
[INFO] [stderr]    Compiling pin-project-lite v0.2.16
[INFO] [stderr]    Compiling version_check v0.9.5
[INFO] [stderr]    Compiling futures-core v0.3.31
[INFO] [stderr]    Compiling futures-io v0.3.31
[INFO] [stderr]    Compiling once_cell v1.20.2
[INFO] [stderr]    Compiling byteorder v1.5.0
[INFO] [stderr]    Compiling serde v1.0.217
[INFO] [stderr]    Compiling log v0.4.25
[INFO] [stderr]    Compiling hashbrown v0.15.2
[INFO] [stderr]    Compiling smallvec v1.13.2
[INFO] [stderr]    Compiling equivalent v1.0.1
[INFO] [stderr]    Compiling crossbeam-utils v0.8.21
[INFO] [stderr]    Compiling crunchy v0.2.2
[INFO] [stderr]    Compiling tiny-keccak v2.0.2
[INFO] [stderr]    Compiling toml_datetime v0.6.8
[INFO] [stderr]    Compiling tracing-core v0.1.33
[INFO] [stderr]    Compiling winnow v0.6.24
[INFO] [stderr]    Compiling typeid v1.0.2
[INFO] [stderr]    Compiling fnv v1.0.7
[INFO] [stderr]    Compiling futures-sink v0.3.31
[INFO] [stderr]    Compiling stable_deref_trait v1.2.0
[INFO] [stderr]    Compiling thread_local v1.1.8
[INFO] [stderr]    Compiling typenum v1.17.0
[INFO] [stderr]    Compiling ahash v0.8.11
[INFO] [stderr]    Compiling unicode-xid v0.2.6
[INFO] [stderr]    Compiling memchr v2.7.4
[INFO] [stderr]    Compiling allocator-api2 v0.2.21
[INFO] [stderr]    Compiling bytes v1.9.0
[INFO] [stderr]    Compiling slab v0.4.9
[INFO] [stderr]    Compiling generic-array v0.14.7
[INFO] [stderr]    Compiling futures-channel v0.3.31
[INFO] [stderr]    Compiling pin-utils v0.1.0
[INFO] [stderr]    Compiling cfg_aliases v0.2.1
[INFO] [stderr]    Compiling indexmap v2.7.1
[INFO] [stderr]    Compiling itoa v1.0.14
[INFO] [stderr]    Compiling fastrand v2.3.0
[INFO] [stderr]    Compiling futures-task v0.3.31
[INFO] [stderr]    Compiling bytemuck v1.21.0
[INFO] [stderr]    Compiling parking v2.2.1
[INFO] [stderr]    Compiling futures-lite v2.6.0
[INFO] [stderr]    Compiling concurrent-queue v2.5.0
[INFO] [stderr]    Compiling nix v0.29.0
[INFO] [stderr]    Compiling bitflags v2.8.0
[INFO] [stderr]    Compiling bevy_ptr v0.15.1
[INFO] [stderr]    Compiling disqualified v1.0.0
[INFO] [stderr]    Compiling quote v1.0.38
[INFO] [stderr]    Compiling getrandom v0.2.15
[INFO] [stderr]    Compiling downcast-rs v1.2.1
[INFO] [stderr]    Compiling async-task v4.7.1
[INFO] [stderr]    Compiling litemap v0.7.4
[INFO] [stderr]    Compiling fixedbitset v0.4.2
[INFO] [stderr]    Compiling writeable v0.5.5
[INFO] [stderr]    Compiling nonmax v0.5.5
[INFO] [stderr]    Compiling fixedbitset v0.5.7
[INFO] [stderr]    Compiling http v0.2.12
[INFO] [stderr]    Compiling icu_locid_transform_data v1.5.0
[INFO] [stderr]    Compiling rustversion v1.0.19
[INFO] [stderr]    Compiling libm v0.2.11
[INFO] [stderr]    Compiling uuid v1.12.0
[INFO] [stderr]    Compiling syn v2.0.96
[INFO] [stderr]    Compiling const-random-macro v0.1.16
[INFO] [stderr]    Compiling petgraph v0.6.5
[INFO] [stderr]    Compiling cpufeatures v0.2.16
[INFO] [stderr]    Compiling httparse v1.9.5
[INFO] [stderr]    Compiling icu_properties_data v1.5.0
[INFO] [stderr]    Compiling num-traits v0.2.19
[INFO] [stderr]    Compiling async-executor v1.13.1
[INFO] [stderr]    Compiling icu_normalizer_data v1.5.0
[INFO] [stderr]    Compiling percent-encoding v2.3.1
[INFO] [stderr]    Compiling write16 v1.0.0
[INFO] [stderr]    Compiling utf8_iter v1.0.4
[INFO] [stderr]    Compiling const-random v0.1.18
[INFO] [stderr]    Compiling utf16_iter v1.0.5
[INFO] [stderr]    Compiling toml_edit v0.22.22
[INFO] [stderr]    Compiling semver v1.0.25
[INFO] [stderr]    Compiling form_urlencoded v1.2.1
[INFO] [stderr]    Compiling crossbeam-channel v0.5.14
[INFO] [stderr]    Compiling regex-syntax v0.8.5
[INFO] [stderr]    Compiling tower-service v0.3.3
[INFO] [stderr]    Compiling bevy_tasks v0.15.1
[INFO] [stderr]    Compiling regex-syntax v0.6.29
[INFO] [stderr]    Compiling either v1.13.0
[INFO] [stderr]    Compiling thiserror v1.0.69
[INFO] [stderr]    Compiling itertools v0.13.0
[INFO] [stderr]    Compiling http-body v0.4.6
[INFO] [stderr]    Compiling try-lock v0.2.5
[INFO] [stderr]    Compiling strsim v0.11.1
[INFO] [stderr]    Compiling ident_case v1.0.1
[INFO] [stderr]    Compiling lazy_static v1.5.0
[INFO] [stderr]    Compiling overload v0.1.1
[INFO] [stderr]    Compiling rustc_version v0.4.1
[INFO] [stderr]    Compiling want v0.3.1
[INFO] [stderr]    Compiling sharded-slab v0.1.7
[INFO] [stderr]    Compiling nu-ansi-term v0.46.0
[INFO] [stderr]    Compiling axum-core v0.3.4
[INFO] [stderr]    Compiling tracing-log v0.2.0
[INFO] [stderr]    Compiling mio v1.0.3
[INFO] [stderr]    Compiling socket2 v0.5.8
[INFO] [stderr]    Compiling rand_core v0.6.4
[INFO] [stderr]    Compiling crypto-common v0.1.6
[INFO] [stderr]    Compiling block-buffer v0.10.4
[INFO] [stderr]    Compiling lock_api v0.4.12
[INFO] [stderr]    Compiling data-encoding v2.7.0
[INFO] [stderr]    Compiling digest v0.10.7
[INFO] [stderr]    Compiling utf-8 v0.7.6
[INFO] [stderr]    Compiling ryu v1.0.18
[INFO] [stderr]    Compiling sha1 v0.10.6
[INFO] [stderr]    Compiling serde_json v1.0.137
[INFO] [stderr]    Compiling httpdate v1.0.3
[INFO] [stderr]    Compiling tower-layer v0.3.3
[INFO] [stderr]    Compiling parking_lot_core v0.8.6
[INFO] [stderr]    Compiling syn v1.0.109
[INFO] [stderr]    Compiling curve25519-dalek v4.1.3
[INFO] [stderr]    Compiling axum v0.6.20
[INFO] [stderr]    Compiling crossbeam-epoch v0.9.18
[INFO] [stderr]    Compiling instant v0.1.13
[INFO] [stderr]    Compiling mime v0.3.17
[INFO] [stderr]    Compiling const-fnv1a-hash v1.1.0
[INFO] [stderr]    Compiling scopeguard v1.2.0
[INFO] [stderr]    Compiling crossbeam-queue v0.3.12
[INFO] [stderr]    Compiling subtle v2.6.1
[INFO] [stderr]    Compiling crossbeam-deque v0.8.6
[INFO] [stderr]    Compiling matchit v0.7.3
[INFO] [stderr]    Compiling sync_wrapper v0.1.2
[INFO] [stderr]    Compiling zeroize v1.8.1
[INFO] [stderr]    Compiling signature v2.2.0
[INFO] [stderr]    Compiling bitflags v1.3.2
[INFO] [stderr]    Compiling event-listener v2.5.3
[INFO] [stderr]    Compiling crossbeam v0.8.4
[INFO] [stderr]    Compiling ed25519 v2.2.3
[INFO] [stderr]    Compiling parking_lot v0.11.2
[INFO] [stderr]    Compiling sha2 v0.10.8
[INFO] [stderr]    Compiling sha-1 v0.10.1
[INFO] [stderr]    Compiling async-channel v1.9.0
[INFO] [stderr]    Compiling base64 v0.21.7
[INFO] [stderr]    Compiling fxhash v0.2.1
[INFO] [stderr]    Compiling ctrlc v3.4.5
[INFO] [stderr]    Compiling regex-automata v0.4.9
[INFO] [stderr]    Compiling regex-automata v0.1.10
[INFO] [stderr]    Compiling matchers v0.1.0
[INFO] [stderr]    Compiling regex v1.11.1
[INFO] [stderr]    Compiling atomic_enum v0.2.0
[INFO] [stderr]    Compiling synstructure v0.13.1
[INFO] [stderr]    Compiling bevy_macro_utils v0.15.1
[INFO] [stderr]    Compiling darling_core v0.20.10
[INFO] [stderr]    Compiling zerocopy-derive v0.7.35
[INFO] [stderr]    Compiling serde_derive v1.0.217
[INFO] [stderr]    Compiling tracing-attributes v0.1.28
[INFO] [stderr]    Compiling zerovec-derive v0.10.3
[INFO] [stderr]    Compiling futures-macro v0.3.31
[INFO] [stderr]    Compiling derive_more-impl v1.0.0
[INFO] [stderr]    Compiling bevy_utils_proc_macros v0.15.1
[INFO] [stderr]    Compiling displaydoc v0.2.5
[INFO] [stderr]    Compiling assert_type_match v0.1.1
[INFO] [stderr]    Compiling bevy_reflect_derive v0.15.1
[INFO] [stderr]    Compiling icu_provider_macros v1.5.0
[INFO] [stderr]    Compiling tokio-macros v2.5.0
[INFO] [stderr]    Compiling bevy_ecs_macros v0.15.1
[INFO] [stderr]    Compiling bevy_derive v0.15.1
[INFO] [stderr]    Compiling zerofrom-derive v0.1.5
[INFO] [stderr]    Compiling yoke-derive v0.7.5
[INFO] [stderr]    Compiling thiserror-impl v1.0.69
[INFO] [stderr]    Compiling pin-project-internal v1.1.8
[INFO] [stderr]    Compiling zerocopy v0.7.35
[INFO] [stderr]    Compiling futures-util v0.3.31
[INFO] [stderr]    Compiling tokio v1.43.0
[INFO] [stderr]    Compiling async-trait v0.1.85
[INFO] [stderr]    Compiling curve25519-dalek-derive v0.1.1
[INFO] [stderr]    Compiling bevy_cobweb_derive v0.1.0
[INFO] [stderr]    Compiling ppv-lite86 v0.2.20
[INFO] [stderr]    Compiling bevy_simplenet_events_derive v0.1.0
[INFO] [stderr]    Compiling tracing v0.1.41
[INFO] [stderr]    Compiling zerofrom v0.1.5
[INFO] [stderr]    Compiling tracing-subscriber v0.3.19
[INFO] [stderr]    Compiling rand_chacha v0.3.1
[INFO] [stderr]    Compiling pin-project v1.1.8
[INFO] [stderr]    Compiling yoke v0.7.5
[INFO] [stderr]    Compiling rand v0.8.5
[INFO] [stderr]    Compiling zerovec v0.10.4
[INFO] [stderr]    Compiling darling_macro v0.20.10
[INFO] [stderr]    Compiling darling v0.20.10
[INFO] [stderr]    Compiling serde_with_macros v3.12.0
[INFO] [stderr]    Compiling rand_distr v0.4.3
[INFO] [stderr]    Compiling derive_more v1.0.0
[INFO] [stderr]    Compiling ed25519-dalek v2.1.1
[INFO] [stderr]    Compiling tinystr v0.7.6
[INFO] [stderr]    Compiling icu_collections v1.5.0
[INFO] [stderr]    Compiling icu_locid v1.5.0
[INFO] [stderr]    Compiling icu_provider v1.5.0
[INFO] [stderr]    Compiling futures-executor v0.3.31
[INFO] [stderr]    Compiling futures v0.3.31
[INFO] [stderr]    Compiling wasm-timer v0.2.5
[INFO] [stderr]    Compiling icu_locid_transform v1.5.0
[INFO] [stderr]    Compiling tokio-util v0.7.13
[INFO] [stderr]    Compiling tower v0.4.13
[INFO] [stderr]    Compiling enfync v0.1.6
[INFO] [stderr]    Compiling icu_properties v1.5.1
[INFO] [stderr]    Compiling h2 v0.3.26
[INFO] [stderr]    Compiling hashbrown v0.14.5
[INFO] [stderr]    Compiling glam v0.29.2
[INFO] [stderr]    Compiling smol_str v0.2.2
[INFO] [stderr]    Compiling erased-serde v0.4.5
[INFO] [stderr]    Compiling serde_path_to_error v0.1.16
[INFO] [stderr]    Compiling serde_urlencoded v0.7.1
[INFO] [stderr]    Compiling bincode v1.3.3
[INFO] [stderr]    Compiling serde_with v3.12.0
[INFO] [stderr]    Compiling bevy_utils v0.15.1
[INFO] [stderr]    Compiling icu_normalizer v1.5.0
[INFO] [stderr]    Compiling idna_adapter v1.2.0
[INFO] [stderr]    Compiling idna v1.0.3
[INFO] [stderr]    Compiling url v2.5.4
[INFO] [stderr]    Compiling tungstenite v0.20.1
[INFO] [stderr]    Compiling hyper v0.14.32
[INFO] [stderr]    Compiling tokio-tungstenite v0.20.1
[INFO] [stderr]    Compiling tokio-tungstenite-wasm v0.2.1
[INFO] [stderr]    Compiling bevy_reflect v0.15.1
[INFO] [stderr]    Compiling axum-server v0.5.1
[INFO] [stderr]    Compiling ezsockets v0.6.4
[INFO] [stderr]    Compiling bevy_ecs v0.15.1
[INFO] [stderr]    Compiling bevy_math v0.15.1
[INFO] [stderr]    Compiling bevy_simplenet v0.14.2
[INFO] [stderr]    Compiling bevy_app v0.15.1
[INFO] [stderr]    Compiling bevy_core v0.15.1
[INFO] [stderr]    Compiling bevy_time v0.15.1
[INFO] [stderr]    Compiling bevy_log v0.15.1
[INFO] [stderr]    Compiling bevy_hierarchy v0.15.1
[INFO] [stderr]    Compiling bevy_input v0.15.1
[INFO] [stderr]    Compiling bevy_diagnostic v0.15.1
[INFO] [stderr]    Compiling bevy_transform v0.15.1
[INFO] [stderr]    Compiling bevy_internal v0.15.1
[INFO] [stderr]    Compiling bevy v0.15.1
[INFO] [stderr]    Compiling bevy_cobweb v0.13.0
[INFO] [stderr]    Compiling bevy_simplenet_events v0.5.0 (/opt/rustwide/workdir)
[INFO] [stderr]     Finished `dev` profile [unoptimized + debuginfo] target(s) in 2m 08s
[INFO] running `Command { std: "docker" "inspect" "4eb219ea896fddd51cb798b72d10456de715a2662c47394c36390bf4bac9dd98", kill_on_drop: false }`
[INFO] running `Command { std: "docker" "rm" "-f" "4eb219ea896fddd51cb798b72d10456de715a2662c47394c36390bf4bac9dd98", kill_on_drop: false }`
[INFO] [stdout] 4eb219ea896fddd51cb798b72d10456de715a2662c47394c36390bf4bac9dd98
[INFO] running `Command { std: "docker" "create" "-v" "/var/lib/crater-agent-workspace/builds/worker-6-tc2/target:/opt/rustwide/target:rw,Z" "-v" "/var/lib/crater-agent-workspace/builds/worker-6-tc2/source:/opt/rustwide/workdir:ro,Z" "-v" "/var/lib/crater-agent-workspace/cargo-home:/opt/rustwide/cargo-home:ro,Z" "-v" "/var/lib/crater-agent-workspace/rustup-home:/opt/rustwide/rustup-home:ro,Z" "-e" "SOURCE_DIR=/opt/rustwide/workdir" "-e" "CARGO_TARGET_DIR=/opt/rustwide/target" "-e" "CARGO_INCREMENTAL=0" "-e" "RUST_BACKTRACE=full" "-e" "RUSTFLAGS=--cap-lints=forbid -Zrandomize-layout" "-e" "RUSTDOCFLAGS=--cap-lints=forbid" "-e" "CARGO_HOME=/opt/rustwide/cargo-home" "-e" "RUSTUP_HOME=/opt/rustwide/rustup-home" "-w" "/opt/rustwide/workdir" "-m" "1610612736" "--user" "0:0" "--network" "none" "ghcr.io/rust-lang/crates-build-env/linux@sha256:819108c5571ea2e421544af4d832f968d213c87fbe3707a016657f43d2f853bc" "/opt/rustwide/cargo-home/bin/cargo" "+nightly-2025-01-18" "test" "--frozen" "--no-run" "--message-format=json", kill_on_drop: false }`
[INFO] [stdout] 2898ca1c59b1067a2189706a6e6ca562617cdaaff3d24aa2ca5ac81a2cce7b78
[INFO] running `Command { std: "docker" "start" "-a" "2898ca1c59b1067a2189706a6e6ca562617cdaaff3d24aa2ca5ac81a2cce7b78", kill_on_drop: false }`
[INFO] [stderr]    Compiling bevy_simplenet_events v0.5.0 (/opt/rustwide/workdir)
[INFO] [stderr]     Finished `test` profile [unoptimized + debuginfo] target(s) in 14.67s
[INFO] running `Command { std: "docker" "inspect" "2898ca1c59b1067a2189706a6e6ca562617cdaaff3d24aa2ca5ac81a2cce7b78", kill_on_drop: false }`
[INFO] running `Command { std: "docker" "rm" "-f" "2898ca1c59b1067a2189706a6e6ca562617cdaaff3d24aa2ca5ac81a2cce7b78", kill_on_drop: false }`
[INFO] [stdout] 2898ca1c59b1067a2189706a6e6ca562617cdaaff3d24aa2ca5ac81a2cce7b78
[INFO] running `Command { std: "docker" "create" "-v" "/var/lib/crater-agent-workspace/builds/worker-6-tc2/target:/opt/rustwide/target:rw,Z" "-v" "/var/lib/crater-agent-workspace/builds/worker-6-tc2/source:/opt/rustwide/workdir:ro,Z" "-v" "/var/lib/crater-agent-workspace/cargo-home:/opt/rustwide/cargo-home:ro,Z" "-v" "/var/lib/crater-agent-workspace/rustup-home:/opt/rustwide/rustup-home:ro,Z" "-e" "SOURCE_DIR=/opt/rustwide/workdir" "-e" "CARGO_TARGET_DIR=/opt/rustwide/target" "-e" "CARGO_INCREMENTAL=0" "-e" "RUST_BACKTRACE=full" "-e" "RUSTFLAGS=--cap-lints=forbid -Zrandomize-layout" "-e" "RUSTDOCFLAGS=--cap-lints=forbid" "-e" "CARGO_HOME=/opt/rustwide/cargo-home" "-e" "RUSTUP_HOME=/opt/rustwide/rustup-home" "-w" "/opt/rustwide/workdir" "-m" "1610612736" "--user" "0:0" "--network" "none" "ghcr.io/rust-lang/crates-build-env/linux@sha256:819108c5571ea2e421544af4d832f968d213c87fbe3707a016657f43d2f853bc" "/opt/rustwide/cargo-home/bin/cargo" "+nightly-2025-01-18" "test" "--frozen", kill_on_drop: false }`
[INFO] [stdout] c1d7e80015bdaa0660a8555a2e1fa02224ebe685d42b1ad9c9664a63d1cd0aa7
[INFO] running `Command { std: "docker" "start" "-a" "c1d7e80015bdaa0660a8555a2e1fa02224ebe685d42b1ad9c9664a63d1cd0aa7", kill_on_drop: false }`
[INFO] [stderr]     Finished `test` profile [unoptimized + debuginfo] target(s) in 0.32s
[INFO] [stderr]      Running tests/test/mod.rs (/opt/rustwide/target/debug/deps/tests-16ded4757f7ffba9)
[INFO] [stdout] 
[INFO] [stdout] running 11 tests
[INFO] [stdout] test tests::client_connection ... ok
[INFO] [stdout] test tests::client_server_shared_app ... ok
[INFO] [stdout] test tests::server_send_blocked_until_read_connect ... ok
[INFO] [stdout] test tests::server_multisystem_reader ... ok
[INFO] [stdout] test tests::client_multisystem_reader ... ok
[INFO] [stdout] test tests::client_request ... ok
[INFO] [stdout] test tests::client_request_acked_rejected ... ok
[INFO] [stdout] test tests::client_drops_old_server_msg ... ok
[INFO] [stdout] test tests::client_send_blocked_until_read_connect ... FAILED
[INFO] [stdout] test tests::server_drops_old_client_msg ... ok
[INFO] [stdout] test tests::client_loses_old_server_response ... ok
[INFO] [stdout] 
[INFO] [stdout] failures:
[INFO] [stdout] 
[INFO] [stdout] ---- tests::client_send_blocked_until_read_connect stdout ----
[INFO] [stdout] 
[INFO] [stdout] thread 'tests::client_send_blocked_until_read_connect' panicked at tests/test/tests.rs:833:5:
[INFO] [stdout] assertion `left == right` failed
[INFO] [stdout]   left: 0
[INFO] [stdout]  right: 1
[INFO] [stdout] stack backtrace:
[INFO] [stdout]    0:     0x5e85500b4c2a - std::backtrace_rs::backtrace::libunwind::trace::hb059275cfc8d6126
[INFO] [stdout]                                at /rustc/6067b36314ab5eb2eb47cecc464545ba58e1ad24/library/std/src/../../backtrace/src/backtrace/libunwind.rs:116:5
[INFO] [stdout]    1:     0x5e85500b4c2a - std::backtrace_rs::backtrace::trace_unsynchronized::h2da071e4327ce3ee
[INFO] [stdout]                                at /rustc/6067b36314ab5eb2eb47cecc464545ba58e1ad24/library/std/src/../../backtrace/src/backtrace/mod.rs:66:5
[INFO] [stdout]    2:     0x5e85500b4c2a - std::sys::backtrace::_print_fmt::h842a1474e6f8d23f
[INFO] [stdout]                                at /rustc/6067b36314ab5eb2eb47cecc464545ba58e1ad24/library/std/src/sys/backtrace.rs:66:9
[INFO] [stdout]    3:     0x5e85500b4c2a - <std::sys::backtrace::BacktraceLock::print::DisplayBacktrace as core::fmt::Display>::fmt::h71a62eb3b9696b12
[INFO] [stdout]                                at /rustc/6067b36314ab5eb2eb47cecc464545ba58e1ad24/library/std/src/sys/backtrace.rs:39:26
[INFO] [stdout]    4:     0x5e85500e10c3 - core::fmt::rt::Argument::fmt::hdb6b616786b41dc1
[INFO] [stdout]                                at /rustc/6067b36314ab5eb2eb47cecc464545ba58e1ad24/library/core/src/fmt/rt.rs:177:76
[INFO] [stdout]    5:     0x5e85500e10c3 - core::fmt::write::h2cc1698af7e2d686
[INFO] [stdout]                                at /rustc/6067b36314ab5eb2eb47cecc464545ba58e1ad24/library/core/src/fmt/mod.rs:1440:21
[INFO] [stdout]    6:     0x5e85500b0e83 - std::io::Write::write_fmt::hab1b4cd059a79022
[INFO] [stdout]                                at /rustc/6067b36314ab5eb2eb47cecc464545ba58e1ad24/library/std/src/io/mod.rs:1887:15
[INFO] [stdout]    7:     0x5e85500b4a72 - std::sys::backtrace::BacktraceLock::print::h147fe35b4ea13b08
[INFO] [stdout]                                at /rustc/6067b36314ab5eb2eb47cecc464545ba58e1ad24/library/std/src/sys/backtrace.rs:42:9
[INFO] [stdout]    8:     0x5e85500b604f - std::panicking::default_hook::{{closure}}::hbd44223dbdc0d208
[INFO] [stdout]                                at /rustc/6067b36314ab5eb2eb47cecc464545ba58e1ad24/library/std/src/panicking.rs:298:22
[INFO] [stdout]    9:     0x5e85500b5e68 - std::panicking::default_hook::h20f81eb0576efcec
[INFO] [stdout]                                at /rustc/6067b36314ab5eb2eb47cecc464545ba58e1ad24/library/std/src/panicking.rs:322:9
[INFO] [stdout]   10:     0x5e854fb1a663 - <alloc::boxed::Box<F,A> as core::ops::function::Fn<Args>>::call::hdb53814c496a4d34
[INFO] [stdout]                                at /rustc/6067b36314ab5eb2eb47cecc464545ba58e1ad24/library/alloc/src/boxed.rs:2027:9
[INFO] [stdout]   11:     0x5e854fb1a663 - test::test_main::{{closure}}::hc0a4963c59427c24
[INFO] [stdout]                                at /rustc/6067b36314ab5eb2eb47cecc464545ba58e1ad24/library/test/src/lib.rs:134:21
[INFO] [stdout]   12:     0x5e85500b6b43 - <alloc::boxed::Box<F,A> as core::ops::function::Fn<Args>>::call::h591b2225413a77e9
[INFO] [stdout]                                at /rustc/6067b36314ab5eb2eb47cecc464545ba58e1ad24/library/alloc/src/boxed.rs:2027:9
[INFO] [stdout]   13:     0x5e85500b6b43 - std::panicking::rust_panic_with_hook::h625eea43051b2edc
[INFO] [stdout]                                at /rustc/6067b36314ab5eb2eb47cecc464545ba58e1ad24/library/std/src/panicking.rs:839:13
[INFO] [stdout]   14:     0x5e85500b67fa - std::panicking::begin_panic_handler::{{closure}}::h4f9159cfbc3f6bd3
[INFO] [stdout]                                at /rustc/6067b36314ab5eb2eb47cecc464545ba58e1ad24/library/std/src/panicking.rs:704:13
[INFO] [stdout]   15:     0x5e85500b5129 - std::sys::backtrace::__rust_end_short_backtrace::h0390abce48353151
[INFO] [stdout]                                at /rustc/6067b36314ab5eb2eb47cecc464545ba58e1ad24/library/std/src/sys/backtrace.rs:168:18
[INFO] [stdout]   16:     0x5e85500b648d - rust_begin_unwind
[INFO] [stdout]                                at /rustc/6067b36314ab5eb2eb47cecc464545ba58e1ad24/library/std/src/panicking.rs:695:5
[INFO] [stdout]   17:     0x5e85500ddf50 - core::panicking::panic_fmt::h9e7c637e9e5f29c9
[INFO] [stdout]                                at /rustc/6067b36314ab5eb2eb47cecc464545ba58e1ad24/library/core/src/panicking.rs:75:14
[INFO] [stdout]   18:     0x5e85500de3a3 - core::panicking::assert_failed_inner::h538bec7c1374cd9c
[INFO] [stdout]   19:     0x5e85500de25a - core::panicking::assert_failed::h7fe8c93d80615b71
[INFO] [stdout]                                at /rustc/6067b36314ab5eb2eb47cecc464545ba58e1ad24/library/core/src/panicking.rs:364:5
[INFO] [stdout]   20:     0x5e854f71ec27 - tests::tests::client_send_blocked_until_read_connect::h754117450c70dd75
[INFO] [stdout]                                at /opt/rustwide/workdir/tests/test/tests.rs:833:5
[INFO] [stdout]   21:     0x5e854f71e8d7 - tests::tests::client_send_blocked_until_read_connect::{{closure}}::h7b7938c1f0ecbb39
[INFO] [stdout]                                at /opt/rustwide/workdir/tests/test/tests.rs:813:44
[INFO] [stdout]   22:     0x5e854faa3b86 - core::ops::function::FnOnce::call_once::h1ab80028d2239d4f
[INFO] [stdout]                                at /rustc/6067b36314ab5eb2eb47cecc464545ba58e1ad24/library/core/src/ops/function.rs:250:5
[INFO] [stdout]   23:     0x5e854fb1fdbb - core::ops::function::FnOnce::call_once::he27718dfdd183f43
[INFO] [stdout]                                at /rustc/6067b36314ab5eb2eb47cecc464545ba58e1ad24/library/core/src/ops/function.rs:250:5
[INFO] [stdout]   24:     0x5e854fb1fdbb - test::__rust_begin_short_backtrace::h4e84902998457a5d
[INFO] [stdout]                                at /rustc/6067b36314ab5eb2eb47cecc464545ba58e1ad24/library/test/src/lib.rs:632:18
[INFO] [stdout]   25:     0x5e854fb1ecf3 - test::run_test_in_process::{{closure}}::h7176fd18fc1feca0
[INFO] [stdout]                                at /rustc/6067b36314ab5eb2eb47cecc464545ba58e1ad24/library/test/src/lib.rs:655:60
[INFO] [stdout]   26:     0x5e854fb1ecf3 - <core::panic::unwind_safe::AssertUnwindSafe<F> as core::ops::function::FnOnce<()>>::call_once::hf79cff2a624d8cf7
[INFO] [stdout]                                at /rustc/6067b36314ab5eb2eb47cecc464545ba58e1ad24/library/core/src/panic/unwind_safe.rs:272:9
[INFO] [stdout]   27:     0x5e854fb1ecf3 - std::panicking::try::do_call::h3da0561d9ab99c25
[INFO] [stdout]                                at /rustc/6067b36314ab5eb2eb47cecc464545ba58e1ad24/library/std/src/panicking.rs:587:40
[INFO] [stdout]   28:     0x5e854fb1ecf3 - std::panicking::try::h41c9fa508bc61df6
[INFO] [stdout]                                at /rustc/6067b36314ab5eb2eb47cecc464545ba58e1ad24/library/std/src/panicking.rs:550:19
[INFO] [stdout]   29:     0x5e854fb1ecf3 - std::panic::catch_unwind::h6b3ff07bb5afad93
[INFO] [stdout]                                at /rustc/6067b36314ab5eb2eb47cecc464545ba58e1ad24/library/std/src/panic.rs:358:14
[INFO] [stdout]   30:     0x5e854fb1ecf3 - test::run_test_in_process::hc7253dd11b39b9f4
[INFO] [stdout]                                at /rustc/6067b36314ab5eb2eb47cecc464545ba58e1ad24/library/test/src/lib.rs:655:27
[INFO] [stdout]   31:     0x5e854fb1ecf3 - test::run_test::{{closure}}::hfb2007f8649c30bb
[INFO] [stdout]                                at /rustc/6067b36314ab5eb2eb47cecc464545ba58e1ad24/library/test/src/lib.rs:576:43
[INFO] [stdout]   32:     0x5e854fae1dd5 - test::run_test::{{closure}}::h56a17aa7a282a9f4
[INFO] [stdout]                                at /rustc/6067b36314ab5eb2eb47cecc464545ba58e1ad24/library/test/src/lib.rs:606:41
[INFO] [stdout]   33:     0x5e854fae1dd5 - std::sys::backtrace::__rust_begin_short_backtrace::hd2d2d2fb8e8c6aac
[INFO] [stdout]                                at /rustc/6067b36314ab5eb2eb47cecc464545ba58e1ad24/library/std/src/sys/backtrace.rs:152:18
[INFO] [stdout]   34:     0x5e854fae56ba - std::thread::Builder::spawn_unchecked_::{{closure}}::{{closure}}::h4faa3f9db6133423
[INFO] [stdout]                                at /rustc/6067b36314ab5eb2eb47cecc464545ba58e1ad24/library/std/src/thread/mod.rs:559:17
[INFO] [stdout]   35:     0x5e854fae56ba - <core::panic::unwind_safe::AssertUnwindSafe<F> as core::ops::function::FnOnce<()>>::call_once::hf2e855a36a4ea846
[INFO] [stdout]                                at /rustc/6067b36314ab5eb2eb47cecc464545ba58e1ad24/library/core/src/panic/unwind_safe.rs:272:9
[INFO] [stdout]   36:     0x5e854fae56ba - std::panicking::try::do_call::h2f73af3616c35465
[INFO] [stdout]                                at /rustc/6067b36314ab5eb2eb47cecc464545ba58e1ad24/library/std/src/panicking.rs:587:40
[INFO] [stdout]   37:     0x5e854fae56ba - std::panicking::try::hd1660ce9efadef5a
[INFO] [stdout]                                at /rustc/6067b36314ab5eb2eb47cecc464545ba58e1ad24/library/std/src/panicking.rs:550:19
[INFO] [stdout]   38:     0x5e854fae56ba - std::panic::catch_unwind::h5ee8d7823b8ca744
[INFO] [stdout]                                at /rustc/6067b36314ab5eb2eb47cecc464545ba58e1ad24/library/std/src/panic.rs:358:14
[INFO] [stdout]   39:     0x5e854fae56ba - std::thread::Builder::spawn_unchecked_::{{closure}}::h53c3a1894dce8407
[INFO] [stdout]                                at /rustc/6067b36314ab5eb2eb47cecc464545ba58e1ad24/library/std/src/thread/mod.rs:557:30
[INFO] [stdout]   40:     0x5e854fae56ba - core::ops::function::FnOnce::call_once{{vtable.shim}}::h048ce291ad4f62bf
[INFO] [stdout]                                at /rustc/6067b36314ab5eb2eb47cecc464545ba58e1ad24/library/core/src/ops/function.rs:250:5
[INFO] [stdout]   41:     0x5e85500babdb - <alloc::boxed::Box<F,A> as core::ops::function::FnOnce<Args>>::call_once::ha52bedf99a3b4981
[INFO] [stdout]                                at /rustc/6067b36314ab5eb2eb47cecc464545ba58e1ad24/library/alloc/src/boxed.rs:2013:9
[INFO] [stdout]   42:     0x5e85500babdb - <alloc::boxed::Box<F,A> as core::ops::function::FnOnce<Args>>::call_once::h567748934d80ccf8
[INFO] [stdout]                                at /rustc/6067b36314ab5eb2eb47cecc464545ba58e1ad24/library/alloc/src/boxed.rs:2013:9
[INFO] [stdout]   43:     0x5e85500babdb - std::sys::pal::unix::thread::Thread::new::thread_start::h2d970728ae887adc
[INFO] [stdout]                                at /rustc/6067b36314ab5eb2eb47cecc464545ba58e1ad24/library/std/src/sys/pal/unix/thread.rs:106:17
[INFO] [stdout]   44:     0x716afc54aac3 - <unknown>
[INFO] [stdout]   45:     0x716afc5dba04 - clone
[INFO] [stdout]   46:                0x0 - <unknown>
[INFO] [stdout] 
[INFO] [stdout] 
[INFO] [stdout] failures:
[INFO] [stdout]     tests::client_send_blocked_until_read_connect
[INFO] [stdout] 
[INFO] [stdout] test result: FAILED. 10 passed; 1 failed; 0 ignored; 0 measured; 0 filtered out; finished in 0.39s
[INFO] [stdout] 
[INFO] [stderr] error: test failed, to rerun pass `--test tests`
[INFO] running `Command { std: "docker" "inspect" "c1d7e80015bdaa0660a8555a2e1fa02224ebe685d42b1ad9c9664a63d1cd0aa7", kill_on_drop: false }`
[INFO] running `Command { std: "docker" "rm" "-f" "c1d7e80015bdaa0660a8555a2e1fa02224ebe685d42b1ad9c9664a63d1cd0aa7", kill_on_drop: false }`
[INFO] [stdout] c1d7e80015bdaa0660a8555a2e1fa02224ebe685d42b1ad9c9664a63d1cd0aa7
