[INFO] fetching crate bazbandilo 0.1.7...
[INFO] testing bazbandilo-0.1.7 against nightly-2025-01-18+rustflags=-Zrandomize-layout for randomize-layout-2
[INFO] extracting crate bazbandilo 0.1.7 into /workspace/builds/worker-5-tc2/source
[INFO] validating manifest of crates.io crate bazbandilo 0.1.7 on toolchain nightly-2025-01-18
[INFO] running `Command { std: CARGO_HOME="/workspace/cargo-home" RUSTUP_HOME="/workspace/rustup-home" "/workspace/cargo-home/bin/cargo" "+nightly-2025-01-18" "metadata" "--manifest-path" "Cargo.toml" "--no-deps", kill_on_drop: false }`
[INFO] started tweaking crates.io crate bazbandilo 0.1.7
[INFO] removed 0 missing tests
[INFO] finished tweaking crates.io crate bazbandilo 0.1.7
[INFO] tweaked toml for crates.io crate bazbandilo 0.1.7 written to /workspace/builds/worker-5-tc2/source/Cargo.toml
[INFO] running `Command { std: CARGO_HOME="/workspace/cargo-home" RUSTUP_HOME="/workspace/rustup-home" "/workspace/cargo-home/bin/cargo" "+nightly-2025-01-18" "generate-lockfile" "--manifest-path" "Cargo.toml", kill_on_drop: false }`
[INFO] [stderr]     Updating crates.io index
[INFO] [stderr]      Locking 134 packages to latest compatible versions
[INFO] [stderr]       Adding convert_case v0.6.0 (available: v0.7.1)
[INFO] [stderr]       Adding itertools v0.13.0 (available: v0.14.0)
[INFO] [stderr]       Adding rstest v0.23.0 (available: v0.24.0)
[INFO] running `Command { std: CARGO_HOME="/workspace/cargo-home" RUSTUP_HOME="/workspace/rustup-home" "/workspace/cargo-home/bin/cargo" "+nightly-2025-01-18" "fetch" "--manifest-path" "Cargo.toml", kill_on_drop: false }`
[INFO] running `Command { std: "docker" "create" "-v" "/var/lib/crater-agent-workspace/builds/worker-5-tc2/target:/opt/rustwide/target:rw,Z" "-v" "/var/lib/crater-agent-workspace/builds/worker-5-tc2/source:/opt/rustwide/workdir:ro,Z" "-v" "/var/lib/crater-agent-workspace/cargo-home:/opt/rustwide/cargo-home:ro,Z" "-v" "/var/lib/crater-agent-workspace/rustup-home:/opt/rustwide/rustup-home:ro,Z" "-e" "SOURCE_DIR=/opt/rustwide/workdir" "-e" "CARGO_TARGET_DIR=/opt/rustwide/target" "-e" "CARGO_HOME=/opt/rustwide/cargo-home" "-e" "RUSTUP_HOME=/opt/rustwide/rustup-home" "-w" "/opt/rustwide/workdir" "-m" "1610612736" "--user" "0:0" "--network" "none" "ghcr.io/rust-lang/crates-build-env/linux@sha256:819108c5571ea2e421544af4d832f968d213c87fbe3707a016657f43d2f853bc" "/opt/rustwide/cargo-home/bin/cargo" "+nightly-2025-01-18" "metadata" "--no-deps" "--format-version=1", kill_on_drop: false }`
[INFO] [stdout] a616513d3f81a8dd025ce734bfbbf2d78a8fd06e0863c2efea8729e3d3a769a7
[INFO] running `Command { std: "docker" "start" "-a" "a616513d3f81a8dd025ce734bfbbf2d78a8fd06e0863c2efea8729e3d3a769a7", kill_on_drop: false }`
[INFO] running `Command { std: "docker" "inspect" "a616513d3f81a8dd025ce734bfbbf2d78a8fd06e0863c2efea8729e3d3a769a7", kill_on_drop: false }`
[INFO] running `Command { std: "docker" "rm" "-f" "a616513d3f81a8dd025ce734bfbbf2d78a8fd06e0863c2efea8729e3d3a769a7", kill_on_drop: false }`
[INFO] [stdout] a616513d3f81a8dd025ce734bfbbf2d78a8fd06e0863c2efea8729e3d3a769a7
[INFO] running `Command { std: "docker" "create" "-v" "/var/lib/crater-agent-workspace/builds/worker-5-tc2/target:/opt/rustwide/target:rw,Z" "-v" "/var/lib/crater-agent-workspace/builds/worker-5-tc2/source:/opt/rustwide/workdir:ro,Z" "-v" "/var/lib/crater-agent-workspace/cargo-home:/opt/rustwide/cargo-home:ro,Z" "-v" "/var/lib/crater-agent-workspace/rustup-home:/opt/rustwide/rustup-home:ro,Z" "-e" "SOURCE_DIR=/opt/rustwide/workdir" "-e" "CARGO_TARGET_DIR=/opt/rustwide/target" "-e" "CARGO_INCREMENTAL=0" "-e" "RUST_BACKTRACE=full" "-e" "RUSTFLAGS=--cap-lints=forbid -Zrandomize-layout" "-e" "RUSTDOCFLAGS=--cap-lints=forbid" "-e" "CARGO_HOME=/opt/rustwide/cargo-home" "-e" "RUSTUP_HOME=/opt/rustwide/rustup-home" "-w" "/opt/rustwide/workdir" "-m" "1610612736" "--user" "0:0" "--network" "none" "ghcr.io/rust-lang/crates-build-env/linux@sha256:819108c5571ea2e421544af4d832f968d213c87fbe3707a016657f43d2f853bc" "/opt/rustwide/cargo-home/bin/cargo" "+nightly-2025-01-18" "build" "--frozen" "--message-format=json", kill_on_drop: false }`
[INFO] [stdout] dbe80017c352dff6d75052819fc4a3f33254e532d90295fcf23b619bfd6ea5fd
[INFO] running `Command { std: "docker" "start" "-a" "dbe80017c352dff6d75052819fc4a3f33254e532d90295fcf23b619bfd6ea5fd", kill_on_drop: false }`
[INFO] [stderr]    Compiling autocfg v1.4.0
[INFO] [stderr]    Compiling libm v0.2.11
[INFO] [stderr]    Compiling target-lexicon v0.12.16
[INFO] [stderr]    Compiling proc-macro2 v1.0.93
[INFO] [stderr]    Compiling unicode-ident v1.0.14
[INFO] [stderr]    Compiling once_cell v1.20.2
[INFO] [stderr]    Compiling paste v1.0.15
[INFO] [stderr]    Compiling crossbeam-deque v0.8.6
[INFO] [stderr]    Compiling either v1.13.0
[INFO] [stderr]    Compiling version_check v0.9.5
[INFO] [stderr]    Compiling rayon-core v1.12.1
[INFO] [stderr]    Compiling rawpointer v0.2.1
[INFO] [stderr]    Compiling num-traits v0.2.19
[INFO] [stderr]    Compiling matrixmultiply v0.3.9
[INFO] [stderr]    Compiling rustfft v6.2.0
[INFO] [stderr]    Compiling byteorder v1.5.0
[INFO] [stderr]    Compiling memoffset v0.9.1
[INFO] [stderr]    Compiling getrandom v0.2.15
[INFO] [stderr]    Compiling pyo3-build-config v0.23.4
[INFO] [stderr]    Compiling rand_core v0.6.4
[INFO] [stderr]    Compiling quote v1.0.38
[INFO] [stderr]    Compiling rayon v1.10.0
[INFO] [stderr]    Compiling syn v2.0.96
[INFO] [stderr]    Compiling itertools v0.13.0
[INFO] [stderr]    Compiling bazbandilo v0.1.7 (/opt/rustwide/workdir)
[INFO] [stderr]    Compiling rustc-hash v2.1.0
[INFO] [stderr]    Compiling assert_approx_eq v1.1.0
[INFO] [stderr]    Compiling reed-solomon v0.2.1
[INFO] [stderr]    Compiling num-integer v0.1.46
[INFO] [stderr]    Compiling num-complex v0.4.6
[INFO] [stderr]    Compiling approx v0.5.1
[INFO] [stderr]    Compiling gaussfilt v0.1.3
[INFO] [stderr]    Compiling num-bigint v0.4.6
[INFO] [stderr]    Compiling primal-check v0.3.4
[INFO] [stderr]    Compiling pyo3-macros-backend v0.23.4
[INFO] [stderr]    Compiling pyo3-ffi v0.23.4
[INFO] [stderr]    Compiling simba v0.9.0
[INFO] [stderr]    Compiling transpose v0.2.3
[INFO] [stderr]    Compiling pyo3 v0.23.4
[INFO] [stderr]    Compiling num-iter v0.1.45
[INFO] [stderr]    Compiling ndarray v0.16.1
[INFO] [stderr]    Compiling num-rational v0.4.2
[INFO] [stderr]    Compiling num v0.4.3
[INFO] [stderr]    Compiling zerocopy-derive v0.7.35
[INFO] [stderr]    Compiling zerocopy v0.7.35
[INFO] [stderr]    Compiling ppv-lite86 v0.2.20
[INFO] [stderr]    Compiling rand_chacha v0.3.1
[INFO] [stderr]    Compiling rand v0.8.5
[INFO] [stderr]    Compiling nalgebra v0.33.2
[INFO] [stderr]    Compiling realfft v3.4.0
[INFO] [stderr]    Compiling rustdct v0.7.1
[INFO] [stderr]    Compiling ndrustfft v0.5.0
[INFO] [stderr]    Compiling rand_distr v0.4.3
[INFO] [stderr]    Compiling pyo3-macros v0.23.4
[INFO] [stderr]    Compiling numpy v0.23.0
[INFO] [stderr]    Compiling kalmanfilt v0.3.0
[INFO] [stderr]    Compiling lstsq v0.6.0
[INFO] [stderr]    Compiling sci-rs v0.4.1
[INFO] [stderr]     Finished `dev` profile [unoptimized + debuginfo] target(s) in 1m 14s
[INFO] running `Command { std: "docker" "inspect" "dbe80017c352dff6d75052819fc4a3f33254e532d90295fcf23b619bfd6ea5fd", kill_on_drop: false }`
[INFO] running `Command { std: "docker" "rm" "-f" "dbe80017c352dff6d75052819fc4a3f33254e532d90295fcf23b619bfd6ea5fd", kill_on_drop: false }`
[INFO] [stdout] dbe80017c352dff6d75052819fc4a3f33254e532d90295fcf23b619bfd6ea5fd
[INFO] running `Command { std: "docker" "create" "-v" "/var/lib/crater-agent-workspace/builds/worker-5-tc2/target:/opt/rustwide/target:rw,Z" "-v" "/var/lib/crater-agent-workspace/builds/worker-5-tc2/source:/opt/rustwide/workdir:ro,Z" "-v" "/var/lib/crater-agent-workspace/cargo-home:/opt/rustwide/cargo-home:ro,Z" "-v" "/var/lib/crater-agent-workspace/rustup-home:/opt/rustwide/rustup-home:ro,Z" "-e" "SOURCE_DIR=/opt/rustwide/workdir" "-e" "CARGO_TARGET_DIR=/opt/rustwide/target" "-e" "CARGO_INCREMENTAL=0" "-e" "RUST_BACKTRACE=full" "-e" "RUSTFLAGS=--cap-lints=forbid -Zrandomize-layout" "-e" "RUSTDOCFLAGS=--cap-lints=forbid" "-e" "CARGO_HOME=/opt/rustwide/cargo-home" "-e" "RUSTUP_HOME=/opt/rustwide/rustup-home" "-w" "/opt/rustwide/workdir" "-m" "1610612736" "--user" "0:0" "--network" "none" "ghcr.io/rust-lang/crates-build-env/linux@sha256:819108c5571ea2e421544af4d832f968d213c87fbe3707a016657f43d2f853bc" "/opt/rustwide/cargo-home/bin/cargo" "+nightly-2025-01-18" "test" "--frozen" "--no-run" "--message-format=json", kill_on_drop: false }`
[INFO] [stdout] 8bd10e42fb7e68c63064592890d4a3eb08969dafafd3ec084f97054506630748
[INFO] running `Command { std: "docker" "start" "-a" "8bd10e42fb7e68c63064592890d4a3eb08969dafafd3ec084f97054506630748", kill_on_drop: false }`
[INFO] [stderr]    Compiling autocfg v1.4.0
[INFO] [stderr]    Compiling libm v0.2.11
[INFO] [stderr]    Compiling proc-macro2 v1.0.93
[INFO] [stderr]    Compiling unicode-ident v1.0.14
[INFO] [stderr]    Compiling target-lexicon v0.12.16
[INFO] [stderr]    Compiling once_cell v1.20.2
[INFO] [stderr]    Compiling libc v0.2.169
[INFO] [stderr]    Compiling crossbeam-utils v0.8.21
[INFO] [stderr]    Compiling paste v1.0.15
[INFO] [stderr]    Compiling rayon-core v1.12.1
[INFO] [stderr]    Compiling version_check v0.9.5
[INFO] [stderr]    Compiling num-traits v0.2.19
[INFO] [stderr]    Compiling byteorder v1.5.0
[INFO] [stderr]    Compiling cfg-if v1.0.0
[INFO] [stderr]    Compiling either v1.13.0
[INFO] [stderr]    Compiling quote v1.0.38
[INFO] [stderr]    Compiling pyo3-build-config v0.23.4
[INFO] [stderr]    Compiling rustfft v6.2.0
[INFO] [stderr]    Compiling crossbeam-epoch v0.9.18
[INFO] [stderr]    Compiling syn v2.0.96
[INFO] [stderr]    Compiling matrixmultiply v0.3.9
[INFO] [stderr]    Compiling strength_reduce v0.2.4
[INFO] [stderr]    Compiling typenum v1.17.0
[INFO] [stderr]    Compiling semver v1.0.25
[INFO] [stderr]    Compiling crossbeam-deque v0.8.6
[INFO] [stderr]    Compiling memchr v2.7.4
[INFO] [stderr]    Compiling slab v0.4.9
[INFO] [stderr]    Compiling rawpointer v0.2.1
[INFO] [stderr]    Compiling rayon v1.10.0
[INFO] [stderr]    Compiling num-integer v0.1.46
[INFO] [stderr]    Compiling num-complex v0.4.6
[INFO] [stderr]    Compiling num-bigint v0.4.6
[INFO] [stderr]    Compiling pyo3-macros-backend v0.23.4
[INFO] [stderr]    Compiling pyo3-ffi v0.23.4
[INFO] [stderr]    Compiling transpose v0.2.3
[INFO] [stderr]    Compiling primal-check v0.3.4
[INFO] [stderr]    Compiling approx v0.5.1
[INFO] [stderr]    Compiling simba v0.9.0
[INFO] [stderr]    Compiling num-rational v0.4.2
[INFO] [stderr]    Compiling getrandom v0.2.15
[INFO] [stderr]    Compiling memoffset v0.9.1
[INFO] [stderr]    Compiling hashbrown v0.15.2
[INFO] [stderr]    Compiling futures-sink v0.3.31
[INFO] [stderr]    Compiling serde v1.0.217
[INFO] [stderr]    Compiling futures-core v0.3.31
[INFO] [stderr]    Compiling equivalent v1.0.1
[INFO] [stderr]    Compiling heck v0.5.0
[INFO] [stderr]    Compiling indexmap v2.7.1
[INFO] [stderr]    Compiling aho-corasick v1.1.3
[INFO] [stderr]    Compiling futures-channel v0.3.31
[INFO] [stderr]    Compiling ndarray v0.16.1
[INFO] [stderr]    Compiling rand_core v0.6.4
[INFO] [stderr]    Compiling rustc_version v0.4.1
[INFO] [stderr]    Compiling pyo3 v0.23.4
[INFO] [stderr]    Compiling regex-syntax v0.8.5
[INFO] [stderr]    Compiling pin-project-lite v0.2.16
[INFO] [stderr]    Compiling futures-task v0.3.31
[INFO] [stderr]    Compiling pin-utils v0.1.0
[INFO] [stderr]    Compiling rustix v0.38.43
[INFO] [stderr]    Compiling futures-io v0.3.31
[INFO] [stderr]    Compiling toml_datetime v0.6.8
[INFO] [stderr]    Compiling zerocopy-derive v0.7.35
[INFO] [stderr]    Compiling futures-macro v0.3.31
[INFO] [stderr]    Compiling serde_derive v1.0.217
[INFO] [stderr]    Compiling zerocopy v0.7.35
[INFO] [stderr]    Compiling winnow v0.6.24
[INFO] [stderr]    Compiling ppv-lite86 v0.2.20
[INFO] [stderr]    Compiling nalgebra v0.33.2
[INFO] [stderr]    Compiling regex-automata v0.4.9
[INFO] [stderr]    Compiling futures-util v0.3.31
[INFO] [stderr]    Compiling rand_chacha v0.3.1
[INFO] [stderr]    Compiling toml_edit v0.22.22
[INFO] [stderr]    Compiling pyo3-macros v0.23.4
[INFO] [stderr]    Compiling rstest_macros v0.23.0
[INFO] [stderr]    Compiling indoc v2.0.5
[INFO] [stderr]    Compiling linux-raw-sys v0.4.15
[INFO] [stderr]    Compiling unindent v0.2.3
[INFO] [stderr]    Compiling bitflags v2.8.0
[INFO] [stderr]    Compiling regex v1.11.1
[INFO] [stderr]    Compiling proc-macro-crate v3.2.0
[INFO] [stderr]    Compiling rand v0.8.5
[INFO] [stderr]    Compiling rustdct v0.7.1
[INFO] [stderr]    Compiling futures-executor v0.3.31
[INFO] [stderr]    Compiling realfft v3.4.0
[INFO] [stderr]    Compiling num-iter v0.1.45
[INFO] [stderr]    Compiling gaussfilt v0.1.3
[INFO] [stderr]    Compiling itertools v0.13.0
[INFO] [stderr]    Compiling ryu v1.0.18
[INFO] [stderr]    Compiling glob v0.3.2
[INFO] [stderr]    Compiling relative-path v1.9.3
[INFO] [stderr]    Compiling bazbandilo v0.1.7 (/opt/rustwide/workdir)
[INFO] [stderr]    Compiling itoa v1.0.14
[INFO] [stderr]    Compiling rustc-hash v2.1.0
[INFO] [stderr]    Compiling serde_json v1.0.137
[INFO] [stderr]    Compiling ndrustfft v0.5.0
[INFO] [stderr]    Compiling num v0.4.3
[INFO] [stderr]    Compiling futures v0.3.31
[INFO] [stderr]    Compiling rand_distr v0.4.3
[INFO] [stderr]    Compiling terminal_size v0.4.1
[INFO] [stderr]    Compiling csv-core v0.1.11
[INFO] [stderr]    Compiling rmp v0.8.14
[INFO] [stderr]    Compiling easy-cast v0.5.3
[INFO] [stderr]    Compiling reed-solomon v0.2.1
[INFO] [stderr]    Compiling unicode-segmentation v1.12.0
[INFO] [stderr]    Compiling futures-timer v3.0.3
[INFO] [stderr]    Compiling assert_approx_eq v1.1.0
[INFO] [stderr]    Compiling float-ord v0.3.2
[INFO] [stderr]    Compiling smallvec v1.13.2
[INFO] [stderr]    Compiling average v0.15.1
[INFO] [stderr]    Compiling convert_case v0.6.0
[INFO] [stderr]    Compiling csv v1.3.1
[INFO] [stderr]    Compiling rmp-serde v1.3.0
[INFO] [stderr]    Compiling kdam v0.6.2
[INFO] [stderr]    Compiling numpy v0.23.0
[INFO] [stderr]    Compiling welch-sde v0.1.0
[INFO] [stderr]    Compiling num_cpus v1.16.0
[INFO] [stderr]    Compiling rstest v0.23.0
[INFO] [stderr]    Compiling lstsq v0.6.0
[INFO] [stderr]    Compiling kalmanfilt v0.3.0
[INFO] [stderr]    Compiling sci-rs v0.4.1
[INFO] [stderr]     Finished `test` profile [optimized] target(s) in 6m 13s
[INFO] running `Command { std: "docker" "inspect" "8bd10e42fb7e68c63064592890d4a3eb08969dafafd3ec084f97054506630748", kill_on_drop: false }`
[INFO] running `Command { std: "docker" "rm" "-f" "8bd10e42fb7e68c63064592890d4a3eb08969dafafd3ec084f97054506630748", kill_on_drop: false }`
[INFO] [stdout] 8bd10e42fb7e68c63064592890d4a3eb08969dafafd3ec084f97054506630748
[INFO] running `Command { std: "docker" "create" "-v" "/var/lib/crater-agent-workspace/builds/worker-5-tc2/target:/opt/rustwide/target:rw,Z" "-v" "/var/lib/crater-agent-workspace/builds/worker-5-tc2/source:/opt/rustwide/workdir:ro,Z" "-v" "/var/lib/crater-agent-workspace/cargo-home:/opt/rustwide/cargo-home:ro,Z" "-v" "/var/lib/crater-agent-workspace/rustup-home:/opt/rustwide/rustup-home:ro,Z" "-e" "SOURCE_DIR=/opt/rustwide/workdir" "-e" "CARGO_TARGET_DIR=/opt/rustwide/target" "-e" "CARGO_INCREMENTAL=0" "-e" "RUST_BACKTRACE=full" "-e" "RUSTFLAGS=--cap-lints=forbid -Zrandomize-layout" "-e" "RUSTDOCFLAGS=--cap-lints=forbid" "-e" "CARGO_HOME=/opt/rustwide/cargo-home" "-e" "RUSTUP_HOME=/opt/rustwide/rustup-home" "-w" "/opt/rustwide/workdir" "-m" "1610612736" "--user" "0:0" "--network" "none" "ghcr.io/rust-lang/crates-build-env/linux@sha256:819108c5571ea2e421544af4d832f968d213c87fbe3707a016657f43d2f853bc" "/opt/rustwide/cargo-home/bin/cargo" "+nightly-2025-01-18" "test" "--frozen", kill_on_drop: false }`
[INFO] [stdout] 2183134b649234d3d956e45d11f3c3c1c8792db9ffa7c0bb89b09a5c804f2bc8
[INFO] running `Command { std: "docker" "start" "-a" "2183134b649234d3d956e45d11f3c3c1c8792db9ffa7c0bb89b09a5c804f2bc8", kill_on_drop: false }`
[INFO] [stderr]     Finished `test` profile [optimized] target(s) in 0.40s
[INFO] [stderr]      Running unittests src/lib.rs (/opt/rustwide/target/debug/deps/bazbandilo-e5e6fee9a31e0ac8)
[INFO] [stdout] 
[INFO] [stdout] running 55 tests
[INFO] [stdout] test bch::test::will_the_real_reed_solomon ... ok
[INFO] [stdout] test cdma::tests::cdma::case_1 ... ok
[INFO] [stdout] test bch::test::stream_bch_works ... ok
[INFO] [stdout] test cdma::tests::cdma::case_3 ... ok
[INFO] [stdout] test cdma::tests::cdma::case_4 ... ok
[INFO] [stdout] test cdma::tests::cdma::case_2 ... ok
[INFO] [stdout] test cdma::tests::cdma_bpsk::case_1 ... ok
[INFO] [stdout] test cdma::tests::cdma_bpsk::case_2 ... ok
[INFO] [stdout] test chaos::chebyshev::tests::no_nans_test ... ignored
[INFO] [stdout] test csk::tests::csk ... ok
[INFO] [stdout] test cdma::tests::cdma_bpsk::case_3 ... ok
[INFO] [stdout] test fh_ofdm_dcsk::tests::baseband ... ok
[INFO] [stdout] test fh::tests::hop_table ... ok
[INFO] [stdout] test fh_ofdm_dcsk::tests::frequency_scrambling ... ok
[INFO] [stdout] test filters::tests::it_works ... ok
[INFO] [stdout] test dcsk::tests::dcsk_signal ... ok
[INFO] [stdout] test dcsk::tests::qcsk_signal ... ok
[INFO] [stdout] test filters::tests::rrcosfilter_test ... ok
[INFO] [stdout] test hadamard::tests::hadamard::case_2 ... ok
[INFO] [stdout] test cdma::tests::cdma_bpsk::case_4 ... ok
[INFO] [stdout] test hadamard::tests::hadamard::case_1 ... ok
[INFO] [stdout] test hadamard::tests::hadamard::case_3 ... ok
[INFO] [stdout] test hadamard::tests::hadamard::case_4 ... ok
[INFO] [stdout] test iter::chunks::tests::chunks ... ok
[INFO] [stdout] test hadamard::tests::hadamard::case_5 ... ok
[INFO] [stdout] test iter::convolution::test::linear_convolve ... ok
[INFO] [stdout] test iter::inflate::tests::inflate ... ok
[INFO] [stdout] test iter::integrate::tests::integrate ... ok
[INFO] [stdout] test iter::integrate::tests::nintegrate ... ok
[INFO] [stdout] test iter::scale::tests::scale ... ok
[INFO] [stdout] test iter::convolution::test::stream_convolve ... ok
[INFO] [stdout] test ofdm::tests::test_qpsk_ofdm ... ignored
[INFO] [stdout] test psk::tests::bpsk ... ok
[INFO] [stdout] test iter::convolution::test::nonvolver ... ok
[INFO] [stdout] test psk::tests::test_mpsk_works::case_1 ... ok
[INFO] [stdout] test psk::tests::test_mpsk_works::case_2 ... ok
[INFO] [stdout] test psk::tests::test_mpsk_works::case_3 ... ok
[INFO] [stdout] test iter::take_every::test::test_take_every ... ok
[INFO] [stdout] test psk::tests::qpsk ... ok
[INFO] [stdout] test hadamard::tests::hadamard::case_6 ... ok
[INFO] [stdout] test psk::tests::test_mpsk_works::case_4 ... ok
[INFO] [stdout] test qam::tests::test_qam_works::case_2 ... ok
[INFO] [stdout] test psk::tests::test_mpsk_works::case_5 ... ok
[INFO] [stdout] test qam::tests::test_qam_works::case_1 ... ok
[INFO] [stdout] test qam::tests::test_qam_works::case_3 ... ok
[INFO] [stdout] test qam::tests::test_qam_works::case_4 ... ok
[INFO] [stdout] test qam::tests::test_qam_works::case_6 ... ok
[INFO] [stdout] test cdma::tests::cdma::case_5 ... ok
[INFO] [stdout] test psk::tests::test_mpsk_works::case_6 ... ok
[INFO] [stdout] test tests::bitstream_conversions ... ok
[INFO] [stdout] test qam::tests::test_qam_works::case_5 ... ok
[INFO] [stdout] test tests::it_works ... ok
[INFO] [stdout] test cdma::tests::cdma_bpsk::case_5 ... ok
[INFO] [stdout] test fsk::tests::bfsk ... ok
[INFO] [stdout] test css::tests::css ... ok
[INFO] [stdout] 
[INFO] [stdout] test result: ok. 53 passed; 0 failed; 2 ignored; 0 measured; 0 filtered out; finished in 1.80s
[INFO] [stdout] 
[INFO] [stderr]      Running tests/asdf.rs (/opt/rustwide/target/debug/deps/asdf-bd4908207a515e21)
[INFO] [stdout] 
[INFO] [stdout] running 1 test
[INFO] [stderr] error: test failed, to rerun pass `--test asdf`
[INFO] [stdout] test asdf ... FAILED
[INFO] [stdout] 
[INFO] [stdout] failures:
[INFO] [stdout] 
[INFO] [stdout] ---- asdf stdout ----
[INFO] [stdout] 
[INFO] [stdout] thread 'asdf' panicked at tests/asdf.rs:16:5:
[INFO] [stdout] called `Result::unwrap()` on an `Err` value: PyErr { type: <class 'ModuleNotFoundError'>, value: ModuleNotFoundError("No module named 'matplotlib'"), traceback: None }
[INFO] [stdout] stack backtrace:
[INFO] [stdout]    0:     0x61e78960c69a - <std::sys::backtrace::BacktraceLock::print::DisplayBacktrace as core::fmt::Display>::fmt::h71a62eb3b9696b12
[INFO] [stdout]    1:     0x61e789633d33 - core::fmt::write::h2cc1698af7e2d686
[INFO] [stdout]    2:     0x61e7896091e3 - std::io::Write::write_fmt::hab1b4cd059a79022
[INFO] [stdout]    3:     0x61e78960c4e2 - std::sys::backtrace::BacktraceLock::print::h147fe35b4ea13b08
[INFO] [stdout]    4:     0x61e78960dabf - std::panicking::default_hook::{{closure}}::hbd44223dbdc0d208
[INFO] [stdout]    5:     0x61e78960d8d8 - std::panicking::default_hook::h20f81eb0576efcec
[INFO] [stdout]    6:     0x61e7895d1be3 - test::test_main::{{closure}}::hc0a4963c59427c24
[INFO] [stdout]    7:     0x61e78960e5b3 - std::panicking::rust_panic_with_hook::h625eea43051b2edc
[INFO] [stdout]    8:     0x61e78960e26a - std::panicking::begin_panic_handler::{{closure}}::h4f9159cfbc3f6bd3
[INFO] [stdout]    9:     0x61e78960cb99 - std::sys::backtrace::__rust_end_short_backtrace::h0390abce48353151
[INFO] [stdout]   10:     0x61e78960defd - rust_begin_unwind
[INFO] [stdout]   11:     0x61e7896327b0 - core::panicking::panic_fmt::h9e7c637e9e5f29c9
[INFO] [stdout]   12:     0x61e789632b86 - core::result::unwrap_failed::h7979f09313fe1849
[INFO] [stdout]   13:     0x61e78959648d - core::ops::function::FnOnce::call_once::h9d056c6fe802e9ac
[INFO] [stdout]   14:     0x61e7895d733b - test::__rust_begin_short_backtrace::h4e84902998457a5d
[INFO] [stdout]   15:     0x61e7895d6273 - test::run_test::{{closure}}::hfb2007f8649c30bb
[INFO] [stdout]   16:     0x61e789599355 - std::sys::backtrace::__rust_begin_short_backtrace::hd2d2d2fb8e8c6aac
[INFO] [stdout]   17:     0x61e78959cc3a - core::ops::function::FnOnce::call_once{{vtable.shim}}::h048ce291ad4f62bf
[INFO] [stdout]   18:     0x61e7896125eb - std::sys::pal::unix::thread::Thread::new::thread_start::h2d970728ae887adc
[INFO] [stdout]   19:     0x7f034829dac3 - <unknown>
[INFO] [stdout]   20:     0x7f034832ea04 - clone
[INFO] [stdout]   21:                0x0 - <unknown>
[INFO] [stdout] 
[INFO] [stdout] 
[INFO] [stdout] failures:
[INFO] [stdout]     asdf
[INFO] [stdout] 
[INFO] [stdout] test result: FAILED. 0 passed; 1 failed; 0 ignored; 0 measured; 0 filtered out; finished in 0.02s
[INFO] [stdout] 
[INFO] running `Command { std: "docker" "inspect" "2183134b649234d3d956e45d11f3c3c1c8792db9ffa7c0bb89b09a5c804f2bc8", kill_on_drop: false }`
[INFO] running `Command { std: "docker" "rm" "-f" "2183134b649234d3d956e45d11f3c3c1c8792db9ffa7c0bb89b09a5c804f2bc8", kill_on_drop: false }`
[INFO] [stdout] 2183134b649234d3d956e45d11f3c3c1c8792db9ffa7c0bb89b09a5c804f2bc8
