[INFO] fetching crate async-core 0.3.1...
[INFO] testing async-core-0.3.1 against nightly-2025-01-18 for randomize-layout-2
[INFO] extracting crate async-core 0.3.1 into /workspace/builds/worker-6-tc1/source
[INFO] validating manifest of crates.io crate async-core 0.3.1 on toolchain nightly-2025-01-18
[INFO] running `Command { std: CARGO_HOME="/workspace/cargo-home" RUSTUP_HOME="/workspace/rustup-home" "/workspace/cargo-home/bin/cargo" "+nightly-2025-01-18" "metadata" "--manifest-path" "Cargo.toml" "--no-deps", kill_on_drop: false }`
[INFO] started tweaking crates.io crate async-core 0.3.1
[INFO] finished tweaking crates.io crate async-core 0.3.1
[INFO] tweaked toml for crates.io crate async-core 0.3.1 written to /workspace/builds/worker-6-tc1/source/Cargo.toml
[INFO] crate crates.io crate async-core 0.3.1 already has a lockfile, it will not be regenerated
[INFO] running `Command { std: CARGO_HOME="/workspace/cargo-home" RUSTUP_HOME="/workspace/rustup-home" "/workspace/cargo-home/bin/cargo" "+nightly-2025-01-18" "fetch" "--manifest-path" "Cargo.toml", kill_on_drop: false }`
[INFO] [stderr]     Blocking waiting for file lock on package cache
[INFO] running `Command { std: "docker" "create" "-v" "/var/lib/crater-agent-workspace/builds/worker-6-tc1/target:/opt/rustwide/target:rw,Z" "-v" "/var/lib/crater-agent-workspace/builds/worker-6-tc1/source:/opt/rustwide/workdir:ro,Z" "-v" "/var/lib/crater-agent-workspace/cargo-home:/opt/rustwide/cargo-home:ro,Z" "-v" "/var/lib/crater-agent-workspace/rustup-home:/opt/rustwide/rustup-home:ro,Z" "-e" "SOURCE_DIR=/opt/rustwide/workdir" "-e" "CARGO_TARGET_DIR=/opt/rustwide/target" "-e" "CARGO_HOME=/opt/rustwide/cargo-home" "-e" "RUSTUP_HOME=/opt/rustwide/rustup-home" "-w" "/opt/rustwide/workdir" "-m" "1610612736" "--user" "0:0" "--network" "none" "ghcr.io/rust-lang/crates-build-env/linux@sha256:819108c5571ea2e421544af4d832f968d213c87fbe3707a016657f43d2f853bc" "/opt/rustwide/cargo-home/bin/cargo" "+nightly-2025-01-18" "metadata" "--no-deps" "--format-version=1", kill_on_drop: false }`
[INFO] [stdout] e3c424e0f9e5b8c431deae14ff0596deaa3157a3970c5fadaf4fa750de146f24
[INFO] running `Command { std: "docker" "start" "-a" "e3c424e0f9e5b8c431deae14ff0596deaa3157a3970c5fadaf4fa750de146f24", kill_on_drop: false }`
[INFO] running `Command { std: "docker" "inspect" "e3c424e0f9e5b8c431deae14ff0596deaa3157a3970c5fadaf4fa750de146f24", kill_on_drop: false }`
[INFO] running `Command { std: "docker" "rm" "-f" "e3c424e0f9e5b8c431deae14ff0596deaa3157a3970c5fadaf4fa750de146f24", kill_on_drop: false }`
[INFO] [stdout] e3c424e0f9e5b8c431deae14ff0596deaa3157a3970c5fadaf4fa750de146f24
[INFO] running `Command { std: "docker" "create" "-v" "/var/lib/crater-agent-workspace/builds/worker-6-tc1/target:/opt/rustwide/target:rw,Z" "-v" "/var/lib/crater-agent-workspace/builds/worker-6-tc1/source:/opt/rustwide/workdir:ro,Z" "-v" "/var/lib/crater-agent-workspace/cargo-home:/opt/rustwide/cargo-home:ro,Z" "-v" "/var/lib/crater-agent-workspace/rustup-home:/opt/rustwide/rustup-home:ro,Z" "-e" "SOURCE_DIR=/opt/rustwide/workdir" "-e" "CARGO_TARGET_DIR=/opt/rustwide/target" "-e" "CARGO_INCREMENTAL=0" "-e" "RUST_BACKTRACE=full" "-e" "RUSTFLAGS=--cap-lints=forbid" "-e" "RUSTDOCFLAGS=--cap-lints=forbid" "-e" "CARGO_HOME=/opt/rustwide/cargo-home" "-e" "RUSTUP_HOME=/opt/rustwide/rustup-home" "-w" "/opt/rustwide/workdir" "-m" "1610612736" "--user" "0:0" "--network" "none" "ghcr.io/rust-lang/crates-build-env/linux@sha256:819108c5571ea2e421544af4d832f968d213c87fbe3707a016657f43d2f853bc" "/opt/rustwide/cargo-home/bin/cargo" "+nightly-2025-01-18" "build" "--frozen" "--message-format=json", kill_on_drop: false }`
[INFO] [stdout] ae4ac595de610047e855446a19ab9992ece6562eccd1129a5e3ac4b08f8868fc
[INFO] running `Command { std: "docker" "start" "-a" "ae4ac595de610047e855446a19ab9992ece6562eccd1129a5e3ac4b08f8868fc", kill_on_drop: false }`
[INFO] [stderr]    Compiling async-core v0.3.1 (/opt/rustwide/workdir)
[INFO] [stdout] warning: field `1` is never read
[INFO] [stdout]   --> src/runtime.rs:86:49
[INFO] [stdout]    |
[INFO] [stdout] 86 | pub struct OwnedRuntime<'a>(RuntimeWrapper<'a>, pub(crate) Box<dyn InternalRuntime + 'a>);
[INFO] [stdout]    |            ------------ field in this struct    ^^^^^^^^^^^^^^^^^^^^^^^^^^^^^^^^^^^^^^^^
[INFO] [stdout]    |
[INFO] [stdout]    = help: consider removing this field
[INFO] [stdout]    = note: `#[warn(dead_code)]` on by default
[INFO] [stdout] 
[INFO] [stdout] 
[INFO] [stderr]     Finished `dev` profile [unoptimized + debuginfo] target(s) in 0.20s
[INFO] running `Command { std: "docker" "inspect" "ae4ac595de610047e855446a19ab9992ece6562eccd1129a5e3ac4b08f8868fc", kill_on_drop: false }`
[INFO] running `Command { std: "docker" "rm" "-f" "ae4ac595de610047e855446a19ab9992ece6562eccd1129a5e3ac4b08f8868fc", kill_on_drop: false }`
[INFO] [stdout] ae4ac595de610047e855446a19ab9992ece6562eccd1129a5e3ac4b08f8868fc
[INFO] running `Command { std: "docker" "create" "-v" "/var/lib/crater-agent-workspace/builds/worker-6-tc1/target:/opt/rustwide/target:rw,Z" "-v" "/var/lib/crater-agent-workspace/builds/worker-6-tc1/source:/opt/rustwide/workdir:ro,Z" "-v" "/var/lib/crater-agent-workspace/cargo-home:/opt/rustwide/cargo-home:ro,Z" "-v" "/var/lib/crater-agent-workspace/rustup-home:/opt/rustwide/rustup-home:ro,Z" "-e" "SOURCE_DIR=/opt/rustwide/workdir" "-e" "CARGO_TARGET_DIR=/opt/rustwide/target" "-e" "CARGO_INCREMENTAL=0" "-e" "RUST_BACKTRACE=full" "-e" "RUSTFLAGS=--cap-lints=forbid" "-e" "RUSTDOCFLAGS=--cap-lints=forbid" "-e" "CARGO_HOME=/opt/rustwide/cargo-home" "-e" "RUSTUP_HOME=/opt/rustwide/rustup-home" "-w" "/opt/rustwide/workdir" "-m" "1610612736" "--user" "0:0" "--network" "none" "ghcr.io/rust-lang/crates-build-env/linux@sha256:819108c5571ea2e421544af4d832f968d213c87fbe3707a016657f43d2f853bc" "/opt/rustwide/cargo-home/bin/cargo" "+nightly-2025-01-18" "test" "--frozen" "--no-run" "--message-format=json", kill_on_drop: false }`
[INFO] [stdout] c25221ae44f9a801eeb7cdb48b1344e0a8553ad287b657e36c54529a65b62d7c
[INFO] running `Command { std: "docker" "start" "-a" "c25221ae44f9a801eeb7cdb48b1344e0a8553ad287b657e36c54529a65b62d7c", kill_on_drop: false }`
[INFO] [stderr]    Compiling async-core v0.3.1 (/opt/rustwide/workdir)
[INFO] [stdout] warning: field `1` is never read
[INFO] [stdout]   --> src/runtime.rs:86:49
[INFO] [stdout]    |
[INFO] [stdout] 86 | pub struct OwnedRuntime<'a>(RuntimeWrapper<'a>, pub(crate) Box<dyn InternalRuntime + 'a>);
[INFO] [stdout]    |            ------------ field in this struct    ^^^^^^^^^^^^^^^^^^^^^^^^^^^^^^^^^^^^^^^^
[INFO] [stdout]    |
[INFO] [stdout]    = help: consider removing this field
[INFO] [stdout]    = note: `#[warn(dead_code)]` on by default
[INFO] [stdout] 
[INFO] [stdout] 
[INFO] [stdout] warning: field `1` is never read
[INFO] [stdout]   --> src/runtime.rs:86:49
[INFO] [stdout]    |
[INFO] [stdout] 86 | pub struct OwnedRuntime<'a>(RuntimeWrapper<'a>, pub(crate) Box<dyn InternalRuntime + 'a>);
[INFO] [stdout]    |            ------------ field in this struct    ^^^^^^^^^^^^^^^^^^^^^^^^^^^^^^^^^^^^^^^^
[INFO] [stdout]    |
[INFO] [stdout]    = help: consider removing this field
[INFO] [stdout]    = note: `#[warn(dead_code)]` on by default
[INFO] [stdout] 
[INFO] [stdout] 
[INFO] [stderr]     Finished `test` profile [unoptimized + debuginfo] target(s) in 0.30s
[INFO] running `Command { std: "docker" "inspect" "c25221ae44f9a801eeb7cdb48b1344e0a8553ad287b657e36c54529a65b62d7c", kill_on_drop: false }`
[INFO] running `Command { std: "docker" "rm" "-f" "c25221ae44f9a801eeb7cdb48b1344e0a8553ad287b657e36c54529a65b62d7c", kill_on_drop: false }`
[INFO] [stdout] c25221ae44f9a801eeb7cdb48b1344e0a8553ad287b657e36c54529a65b62d7c
[INFO] running `Command { std: "docker" "create" "-v" "/var/lib/crater-agent-workspace/builds/worker-6-tc1/target:/opt/rustwide/target:rw,Z" "-v" "/var/lib/crater-agent-workspace/builds/worker-6-tc1/source:/opt/rustwide/workdir:ro,Z" "-v" "/var/lib/crater-agent-workspace/cargo-home:/opt/rustwide/cargo-home:ro,Z" "-v" "/var/lib/crater-agent-workspace/rustup-home:/opt/rustwide/rustup-home:ro,Z" "-e" "SOURCE_DIR=/opt/rustwide/workdir" "-e" "CARGO_TARGET_DIR=/opt/rustwide/target" "-e" "CARGO_INCREMENTAL=0" "-e" "RUST_BACKTRACE=full" "-e" "RUSTFLAGS=--cap-lints=forbid" "-e" "RUSTDOCFLAGS=--cap-lints=forbid" "-e" "CARGO_HOME=/opt/rustwide/cargo-home" "-e" "RUSTUP_HOME=/opt/rustwide/rustup-home" "-w" "/opt/rustwide/workdir" "-m" "1610612736" "--user" "0:0" "--network" "none" "ghcr.io/rust-lang/crates-build-env/linux@sha256:819108c5571ea2e421544af4d832f968d213c87fbe3707a016657f43d2f853bc" "/opt/rustwide/cargo-home/bin/cargo" "+nightly-2025-01-18" "test" "--frozen", kill_on_drop: false }`
[INFO] [stdout] 60c00183aa50b59cb33908adc64efa0cca8a8398059d6bcc2f72b69b8d84faaf
[INFO] running `Command { std: "docker" "start" "-a" "60c00183aa50b59cb33908adc64efa0cca8a8398059d6bcc2f72b69b8d84faaf", kill_on_drop: false }`
[INFO] [stderr] warning: field `1` is never read
[INFO] [stderr]   --> src/runtime.rs:86:49
[INFO] [stderr]    |
[INFO] [stderr] 86 | pub struct OwnedRuntime<'a>(RuntimeWrapper<'a>, pub(crate) Box<dyn InternalRuntime + 'a>);
[INFO] [stderr]    |            ------------ field in this struct    ^^^^^^^^^^^^^^^^^^^^^^^^^^^^^^^^^^^^^^^^
[INFO] [stderr]    |
[INFO] [stderr]    = help: consider removing this field
[INFO] [stderr]    = note: `#[warn(dead_code)]` on by default
[INFO] [stderr] 
[INFO] [stderr] warning: `async-core` (lib) generated 1 warning
[INFO] [stderr] warning: `async-core` (lib test) generated 1 warning (1 duplicate)
[INFO] [stderr]     Finished `test` profile [unoptimized + debuginfo] target(s) in 0.01s
[INFO] [stderr]      Running unittests src/lib.rs (/opt/rustwide/target/debug/deps/async_core-34cdf6081f9706a3)
[INFO] [stdout] 
[INFO] [stdout] running 0 tests
[INFO] [stdout] 
[INFO] [stdout] test result: ok. 0 passed; 0 failed; 0 ignored; 0 measured; 0 filtered out; finished in 0.00s
[INFO] [stdout] 
[INFO] [stderr]    Doc-tests async_core
[INFO] [stdout] 
[INFO] [stdout] running 1 test
[INFO] [stdout] test src/lib.rs - (line 25) ... FAILED
[INFO] [stdout] 
[INFO] [stdout] failures:
[INFO] [stdout] 
[INFO] [stdout] ---- src/lib.rs - (line 25) stdout ----
[INFO] [stdout] error[E0425]: cannot find function `set_current_runtime` in this scope
[INFO] [stdout]  --> src/lib.rs:26:1
[INFO] [stdout]   |
[INFO] [stdout] 3 | set_current_runtime(self);
[INFO] [stdout]   | ^^^^^^^^^^^^^^^^^^^ not found in this scope
[INFO] [stdout]   |
[INFO] [stdout] help: consider importing this function
[INFO] [stdout]   |
[INFO] [stdout] 2 + use async_core::set_current_runtime;
[INFO] [stdout]   |
[INFO] [stdout] 
[INFO] [stdout] error[E0424]: expected value, found module `self`
[INFO] [stdout]  --> src/lib.rs:26:21
[INFO] [stdout]   |
[INFO] [stdout] 2 | fn main() { #[allow(non_snake_case)] fn _doctest_main_src_lib_rs_25_0() {
[INFO] [stdout]   |                                         ----------------------------- this function can't have a `self` parameter
[INFO] [stdout] 3 | set_current_runtime(self);
[INFO] [stdout]   |                     ^^^^ `self` value is a keyword only available in methods with a `self` parameter
[INFO] [stdout] 
[INFO] [stdout] error[E0425]: cannot find function `clear_current_runtime` in this scope
[INFO] [stdout]  --> src/lib.rs:28:1
[INFO] [stdout]   |
[INFO] [stdout] 5 | clear_current_runtime();
[INFO] [stdout]   | ^^^^^^^^^^^^^^^^^^^^^ not found in this scope
[INFO] [stdout]   |
[INFO] [stdout] help: consider importing this function
[INFO] [stdout]   |
[INFO] [stdout] 2 + use async_core::clear_current_runtime;
[INFO] [stdout]   |
[INFO] [stdout] 
[INFO] [stdout] error[E0425]: cannot find function `execute_futures` in this scope
[INFO] [stdout]  --> src/lib.rs:27:14
[INFO] [stdout]   |
[INFO] [stdout] 4 | let result = execute_futures(); // Do your cool runtime things here
[INFO] [stdout]   |              ^^^^^^^^^^^^^^^ not found in this scope
[INFO] [stdout] 
[INFO] [stdout] error: aborting due to 4 previous errors
[INFO] [stdout] 
[INFO] [stdout] Some errors have detailed explanations: E0424, E0425.
[INFO] [stdout] For more information about an error, try `rustc --explain E0424`.
[INFO] [stdout] Couldn't compile the test.
[INFO] [stdout] 
[INFO] [stdout] failures:
[INFO] [stdout]     src/lib.rs - (line 25)
[INFO] [stdout] 
[INFO] [stdout] test result: FAILED. 0 passed; 1 failed; 0 ignored; 0 measured; 0 filtered out; finished in 0.09s
[INFO] [stdout] 
[INFO] [stderr] error: doctest failed, to rerun pass `--doc`
[INFO] running `Command { std: "docker" "inspect" "60c00183aa50b59cb33908adc64efa0cca8a8398059d6bcc2f72b69b8d84faaf", kill_on_drop: false }`
[INFO] running `Command { std: "docker" "rm" "-f" "60c00183aa50b59cb33908adc64efa0cca8a8398059d6bcc2f72b69b8d84faaf", kill_on_drop: false }`
[INFO] [stdout] 60c00183aa50b59cb33908adc64efa0cca8a8398059d6bcc2f72b69b8d84faaf
