[INFO] fetching crate apollo-framework 1.0.3...
[INFO] testing apollo-framework-1.0.3 against nightly-2025-01-18 for randomize-layout-2
[INFO] extracting crate apollo-framework 1.0.3 into /workspace/builds/worker-7-tc1/source
[INFO] validating manifest of crates.io crate apollo-framework 1.0.3 on toolchain nightly-2025-01-18
[INFO] running `Command { std: CARGO_HOME="/workspace/cargo-home" RUSTUP_HOME="/workspace/rustup-home" "/workspace/cargo-home/bin/cargo" "+nightly-2025-01-18" "metadata" "--manifest-path" "Cargo.toml" "--no-deps", kill_on_drop: false }`
[INFO] started tweaking crates.io crate apollo-framework 1.0.3
[INFO] finished tweaking crates.io crate apollo-framework 1.0.3
[INFO] tweaked toml for crates.io crate apollo-framework 1.0.3 written to /workspace/builds/worker-7-tc1/source/Cargo.toml
[INFO] running `Command { std: CARGO_HOME="/workspace/cargo-home" RUSTUP_HOME="/workspace/rustup-home" "/workspace/cargo-home/bin/cargo" "+nightly-2025-01-18" "generate-lockfile" "--manifest-path" "Cargo.toml", kill_on_drop: false }`
[INFO] [stderr]     Blocking waiting for file lock on package cache
[INFO] [stderr]     Updating crates.io index
[INFO] [stderr]     Blocking waiting for file lock on package cache
[INFO] [stderr]      Locking 73 packages to latest compatible versions
[INFO] [stderr]       Adding simplelog v0.10.2 (available: v0.12.2)
[INFO] [stderr]       Adding termcolor v1.1.3 (available: v1.4.1)
[INFO] running `Command { std: CARGO_HOME="/workspace/cargo-home" RUSTUP_HOME="/workspace/rustup-home" "/workspace/cargo-home/bin/cargo" "+nightly-2025-01-18" "fetch" "--manifest-path" "Cargo.toml", kill_on_drop: false }`
[INFO] [stderr]     Blocking waiting for file lock on package cache
[INFO] [stderr]  Downloading crates ...
[INFO] [stderr]   Downloaded simplelog v0.10.2
[INFO] running `Command { std: "docker" "create" "-v" "/var/lib/crater-agent-workspace/builds/worker-7-tc1/target:/opt/rustwide/target:rw,Z" "-v" "/var/lib/crater-agent-workspace/builds/worker-7-tc1/source:/opt/rustwide/workdir:ro,Z" "-v" "/var/lib/crater-agent-workspace/cargo-home:/opt/rustwide/cargo-home:ro,Z" "-v" "/var/lib/crater-agent-workspace/rustup-home:/opt/rustwide/rustup-home:ro,Z" "-e" "SOURCE_DIR=/opt/rustwide/workdir" "-e" "CARGO_TARGET_DIR=/opt/rustwide/target" "-e" "CARGO_HOME=/opt/rustwide/cargo-home" "-e" "RUSTUP_HOME=/opt/rustwide/rustup-home" "-w" "/opt/rustwide/workdir" "-m" "1610612736" "--user" "0:0" "--network" "none" "ghcr.io/rust-lang/crates-build-env/linux@sha256:819108c5571ea2e421544af4d832f968d213c87fbe3707a016657f43d2f853bc" "/opt/rustwide/cargo-home/bin/cargo" "+nightly-2025-01-18" "metadata" "--no-deps" "--format-version=1", kill_on_drop: false }`
[INFO] [stdout] bb435bd768d59ede9554a137c37fee5f19ca50d520985f07676a202ce3fd423d
[INFO] running `Command { std: "docker" "start" "-a" "bb435bd768d59ede9554a137c37fee5f19ca50d520985f07676a202ce3fd423d", kill_on_drop: false }`
[INFO] running `Command { std: "docker" "inspect" "bb435bd768d59ede9554a137c37fee5f19ca50d520985f07676a202ce3fd423d", kill_on_drop: false }`
[INFO] running `Command { std: "docker" "rm" "-f" "bb435bd768d59ede9554a137c37fee5f19ca50d520985f07676a202ce3fd423d", kill_on_drop: false }`
[INFO] [stdout] bb435bd768d59ede9554a137c37fee5f19ca50d520985f07676a202ce3fd423d
[INFO] running `Command { std: "docker" "create" "-v" "/var/lib/crater-agent-workspace/builds/worker-7-tc1/target:/opt/rustwide/target:rw,Z" "-v" "/var/lib/crater-agent-workspace/builds/worker-7-tc1/source:/opt/rustwide/workdir:ro,Z" "-v" "/var/lib/crater-agent-workspace/cargo-home:/opt/rustwide/cargo-home:ro,Z" "-v" "/var/lib/crater-agent-workspace/rustup-home:/opt/rustwide/rustup-home:ro,Z" "-e" "SOURCE_DIR=/opt/rustwide/workdir" "-e" "CARGO_TARGET_DIR=/opt/rustwide/target" "-e" "CARGO_INCREMENTAL=0" "-e" "RUST_BACKTRACE=full" "-e" "RUSTFLAGS=--cap-lints=forbid" "-e" "RUSTDOCFLAGS=--cap-lints=forbid" "-e" "CARGO_HOME=/opt/rustwide/cargo-home" "-e" "RUSTUP_HOME=/opt/rustwide/rustup-home" "-w" "/opt/rustwide/workdir" "-m" "1610612736" "--user" "0:0" "--network" "none" "ghcr.io/rust-lang/crates-build-env/linux@sha256:819108c5571ea2e421544af4d832f968d213c87fbe3707a016657f43d2f853bc" "/opt/rustwide/cargo-home/bin/cargo" "+nightly-2025-01-18" "build" "--frozen" "--message-format=json", kill_on_drop: false }`
[INFO] [stdout] 6cf5efb75cf77d4deb4b919080dab031bf242f2f1bb194e7f45c7096f2abcc19
[INFO] running `Command { std: "docker" "start" "-a" "6cf5efb75cf77d4deb4b919080dab031bf242f2f1bb194e7f45c7096f2abcc19", kill_on_drop: false }`
[INFO] [stderr]    Compiling autocfg v1.4.0
[INFO] [stderr]    Compiling libc v0.2.169
[INFO] [stderr]    Compiling proc-macro2 v1.0.93
[INFO] [stderr]    Compiling unicode-ident v1.0.14
[INFO] [stderr]    Compiling parking_lot_core v0.9.10
[INFO] [stderr]    Compiling scopeguard v1.2.0
[INFO] [stderr]    Compiling cfg-if v1.0.0
[INFO] [stderr]    Compiling memchr v2.7.4
[INFO] [stderr]    Compiling smallvec v1.13.2
[INFO] [stderr]    Compiling regex-syntax v0.8.5
[INFO] [stderr]    Compiling anyhow v1.0.95
[INFO] [stderr]    Compiling iana-time-zone v0.1.61
[INFO] [stderr]    Compiling bytes v1.9.0
[INFO] [stderr]    Compiling linked-hash-map v0.5.6
[INFO] [stderr]    Compiling pin-project-lite v0.2.16
[INFO] [stderr]    Compiling termcolor v1.1.3
[INFO] [stderr]    Compiling log v0.4.25
[INFO] [stderr]    Compiling lazy_static v1.5.0
[INFO] [stderr]    Compiling arc-swap v1.7.1
[INFO] [stderr]    Compiling yaml-rust v0.4.5
[INFO] [stderr]    Compiling lock_api v0.4.12
[INFO] [stderr]    Compiling num-traits v0.2.19
[INFO] [stderr]    Compiling aho-corasick v1.1.3
[INFO] [stderr]    Compiling quote v1.0.38
[INFO] [stderr]    Compiling syn v2.0.96
[INFO] [stderr]    Compiling mio v1.0.3
[INFO] [stderr]    Compiling socket2 v0.5.8
[INFO] [stderr]    Compiling signal-hook-registry v1.4.2
[INFO] [stderr]    Compiling parking_lot v0.12.3
[INFO] [stderr]    Compiling chrono v0.4.39
[INFO] [stderr]    Compiling regex-automata v0.4.9
[INFO] [stderr]    Compiling simplelog v0.10.2
[INFO] [stderr]    Compiling tokio-macros v2.5.0
[INFO] [stderr]    Compiling tokio v1.43.0
[INFO] [stderr]    Compiling regex v1.11.1
[INFO] [stderr]    Compiling apollo-framework v1.0.3 (/opt/rustwide/workdir)
[INFO] [stderr]     Finished `dev` profile [unoptimized + debuginfo] target(s) in 20.80s
[INFO] running `Command { std: "docker" "inspect" "6cf5efb75cf77d4deb4b919080dab031bf242f2f1bb194e7f45c7096f2abcc19", kill_on_drop: false }`
[INFO] running `Command { std: "docker" "rm" "-f" "6cf5efb75cf77d4deb4b919080dab031bf242f2f1bb194e7f45c7096f2abcc19", kill_on_drop: false }`
[INFO] [stdout] 6cf5efb75cf77d4deb4b919080dab031bf242f2f1bb194e7f45c7096f2abcc19
[INFO] running `Command { std: "docker" "create" "-v" "/var/lib/crater-agent-workspace/builds/worker-7-tc1/target:/opt/rustwide/target:rw,Z" "-v" "/var/lib/crater-agent-workspace/builds/worker-7-tc1/source:/opt/rustwide/workdir:ro,Z" "-v" "/var/lib/crater-agent-workspace/cargo-home:/opt/rustwide/cargo-home:ro,Z" "-v" "/var/lib/crater-agent-workspace/rustup-home:/opt/rustwide/rustup-home:ro,Z" "-e" "SOURCE_DIR=/opt/rustwide/workdir" "-e" "CARGO_TARGET_DIR=/opt/rustwide/target" "-e" "CARGO_INCREMENTAL=0" "-e" "RUST_BACKTRACE=full" "-e" "RUSTFLAGS=--cap-lints=forbid" "-e" "RUSTDOCFLAGS=--cap-lints=forbid" "-e" "CARGO_HOME=/opt/rustwide/cargo-home" "-e" "RUSTUP_HOME=/opt/rustwide/rustup-home" "-w" "/opt/rustwide/workdir" "-m" "1610612736" "--user" "0:0" "--network" "none" "ghcr.io/rust-lang/crates-build-env/linux@sha256:819108c5571ea2e421544af4d832f968d213c87fbe3707a016657f43d2f853bc" "/opt/rustwide/cargo-home/bin/cargo" "+nightly-2025-01-18" "test" "--frozen" "--no-run" "--message-format=json", kill_on_drop: false }`
[INFO] [stdout] fd9c5ce6d5bb58f6c27692b89aa0f7c37bdb6bd04418fa3405c680c4c79560bf
[INFO] running `Command { std: "docker" "start" "-a" "fd9c5ce6d5bb58f6c27692b89aa0f7c37bdb6bd04418fa3405c680c4c79560bf", kill_on_drop: false }`
[INFO] [stderr]    Compiling apollo-framework v1.0.3 (/opt/rustwide/workdir)
[INFO] [stderr]     Finished `test` profile [unoptimized + debuginfo] target(s) in 1.71s
[INFO] running `Command { std: "docker" "inspect" "fd9c5ce6d5bb58f6c27692b89aa0f7c37bdb6bd04418fa3405c680c4c79560bf", kill_on_drop: false }`
[INFO] running `Command { std: "docker" "rm" "-f" "fd9c5ce6d5bb58f6c27692b89aa0f7c37bdb6bd04418fa3405c680c4c79560bf", kill_on_drop: false }`
[INFO] [stdout] fd9c5ce6d5bb58f6c27692b89aa0f7c37bdb6bd04418fa3405c680c4c79560bf
[INFO] running `Command { std: "docker" "create" "-v" "/var/lib/crater-agent-workspace/builds/worker-7-tc1/target:/opt/rustwide/target:rw,Z" "-v" "/var/lib/crater-agent-workspace/builds/worker-7-tc1/source:/opt/rustwide/workdir:ro,Z" "-v" "/var/lib/crater-agent-workspace/cargo-home:/opt/rustwide/cargo-home:ro,Z" "-v" "/var/lib/crater-agent-workspace/rustup-home:/opt/rustwide/rustup-home:ro,Z" "-e" "SOURCE_DIR=/opt/rustwide/workdir" "-e" "CARGO_TARGET_DIR=/opt/rustwide/target" "-e" "CARGO_INCREMENTAL=0" "-e" "RUST_BACKTRACE=full" "-e" "RUSTFLAGS=--cap-lints=forbid" "-e" "RUSTDOCFLAGS=--cap-lints=forbid" "-e" "CARGO_HOME=/opt/rustwide/cargo-home" "-e" "RUSTUP_HOME=/opt/rustwide/rustup-home" "-w" "/opt/rustwide/workdir" "-m" "1610612736" "--user" "0:0" "--network" "none" "ghcr.io/rust-lang/crates-build-env/linux@sha256:819108c5571ea2e421544af4d832f968d213c87fbe3707a016657f43d2f853bc" "/opt/rustwide/cargo-home/bin/cargo" "+nightly-2025-01-18" "test" "--frozen", kill_on_drop: false }`
[INFO] [stdout] 80a3ea6c85013573902e0e487249de5780f076f0e17183930e931f4b5a8dc869
[INFO] running `Command { std: "docker" "start" "-a" "80a3ea6c85013573902e0e487249de5780f076f0e17183930e931f4b5a8dc869", kill_on_drop: false }`
[INFO] [stderr]     Finished `test` profile [unoptimized + debuginfo] target(s) in 0.07s
[INFO] [stderr]      Running unittests src/lib.rs (/opt/rustwide/target/debug/deps/apollo_framework-2d06ecb48ac6c470)
[INFO] [stdout] 
[INFO] [stdout] running 6 tests
[INFO] [stdout] test average::test::average_with_many_values_keeps_count ... ok
[INFO] [stdout] test average::test::average_overflows_sanely ... ok
[INFO] [stdout] test config::tests::ensure_config_update_works ... ok
[INFO] [stdout] test average::test::average_with_some_values_works ... ok
[INFO] [stdout] test average::test::formatting_average_works ... ok
[INFO] [stdout] test average::test::empty_average_is_properly_initialized ... ok
[INFO] [stdout] 
[INFO] [stdout] test result: ok. 6 passed; 0 failed; 0 ignored; 0 measured; 0 filtered out; finished in 0.00s
[INFO] [stdout] 
[INFO] [stderr]    Doc-tests apollo_framework
[INFO] [stdout] 
[INFO] [stdout] running 19 tests
[INFO] [stdout] test src/config.rs - config (line 37) - compile ... ok
[INFO] [stdout] test src/average.rs - average (line 11) ... ok
[INFO] [stdout] test src/fmt.rs - fmt::format_size (line 104) ... ok
[INFO] [stdout] test src/platform.rs - platform::Platform::find (line 145) ... ok
[INFO] [stdout] test src/server.rs - server (line 16) - compile ... ok
[INFO] [stdout] test src/average.rs - average::Average (line 35) ... ok
[INFO] [stdout] test src/platform.rs - platform::Platform::register (line 117) ... ok
[INFO] [stdout] test src/fmt.rs - fmt::format_short_duration (line 40) ... ok
[INFO] [stdout] test src/fmt.rs - fmt::format_duration (line 251) ... ok
[INFO] [stdout] test src/config.rs - config::Config::load_from_string (line 236) ... ok
[INFO] [stdout] test src/config.rs - config::Config::store (line 179) ... FAILED
[INFO] [stdout] test src/fmt.rs - fmt::parse_size (line 143) ... ok
[INFO] [stdout] test src/fmt.rs - fmt::parse_duration (line 198) ... ok
[INFO] [stdout] test src/platform.rs - platform::Platform::require (line 183) ... ok
[INFO] [stdout] test src/platform.rs - platform (line 17) ... ok
[INFO] [stdout] test src/config.rs - config (line 19) ... ok
[INFO] [stdout] test src/platform.rs - platform::Platform (line 76) ... ok
[INFO] [stdout] test src/platform.rs - platform::Platform (line 61) ... ok
[INFO] [stdout] test src/platform.rs - platform::Platform::require (line 199) ... ok
[INFO] [stdout] 
[INFO] [stdout] failures:
[INFO] [stdout] 
[INFO] [stdout] ---- src/config.rs - config::Config::store (line 179) stdout ----
[INFO] [stdout] Test executable failed (exit status: 101).
[INFO] [stdout] 
[INFO] [stdout] stderr:
[INFO] [stdout] 
[INFO] [stdout] thread 'main' panicked at src/config.rs:15:1:
[INFO] [stdout] assertion `left == right` failed
[INFO] [stdout]   left: false
[INFO] [stdout]  right: true
[INFO] [stdout] stack backtrace:
[INFO] [stdout]    0:     0x55e1944ab6ea - std::backtrace_rs::backtrace::libunwind::trace::hb059275cfc8d6126
[INFO] [stdout]                                at /rustc/6067b36314ab5eb2eb47cecc464545ba58e1ad24/library/std/src/../../backtrace/src/backtrace/libunwind.rs:116:5
[INFO] [stdout]    1:     0x55e1944ab6ea - std::backtrace_rs::backtrace::trace_unsynchronized::h2da071e4327ce3ee
[INFO] [stdout]                                at /rustc/6067b36314ab5eb2eb47cecc464545ba58e1ad24/library/std/src/../../backtrace/src/backtrace/mod.rs:66:5
[INFO] [stdout]    2:     0x55e1944ab6ea - std::sys::backtrace::_print_fmt::h842a1474e6f8d23f
[INFO] [stdout]                                at /rustc/6067b36314ab5eb2eb47cecc464545ba58e1ad24/library/std/src/sys/backtrace.rs:66:9
[INFO] [stdout]    3:     0x55e1944ab6ea - <std::sys::backtrace::BacktraceLock::print::DisplayBacktrace as core::fmt::Display>::fmt::h71a62eb3b9696b12
[INFO] [stdout]                                at /rustc/6067b36314ab5eb2eb47cecc464545ba58e1ad24/library/std/src/sys/backtrace.rs:39:26
[INFO] [stdout]    4:     0x55e1944cc773 - core::fmt::rt::Argument::fmt::hdb6b616786b41dc1
[INFO] [stdout]                                at /rustc/6067b36314ab5eb2eb47cecc464545ba58e1ad24/library/core/src/fmt/rt.rs:177:76
[INFO] [stdout]    5:     0x55e1944cc773 - core::fmt::write::h2cc1698af7e2d686
[INFO] [stdout]                                at /rustc/6067b36314ab5eb2eb47cecc464545ba58e1ad24/library/core/src/fmt/mod.rs:1440:21
[INFO] [stdout]    6:     0x55e1944a8273 - std::io::Write::write_fmt::h00c8700df393f328
[INFO] [stdout]                                at /rustc/6067b36314ab5eb2eb47cecc464545ba58e1ad24/library/std/src/io/mod.rs:1887:15
[INFO] [stdout]    7:     0x55e1944ab532 - std::sys::backtrace::BacktraceLock::print::h147fe35b4ea13b08
[INFO] [stdout]                                at /rustc/6067b36314ab5eb2eb47cecc464545ba58e1ad24/library/std/src/sys/backtrace.rs:42:9
[INFO] [stdout]    8:     0x55e1944ac5cf - std::panicking::default_hook::{{closure}}::hbd44223dbdc0d208
[INFO] [stdout]                                at /rustc/6067b36314ab5eb2eb47cecc464545ba58e1ad24/library/std/src/panicking.rs:298:22
[INFO] [stdout]    9:     0x55e1944ac43a - std::panicking::default_hook::h20f81eb0576efcec
[INFO] [stdout]                                at /rustc/6067b36314ab5eb2eb47cecc464545ba58e1ad24/library/std/src/panicking.rs:325:9
[INFO] [stdout]   10:     0x55e1944acff2 - std::panicking::rust_panic_with_hook::h625eea43051b2edc
[INFO] [stdout]                                at /rustc/6067b36314ab5eb2eb47cecc464545ba58e1ad24/library/std/src/panicking.rs:831:13
[INFO] [stdout]   11:     0x55e1944acd7a - std::panicking::begin_panic_handler::{{closure}}::h4f9159cfbc3f6bd3
[INFO] [stdout]                                at /rustc/6067b36314ab5eb2eb47cecc464545ba58e1ad24/library/std/src/panicking.rs:704:13
[INFO] [stdout]   12:     0x55e1944abbe9 - std::sys::backtrace::__rust_end_short_backtrace::h0390abce48353151
[INFO] [stdout]                                at /rustc/6067b36314ab5eb2eb47cecc464545ba58e1ad24/library/std/src/sys/backtrace.rs:168:18
[INFO] [stdout]   13:     0x55e1944aca0d - rust_begin_unwind
[INFO] [stdout]                                at /rustc/6067b36314ab5eb2eb47cecc464545ba58e1ad24/library/std/src/panicking.rs:695:5
[INFO] [stdout]   14:     0x55e1944cb7c0 - core::panicking::panic_fmt::h9e7c637e9e5f29c9
[INFO] [stdout]                                at /rustc/6067b36314ab5eb2eb47cecc464545ba58e1ad24/library/core/src/panicking.rs:75:14
[INFO] [stdout]   15:     0x55e1944cbc13 - core::panicking::assert_failed_inner::h538bec7c1374cd9c
[INFO] [stdout]   16:     0x55e1943e45af - core::panicking::assert_failed::h10d5564d80367360
[INFO] [stdout]                                at /rustc/6067b36314ab5eb2eb47cecc464545ba58e1ad24/library/core/src/panicking.rs:364:5
[INFO] [stdout]   17:     0x55e1943916a8 - rust_out::main::{{closure}}::h5b39ac0ba21052fe
[INFO] [stdout]   18:     0x55e194386c85 - tokio::runtime::park::CachedParkThread::block_on::{{closure}}::he4a5ac67c815f8fc
[INFO] [stdout]   19:     0x55e19438632e - tokio::runtime::park::CachedParkThread::block_on::h429fe7c8ced20046
[INFO] [stdout]   20:     0x55e19438b40d - tokio::runtime::context::blocking::BlockingRegionGuard::block_on::h971a2c8dd630069c
[INFO] [stdout]   21:     0x55e19438c730 - tokio::runtime::scheduler::multi_thread::MultiThread::block_on::{{closure}}::h052a3801e9a52ec6
[INFO] [stdout]   22:     0x55e19438abe3 - tokio::runtime::context::runtime::enter_runtime::hf138c69974ab660b
[INFO] [stdout]   23:     0x55e19438c6d1 - tokio::runtime::scheduler::multi_thread::MultiThread::block_on::h65d6042c4e0113d6
[INFO] [stdout]   24:     0x55e19438b75e - tokio::runtime::runtime::Runtime::block_on_inner::ha7cdbd06f4343cd1
[INFO] [stdout]   25:     0x55e19438b960 - tokio::runtime::runtime::Runtime::block_on::hb5e167562aff373d
[INFO] [stdout]   26:     0x55e1943912aa - rust_out::main::he88f0b9b281d54e0
[INFO] [stdout]   27:     0x55e194383303 - core::ops::function::FnOnce::call_once::hcf3829d8b58d0254
[INFO] [stdout]   28:     0x55e1943815e6 - std::sys::backtrace::__rust_begin_short_backtrace::h5e1527399e8d5bd4
[INFO] [stdout]   29:     0x55e1943815c9 - std::rt::lang_start::{{closure}}::h2c234101ed7b1b74
[INFO] [stdout]   30:     0x55e1944a1120 - core::ops::function::impls::<impl core::ops::function::FnOnce<A> for &F>::call_once::h1b085b6c1d2518b2
[INFO] [stdout]                                at /rustc/6067b36314ab5eb2eb47cecc464545ba58e1ad24/library/core/src/ops/function.rs:284:13
[INFO] [stdout]   31:     0x55e1944a1120 - std::panicking::try::do_call::h382f964a5a23b565
[INFO] [stdout]                                at /rustc/6067b36314ab5eb2eb47cecc464545ba58e1ad24/library/std/src/panicking.rs:587:40
[INFO] [stdout]   32:     0x55e1944a1120 - std::panicking::try::h57f991055eb622f9
[INFO] [stdout]                                at /rustc/6067b36314ab5eb2eb47cecc464545ba58e1ad24/library/std/src/panicking.rs:550:19
[INFO] [stdout]   33:     0x55e1944a1120 - std::panic::catch_unwind::h4d9a74ef04456343
[INFO] [stdout]                                at /rustc/6067b36314ab5eb2eb47cecc464545ba58e1ad24/library/std/src/panic.rs:358:14
[INFO] [stdout]   34:     0x55e1944a1120 - std::rt::lang_start_internal::{{closure}}::h2faa8ae84a93f314
[INFO] [stdout]                                at /rustc/6067b36314ab5eb2eb47cecc464545ba58e1ad24/library/std/src/rt.rs:163:24
[INFO] [stdout]   35:     0x55e1944a1120 - std::panicking::try::do_call::h0f8932bf638a9bf5
[INFO] [stdout]                                at /rustc/6067b36314ab5eb2eb47cecc464545ba58e1ad24/library/std/src/panicking.rs:587:40
[INFO] [stdout]   36:     0x55e1944a1120 - std::panicking::try::h683416ea756b175d
[INFO] [stdout]                                at /rustc/6067b36314ab5eb2eb47cecc464545ba58e1ad24/library/std/src/panicking.rs:550:19
[INFO] [stdout]   37:     0x55e1944a1120 - std::panic::catch_unwind::h56189fac8994979f
[INFO] [stdout]                                at /rustc/6067b36314ab5eb2eb47cecc464545ba58e1ad24/library/std/src/panic.rs:358:14
[INFO] [stdout]   38:     0x55e1944a1120 - std::rt::lang_start_internal::h8bbc1061691274fe
[INFO] [stdout]                                at /rustc/6067b36314ab5eb2eb47cecc464545ba58e1ad24/library/std/src/rt.rs:159:5
[INFO] [stdout]   39:     0x55e1943815b1 - std::rt::lang_start::h601b10a269c70ef7
[INFO] [stdout]   40:     0x55e194392045 - main
[INFO] [stdout]   41:     0x7cc44ac7fd90 - <unknown>
[INFO] [stdout]   42:     0x7cc44ac7fe40 - __libc_start_main
[INFO] [stdout]   43:     0x55e1943806f5 - _start
[INFO] [stdout]   44:                0x0 - <unknown>
[INFO] [stdout] 
[INFO] [stdout] 
[INFO] [stdout] 
[INFO] [stdout] failures:
[INFO] [stdout]     src/config.rs - config::Config::store (line 179)
[INFO] [stdout] 
[INFO] [stdout] test result: FAILED. 18 passed; 1 failed; 0 ignored; 0 measured; 0 filtered out; finished in 3.51s
[INFO] [stdout] 
[INFO] [stderr] error: doctest failed, to rerun pass `--doc`
[INFO] running `Command { std: "docker" "inspect" "80a3ea6c85013573902e0e487249de5780f076f0e17183930e931f4b5a8dc869", kill_on_drop: false }`
[INFO] running `Command { std: "docker" "rm" "-f" "80a3ea6c85013573902e0e487249de5780f076f0e17183930e931f4b5a8dc869", kill_on_drop: false }`
[INFO] [stdout] 80a3ea6c85013573902e0e487249de5780f076f0e17183930e931f4b5a8dc869
