[INFO] fetching crate anyhow 1.0.95...
[INFO] testing anyhow-1.0.95 against nightly-2025-01-18 for randomize-layout-2
[INFO] extracting crate anyhow 1.0.95 into /workspace/builds/worker-4-tc1/source
[INFO] validating manifest of crates.io crate anyhow 1.0.95 on toolchain nightly-2025-01-18
[INFO] running `Command { std: CARGO_HOME="/workspace/cargo-home" RUSTUP_HOME="/workspace/rustup-home" "/workspace/cargo-home/bin/cargo" "+nightly-2025-01-18" "metadata" "--manifest-path" "Cargo.toml" "--no-deps", kill_on_drop: false }`
[INFO] removed /workspace/builds/worker-4-tc1/source/rust-toolchain.toml
[INFO] started tweaking crates.io crate anyhow 1.0.95
[INFO] removed 0 missing tests
[INFO] finished tweaking crates.io crate anyhow 1.0.95
[INFO] tweaked toml for crates.io crate anyhow 1.0.95 written to /workspace/builds/worker-4-tc1/source/Cargo.toml
[INFO] crate crates.io crate anyhow 1.0.95 already has a lockfile, it will not be regenerated
[INFO] running `Command { std: CARGO_HOME="/workspace/cargo-home" RUSTUP_HOME="/workspace/rustup-home" "/workspace/cargo-home/bin/cargo" "+nightly-2025-01-18" "fetch" "--manifest-path" "Cargo.toml", kill_on_drop: false }`
[INFO] [stderr]     Updating crates.io index
[INFO] [stderr]  Downloading crates ...
[INFO] [stderr]   Downloaded trybuild v1.0.101
[INFO] [stderr]   Downloaded dissimilar v1.0.9
[INFO] [stderr]   Downloaded target-triple v0.1.3
[INFO] running `Command { std: "docker" "create" "-v" "/var/lib/crater-agent-workspace/builds/worker-4-tc1/target:/opt/rustwide/target:rw,Z" "-v" "/var/lib/crater-agent-workspace/builds/worker-4-tc1/source:/opt/rustwide/workdir:ro,Z" "-v" "/var/lib/crater-agent-workspace/cargo-home:/opt/rustwide/cargo-home:ro,Z" "-v" "/var/lib/crater-agent-workspace/rustup-home:/opt/rustwide/rustup-home:ro,Z" "-e" "SOURCE_DIR=/opt/rustwide/workdir" "-e" "CARGO_TARGET_DIR=/opt/rustwide/target" "-e" "CARGO_HOME=/opt/rustwide/cargo-home" "-e" "RUSTUP_HOME=/opt/rustwide/rustup-home" "-w" "/opt/rustwide/workdir" "-m" "1610612736" "--user" "0:0" "--network" "none" "ghcr.io/rust-lang/crates-build-env/linux@sha256:819108c5571ea2e421544af4d832f968d213c87fbe3707a016657f43d2f853bc" "/opt/rustwide/cargo-home/bin/cargo" "+nightly-2025-01-18" "metadata" "--no-deps" "--format-version=1", kill_on_drop: false }`
[INFO] [stdout] 375d4fadcb9a51c860549185207aac061fa947c7dbaf72e6926ca5b3b0e4ee9b
[INFO] running `Command { std: "docker" "start" "-a" "375d4fadcb9a51c860549185207aac061fa947c7dbaf72e6926ca5b3b0e4ee9b", kill_on_drop: false }`
[INFO] running `Command { std: "docker" "inspect" "375d4fadcb9a51c860549185207aac061fa947c7dbaf72e6926ca5b3b0e4ee9b", kill_on_drop: false }`
[INFO] running `Command { std: "docker" "rm" "-f" "375d4fadcb9a51c860549185207aac061fa947c7dbaf72e6926ca5b3b0e4ee9b", kill_on_drop: false }`
[INFO] [stdout] 375d4fadcb9a51c860549185207aac061fa947c7dbaf72e6926ca5b3b0e4ee9b
[INFO] running `Command { std: "docker" "create" "-v" "/var/lib/crater-agent-workspace/builds/worker-4-tc1/target:/opt/rustwide/target:rw,Z" "-v" "/var/lib/crater-agent-workspace/builds/worker-4-tc1/source:/opt/rustwide/workdir:ro,Z" "-v" "/var/lib/crater-agent-workspace/cargo-home:/opt/rustwide/cargo-home:ro,Z" "-v" "/var/lib/crater-agent-workspace/rustup-home:/opt/rustwide/rustup-home:ro,Z" "-e" "SOURCE_DIR=/opt/rustwide/workdir" "-e" "CARGO_TARGET_DIR=/opt/rustwide/target" "-e" "CARGO_INCREMENTAL=0" "-e" "RUST_BACKTRACE=full" "-e" "RUSTFLAGS=--cap-lints=forbid" "-e" "RUSTDOCFLAGS=--cap-lints=forbid" "-e" "CARGO_HOME=/opt/rustwide/cargo-home" "-e" "RUSTUP_HOME=/opt/rustwide/rustup-home" "-w" "/opt/rustwide/workdir" "-m" "1610612736" "--user" "0:0" "--network" "none" "ghcr.io/rust-lang/crates-build-env/linux@sha256:819108c5571ea2e421544af4d832f968d213c87fbe3707a016657f43d2f853bc" "/opt/rustwide/cargo-home/bin/cargo" "+nightly-2025-01-18" "build" "--frozen" "--message-format=json", kill_on_drop: false }`
[INFO] [stdout] aa1f094aa6703a5d2805f503ec236680747bc0299abf6bf64cc77564f744330f
[INFO] running `Command { std: "docker" "start" "-a" "aa1f094aa6703a5d2805f503ec236680747bc0299abf6bf64cc77564f744330f", kill_on_drop: false }`
[INFO] [stderr]    Compiling anyhow v1.0.95 (/opt/rustwide/workdir)
[INFO] [stderr]     Finished `dev` profile [unoptimized + debuginfo] target(s) in 1.17s
[INFO] running `Command { std: "docker" "inspect" "aa1f094aa6703a5d2805f503ec236680747bc0299abf6bf64cc77564f744330f", kill_on_drop: false }`
[INFO] running `Command { std: "docker" "rm" "-f" "aa1f094aa6703a5d2805f503ec236680747bc0299abf6bf64cc77564f744330f", kill_on_drop: false }`
[INFO] [stdout] aa1f094aa6703a5d2805f503ec236680747bc0299abf6bf64cc77564f744330f
[INFO] running `Command { std: "docker" "create" "-v" "/var/lib/crater-agent-workspace/builds/worker-4-tc1/target:/opt/rustwide/target:rw,Z" "-v" "/var/lib/crater-agent-workspace/builds/worker-4-tc1/source:/opt/rustwide/workdir:ro,Z" "-v" "/var/lib/crater-agent-workspace/cargo-home:/opt/rustwide/cargo-home:ro,Z" "-v" "/var/lib/crater-agent-workspace/rustup-home:/opt/rustwide/rustup-home:ro,Z" "-e" "SOURCE_DIR=/opt/rustwide/workdir" "-e" "CARGO_TARGET_DIR=/opt/rustwide/target" "-e" "CARGO_INCREMENTAL=0" "-e" "RUST_BACKTRACE=full" "-e" "RUSTFLAGS=--cap-lints=forbid" "-e" "RUSTDOCFLAGS=--cap-lints=forbid" "-e" "CARGO_HOME=/opt/rustwide/cargo-home" "-e" "RUSTUP_HOME=/opt/rustwide/rustup-home" "-w" "/opt/rustwide/workdir" "-m" "1610612736" "--user" "0:0" "--network" "none" "ghcr.io/rust-lang/crates-build-env/linux@sha256:819108c5571ea2e421544af4d832f968d213c87fbe3707a016657f43d2f853bc" "/opt/rustwide/cargo-home/bin/cargo" "+nightly-2025-01-18" "test" "--frozen" "--no-run" "--message-format=json", kill_on_drop: false }`
[INFO] [stdout] 60f64e6b885e0ce487c2b632776a6d3a368a9b68f5d473f2d2b8336325b1c651
[INFO] running `Command { std: "docker" "start" "-a" "60f64e6b885e0ce487c2b632776a6d3a368a9b68f5d473f2d2b8336325b1c651", kill_on_drop: false }`
[INFO] [stderr]    Compiling serde v1.0.216
[INFO] [stderr]    Compiling proc-macro2 v1.0.92
[INFO] [stderr]    Compiling unicode-ident v1.0.14
[INFO] [stderr]    Compiling hashbrown v0.15.2
[INFO] [stderr]    Compiling equivalent v1.0.1
[INFO] [stderr]    Compiling winnow v0.6.20
[INFO] [stderr]    Compiling futures-core v0.3.31
[INFO] [stderr]    Compiling target-triple v0.1.3
[INFO] [stderr]    Compiling futures-sink v0.3.31
[INFO] [stderr]    Compiling serde_json v1.0.134
[INFO] [stderr]    Compiling thiserror v2.0.9
[INFO] [stderr]    Compiling rustversion v1.0.18
[INFO] [stderr]    Compiling itoa v1.0.14
[INFO] [stderr]    Compiling memchr v2.7.4
[INFO] [stderr]    Compiling pin-project-lite v0.2.15
[INFO] [stderr]    Compiling pin-utils v0.1.0
[INFO] [stderr]    Compiling futures-task v0.3.31
[INFO] [stderr]    Compiling ryu v1.0.18
[INFO] [stderr]    Compiling termcolor v1.4.1
[INFO] [stderr]    Compiling futures-io v0.3.31
[INFO] [stderr]    Compiling futures-channel v0.3.31
[INFO] [stderr]    Compiling futures-util v0.3.31
[INFO] [stderr]    Compiling glob v0.3.1
[INFO] [stderr]    Compiling dissimilar v1.0.9
[INFO] [stderr]    Compiling indexmap v2.7.0
[INFO] [stderr]    Compiling quote v1.0.37
[INFO] [stderr]    Compiling syn v2.0.91
[INFO] [stderr]    Compiling futures v0.3.31
[INFO] [stderr]    Compiling toml_datetime v0.6.8
[INFO] [stderr]    Compiling serde_spanned v0.6.8
[INFO] [stderr]    Compiling toml_edit v0.22.22
[INFO] [stderr]    Compiling serde_derive v1.0.216
[INFO] [stderr]    Compiling thiserror-impl v2.0.9
[INFO] [stderr]    Compiling toml v0.8.19
[INFO] [stderr]    Compiling trybuild v1.0.101
[INFO] [stderr]    Compiling anyhow v1.0.95 (/opt/rustwide/workdir)
[INFO] [stdout] warning: extern declarations without an explicit ABI are deprecated
[INFO] [stdout]    --> tests/test_ensure.rs:616:43
[INFO] [stdout]     |
[INFO] [stdout] 616 |     let test = || Ok(ensure!(extern_fn as extern fn() as usize * 0 != 0));
[INFO] [stdout]     |                                           ^^^^^^ help: explicitly specify the C ABI: `extern "C"`
[INFO] [stdout]     |
[INFO] [stdout]     = note: `#[warn(missing_abi)]` on by default
[INFO] [stdout] 
[INFO] [stdout] 
[INFO] [stderr]     Finished `test` profile [unoptimized + debuginfo] target(s) in 23.65s
[INFO] running `Command { std: "docker" "inspect" "60f64e6b885e0ce487c2b632776a6d3a368a9b68f5d473f2d2b8336325b1c651", kill_on_drop: false }`
[INFO] running `Command { std: "docker" "rm" "-f" "60f64e6b885e0ce487c2b632776a6d3a368a9b68f5d473f2d2b8336325b1c651", kill_on_drop: false }`
[INFO] [stdout] 60f64e6b885e0ce487c2b632776a6d3a368a9b68f5d473f2d2b8336325b1c651
[INFO] running `Command { std: "docker" "create" "-v" "/var/lib/crater-agent-workspace/builds/worker-4-tc1/target:/opt/rustwide/target:rw,Z" "-v" "/var/lib/crater-agent-workspace/builds/worker-4-tc1/source:/opt/rustwide/workdir:ro,Z" "-v" "/var/lib/crater-agent-workspace/cargo-home:/opt/rustwide/cargo-home:ro,Z" "-v" "/var/lib/crater-agent-workspace/rustup-home:/opt/rustwide/rustup-home:ro,Z" "-e" "SOURCE_DIR=/opt/rustwide/workdir" "-e" "CARGO_TARGET_DIR=/opt/rustwide/target" "-e" "CARGO_INCREMENTAL=0" "-e" "RUST_BACKTRACE=full" "-e" "RUSTFLAGS=--cap-lints=forbid" "-e" "RUSTDOCFLAGS=--cap-lints=forbid" "-e" "CARGO_HOME=/opt/rustwide/cargo-home" "-e" "RUSTUP_HOME=/opt/rustwide/rustup-home" "-w" "/opt/rustwide/workdir" "-m" "1610612736" "--user" "0:0" "--network" "none" "ghcr.io/rust-lang/crates-build-env/linux@sha256:819108c5571ea2e421544af4d832f968d213c87fbe3707a016657f43d2f853bc" "/opt/rustwide/cargo-home/bin/cargo" "+nightly-2025-01-18" "test" "--frozen", kill_on_drop: false }`
[INFO] [stdout] 5f8b7e0a105638978d001b63f676fc6a5a332366bb698aea6cf3bd85626b831c
[INFO] running `Command { std: "docker" "start" "-a" "5f8b7e0a105638978d001b63f676fc6a5a332366bb698aea6cf3bd85626b831c", kill_on_drop: false }`
[INFO] [stderr] warning: extern declarations without an explicit ABI are deprecated
[INFO] [stderr]    --> tests/test_ensure.rs:616:43
[INFO] [stderr]     |
[INFO] [stderr] 616 |     let test = || Ok(ensure!(extern_fn as extern fn() as usize * 0 != 0));
[INFO] [stderr]     |                                           ^^^^^^ help: explicitly specify the C ABI: `extern "C"`
[INFO] [stderr]     |
[INFO] [stderr]     = note: `#[warn(missing_abi)]` on by default
[INFO] [stderr] 
[INFO] [stderr] warning: `anyhow` (test "test_ensure") generated 1 warning (run `cargo fix --test "test_ensure"` to apply 1 suggestion)
[INFO] [stderr]     Finished `test` profile [unoptimized + debuginfo] target(s) in 0.08s
[INFO] [stderr]      Running unittests src/lib.rs (/opt/rustwide/target/debug/deps/anyhow-87813b6a2f133d19)
[INFO] [stdout] 
[INFO] [stdout] running 3 tests
[INFO] [stdout] test fmt::tests::two_digits ... ok
[INFO] [stdout] test fmt::tests::no_digits ... ok
[INFO] [stdout] test fmt::tests::one_digit ... ok
[INFO] [stdout] 
[INFO] [stdout] test result: ok. 3 passed; 0 failed; 0 ignored; 0 measured; 0 filtered out; finished in 0.02s
[INFO] [stdout] 
[INFO] [stderr]      Running tests/compiletest.rs (/opt/rustwide/target/debug/deps/compiletest-2011db8cb5c97247)
[INFO] [stdout] 
[INFO] [stdout] running 1 test
[INFO] [stderr]    Compiling proc-macro2 v1.0.92
[INFO] [stderr]    Compiling unicode-ident v1.0.14
[INFO] [stderr]     Checking futures-core v0.3.31
[INFO] [stderr]     Checking futures-sink v0.3.31
[INFO] [stderr]     Checking pin-project-lite v0.2.15
[INFO] [stderr]     Checking pin-utils v0.1.0
[INFO] [stderr]    Compiling anyhow v1.0.95 (/opt/rustwide/workdir)
[INFO] [stderr]     Checking futures-task v0.3.31
[INFO] [stderr]    Compiling rustversion v1.0.18
[INFO] [stderr]    Compiling thiserror v2.0.9
[INFO] [stderr]     Checking futures-io v0.3.31
[INFO] [stderr]     Checking futures-channel v0.3.31
[INFO] [stderr]     Checking futures-util v0.3.31
[INFO] [stderr]     Checking quote v1.0.37
[INFO] [stderr]     Checking syn v2.0.91
[INFO] [stderr]     Checking futures v0.3.31
[INFO] [stderr]    Compiling thiserror-impl v2.0.9
[INFO] [stderr]     Checking anyhow-tests v0.0.0 (/opt/rustwide/target/tests/trybuild/anyhow)
[INFO] [stderr]     Finished `dev` profile [unoptimized + debuginfo] target(s) in 9.90s
[INFO] [stderr] 
[INFO] [stderr] 
[INFO] [stderr] test tests/ui/chained-comparison.rs ... ok
[INFO] [stderr] test tests/ui/empty-ensure.rs ... ok
[INFO] [stderr] test tests/ui/ensure-nonbool.rs ... mismatch
[INFO] [stderr] 
[INFO] [stderr] EXPECTED:
[INFO] [stderr] ┈┈┈┈┈┈┈┈┈┈┈┈┈┈┈┈┈┈┈┈┈┈┈┈┈┈┈┈┈┈┈┈┈┈┈┈┈┈┈┈┈┈┈┈┈┈┈┈┈┈┈┈┈┈┈┈┈┈┈┈
[INFO] [stderr] error[E0277]: the trait bound `&str: __private::not::Bool` is not satisfied
[INFO] [stderr]   --> tests/ui/ensure-nonbool.rs:25:13
[INFO] [stderr]    |
[INFO] [stderr] 25 |     ensure!("...");
[INFO] [stderr]    |     --------^^^^^-
[INFO] [stderr]    |     |       |
[INFO] [stderr]    |     |       the trait `__private::not::Bool` is not implemented for `&str`
[INFO] [stderr]    |     required by a bound introduced by this call
[INFO] [stderr]    |
[INFO] [stderr]    = help: the following other types implement trait `__private::not::Bool`:
[INFO] [stderr]              &bool
[INFO] [stderr]              bool
[INFO] [stderr] note: required by a bound in `anyhow::__private::not`
[INFO] [stderr]   --> src/lib.rs
[INFO] [stderr]    |
[INFO] [stderr]    |     pub fn not(cond: impl Bool) -> bool {
[INFO] [stderr]    |                           ^^^^ required by this bound in `not`
[INFO] [stderr] 
[INFO] [stderr] error[E0277]: the trait bound `&mut bool: __private::not::Bool` is not satisfied
[INFO] [stderr]   --> tests/ui/ensure-nonbool.rs:29:31
[INFO] [stderr]    |
[INFO] [stderr] 29 |         Bool(cond) => ensure!(cond),
[INFO] [stderr]    |                       --------^^^^-
[INFO] [stderr]    |                       |       |
[INFO] [stderr]    |                       |       the trait `__private::not::Bool` is not implemented for `&mut bool`
[INFO] [stderr]    |                       required by a bound introduced by this call
[INFO] [stderr]    |
[INFO] [stderr]    = help: the following other types implement trait `__private::not::Bool`:
[INFO] [stderr]              &bool
[INFO] [stderr]              bool
[INFO] [stderr]    = note: `__private::not::Bool` is implemented for `&bool`, but not for `&mut bool`
[INFO] [stderr] note: required by a bound in `anyhow::__private::not`
[INFO] [stderr]   --> src/lib.rs
[INFO] [stderr]    |
[INFO] [stderr]    |     pub fn not(cond: impl Bool) -> bool {
[INFO] [stderr]    |                           ^^^^ required by this bound in `not`
[INFO] [stderr] 
[INFO] [stderr] error[E0277]: the trait bound `DerefBool: __private::not::Bool` is not satisfied
[INFO] [stderr]   --> tests/ui/ensure-nonbool.rs:33:13
[INFO] [stderr]    |
[INFO] [stderr] 33 |     ensure!(db);
[INFO] [stderr]    |     --------^^-
[INFO] [stderr]    |     |       |
[INFO] [stderr]    |     |       the trait `__private::not::Bool` is not implemented for `DerefBool`
[INFO] [stderr]    |     required by a bound introduced by this call
[INFO] [stderr]    |
[INFO] [stderr]    = help: the following other types implement trait `__private::not::Bool`:
[INFO] [stderr]              &bool
[INFO] [stderr]              bool
[INFO] [stderr] note: required by a bound in `anyhow::__private::not`
[INFO] [stderr]   --> src/lib.rs
[INFO] [stderr]    |
[INFO] [stderr]    |     pub fn not(cond: impl Bool) -> bool {
[INFO] [stderr]    |                           ^^^^ required by this bound in `not`
[INFO] [stderr] 
[INFO] [stderr] error[E0277]: the trait bound `&DerefBool: __private::not::Bool` is not satisfied
[INFO] [stderr]   --> tests/ui/ensure-nonbool.rs:34:13
[INFO] [stderr]    |
[INFO] [stderr] 34 |     ensure!(&db);
[INFO] [stderr]    |     --------^^^-
[INFO] [stderr]    |     |       |
[INFO] [stderr]    |     |       the trait `__private::not::Bool` is not implemented for `&DerefBool`
[INFO] [stderr]    |     required by a bound introduced by this call
[INFO] [stderr]    |
[INFO] [stderr] note: required by a bound in `anyhow::__private::not`
[INFO] [stderr]   --> src/lib.rs
[INFO] [stderr]    |
[INFO] [stderr]    |     pub fn not(cond: impl Bool) -> bool {
[INFO] [stderr]    |                           ^^^^ required by this bound in `not`
[INFO] [stderr] help: consider dereferencing here
[INFO] [stderr]    |
[INFO] [stderr] 34 |     ensure!(&*db);
[INFO] [stderr]    |              +
[INFO] [stderr] 
[INFO] [stderr] error[E0277]: the trait bound `NotBool: __private::not::Bool` is not satisfied
[INFO] [stderr]   --> tests/ui/ensure-nonbool.rs:37:13
[INFO] [stderr]    |
[INFO] [stderr] 37 |     ensure!(nb);
[INFO] [stderr]    |     --------^^-
[INFO] [stderr]    |     |       |
[INFO] [stderr]    |     |       the trait `__private::not::Bool` is not implemented for `NotBool`
[INFO] [stderr]    |     required by a bound introduced by this call
[INFO] [stderr]    |
[INFO] [stderr]    = help: the following other types implement trait `__private::not::Bool`:
[INFO] [stderr]              &bool
[INFO] [stderr]              bool
[INFO] [stderr] note: required by a bound in `anyhow::__private::not`
[INFO] [stderr]   --> src/lib.rs
[INFO] [stderr]    |
[INFO] [stderr]    |     pub fn not(cond: impl Bool) -> bool {
[INFO] [stderr]    |                           ^^^^ required by this bound in `not`
[INFO] [stderr] ┈┈┈┈┈┈┈┈┈┈┈┈┈┈┈┈┈┈┈┈┈┈┈┈┈┈┈┈┈┈┈┈┈┈┈┈┈┈┈┈┈┈┈┈┈┈┈┈┈┈┈┈┈┈┈┈┈┈┈┈
[INFO] [stderr] 
[INFO] [stderr] ACTUAL OUTPUT:
[INFO] [stderr] ┈┈┈┈┈┈┈┈┈┈┈┈┈┈┈┈┈┈┈┈┈┈┈┈┈┈┈┈┈┈┈┈┈┈┈┈┈┈┈┈┈┈┈┈┈┈┈┈┈┈┈┈┈┈┈┈┈┈┈┈
[INFO] [stderr] error[E0277]: the trait bound `&str: __private::not::Bool` is not satisfied
[INFO] [stderr]   --> tests/ui/ensure-nonbool.rs:25:13
[INFO] [stderr]    |
[INFO] [stderr] 25 |     ensure!("...");
[INFO] [stderr]    |     --------^^^^^-
[INFO] [stderr]    |     |       |
[INFO] [stderr]    |     |       the trait `__private::not::Bool` is not implemented for `&str`
[INFO] [stderr]    |     required by a bound introduced by this call
[INFO] [stderr]    |
[INFO] [stderr]    = help: the following other types implement trait `__private::not::Bool`:
[INFO] [stderr]              &bool
[INFO] [stderr]              bool
[INFO] [stderr] note: required by a bound in `anyhow::__private::not`
[INFO] [stderr]   --> src/lib.rs
[INFO] [stderr]    |
[INFO] [stderr]    |     pub fn not(cond: impl Bool) -> bool {
[INFO] [stderr]    |                           ^^^^ required by this bound in `not`
[INFO] [stderr] 
[INFO] [stderr] error[E0277]: the trait bound `&mut bool: __private::not::Bool` is not satisfied
[INFO] [stderr]   --> tests/ui/ensure-nonbool.rs:29:31
[INFO] [stderr]    |
[INFO] [stderr] 29 |         Bool(cond) => ensure!(cond),
[INFO] [stderr]    |                       --------^^^^-
[INFO] [stderr]    |                       |       |
[INFO] [stderr]    |                       |       the trait `__private::not::Bool` is not implemented for `&mut bool`
[INFO] [stderr]    |                       required by a bound introduced by this call
[INFO] [stderr]    |
[INFO] [stderr]    = note: `__private::not::Bool` is implemented for `&bool`, but not for `&mut bool`
[INFO] [stderr] note: required by a bound in `anyhow::__private::not`
[INFO] [stderr]   --> src/lib.rs
[INFO] [stderr]    |
[INFO] [stderr]    |     pub fn not(cond: impl Bool) -> bool {
[INFO] [stderr]    |                           ^^^^ required by this bound in `not`
[INFO] [stderr] help: consider dereferencing here
[INFO] [stderr]    |
[INFO] [stderr] 29 |         Bool(cond) => ensure!(*cond),
[INFO] [stderr]    |                               +
[INFO] [stderr] 
[INFO] [stderr] error[E0277]: the trait bound `DerefBool: __private::not::Bool` is not satisfied
[INFO] [stderr]   --> tests/ui/ensure-nonbool.rs:33:13
[INFO] [stderr]    |
[INFO] [stderr] 33 |     ensure!(db);
[INFO] [stderr]    |     --------^^-
[INFO] [stderr]    |     |       |
[INFO] [stderr]    |     |       the trait `__private::not::Bool` is not implemented for `DerefBool`
[INFO] [stderr]    |     required by a bound introduced by this call
[INFO] [stderr]    |
[INFO] [stderr] note: required by a bound in `anyhow::__private::not`
[INFO] [stderr]   --> src/lib.rs
[INFO] [stderr]    |
[INFO] [stderr]    |     pub fn not(cond: impl Bool) -> bool {
[INFO] [stderr]    |                           ^^^^ required by this bound in `not`
[INFO] [stderr] help: consider dereferencing here
[INFO] [stderr]    |
[INFO] [stderr] 33 |     ensure!(*db);
[INFO] [stderr]    |             +
[INFO] [stderr] 
[INFO] [stderr] error[E0277]: the trait bound `&DerefBool: __private::not::Bool` is not satisfied
[INFO] [stderr]   --> tests/ui/ensure-nonbool.rs:34:13
[INFO] [stderr]    |
[INFO] [stderr] 34 |     ensure!(&db);
[INFO] [stderr]    |     --------^^^-
[INFO] [stderr]    |     |       |
[INFO] [stderr]    |     |       the trait `__private::not::Bool` is not implemented for `&DerefBool`
[INFO] [stderr]    |     required by a bound introduced by this call
[INFO] [stderr]    |
[INFO] [stderr] note: required by a bound in `anyhow::__private::not`
[INFO] [stderr]   --> src/lib.rs
[INFO] [stderr]    |
[INFO] [stderr]    |     pub fn not(cond: impl Bool) -> bool {
[INFO] [stderr]    |                           ^^^^ required by this bound in `not`
[INFO] [stderr] help: consider dereferencing here
[INFO] [stderr]    |
[INFO] [stderr] 34 |     ensure!(&*db);
[INFO] [stderr]    |              +
[INFO] [stderr] 
[INFO] [stderr] error[E0277]: the trait bound `NotBool: __private::not::Bool` is not satisfied
[INFO] [stderr]   --> tests/ui/ensure-nonbool.rs:37:13
[INFO] [stderr]    |
[INFO] [stderr] 37 |     ensure!(nb);
[INFO] [stderr]    |     --------^^-
[INFO] [stderr]    |     |       |
[INFO] [stderr]    |     |       the trait `__private::not::Bool` is not implemented for `NotBool`
[INFO] [stderr]    |     required by a bound introduced by this call
[INFO] [stderr]    |
[INFO] [stderr]    = help: the following other types implement trait `__private::not::Bool`:
[INFO] [stderr]              &bool
[INFO] [stderr]              bool
[INFO] [stderr] note: required by a bound in `anyhow::__private::not`
[INFO] [stderr]   --> src/lib.rs
[INFO] [stderr]    |
[INFO] [stderr]    |     pub fn not(cond: impl Bool) -> bool {
[INFO] [stderr]    |                           ^^^^ required by this bound in `not`
[INFO] [stderr] ┈┈┈┈┈┈┈┈┈┈┈┈┈┈┈┈┈┈┈┈┈┈┈┈┈┈┈┈┈┈┈┈┈┈┈┈┈┈┈┈┈┈┈┈┈┈┈┈┈┈┈┈┈┈┈┈┈┈┈┈
[INFO] [stderr] note: If the actual output is the correct output you can bless it by rerunning
[INFO] [stderr]       your test with the environment variable TRYBUILD=overwrite
[INFO] [stderr] 
[INFO] [stderr] test tests/ui/must-use.rs ... ok
[INFO] [stderr] test tests/ui/no-impl.rs ... mismatch
[INFO] [stderr] 
[INFO] [stderr] EXPECTED:
[INFO] [stderr] ┈┈┈┈┈┈┈┈┈┈┈┈┈┈┈┈┈┈┈┈┈┈┈┈┈┈┈┈┈┈┈┈┈┈┈┈┈┈┈┈┈┈┈┈┈┈┈┈┈┈┈┈┈┈┈┈┈┈┈┈
[INFO] [stderr] error[E0599]: the method `anyhow_kind` exists for reference `&Error`, but its trait bounds were not satisfied
[INFO] [stderr]  --> tests/ui/no-impl.rs:7:13
[INFO] [stderr]   |
[INFO] [stderr] 4 | struct Error;
[INFO] [stderr]   | ------------ doesn't satisfy `Error: Into<anyhow::Error>`, `Error: anyhow::kind::TraitKind` or `Error: std::fmt::Display`
[INFO] [stderr] ...
[INFO] [stderr] 7 |     let _ = anyhow!(Error);
[INFO] [stderr]   |             ^^^^^^^^^^^^^^ method cannot be called on `&Error` due to unsatisfied trait bounds
[INFO] [stderr]   |
[INFO] [stderr]   = note: the following trait bounds were not satisfied:
[INFO] [stderr]           `Error: Into<anyhow::Error>`
[INFO] [stderr]           which is required by `Error: anyhow::kind::TraitKind`
[INFO] [stderr]           `Error: std::fmt::Display`
[INFO] [stderr]           which is required by `&Error: anyhow::kind::AdhocKind`
[INFO] [stderr]           `&Error: Into<anyhow::Error>`
[INFO] [stderr]           which is required by `&Error: anyhow::kind::TraitKind`
[INFO] [stderr] note: the traits `Into` and `std::fmt::Display` must be implemented
[INFO] [stderr]  --> $RUST/core/src/fmt/mod.rs
[INFO] [stderr]   |
[INFO] [stderr]   | pub trait Display {
[INFO] [stderr]   | ^^^^^^^^^^^^^^^^^
[INFO] [stderr]   |
[INFO] [stderr]  ::: $RUST/core/src/convert/mod.rs
[INFO] [stderr]   |
[INFO] [stderr]   | pub trait Into<T>: Sized {
[INFO] [stderr]   | ^^^^^^^^^^^^^^^^^^^^^^^^
[INFO] [stderr]   = help: items from traits can only be used if the trait is implemented and in scope
[INFO] [stderr]   = note: the following traits define an item `anyhow_kind`, perhaps you need to implement one of them:
[INFO] [stderr]           candidate #1: `anyhow::kind::AdhocKind`
[INFO] [stderr]           candidate #2: `anyhow::kind::BoxedKind`
[INFO] [stderr]           candidate #3: `anyhow::kind::TraitKind`
[INFO] [stderr]   = note: this error originates in the macro `anyhow` (in Nightly builds, run with -Z macro-backtrace for more info)
[INFO] [stderr] ┈┈┈┈┈┈┈┈┈┈┈┈┈┈┈┈┈┈┈┈┈┈┈┈┈┈┈┈┈┈┈┈┈┈┈┈┈┈┈┈┈┈┈┈┈┈┈┈┈┈┈┈┈┈┈┈┈┈┈┈
[INFO] [stderr] 
[INFO] [stderr] ACTUAL OUTPUT:
[INFO] [stderr] ┈┈┈┈┈┈┈┈┈┈┈┈┈┈┈┈┈┈┈┈┈┈┈┈┈┈┈┈┈┈┈┈┈┈┈┈┈┈┈┈┈┈┈┈┈┈┈┈┈┈┈┈┈┈┈┈┈┈┈┈
[INFO] [stderr] error[E0599]: the method `anyhow_kind` exists for reference `&Error`, but its trait bounds were not satisfied
[INFO] [stderr]  --> tests/ui/no-impl.rs:7:13
[INFO] [stderr]   |
[INFO] [stderr] 4 | struct Error;
[INFO] [stderr]   | ------------ doesn't satisfy `Error: Into<anyhow::Error>`, `Error: anyhow::kind::TraitKind` or `Error: std::fmt::Display`
[INFO] [stderr] ...
[INFO] [stderr] 7 |     let _ = anyhow!(Error);
[INFO] [stderr]   |             ^^^^^^^^^^^^^^ method cannot be called on `&Error` due to unsatisfied trait bounds
[INFO] [stderr]   |
[INFO] [stderr]   = note: the following trait bounds were not satisfied:
[INFO] [stderr]           `Error: Into<anyhow::Error>`
[INFO] [stderr]           which is required by `Error: anyhow::kind::TraitKind`
[INFO] [stderr]           `Error: std::fmt::Display`
[INFO] [stderr]           which is required by `&Error: anyhow::kind::AdhocKind`
[INFO] [stderr]           `&Error: Into<anyhow::Error>`
[INFO] [stderr]           which is required by `&Error: anyhow::kind::TraitKind`
[INFO] [stderr] note: the traits `Into` and `std::fmt::Display` must be implemented
[INFO] [stderr]  --> $RUST/core/src/fmt/mod.rs
[INFO] [stderr]  --> $RUST/core/src/convert/mod.rs
[INFO] [stderr]   = help: items from traits can only be used if the trait is implemented and in scope
[INFO] [stderr]   = note: the following traits define an item `anyhow_kind`, perhaps you need to implement one of them:
[INFO] [stderr]           candidate #1: `anyhow::kind::AdhocKind`
[INFO] [stderr]           candidate #2: `anyhow::kind::BoxedKind`
[INFO] [stderr]           candidate #3: `anyhow::kind::TraitKind`
[INFO] [stderr]   = note: this error originates in the macro `anyhow` (in Nightly builds, run with -Z macro-backtrace for more info)
[INFO] [stderr] ┈┈┈┈┈┈┈┈┈┈┈┈┈┈┈┈┈┈┈┈┈┈┈┈┈┈┈┈┈┈┈┈┈┈┈┈┈┈┈┈┈┈┈┈┈┈┈┈┈┈┈┈┈┈┈┈┈┈┈┈
[INFO] [stderr] note: If the actual output is the correct output you can bless it by rerunning
[INFO] [stderr]       your test with the environment variable TRYBUILD=overwrite
[INFO] [stderr] 
[INFO] [stderr] test tests/ui/temporary-value.rs ... ok
[INFO] [stderr] test tests/ui/wrong-interpolation.rs ... ok
[INFO] [stderr] 
[INFO] [stderr] 
[INFO] [stdout] test ui ... FAILED
[INFO] [stdout] 
[INFO] [stdout] failures:
[INFO] [stdout] 
[INFO] [stdout] ---- ui stdout ----
[INFO] [stdout] 
[INFO] [stdout] thread 'ui' panicked at /opt/rustwide/cargo-home/registry/src/index.crates.io-1949cf8c6b5b557f/trybuild-1.0.101/src/run.rs:101:13:
[INFO] [stdout] 2 of 7 tests failed
[INFO] [stdout] stack backtrace:
[INFO] [stdout]    0:     0x60ea3758c30a - std::backtrace_rs::backtrace::libunwind::trace::hb059275cfc8d6126
[INFO] [stdout]                                at /rustc/6067b36314ab5eb2eb47cecc464545ba58e1ad24/library/std/src/../../backtrace/src/backtrace/libunwind.rs:116:5
[INFO] [stdout]    1:     0x60ea3758c30a - std::backtrace_rs::backtrace::trace_unsynchronized::h2da071e4327ce3ee
[INFO] [stdout]                                at /rustc/6067b36314ab5eb2eb47cecc464545ba58e1ad24/library/std/src/../../backtrace/src/backtrace/mod.rs:66:5
[INFO] [stdout]    2:     0x60ea3758c30a - std::sys::backtrace::_print_fmt::h842a1474e6f8d23f
[INFO] [stdout]                                at /rustc/6067b36314ab5eb2eb47cecc464545ba58e1ad24/library/std/src/sys/backtrace.rs:66:9
[INFO] [stdout]    3:     0x60ea3758c30a - <std::sys::backtrace::BacktraceLock::print::DisplayBacktrace as core::fmt::Display>::fmt::h71a62eb3b9696b12
[INFO] [stdout]                                at /rustc/6067b36314ab5eb2eb47cecc464545ba58e1ad24/library/std/src/sys/backtrace.rs:39:26
[INFO] [stdout]    4:     0x60ea375b7c23 - core::fmt::rt::Argument::fmt::hdb6b616786b41dc1
[INFO] [stdout]                                at /rustc/6067b36314ab5eb2eb47cecc464545ba58e1ad24/library/core/src/fmt/rt.rs:177:76
[INFO] [stdout]    5:     0x60ea375b7c23 - core::fmt::write::h2cc1698af7e2d686
[INFO] [stdout]                                at /rustc/6067b36314ab5eb2eb47cecc464545ba58e1ad24/library/core/src/fmt/mod.rs:1440:21
[INFO] [stdout]    6:     0x60ea37588233 - std::io::Write::write_fmt::hab1b4cd059a79022
[INFO] [stdout]                                at /rustc/6067b36314ab5eb2eb47cecc464545ba58e1ad24/library/std/src/io/mod.rs:1887:15
[INFO] [stdout]    7:     0x60ea3758c152 - std::sys::backtrace::BacktraceLock::print::h147fe35b4ea13b08
[INFO] [stdout]                                at /rustc/6067b36314ab5eb2eb47cecc464545ba58e1ad24/library/std/src/sys/backtrace.rs:42:9
[INFO] [stdout]    8:     0x60ea3758dd2f - std::panicking::default_hook::{{closure}}::hbd44223dbdc0d208
[INFO] [stdout]                                at /rustc/6067b36314ab5eb2eb47cecc464545ba58e1ad24/library/std/src/panicking.rs:298:22
[INFO] [stdout]    9:     0x60ea3758db48 - std::panicking::default_hook::h20f81eb0576efcec
[INFO] [stdout]                                at /rustc/6067b36314ab5eb2eb47cecc464545ba58e1ad24/library/std/src/panicking.rs:322:9
[INFO] [stdout]   10:     0x60ea375536f3 - <alloc::boxed::Box<F,A> as core::ops::function::Fn<Args>>::call::hdb53814c496a4d34
[INFO] [stdout]                                at /rustc/6067b36314ab5eb2eb47cecc464545ba58e1ad24/library/alloc/src/boxed.rs:2027:9
[INFO] [stdout]   11:     0x60ea375536f3 - test::test_main::{{closure}}::hc0a4963c59427c24
[INFO] [stdout]                                at /rustc/6067b36314ab5eb2eb47cecc464545ba58e1ad24/library/test/src/lib.rs:134:21
[INFO] [stdout]   12:     0x60ea3758e823 - <alloc::boxed::Box<F,A> as core::ops::function::Fn<Args>>::call::h591b2225413a77e9
[INFO] [stdout]                                at /rustc/6067b36314ab5eb2eb47cecc464545ba58e1ad24/library/alloc/src/boxed.rs:2027:9
[INFO] [stdout]   13:     0x60ea3758e823 - std::panicking::rust_panic_with_hook::h625eea43051b2edc
[INFO] [stdout]                                at /rustc/6067b36314ab5eb2eb47cecc464545ba58e1ad24/library/std/src/panicking.rs:839:13
[INFO] [stdout]   14:     0x60ea3758e4da - std::panicking::begin_panic_handler::{{closure}}::h4f9159cfbc3f6bd3
[INFO] [stdout]                                at /rustc/6067b36314ab5eb2eb47cecc464545ba58e1ad24/library/std/src/panicking.rs:704:13
[INFO] [stdout]   15:     0x60ea3758c809 - std::sys::backtrace::__rust_end_short_backtrace::h0390abce48353151
[INFO] [stdout]                                at /rustc/6067b36314ab5eb2eb47cecc464545ba58e1ad24/library/std/src/sys/backtrace.rs:168:18
[INFO] [stdout]   16:     0x60ea3758e16d - rust_begin_unwind
[INFO] [stdout]                                at /rustc/6067b36314ab5eb2eb47cecc464545ba58e1ad24/library/std/src/panicking.rs:695:5
[INFO] [stdout]   17:     0x60ea375b5f40 - core::panicking::panic_fmt::h9e7c637e9e5f29c9
[INFO] [stdout]                                at /rustc/6067b36314ab5eb2eb47cecc464545ba58e1ad24/library/core/src/panicking.rs:75:14
[INFO] [stdout]   18:     0x60ea373504c4 - trybuild::run::<impl trybuild::Runner>::run::hbac7542234250375
[INFO] [stdout]                                at /opt/rustwide/cargo-home/registry/src/index.crates.io-1949cf8c6b5b557f/trybuild-1.0.101/src/run.rs:101:13
[INFO] [stdout]   19:     0x60ea37355a98 - <trybuild::TestCases as core::ops::drop::Drop>::drop::h34945693b581fc58
[INFO] [stdout]                                at /opt/rustwide/cargo-home/registry/src/index.crates.io-1949cf8c6b5b557f/trybuild-1.0.101/src/lib.rs:340:13
[INFO] [stdout]   20:     0x60ea3725aa27 - core::ptr::drop_in_place<trybuild::TestCases>::h6a9a32684fe66140
[INFO] [stdout]                                at /rustc/6067b36314ab5eb2eb47cecc464545ba58e1ad24/library/core/src/ptr/mod.rs:523:1
[INFO] [stdout]   21:     0x60ea3725b133 - compiletest::ui::h2dc895c43d483306
[INFO] [stdout]                                at /opt/rustwide/workdir/tests/compiletest.rs:7:1
[INFO] [stdout]   22:     0x60ea3725b0c7 - compiletest::ui::{{closure}}::hc05bb167a389695f
[INFO] [stdout]                                at /opt/rustwide/workdir/tests/compiletest.rs:4:8
[INFO] [stdout]   23:     0x60ea3725a9d6 - core::ops::function::FnOnce::call_once::h723e74af0a9b2c6d
[INFO] [stdout]                                at /rustc/6067b36314ab5eb2eb47cecc464545ba58e1ad24/library/core/src/ops/function.rs:250:5
[INFO] [stdout]   24:     0x60ea37558e4b - core::ops::function::FnOnce::call_once::he27718dfdd183f43
[INFO] [stdout]                                at /rustc/6067b36314ab5eb2eb47cecc464545ba58e1ad24/library/core/src/ops/function.rs:250:5
[INFO] [stdout]   25:     0x60ea37558e4b - test::__rust_begin_short_backtrace::h4e84902998457a5d
[INFO] [stdout]                                at /rustc/6067b36314ab5eb2eb47cecc464545ba58e1ad24/library/test/src/lib.rs:632:18
[INFO] [stdout]   26:     0x60ea37557d83 - test::run_test_in_process::{{closure}}::h7176fd18fc1feca0
[INFO] [stdout]                                at /rustc/6067b36314ab5eb2eb47cecc464545ba58e1ad24/library/test/src/lib.rs:655:60
[INFO] [stdout]   27:     0x60ea37557d83 - <core::panic::unwind_safe::AssertUnwindSafe<F> as core::ops::function::FnOnce<()>>::call_once::hf79cff2a624d8cf7
[INFO] [stdout]                                at /rustc/6067b36314ab5eb2eb47cecc464545ba58e1ad24/library/core/src/panic/unwind_safe.rs:272:9
[INFO] [stdout]   28:     0x60ea37557d83 - std::panicking::try::do_call::h3da0561d9ab99c25
[INFO] [stdout]                                at /rustc/6067b36314ab5eb2eb47cecc464545ba58e1ad24/library/std/src/panicking.rs:587:40
[INFO] [stdout]   29:     0x60ea37557d83 - std::panicking::try::h41c9fa508bc61df6
[INFO] [stdout]                                at /rustc/6067b36314ab5eb2eb47cecc464545ba58e1ad24/library/std/src/panicking.rs:550:19
[INFO] [stdout]   30:     0x60ea37557d83 - std::panic::catch_unwind::h6b3ff07bb5afad93
[INFO] [stdout]                                at /rustc/6067b36314ab5eb2eb47cecc464545ba58e1ad24/library/std/src/panic.rs:358:14
[INFO] [stdout]   31:     0x60ea37557d83 - test::run_test_in_process::hc7253dd11b39b9f4
[INFO] [stdout]                                at /rustc/6067b36314ab5eb2eb47cecc464545ba58e1ad24/library/test/src/lib.rs:655:27
[INFO] [stdout]   32:     0x60ea37557d83 - test::run_test::{{closure}}::hfb2007f8649c30bb
[INFO] [stdout]                                at /rustc/6067b36314ab5eb2eb47cecc464545ba58e1ad24/library/test/src/lib.rs:576:43
[INFO] [stdout]   33:     0x60ea3751ae65 - test::run_test::{{closure}}::h56a17aa7a282a9f4
[INFO] [stdout]                                at /rustc/6067b36314ab5eb2eb47cecc464545ba58e1ad24/library/test/src/lib.rs:606:41
[INFO] [stdout]   34:     0x60ea3751ae65 - std::sys::backtrace::__rust_begin_short_backtrace::hd2d2d2fb8e8c6aac
[INFO] [stdout]                                at /rustc/6067b36314ab5eb2eb47cecc464545ba58e1ad24/library/std/src/sys/backtrace.rs:152:18
[INFO] [stdout]   35:     0x60ea3751e74a - std::thread::Builder::spawn_unchecked_::{{closure}}::{{closure}}::h4faa3f9db6133423
[INFO] [stdout]                                at /rustc/6067b36314ab5eb2eb47cecc464545ba58e1ad24/library/std/src/thread/mod.rs:559:17
[INFO] [stdout]   36:     0x60ea3751e74a - <core::panic::unwind_safe::AssertUnwindSafe<F> as core::ops::function::FnOnce<()>>::call_once::hf2e855a36a4ea846
[INFO] [stdout]                                at /rustc/6067b36314ab5eb2eb47cecc464545ba58e1ad24/library/core/src/panic/unwind_safe.rs:272:9
[INFO] [stdout]   37:     0x60ea3751e74a - std::panicking::try::do_call::h2f73af3616c35465
[INFO] [stdout]                                at /rustc/6067b36314ab5eb2eb47cecc464545ba58e1ad24/library/std/src/panicking.rs:587:40
[INFO] [stdout]   38:     0x60ea3751e74a - std::panicking::try::hd1660ce9efadef5a
[INFO] [stdout]                                at /rustc/6067b36314ab5eb2eb47cecc464545ba58e1ad24/library/std/src/panicking.rs:550:19
[INFO] [stdout]   39:     0x60ea3751e74a - std::panic::catch_unwind::h5ee8d7823b8ca744
[INFO] [stdout]                                at /rustc/6067b36314ab5eb2eb47cecc464545ba58e1ad24/library/std/src/panic.rs:358:14
[INFO] [stdout]   40:     0x60ea3751e74a - std::thread::Builder::spawn_unchecked_::{{closure}}::h53c3a1894dce8407
[INFO] [stdout]                                at /rustc/6067b36314ab5eb2eb47cecc464545ba58e1ad24/library/std/src/thread/mod.rs:557:30
[INFO] [stdout]   41:     0x60ea3751e74a - core::ops::function::FnOnce::call_once{{vtable.shim}}::h048ce291ad4f62bf
[INFO] [stdout]                                at /rustc/6067b36314ab5eb2eb47cecc464545ba58e1ad24/library/core/src/ops/function.rs:250:5
[INFO] [stdout]   42:     0x60ea37593afb - <alloc::boxed::Box<F,A> as core::ops::function::FnOnce<Args>>::call_once::ha52bedf99a3b4981
[INFO] [stdout]                                at /rustc/6067b36314ab5eb2eb47cecc464545ba58e1ad24/library/alloc/src/boxed.rs:2013:9
[INFO] [stdout]   43:     0x60ea37593afb - <alloc::boxed::Box<F,A> as core::ops::function::FnOnce<Args>>::call_once::h567748934d80ccf8
[INFO] [stdout]                                at /rustc/6067b36314ab5eb2eb47cecc464545ba58e1ad24/library/alloc/src/boxed.rs:2013:9
[INFO] [stdout]   44:     0x60ea37593afb - std::sys::pal::unix::thread::Thread::new::thread_start::h2d970728ae887adc
[INFO] [stdout]                                at /rustc/6067b36314ab5eb2eb47cecc464545ba58e1ad24/library/std/src/sys/pal/unix/thread.rs:106:17
[INFO] [stdout]   45:     0x7ab316434ac3 - <unknown>
[INFO] [stdout]   46:     0x7ab3164c5a04 - clone
[INFO] [stdout]   47:                0x0 - <unknown>
[INFO] [stdout] 
[INFO] [stdout] 
[INFO] [stdout] failures:
[INFO] [stdout]     ui
[INFO] [stdout] 
[INFO] [stdout] test result: FAILED. 0 passed; 1 failed; 0 ignored; 0 measured; 0 filtered out; finished in 10.40s
[INFO] [stdout] 
[INFO] [stderr] error: test failed, to rerun pass `--test compiletest`
[INFO] running `Command { std: "docker" "inspect" "5f8b7e0a105638978d001b63f676fc6a5a332366bb698aea6cf3bd85626b831c", kill_on_drop: false }`
[INFO] running `Command { std: "docker" "rm" "-f" "5f8b7e0a105638978d001b63f676fc6a5a332366bb698aea6cf3bd85626b831c", kill_on_drop: false }`
[INFO] [stdout] 5f8b7e0a105638978d001b63f676fc6a5a332366bb698aea6cf3bd85626b831c
