[INFO] fetching crate allow-until 0.2.0...
[INFO] testing allow-until-0.2.0 against nightly-2025-01-18 for randomize-layout-2
[INFO] extracting crate allow-until 0.2.0 into /workspace/builds/worker-6-tc1/source
[INFO] validating manifest of crates.io crate allow-until 0.2.0 on toolchain nightly-2025-01-18
[INFO] running `Command { std: CARGO_HOME="/workspace/cargo-home" RUSTUP_HOME="/workspace/rustup-home" "/workspace/cargo-home/bin/cargo" "+nightly-2025-01-18" "metadata" "--manifest-path" "Cargo.toml" "--no-deps", kill_on_drop: false }`
[INFO] started tweaking crates.io crate allow-until 0.2.0
[INFO] finished tweaking crates.io crate allow-until 0.2.0
[INFO] tweaked toml for crates.io crate allow-until 0.2.0 written to /workspace/builds/worker-6-tc1/source/Cargo.toml
[INFO] running `Command { std: CARGO_HOME="/workspace/cargo-home" RUSTUP_HOME="/workspace/rustup-home" "/workspace/cargo-home/bin/cargo" "+nightly-2025-01-18" "generate-lockfile" "--manifest-path" "Cargo.toml", kill_on_drop: false }`
[INFO] [stderr]     Updating crates.io index
[INFO] [stderr]      Locking 1 package to latest compatible version
[INFO] running `Command { std: CARGO_HOME="/workspace/cargo-home" RUSTUP_HOME="/workspace/rustup-home" "/workspace/cargo-home/bin/cargo" "+nightly-2025-01-18" "fetch" "--manifest-path" "Cargo.toml", kill_on_drop: false }`
[INFO] running `Command { std: "docker" "create" "-v" "/var/lib/crater-agent-workspace/builds/worker-6-tc1/target:/opt/rustwide/target:rw,Z" "-v" "/var/lib/crater-agent-workspace/builds/worker-6-tc1/source:/opt/rustwide/workdir:ro,Z" "-v" "/var/lib/crater-agent-workspace/cargo-home:/opt/rustwide/cargo-home:ro,Z" "-v" "/var/lib/crater-agent-workspace/rustup-home:/opt/rustwide/rustup-home:ro,Z" "-e" "SOURCE_DIR=/opt/rustwide/workdir" "-e" "CARGO_TARGET_DIR=/opt/rustwide/target" "-e" "CARGO_HOME=/opt/rustwide/cargo-home" "-e" "RUSTUP_HOME=/opt/rustwide/rustup-home" "-w" "/opt/rustwide/workdir" "-m" "1610612736" "--user" "0:0" "--network" "none" "ghcr.io/rust-lang/crates-build-env/linux@sha256:819108c5571ea2e421544af4d832f968d213c87fbe3707a016657f43d2f853bc" "/opt/rustwide/cargo-home/bin/cargo" "+nightly-2025-01-18" "metadata" "--no-deps" "--format-version=1", kill_on_drop: false }`
[INFO] [stdout] ab487c22e3611e020555e139763627cc8dbc9ff6ddaf91c7c8adf6806a790082
[INFO] running `Command { std: "docker" "start" "-a" "ab487c22e3611e020555e139763627cc8dbc9ff6ddaf91c7c8adf6806a790082", kill_on_drop: false }`
[INFO] running `Command { std: "docker" "inspect" "ab487c22e3611e020555e139763627cc8dbc9ff6ddaf91c7c8adf6806a790082", kill_on_drop: false }`
[INFO] running `Command { std: "docker" "rm" "-f" "ab487c22e3611e020555e139763627cc8dbc9ff6ddaf91c7c8adf6806a790082", kill_on_drop: false }`
[INFO] [stdout] ab487c22e3611e020555e139763627cc8dbc9ff6ddaf91c7c8adf6806a790082
[INFO] running `Command { std: "docker" "create" "-v" "/var/lib/crater-agent-workspace/builds/worker-6-tc1/target:/opt/rustwide/target:rw,Z" "-v" "/var/lib/crater-agent-workspace/builds/worker-6-tc1/source:/opt/rustwide/workdir:ro,Z" "-v" "/var/lib/crater-agent-workspace/cargo-home:/opt/rustwide/cargo-home:ro,Z" "-v" "/var/lib/crater-agent-workspace/rustup-home:/opt/rustwide/rustup-home:ro,Z" "-e" "SOURCE_DIR=/opt/rustwide/workdir" "-e" "CARGO_TARGET_DIR=/opt/rustwide/target" "-e" "CARGO_INCREMENTAL=0" "-e" "RUST_BACKTRACE=full" "-e" "RUSTFLAGS=--cap-lints=forbid" "-e" "RUSTDOCFLAGS=--cap-lints=forbid" "-e" "CARGO_HOME=/opt/rustwide/cargo-home" "-e" "RUSTUP_HOME=/opt/rustwide/rustup-home" "-w" "/opt/rustwide/workdir" "-m" "1610612736" "--user" "0:0" "--network" "none" "ghcr.io/rust-lang/crates-build-env/linux@sha256:819108c5571ea2e421544af4d832f968d213c87fbe3707a016657f43d2f853bc" "/opt/rustwide/cargo-home/bin/cargo" "+nightly-2025-01-18" "build" "--frozen" "--message-format=json", kill_on_drop: false }`
[INFO] [stdout] cc31b78fb1a55a60ed47d88e0caa8eccf60574189940017a83d79b9d546caaa6
[INFO] running `Command { std: "docker" "start" "-a" "cc31b78fb1a55a60ed47d88e0caa8eccf60574189940017a83d79b9d546caaa6", kill_on_drop: false }`
[INFO] [stderr]    Compiling semver v1.0.25
[INFO] [stderr]    Compiling allow-until v0.2.0 (/opt/rustwide/workdir)
[INFO] [stderr]     Finished `dev` profile [unoptimized + debuginfo] target(s) in 1.20s
[INFO] running `Command { std: "docker" "inspect" "cc31b78fb1a55a60ed47d88e0caa8eccf60574189940017a83d79b9d546caaa6", kill_on_drop: false }`
[INFO] running `Command { std: "docker" "rm" "-f" "cc31b78fb1a55a60ed47d88e0caa8eccf60574189940017a83d79b9d546caaa6", kill_on_drop: false }`
[INFO] [stdout] cc31b78fb1a55a60ed47d88e0caa8eccf60574189940017a83d79b9d546caaa6
[INFO] running `Command { std: "docker" "create" "-v" "/var/lib/crater-agent-workspace/builds/worker-6-tc1/target:/opt/rustwide/target:rw,Z" "-v" "/var/lib/crater-agent-workspace/builds/worker-6-tc1/source:/opt/rustwide/workdir:ro,Z" "-v" "/var/lib/crater-agent-workspace/cargo-home:/opt/rustwide/cargo-home:ro,Z" "-v" "/var/lib/crater-agent-workspace/rustup-home:/opt/rustwide/rustup-home:ro,Z" "-e" "SOURCE_DIR=/opt/rustwide/workdir" "-e" "CARGO_TARGET_DIR=/opt/rustwide/target" "-e" "CARGO_INCREMENTAL=0" "-e" "RUST_BACKTRACE=full" "-e" "RUSTFLAGS=--cap-lints=forbid" "-e" "RUSTDOCFLAGS=--cap-lints=forbid" "-e" "CARGO_HOME=/opt/rustwide/cargo-home" "-e" "RUSTUP_HOME=/opt/rustwide/rustup-home" "-w" "/opt/rustwide/workdir" "-m" "1610612736" "--user" "0:0" "--network" "none" "ghcr.io/rust-lang/crates-build-env/linux@sha256:819108c5571ea2e421544af4d832f968d213c87fbe3707a016657f43d2f853bc" "/opt/rustwide/cargo-home/bin/cargo" "+nightly-2025-01-18" "test" "--frozen" "--no-run" "--message-format=json", kill_on_drop: false }`
[INFO] [stdout] 56416234d168a302fa4ef987cd89bcadeb6a88f4a58879ab3bef105c21a1b6cd
[INFO] running `Command { std: "docker" "start" "-a" "56416234d168a302fa4ef987cd89bcadeb6a88f4a58879ab3bef105c21a1b6cd", kill_on_drop: false }`
[INFO] [stderr]    Compiling semver v1.0.25
[INFO] [stderr]    Compiling allow-until v0.2.0 (/opt/rustwide/workdir)
[INFO] [stderr]     Finished `test` profile [unoptimized + debuginfo] target(s) in 1.11s
[INFO] running `Command { std: "docker" "inspect" "56416234d168a302fa4ef987cd89bcadeb6a88f4a58879ab3bef105c21a1b6cd", kill_on_drop: false }`
[INFO] running `Command { std: "docker" "rm" "-f" "56416234d168a302fa4ef987cd89bcadeb6a88f4a58879ab3bef105c21a1b6cd", kill_on_drop: false }`
[INFO] [stdout] 56416234d168a302fa4ef987cd89bcadeb6a88f4a58879ab3bef105c21a1b6cd
[INFO] running `Command { std: "docker" "create" "-v" "/var/lib/crater-agent-workspace/builds/worker-6-tc1/target:/opt/rustwide/target:rw,Z" "-v" "/var/lib/crater-agent-workspace/builds/worker-6-tc1/source:/opt/rustwide/workdir:ro,Z" "-v" "/var/lib/crater-agent-workspace/cargo-home:/opt/rustwide/cargo-home:ro,Z" "-v" "/var/lib/crater-agent-workspace/rustup-home:/opt/rustwide/rustup-home:ro,Z" "-e" "SOURCE_DIR=/opt/rustwide/workdir" "-e" "CARGO_TARGET_DIR=/opt/rustwide/target" "-e" "CARGO_INCREMENTAL=0" "-e" "RUST_BACKTRACE=full" "-e" "RUSTFLAGS=--cap-lints=forbid" "-e" "RUSTDOCFLAGS=--cap-lints=forbid" "-e" "CARGO_HOME=/opt/rustwide/cargo-home" "-e" "RUSTUP_HOME=/opt/rustwide/rustup-home" "-w" "/opt/rustwide/workdir" "-m" "1610612736" "--user" "0:0" "--network" "none" "ghcr.io/rust-lang/crates-build-env/linux@sha256:819108c5571ea2e421544af4d832f968d213c87fbe3707a016657f43d2f853bc" "/opt/rustwide/cargo-home/bin/cargo" "+nightly-2025-01-18" "test" "--frozen", kill_on_drop: false }`
[INFO] [stdout] b40db47528e65f011de23fc248be55b35e8412aa947756aecb88be0eadddc56c
[INFO] running `Command { std: "docker" "start" "-a" "b40db47528e65f011de23fc248be55b35e8412aa947756aecb88be0eadddc56c", kill_on_drop: false }`
[INFO] [stderr]     Finished `test` profile [unoptimized + debuginfo] target(s) in 0.01s
[INFO] [stderr]      Running unittests src/lib.rs (/opt/rustwide/target/debug/deps/allow_until-807dd7358738bf23)
[INFO] [stderr]      Running tests/test.rs (/opt/rustwide/target/debug/deps/test-2b08450164a139f4)
[INFO] [stdout] 
[INFO] [stdout] running 0 tests
[INFO] [stdout] 
[INFO] [stdout] test result: ok. 0 passed; 0 failed; 0 ignored; 0 measured; 0 filtered out; finished in 0.00s
[INFO] [stdout] 
[INFO] [stdout] 
[INFO] [stderr]    Doc-tests allow_until
[INFO] [stdout] running 1 test
[INFO] [stdout] test test ... ok
[INFO] [stdout] 
[INFO] [stdout] test result: ok. 1 passed; 0 failed; 0 ignored; 0 measured; 0 filtered out; finished in 0.00s
[INFO] [stdout] 
[INFO] [stdout] 
[INFO] [stdout] running 4 tests
[INFO] [stdout] test src/lib.rs - allow_until_derive (line 216) ... FAILED
[INFO] [stdout] test src/lib.rs - (line 18) ... FAILED
[INFO] [stdout] test src/lib.rs - (line 11) ... FAILED
[INFO] [stdout] test src/lib.rs - allow_until (line 191) ... FAILED
[INFO] [stdout] 
[INFO] [stdout] failures:
[INFO] [stdout] 
[INFO] [stdout] ---- src/lib.rs - allow_until_derive (line 216) stdout ----
[INFO] [stdout] error: cannot find derive macro `AllowUntil` in this scope
[INFO] [stdout]  --> src/lib.rs:218:10
[INFO] [stdout]   |
[INFO] [stdout] 5 | #[derive(AllowUntil)]
[INFO] [stdout]   |          ^^^^^^^^^^
[INFO] [stdout]   |
[INFO] [stdout] help: consider importing this derive macro
[INFO] [stdout]   |
[INFO] [stdout] 2 + use allow_until::AllowUntil;
[INFO] [stdout]   |
[INFO] [stdout] 
[INFO] [stdout] error: cannot find attribute `allow_until` in this scope
[INFO] [stdout]  --> src/lib.rs:220:7
[INFO] [stdout]   |
[INFO] [stdout] 7 |     #[allow_until(version = ">= 1.0.x", reason = "member is deprecated from version 1.0.x onwards")]
[INFO] [stdout]   |       ^^^^^^^^^^^
[INFO] [stdout]   |
[INFO] [stdout] note: `allow_until` is imported here, but it is a crate, not an attribute
[INFO] [stdout]  --> src/lib.rs:216:1
[INFO] [stdout]   |
[INFO] [stdout] 3 | extern crate r#allow_until;
[INFO] [stdout]   | ^^^^^^^^^^^^^^^^^^^^^^^^^^^
[INFO] [stdout] help: consider importing this attribute macro
[INFO] [stdout]   |
[INFO] [stdout] 2 + use allow_until::allow_until;
[INFO] [stdout]   |
[INFO] [stdout] 
[INFO] [stdout] error: aborting due to 2 previous errors
[INFO] [stdout] 
[INFO] [stdout] Couldn't compile the test.
[INFO] [stdout] ---- src/lib.rs - (line 18) stdout ----
[INFO] [stdout] error: cannot find derive macro `AllowUntil` in this scope
[INFO] [stdout]  --> src/lib.rs:20:10
[INFO] [stdout]   |
[INFO] [stdout] 5 | #[derive(AllowUntil)]
[INFO] [stdout]   |          ^^^^^^^^^^
[INFO] [stdout]   |
[INFO] [stdout] help: consider importing this derive macro
[INFO] [stdout]   |
[INFO] [stdout] 2 + use allow_until::AllowUntil;
[INFO] [stdout]   |
[INFO] [stdout] 
[INFO] [stdout] error: cannot find attribute `allow_until` in this scope
[INFO] [stdout]  --> src/lib.rs:22:7
[INFO] [stdout]   |
[INFO] [stdout] 7 |     #[allow_until(version = ">= 1.0.x", reason = "member is deprecated from version 1.0.x onwards")]
[INFO] [stdout]   |       ^^^^^^^^^^^
[INFO] [stdout]   |
[INFO] [stdout] note: `allow_until` is imported here, but it is a crate, not an attribute
[INFO] [stdout]  --> src/lib.rs:18:1
[INFO] [stdout]   |
[INFO] [stdout] 3 | extern crate r#allow_until;
[INFO] [stdout]   | ^^^^^^^^^^^^^^^^^^^^^^^^^^^
[INFO] [stdout] help: consider importing this attribute macro
[INFO] [stdout]   |
[INFO] [stdout] 2 + use allow_until::allow_until;
[INFO] [stdout]   |
[INFO] [stdout] 
[INFO] [stdout] error: aborting due to 2 previous errors
[INFO] [stdout] 
[INFO] [stdout] Couldn't compile the test.
[INFO] [stdout] ---- src/lib.rs - (line 11) stdout ----
[INFO] [stdout] error: cannot find attribute `allow_until` in this scope
[INFO] [stdout]  --> src/lib.rs:13:3
[INFO] [stdout]   |
[INFO] [stdout] 5 | #[allow_until(version = ">= 1.0.x", reason = "struct is deprecated from version 1.0.x onwards")]
[INFO] [stdout]   |   ^^^^^^^^^^^
[INFO] [stdout]   |
[INFO] [stdout] note: `allow_until` is imported here, but it is a crate, not an attribute
[INFO] [stdout]  --> src/lib.rs:11:1
[INFO] [stdout]   |
[INFO] [stdout] 3 | extern crate r#allow_until;
[INFO] [stdout]   | ^^^^^^^^^^^^^^^^^^^^^^^^^^^
[INFO] [stdout] help: consider importing this attribute macro
[INFO] [stdout]   |
[INFO] [stdout] 2 + use allow_until::allow_until;
[INFO] [stdout]   |
[INFO] [stdout] 
[INFO] [stdout] error: aborting due to 1 previous error
[INFO] [stdout] 
[INFO] [stdout] Couldn't compile the test.
[INFO] [stdout] ---- src/lib.rs - allow_until (line 191) stdout ----
[INFO] [stdout] error: cannot find attribute `allow_until` in this scope
[INFO] [stdout]  --> src/lib.rs:193:3
[INFO] [stdout]   |
[INFO] [stdout] 5 | #[allow_until(version = ">= 1.0.x", reason = "struct is deprecated from version 1.0.x onwards")]
[INFO] [stdout]   |   ^^^^^^^^^^^
[INFO] [stdout]   |
[INFO] [stdout] note: `allow_until` is imported here, but it is a crate, not an attribute
[INFO] [stdout]  --> src/lib.rs:191:1
[INFO] [stdout]   |
[INFO] [stdout] 3 | extern crate r#allow_until;
[INFO] [stdout]   | ^^^^^^^^^^^^^^^^^^^^^^^^^^^
[INFO] [stdout] help: consider importing this attribute macro
[INFO] [stdout]   |
[INFO] [stdout] 2 + use allow_until::allow_until;
[INFO] [stdout]   |
[INFO] [stdout] 
[INFO] [stdout] error: aborting due to 1 previous error
[INFO] [stdout] 
[INFO] [stdout] Couldn't compile the test.
[INFO] [stdout] 
[INFO] [stdout] failures:
[INFO] [stdout]     src/lib.rs - (line 11)
[INFO] [stdout]     src/lib.rs - (line 18)
[INFO] [stdout]     src/lib.rs - allow_until (line 191)
[INFO] [stdout]     src/lib.rs - allow_until_derive (line 216)
[INFO] [stdout] 
[INFO] [stdout] test result: FAILED. 0 passed; 4 failed; 0 ignored; 0 measured; 0 filtered out; finished in 0.17s
[INFO] [stdout] 
[INFO] [stderr] error: doctest failed, to rerun pass `--doc`
[INFO] running `Command { std: "docker" "inspect" "b40db47528e65f011de23fc248be55b35e8412aa947756aecb88be0eadddc56c", kill_on_drop: false }`
[INFO] running `Command { std: "docker" "rm" "-f" "b40db47528e65f011de23fc248be55b35e8412aa947756aecb88be0eadddc56c", kill_on_drop: false }`
[INFO] [stdout] b40db47528e65f011de23fc248be55b35e8412aa947756aecb88be0eadddc56c
