[INFO] fetching crate adafruit_nxp 0.1.3...
[INFO] testing adafruit_nxp-0.1.3 against nightly-2025-01-18 for randomize-layout-2
[INFO] extracting crate adafruit_nxp 0.1.3 into /workspace/builds/worker-7-tc1/source
[INFO] validating manifest of crates.io crate adafruit_nxp 0.1.3 on toolchain nightly-2025-01-18
[INFO] running `Command { std: CARGO_HOME="/workspace/cargo-home" RUSTUP_HOME="/workspace/rustup-home" "/workspace/cargo-home/bin/cargo" "+nightly-2025-01-18" "metadata" "--manifest-path" "Cargo.toml" "--no-deps", kill_on_drop: false }`
[INFO] started tweaking crates.io crate adafruit_nxp 0.1.3
[INFO] finished tweaking crates.io crate adafruit_nxp 0.1.3
[INFO] tweaked toml for crates.io crate adafruit_nxp 0.1.3 written to /workspace/builds/worker-7-tc1/source/Cargo.toml
[INFO] crate crates.io crate adafruit_nxp 0.1.3 already has a lockfile, it will not be regenerated
[INFO] running `Command { std: CARGO_HOME="/workspace/cargo-home" RUSTUP_HOME="/workspace/rustup-home" "/workspace/cargo-home/bin/cargo" "+nightly-2025-01-18" "fetch" "--manifest-path" "Cargo.toml", kill_on_drop: false }`
[INFO] [stderr]  Downloading crates ...
[INFO] [stderr]   Downloaded embedded-hal v1.0.0-alpha.5
[INFO] [stderr]   Downloaded rppal v0.13.1
[INFO] running `Command { std: "docker" "create" "-v" "/var/lib/crater-agent-workspace/builds/worker-7-tc1/target:/opt/rustwide/target:rw,Z" "-v" "/var/lib/crater-agent-workspace/builds/worker-7-tc1/source:/opt/rustwide/workdir:ro,Z" "-v" "/var/lib/crater-agent-workspace/cargo-home:/opt/rustwide/cargo-home:ro,Z" "-v" "/var/lib/crater-agent-workspace/rustup-home:/opt/rustwide/rustup-home:ro,Z" "-e" "SOURCE_DIR=/opt/rustwide/workdir" "-e" "CARGO_TARGET_DIR=/opt/rustwide/target" "-e" "CARGO_HOME=/opt/rustwide/cargo-home" "-e" "RUSTUP_HOME=/opt/rustwide/rustup-home" "-w" "/opt/rustwide/workdir" "-m" "1610612736" "--user" "0:0" "--network" "none" "ghcr.io/rust-lang/crates-build-env/linux@sha256:819108c5571ea2e421544af4d832f968d213c87fbe3707a016657f43d2f853bc" "/opt/rustwide/cargo-home/bin/cargo" "+nightly-2025-01-18" "metadata" "--no-deps" "--format-version=1", kill_on_drop: false }`
[INFO] [stdout] a0821e2a03fe36bdbae106eaa8e8207dac52a4f7e15aaeecb132368a0b3ccb28
[INFO] running `Command { std: "docker" "start" "-a" "a0821e2a03fe36bdbae106eaa8e8207dac52a4f7e15aaeecb132368a0b3ccb28", kill_on_drop: false }`
[INFO] running `Command { std: "docker" "inspect" "a0821e2a03fe36bdbae106eaa8e8207dac52a4f7e15aaeecb132368a0b3ccb28", kill_on_drop: false }`
[INFO] running `Command { std: "docker" "rm" "-f" "a0821e2a03fe36bdbae106eaa8e8207dac52a4f7e15aaeecb132368a0b3ccb28", kill_on_drop: false }`
[INFO] [stdout] a0821e2a03fe36bdbae106eaa8e8207dac52a4f7e15aaeecb132368a0b3ccb28
[INFO] running `Command { std: "docker" "create" "-v" "/var/lib/crater-agent-workspace/builds/worker-7-tc1/target:/opt/rustwide/target:rw,Z" "-v" "/var/lib/crater-agent-workspace/builds/worker-7-tc1/source:/opt/rustwide/workdir:ro,Z" "-v" "/var/lib/crater-agent-workspace/cargo-home:/opt/rustwide/cargo-home:ro,Z" "-v" "/var/lib/crater-agent-workspace/rustup-home:/opt/rustwide/rustup-home:ro,Z" "-e" "SOURCE_DIR=/opt/rustwide/workdir" "-e" "CARGO_TARGET_DIR=/opt/rustwide/target" "-e" "CARGO_INCREMENTAL=0" "-e" "RUST_BACKTRACE=full" "-e" "RUSTFLAGS=--cap-lints=forbid" "-e" "RUSTDOCFLAGS=--cap-lints=forbid" "-e" "CARGO_HOME=/opt/rustwide/cargo-home" "-e" "RUSTUP_HOME=/opt/rustwide/rustup-home" "-w" "/opt/rustwide/workdir" "-m" "1610612736" "--user" "0:0" "--network" "none" "ghcr.io/rust-lang/crates-build-env/linux@sha256:819108c5571ea2e421544af4d832f968d213c87fbe3707a016657f43d2f853bc" "/opt/rustwide/cargo-home/bin/cargo" "+nightly-2025-01-18" "build" "--frozen" "--message-format=json", kill_on_drop: false }`
[INFO] [stdout] 503817377cf42fc22ff0329a5659843bcf1daa5a69602363e80d9718cbf68d83
[INFO] running `Command { std: "docker" "start" "-a" "503817377cf42fc22ff0329a5659843bcf1daa5a69602363e80d9718cbf68d83", kill_on_drop: false }`
[INFO] [stderr]    Compiling autocfg v1.1.0
[INFO] [stderr]    Compiling libm v0.2.2
[INFO] [stderr]    Compiling typenum v1.15.0
[INFO] [stderr]    Compiling nb v1.0.0
[INFO] [stderr]    Compiling paste v1.0.7
[INFO] [stderr]    Compiling void v1.0.2
[INFO] [stderr]    Compiling nb v0.1.3
[INFO] [stderr]    Compiling embedded-hal v0.2.7
[INFO] [stderr]    Compiling num-traits v0.2.15
[INFO] [stderr]    Compiling num-integer v0.1.45
[INFO] [stderr]    Compiling num-rational v0.4.1
[INFO] [stderr]    Compiling num-complex v0.4.2
[INFO] [stderr]    Compiling approx v0.5.1
[INFO] [stderr]    Compiling simba v0.7.1
[INFO] [stderr]    Compiling nalgebra v0.31.0
[INFO] [stderr]    Compiling adafruit_nxp v0.1.3 (/opt/rustwide/workdir)
[INFO] [stderr]     Finished `dev` profile [unoptimized + debuginfo] target(s) in 19.40s
[INFO] running `Command { std: "docker" "inspect" "503817377cf42fc22ff0329a5659843bcf1daa5a69602363e80d9718cbf68d83", kill_on_drop: false }`
[INFO] running `Command { std: "docker" "rm" "-f" "503817377cf42fc22ff0329a5659843bcf1daa5a69602363e80d9718cbf68d83", kill_on_drop: false }`
[INFO] [stdout] 503817377cf42fc22ff0329a5659843bcf1daa5a69602363e80d9718cbf68d83
[INFO] running `Command { std: "docker" "create" "-v" "/var/lib/crater-agent-workspace/builds/worker-7-tc1/target:/opt/rustwide/target:rw,Z" "-v" "/var/lib/crater-agent-workspace/builds/worker-7-tc1/source:/opt/rustwide/workdir:ro,Z" "-v" "/var/lib/crater-agent-workspace/cargo-home:/opt/rustwide/cargo-home:ro,Z" "-v" "/var/lib/crater-agent-workspace/rustup-home:/opt/rustwide/rustup-home:ro,Z" "-e" "SOURCE_DIR=/opt/rustwide/workdir" "-e" "CARGO_TARGET_DIR=/opt/rustwide/target" "-e" "CARGO_INCREMENTAL=0" "-e" "RUST_BACKTRACE=full" "-e" "RUSTFLAGS=--cap-lints=forbid" "-e" "RUSTDOCFLAGS=--cap-lints=forbid" "-e" "CARGO_HOME=/opt/rustwide/cargo-home" "-e" "RUSTUP_HOME=/opt/rustwide/rustup-home" "-w" "/opt/rustwide/workdir" "-m" "1610612736" "--user" "0:0" "--network" "none" "ghcr.io/rust-lang/crates-build-env/linux@sha256:819108c5571ea2e421544af4d832f968d213c87fbe3707a016657f43d2f853bc" "/opt/rustwide/cargo-home/bin/cargo" "+nightly-2025-01-18" "test" "--frozen" "--no-run" "--message-format=json", kill_on_drop: false }`
[INFO] [stdout] eb073b363a3d2104b2e8122f54b5099353358dfbcd9d5756fc079e0de13e8c52
[INFO] running `Command { std: "docker" "start" "-a" "eb073b363a3d2104b2e8122f54b5099353358dfbcd9d5756fc079e0de13e8c52", kill_on_drop: false }`
[INFO] [stderr]    Compiling void v1.0.2
[INFO] [stderr]    Compiling libc v0.2.126
[INFO] [stderr]    Compiling embedded-hal v1.0.0-alpha.5
[INFO] [stderr]    Compiling spin_sleep v1.1.1
[INFO] [stderr]    Compiling lazy_static v1.4.0
[INFO] [stderr]    Compiling embedded-hal v0.2.7
[INFO] [stderr]    Compiling adafruit_nxp v0.1.3 (/opt/rustwide/workdir)
[INFO] [stderr]    Compiling rppal v0.13.1
[INFO] [stderr]     Finished `test` profile [unoptimized + debuginfo] target(s) in 4.10s
[INFO] running `Command { std: "docker" "inspect" "eb073b363a3d2104b2e8122f54b5099353358dfbcd9d5756fc079e0de13e8c52", kill_on_drop: false }`
[INFO] running `Command { std: "docker" "rm" "-f" "eb073b363a3d2104b2e8122f54b5099353358dfbcd9d5756fc079e0de13e8c52", kill_on_drop: false }`
[INFO] [stdout] eb073b363a3d2104b2e8122f54b5099353358dfbcd9d5756fc079e0de13e8c52
[INFO] running `Command { std: "docker" "create" "-v" "/var/lib/crater-agent-workspace/builds/worker-7-tc1/target:/opt/rustwide/target:rw,Z" "-v" "/var/lib/crater-agent-workspace/builds/worker-7-tc1/source:/opt/rustwide/workdir:ro,Z" "-v" "/var/lib/crater-agent-workspace/cargo-home:/opt/rustwide/cargo-home:ro,Z" "-v" "/var/lib/crater-agent-workspace/rustup-home:/opt/rustwide/rustup-home:ro,Z" "-e" "SOURCE_DIR=/opt/rustwide/workdir" "-e" "CARGO_TARGET_DIR=/opt/rustwide/target" "-e" "CARGO_INCREMENTAL=0" "-e" "RUST_BACKTRACE=full" "-e" "RUSTFLAGS=--cap-lints=forbid" "-e" "RUSTDOCFLAGS=--cap-lints=forbid" "-e" "CARGO_HOME=/opt/rustwide/cargo-home" "-e" "RUSTUP_HOME=/opt/rustwide/rustup-home" "-w" "/opt/rustwide/workdir" "-m" "1610612736" "--user" "0:0" "--network" "none" "ghcr.io/rust-lang/crates-build-env/linux@sha256:819108c5571ea2e421544af4d832f968d213c87fbe3707a016657f43d2f853bc" "/opt/rustwide/cargo-home/bin/cargo" "+nightly-2025-01-18" "test" "--frozen", kill_on_drop: false }`
[INFO] [stdout] 45eb35887f72abbf49ed467dc4e2c489148c605e3f1fc8c66036679e0656d210
[INFO] running `Command { std: "docker" "start" "-a" "45eb35887f72abbf49ed467dc4e2c489148c605e3f1fc8c66036679e0656d210", kill_on_drop: false }`
[INFO] [stderr]     Finished `test` profile [unoptimized + debuginfo] target(s) in 0.05s
[INFO] [stdout] 
[INFO] [stderr]      Running unittests src/lib.rs (/opt/rustwide/target/debug/deps/adafruit_nxp-04b914823327e30d)
[INFO] [stdout] running 0 tests
[INFO] [stderr]    Doc-tests adafruit_nxp
[INFO] [stdout] 
[INFO] [stdout] test result: ok. 0 passed; 0 failed; 0 ignored; 0 measured; 0 filtered out; finished in 0.00s
[INFO] [stdout] 
[INFO] [stdout] 
[INFO] [stdout] running 13 tests
[INFO] [stdout] test src/lib.rs - AdafruitNXP<I2C>::begin (line 711) - compile ... FAILED
[INFO] [stdout] test src/lib.rs - (line 36) - compile ... FAILED
[INFO] [stdout] test src/lib.rs - AdafruitNXP<I2C>::calibration (line 1178) ... FAILED
[INFO] [stdout] test src/lib.rs - AdafruitNXP<I2C>::set_accel_range (line 790) ... FAILED
[INFO] [stdout] test src/lib.rs - AdafruitNXP<I2C>::calibration (line 1172) ... FAILED
[INFO] [stdout] test src/lib.rs - AdafruitNXP<I2C>::set_accelmag_output_data_rate (line 878) ... FAILED
[INFO] [stdout] test src/lib.rs - AdafruitNXP<I2C>::new (line 588) - compile ... FAILED
[INFO] [stdout] test src/lib.rs - AdafruitNXP<I2C>::set_accelmag_osr_mode (line 1003) ... FAILED
[INFO] [stdout] test src/lib.rs - AdafruitNXP<I2C>::read_data (line 1037) ... FAILED
[INFO] [stdout] test src/lib.rs - AdafruitNXP<I2C>::set_sensor_mode (line 843) ... FAILED
[INFO] [stdout] test src/lib.rs - AdafruitNXP<I2C>::set_mag_oversampling_ratio (line 958) ... FAILED
[INFO] [stdout] test src/lib.rs - AdafruitNXP<I2C>::set_gyro_output_data_rate (line 921) ... FAILED
[INFO] [stdout] test src/lib.rs - AdafruitNXP<I2C>::set_gyro_range (line 815) ... FAILED
[INFO] [stdout] 
[INFO] [stdout] failures:
[INFO] [stdout] 
[INFO] [stdout] ---- src/lib.rs - AdafruitNXP<I2C>::begin (line 711) stdout ----
[INFO] [stdout] error[E0425]: cannot find value `sensor` in this scope
[INFO] [stdout]  --> src/lib.rs:713:13
[INFO] [stdout]   |
[INFO] [stdout] 4 | let ready = sensor.begin();
[INFO] [stdout]   |             ^^^^^^ not found in this scope
[INFO] [stdout] 
[INFO] [stdout] error: aborting due to 1 previous error
[INFO] [stdout] 
[INFO] [stdout] For more information about this error, try `rustc --explain E0425`.
[INFO] [stdout] Couldn't compile the test.
[INFO] [stdout] ---- src/lib.rs - (line 36) stdout ----
[INFO] [stdout] error: expected type, found `->`
[INFO] [stdout]   --> src/lib.rs:45:14
[INFO] [stdout]    |
[INFO] [stdout] 11 | fn main() -> -> Result<(), SensorError<rppal::i2c::Error>> {
[INFO] [stdout]    |              ^^ expected type
[INFO] [stdout] 
[INFO] [stdout] error[E0432]: unresolved import `adafruit`
[INFO] [stdout]  --> src/lib.rs:43:5
[INFO] [stdout]   |
[INFO] [stdout] 9 | use adafruit::*;
[INFO] [stdout]   |     ^^^^^^^^ use of undeclared crate or module `adafruit`
[INFO] [stdout] 
[INFO] [stdout] error: aborting due to 2 previous errors
[INFO] [stdout] 
[INFO] [stdout] For more information about this error, try `rustc --explain E0432`.
[INFO] [stdout] Couldn't compile the test.
[INFO] [stdout] ---- src/lib.rs - AdafruitNXP<I2C>::calibration (line 1178) stdout ----
[INFO] [stdout] error[E0433]: failed to resolve: use of undeclared type `Delay`
[INFO] [stdout]  --> src/lib.rs:1179:17
[INFO] [stdout]   |
[INFO] [stdout] 3 | let mut delay = Delay::new();
[INFO] [stdout]   |                 ^^^^^ use of undeclared type `Delay`
[INFO] [stdout]   |
[INFO] [stdout] help: consider importing this struct
[INFO] [stdout]   |
[INFO] [stdout] 2 + use rppal::hal::Delay;
[INFO] [stdout]   |
[INFO] [stdout] 
[INFO] [stdout] error[E0425]: cannot find value `sensor` in this scope
[INFO] [stdout]  --> src/lib.rs:1181:1
[INFO] [stdout]   |
[INFO] [stdout] 5 | sensor.enable_calibration(true);
[INFO] [stdout]   | ^^^^^^ not found in this scope
[INFO] [stdout] 
[INFO] [stdout] error[E0425]: cannot find value `sensor` in this scope
[INFO] [stdout]  --> src/lib.rs:1182:1
[INFO] [stdout]   |
[INFO] [stdout] 6 | sensor.calibrate(5000, delay);
[INFO] [stdout]   | ^^^^^^ not found in this scope
[INFO] [stdout] 
[INFO] [stdout] error: aborting due to 3 previous errors
[INFO] [stdout] 
[INFO] [stdout] Some errors have detailed explanations: E0425, E0433.
[INFO] [stdout] For more information about an error, try `rustc --explain E0425`.
[INFO] [stdout] Couldn't compile the test.
[INFO] [stdout] ---- src/lib.rs - AdafruitNXP<I2C>::set_accel_range (line 790) stdout ----
[INFO] [stdout] error[E0432]: unresolved import `adafruit`
[INFO] [stdout]  --> src/lib.rs:791:5
[INFO] [stdout]   |
[INFO] [stdout] 3 | use adafruit::*;
[INFO] [stdout]   |     ^^^^^^^^ use of undeclared crate or module `adafruit`
[INFO] [stdout] 
[INFO] [stdout] error: aborting due to 1 previous error
[INFO] [stdout] 
[INFO] [stdout] For more information about this error, try `rustc --explain E0432`.
[INFO] [stdout] Couldn't compile the test.
[INFO] [stdout] ---- src/lib.rs - AdafruitNXP<I2C>::calibration (line 1172) stdout ----
[INFO] [stdout] error[E0425]: cannot find value `sensor` in this scope
[INFO] [stdout]  --> src/lib.rs:1173:1
[INFO] [stdout]   |
[INFO] [stdout] 3 | sensor.accel_sensor.set_offset(-0.1234, 0.1234, 0.4321);
[INFO] [stdout]   | ^^^^^^ not found in this scope
[INFO] [stdout] 
[INFO] [stdout] error[E0425]: cannot find value `sensor` in this scope
[INFO] [stdout]  --> src/lib.rs:1174:1
[INFO] [stdout]   |
[INFO] [stdout] 4 | sensor.gyro_sensor.set_offset(-0.1234, 0.1234, 0.4321);
[INFO] [stdout]   | ^^^^^^ not found in this scope
[INFO] [stdout] 
[INFO] [stdout] error: aborting due to 2 previous errors
[INFO] [stdout] 
[INFO] [stdout] For more information about this error, try `rustc --explain E0425`.
[INFO] [stdout] Couldn't compile the test.
[INFO] [stdout] ---- src/lib.rs - AdafruitNXP<I2C>::set_accelmag_output_data_rate (line 878) stdout ----
[INFO] [stdout] error[E0432]: unresolved import `adafruit`
[INFO] [stdout]  --> src/lib.rs:879:5
[INFO] [stdout]   |
[INFO] [stdout] 3 | use adafruit::*;
[INFO] [stdout]   |     ^^^^^^^^ use of undeclared crate or module `adafruit`
[INFO] [stdout] 
[INFO] [stdout] error: aborting due to 1 previous error
[INFO] [stdout] 
[INFO] [stdout] For more information about this error, try `rustc --explain E0432`.
[INFO] [stdout] Couldn't compile the test.
[INFO] [stdout] ---- src/lib.rs - AdafruitNXP<I2C>::new (line 588) stdout ----
[INFO] [stdout] error[E0432]: unresolved import `adafruit`
[INFO] [stdout]  --> src/lib.rs:589:5
[INFO] [stdout]   |
[INFO] [stdout] 3 | use adafruit::*;
[INFO] [stdout]   |     ^^^^^^^^ use of undeclared crate or module `adafruit`
[INFO] [stdout] 
[INFO] [stdout] error: aborting due to 1 previous error
[INFO] [stdout] 
[INFO] [stdout] For more information about this error, try `rustc --explain E0432`.
[INFO] [stdout] Couldn't compile the test.
[INFO] [stdout] ---- src/lib.rs - AdafruitNXP<I2C>::set_accelmag_osr_mode (line 1003) stdout ----
[INFO] [stdout] error[E0432]: unresolved import `adafruit`
[INFO] [stdout]  --> src/lib.rs:1004:5
[INFO] [stdout]   |
[INFO] [stdout] 3 | use adafruit::*;
[INFO] [stdout]   |     ^^^^^^^^ use of undeclared crate or module `adafruit`
[INFO] [stdout] 
[INFO] [stdout] error: aborting due to 1 previous error
[INFO] [stdout] 
[INFO] [stdout] For more information about this error, try `rustc --explain E0432`.
[INFO] [stdout] Couldn't compile the test.
[INFO] [stdout] ---- src/lib.rs - AdafruitNXP<I2C>::read_data (line 1037) stdout ----
[INFO] [stdout] error[E0425]: cannot find value `sensor` in this scope
[INFO] [stdout]  --> src/lib.rs:1038:1
[INFO] [stdout]   |
[INFO] [stdout] 3 | sensor.read_data();
[INFO] [stdout]   | ^^^^^^ not found in this scope
[INFO] [stdout] 
[INFO] [stdout] error[E0425]: cannot find value `sensor` in this scope
[INFO] [stdout]  --> src/lib.rs:1039:11
[INFO] [stdout]   |
[INFO] [stdout] 4 | let acc = sensor.accel_sensor.get_scaled_data();
[INFO] [stdout]   |           ^^^^^^ not found in this scope
[INFO] [stdout] 
[INFO] [stdout] error[E0425]: cannot find value `sensor` in this scope
[INFO] [stdout]  --> src/lib.rs:1040:12
[INFO] [stdout]   |
[INFO] [stdout] 5 | let gyro = sensor.gyro_sensor.get_scaled_data();
[INFO] [stdout]   |            ^^^^^^ not found in this scope
[INFO] [stdout] 
[INFO] [stdout] error[E0425]: cannot find value `sensor` in this scope
[INFO] [stdout]  --> src/lib.rs:1041:11
[INFO] [stdout]   |
[INFO] [stdout] 6 | let mag = sensor.mag_sensor.get_scaled_data();
[INFO] [stdout]   |           ^^^^^^ not found in this scope
[INFO] [stdout] 
[INFO] [stdout] error: aborting due to 4 previous errors
[INFO] [stdout] 
[INFO] [stdout] For more information about this error, try `rustc --explain E0425`.
[INFO] [stdout] Couldn't compile the test.
[INFO] [stdout] ---- src/lib.rs - AdafruitNXP<I2C>::set_sensor_mode (line 843) stdout ----
[INFO] [stdout] error[E0432]: unresolved import `adafruit`
[INFO] [stdout]  --> src/lib.rs:844:5
[INFO] [stdout]   |
[INFO] [stdout] 3 | use adafruit::*;
[INFO] [stdout]   |     ^^^^^^^^ use of undeclared crate or module `adafruit`
[INFO] [stdout] 
[INFO] [stdout] error: aborting due to 1 previous error
[INFO] [stdout] 
[INFO] [stdout] For more information about this error, try `rustc --explain E0432`.
[INFO] [stdout] Couldn't compile the test.
[INFO] [stdout] ---- src/lib.rs - AdafruitNXP<I2C>::set_mag_oversampling_ratio (line 958) stdout ----
[INFO] [stdout] error[E0432]: unresolved import `adafruit`
[INFO] [stdout]  --> src/lib.rs:959:5
[INFO] [stdout]   |
[INFO] [stdout] 3 | use adafruit::*;
[INFO] [stdout]   |     ^^^^^^^^ use of undeclared crate or module `adafruit`
[INFO] [stdout] 
[INFO] [stdout] error: aborting due to 1 previous error
[INFO] [stdout] 
[INFO] [stdout] For more information about this error, try `rustc --explain E0432`.
[INFO] [stdout] Couldn't compile the test.
[INFO] [stdout] ---- src/lib.rs - AdafruitNXP<I2C>::set_gyro_output_data_rate (line 921) stdout ----
[INFO] [stdout] error[E0432]: unresolved import `adafruit`
[INFO] [stdout]  --> src/lib.rs:922:5
[INFO] [stdout]   |
[INFO] [stdout] 3 | use adafruit::*;
[INFO] [stdout]   |     ^^^^^^^^ use of undeclared crate or module `adafruit`
[INFO] [stdout] 
[INFO] [stdout] error: aborting due to 1 previous error
[INFO] [stdout] 
[INFO] [stdout] For more information about this error, try `rustc --explain E0432`.
[INFO] [stdout] Couldn't compile the test.
[INFO] [stdout] ---- src/lib.rs - AdafruitNXP<I2C>::set_gyro_range (line 815) stdout ----
[INFO] [stdout] error[E0432]: unresolved import `adafruit`
[INFO] [stdout]  --> src/lib.rs:816:5
[INFO] [stdout]   |
[INFO] [stdout] 3 | use adafruit::*;
[INFO] [stdout]   |     ^^^^^^^^ use of undeclared crate or module `adafruit`
[INFO] [stdout] 
[INFO] [stdout] error: aborting due to 1 previous error
[INFO] [stdout] 
[INFO] [stdout] For more information about this error, try `rustc --explain E0432`.
[INFO] [stdout] Couldn't compile the test.
[INFO] [stdout] 
[INFO] [stdout] failures:
[INFO] [stdout]     src/lib.rs - (line 36)
[INFO] [stdout]     src/lib.rs - AdafruitNXP<I2C>::begin (line 711)
[INFO] [stdout]     src/lib.rs - AdafruitNXP<I2C>::calibration (line 1172)
[INFO] [stdout]     src/lib.rs - AdafruitNXP<I2C>::calibration (line 1178)
[INFO] [stdout]     src/lib.rs - AdafruitNXP<I2C>::new (line 588)
[INFO] [stdout]     src/lib.rs - AdafruitNXP<I2C>::read_data (line 1037)
[INFO] [stdout]     src/lib.rs - AdafruitNXP<I2C>::set_accel_range (line 790)
[INFO] [stdout]     src/lib.rs - AdafruitNXP<I2C>::set_accelmag_osr_mode (line 1003)
[INFO] [stdout]     src/lib.rs - AdafruitNXP<I2C>::set_accelmag_output_data_rate (line 878)
[INFO] [stdout]     src/lib.rs - AdafruitNXP<I2C>::set_gyro_output_data_rate (line 921)
[INFO] [stdout]     src/lib.rs - AdafruitNXP<I2C>::set_gyro_range (line 815)
[INFO] [stdout]     src/lib.rs - AdafruitNXP<I2C>::set_mag_oversampling_ratio (line 958)
[INFO] [stdout]     src/lib.rs - AdafruitNXP<I2C>::set_sensor_mode (line 843)
[INFO] [stdout] 
[INFO] [stdout] test result: FAILED. 0 passed; 13 failed; 0 ignored; 0 measured; 0 filtered out; finished in 0.78s
[INFO] [stdout] 
[INFO] [stderr] error: doctest failed, to rerun pass `--doc`
[INFO] running `Command { std: "docker" "inspect" "45eb35887f72abbf49ed467dc4e2c489148c605e3f1fc8c66036679e0656d210", kill_on_drop: false }`
[INFO] running `Command { std: "docker" "rm" "-f" "45eb35887f72abbf49ed467dc4e2c489148c605e3f1fc8c66036679e0656d210", kill_on_drop: false }`
[INFO] [stdout] 45eb35887f72abbf49ed467dc4e2c489148c605e3f1fc8c66036679e0656d210
