[INFO] fetching crate a8da96aa9ee5ce956b7069f92a4ca762efc75133 0.5.1...
[INFO] testing a8da96aa9ee5ce956b7069f92a4ca762efc75133-0.5.1 against nightly-2025-01-18 for randomize-layout-2
[INFO] extracting crate a8da96aa9ee5ce956b7069f92a4ca762efc75133 0.5.1 into /workspace/builds/worker-7-tc1/source
[INFO] validating manifest of crates.io crate a8da96aa9ee5ce956b7069f92a4ca762efc75133 0.5.1 on toolchain nightly-2025-01-18
[INFO] running `Command { std: CARGO_HOME="/workspace/cargo-home" RUSTUP_HOME="/workspace/rustup-home" "/workspace/cargo-home/bin/cargo" "+nightly-2025-01-18" "metadata" "--manifest-path" "Cargo.toml" "--no-deps", kill_on_drop: false }`
[INFO] started tweaking crates.io crate a8da96aa9ee5ce956b7069f92a4ca762efc75133 0.5.1
[INFO] finished tweaking crates.io crate a8da96aa9ee5ce956b7069f92a4ca762efc75133 0.5.1
[INFO] tweaked toml for crates.io crate a8da96aa9ee5ce956b7069f92a4ca762efc75133 0.5.1 written to /workspace/builds/worker-7-tc1/source/Cargo.toml
[INFO] running `Command { std: CARGO_HOME="/workspace/cargo-home" RUSTUP_HOME="/workspace/rustup-home" "/workspace/cargo-home/bin/cargo" "+nightly-2025-01-18" "generate-lockfile" "--manifest-path" "Cargo.toml", kill_on_drop: false }`
[INFO] [stderr]     Updating crates.io index
[INFO] [stderr]     Blocking waiting for file lock on package cache
[INFO] [stderr]      Locking 17 packages to latest compatible versions
[INFO] running `Command { std: CARGO_HOME="/workspace/cargo-home" RUSTUP_HOME="/workspace/rustup-home" "/workspace/cargo-home/bin/cargo" "+nightly-2025-01-18" "fetch" "--manifest-path" "Cargo.toml", kill_on_drop: false }`
[INFO] [stderr]     Blocking waiting for file lock on package cache
[INFO] running `Command { std: "docker" "create" "-v" "/var/lib/crater-agent-workspace/builds/worker-7-tc1/target:/opt/rustwide/target:rw,Z" "-v" "/var/lib/crater-agent-workspace/builds/worker-7-tc1/source:/opt/rustwide/workdir:ro,Z" "-v" "/var/lib/crater-agent-workspace/cargo-home:/opt/rustwide/cargo-home:ro,Z" "-v" "/var/lib/crater-agent-workspace/rustup-home:/opt/rustwide/rustup-home:ro,Z" "-e" "SOURCE_DIR=/opt/rustwide/workdir" "-e" "CARGO_TARGET_DIR=/opt/rustwide/target" "-e" "CARGO_HOME=/opt/rustwide/cargo-home" "-e" "RUSTUP_HOME=/opt/rustwide/rustup-home" "-w" "/opt/rustwide/workdir" "-m" "1610612736" "--user" "0:0" "--network" "none" "ghcr.io/rust-lang/crates-build-env/linux@sha256:819108c5571ea2e421544af4d832f968d213c87fbe3707a016657f43d2f853bc" "/opt/rustwide/cargo-home/bin/cargo" "+nightly-2025-01-18" "metadata" "--no-deps" "--format-version=1", kill_on_drop: false }`
[INFO] [stdout] 73e1a52bb31810d96c1563eb894ebf930d0c5aef202f38c62c36eabf02857c69
[INFO] running `Command { std: "docker" "start" "-a" "73e1a52bb31810d96c1563eb894ebf930d0c5aef202f38c62c36eabf02857c69", kill_on_drop: false }`
[INFO] running `Command { std: "docker" "inspect" "73e1a52bb31810d96c1563eb894ebf930d0c5aef202f38c62c36eabf02857c69", kill_on_drop: false }`
[INFO] running `Command { std: "docker" "rm" "-f" "73e1a52bb31810d96c1563eb894ebf930d0c5aef202f38c62c36eabf02857c69", kill_on_drop: false }`
[INFO] [stdout] 73e1a52bb31810d96c1563eb894ebf930d0c5aef202f38c62c36eabf02857c69
[INFO] running `Command { std: "docker" "create" "-v" "/var/lib/crater-agent-workspace/builds/worker-7-tc1/target:/opt/rustwide/target:rw,Z" "-v" "/var/lib/crater-agent-workspace/builds/worker-7-tc1/source:/opt/rustwide/workdir:ro,Z" "-v" "/var/lib/crater-agent-workspace/cargo-home:/opt/rustwide/cargo-home:ro,Z" "-v" "/var/lib/crater-agent-workspace/rustup-home:/opt/rustwide/rustup-home:ro,Z" "-e" "SOURCE_DIR=/opt/rustwide/workdir" "-e" "CARGO_TARGET_DIR=/opt/rustwide/target" "-e" "CARGO_INCREMENTAL=0" "-e" "RUST_BACKTRACE=full" "-e" "RUSTFLAGS=--cap-lints=forbid" "-e" "RUSTDOCFLAGS=--cap-lints=forbid" "-e" "CARGO_HOME=/opt/rustwide/cargo-home" "-e" "RUSTUP_HOME=/opt/rustwide/rustup-home" "-w" "/opt/rustwide/workdir" "-m" "1610612736" "--user" "0:0" "--network" "none" "ghcr.io/rust-lang/crates-build-env/linux@sha256:819108c5571ea2e421544af4d832f968d213c87fbe3707a016657f43d2f853bc" "/opt/rustwide/cargo-home/bin/cargo" "+nightly-2025-01-18" "build" "--frozen" "--message-format=json", kill_on_drop: false }`
[INFO] [stdout] 77a0dab97245e4265fed79ce4aefd0c4a4e2502deaa6f9309df96bbb461cd6fb
[INFO] running `Command { std: "docker" "start" "-a" "77a0dab97245e4265fed79ce4aefd0c4a4e2502deaa6f9309df96bbb461cd6fb", kill_on_drop: false }`
[INFO] [stderr]    Compiling typenum v1.17.0
[INFO] [stderr]    Compiling version_check v0.9.5
[INFO] [stderr]    Compiling subtle v2.6.1
[INFO] [stderr]    Compiling libc v0.2.169
[INFO] [stderr]    Compiling cpufeatures v0.2.16
[INFO] [stderr]    Compiling base64 v0.22.1
[INFO] [stderr]    Compiling generic-array v0.14.7
[INFO] [stderr]    Compiling getrandom v0.2.15
[INFO] [stderr]    Compiling crypto-common v0.1.6
[INFO] [stderr]    Compiling block-buffer v0.10.4
[INFO] [stderr]    Compiling digest v0.10.7
[INFO] [stderr]    Compiling hmac v0.12.1
[INFO] [stderr]    Compiling pbkdf2 v0.12.2
[INFO] [stderr]    Compiling sha2 v0.10.8
[INFO] [stderr]    Compiling sha-1 v0.10.1
[INFO] [stderr]    Compiling a8da96aa9ee5ce956b7069f92a4ca762efc75133 v0.5.1 (/opt/rustwide/workdir)
[INFO] [stderr]     Finished `dev` profile [unoptimized + debuginfo] target(s) in 5.24s
[INFO] running `Command { std: "docker" "inspect" "77a0dab97245e4265fed79ce4aefd0c4a4e2502deaa6f9309df96bbb461cd6fb", kill_on_drop: false }`
[INFO] running `Command { std: "docker" "rm" "-f" "77a0dab97245e4265fed79ce4aefd0c4a4e2502deaa6f9309df96bbb461cd6fb", kill_on_drop: false }`
[INFO] [stdout] 77a0dab97245e4265fed79ce4aefd0c4a4e2502deaa6f9309df96bbb461cd6fb
[INFO] running `Command { std: "docker" "create" "-v" "/var/lib/crater-agent-workspace/builds/worker-7-tc1/target:/opt/rustwide/target:rw,Z" "-v" "/var/lib/crater-agent-workspace/builds/worker-7-tc1/source:/opt/rustwide/workdir:ro,Z" "-v" "/var/lib/crater-agent-workspace/cargo-home:/opt/rustwide/cargo-home:ro,Z" "-v" "/var/lib/crater-agent-workspace/rustup-home:/opt/rustwide/rustup-home:ro,Z" "-e" "SOURCE_DIR=/opt/rustwide/workdir" "-e" "CARGO_TARGET_DIR=/opt/rustwide/target" "-e" "CARGO_INCREMENTAL=0" "-e" "RUST_BACKTRACE=full" "-e" "RUSTFLAGS=--cap-lints=forbid" "-e" "RUSTDOCFLAGS=--cap-lints=forbid" "-e" "CARGO_HOME=/opt/rustwide/cargo-home" "-e" "RUSTUP_HOME=/opt/rustwide/rustup-home" "-w" "/opt/rustwide/workdir" "-m" "1610612736" "--user" "0:0" "--network" "none" "ghcr.io/rust-lang/crates-build-env/linux@sha256:819108c5571ea2e421544af4d832f968d213c87fbe3707a016657f43d2f853bc" "/opt/rustwide/cargo-home/bin/cargo" "+nightly-2025-01-18" "test" "--frozen" "--no-run" "--message-format=json", kill_on_drop: false }`
[INFO] [stdout] 27af2ea8a0565acead4aac55e118ff41aa0614a9dd630c26c63ca26567f613a7
[INFO] running `Command { std: "docker" "start" "-a" "27af2ea8a0565acead4aac55e118ff41aa0614a9dd630c26c63ca26567f613a7", kill_on_drop: false }`
[INFO] [stderr]    Compiling a8da96aa9ee5ce956b7069f92a4ca762efc75133 v0.5.1 (/opt/rustwide/workdir)
[INFO] [stderr]     Finished `test` profile [unoptimized + debuginfo] target(s) in 1.00s
[INFO] running `Command { std: "docker" "inspect" "27af2ea8a0565acead4aac55e118ff41aa0614a9dd630c26c63ca26567f613a7", kill_on_drop: false }`
[INFO] running `Command { std: "docker" "rm" "-f" "27af2ea8a0565acead4aac55e118ff41aa0614a9dd630c26c63ca26567f613a7", kill_on_drop: false }`
[INFO] [stdout] 27af2ea8a0565acead4aac55e118ff41aa0614a9dd630c26c63ca26567f613a7
[INFO] running `Command { std: "docker" "create" "-v" "/var/lib/crater-agent-workspace/builds/worker-7-tc1/target:/opt/rustwide/target:rw,Z" "-v" "/var/lib/crater-agent-workspace/builds/worker-7-tc1/source:/opt/rustwide/workdir:ro,Z" "-v" "/var/lib/crater-agent-workspace/cargo-home:/opt/rustwide/cargo-home:ro,Z" "-v" "/var/lib/crater-agent-workspace/rustup-home:/opt/rustwide/rustup-home:ro,Z" "-e" "SOURCE_DIR=/opt/rustwide/workdir" "-e" "CARGO_TARGET_DIR=/opt/rustwide/target" "-e" "CARGO_INCREMENTAL=0" "-e" "RUST_BACKTRACE=full" "-e" "RUSTFLAGS=--cap-lints=forbid" "-e" "RUSTDOCFLAGS=--cap-lints=forbid" "-e" "CARGO_HOME=/opt/rustwide/cargo-home" "-e" "RUSTUP_HOME=/opt/rustwide/rustup-home" "-w" "/opt/rustwide/workdir" "-m" "1610612736" "--user" "0:0" "--network" "none" "ghcr.io/rust-lang/crates-build-env/linux@sha256:819108c5571ea2e421544af4d832f968d213c87fbe3707a016657f43d2f853bc" "/opt/rustwide/cargo-home/bin/cargo" "+nightly-2025-01-18" "test" "--frozen", kill_on_drop: false }`
[INFO] [stdout] 62616ca958f4af6ccbe26fb4b73f733013481259262e4f8535dda1389035ddaf
[INFO] running `Command { std: "docker" "start" "-a" "62616ca958f4af6ccbe26fb4b73f733013481259262e4f8535dda1389035ddaf", kill_on_drop: false }`
[INFO] [stderr]     Finished `test` profile [unoptimized + debuginfo] target(s) in 0.04s
[INFO] [stderr]      Running unittests src/lib.rs (/opt/rustwide/target/debug/deps/a8da96aa9ee5ce956b7069f92a4ca762efc75133-6ab8c9679bfb1a13)
[INFO] [stdout] 
[INFO] [stdout] running 5 tests
[INFO] [stdout] test common::xor_works ... ok
[INFO] [stdout] test client::mechanisms::scram::tests::scram_sha1_works ... ok
[INFO] [stdout] test client::mechanisms::scram::tests::scram_kafka_token_delegation_works ... ok
[INFO] [stdout] test client::mechanisms::scram::tests::scram_sha256_works ... ok
[INFO] [stdout] test client::mechanisms::scram::tests::scram_final_extension_works ... ok
[INFO] [stdout] 
[INFO] [stdout] test result: ok. 5 passed; 0 failed; 0 ignored; 0 measured; 0 filtered out; finished in 0.18s
[INFO] [stdout] 
[INFO] [stderr]    Doc-tests a8da96aa9ee5ce956b7069f92a4ca762efc75133
[INFO] [stdout] 
[INFO] [stdout] running 2 tests
[INFO] [stdout] test src/lib.rs - (line 28) ... ignored
[INFO] [stdout] test src/lib.rs - (line 10) ... FAILED
[INFO] [stdout] 
[INFO] [stdout] failures:
[INFO] [stdout] 
[INFO] [stdout] ---- src/lib.rs - (line 10) stdout ----
[INFO] [stdout] error[E0433]: failed to resolve: use of undeclared crate or module `sasl`
[INFO] [stdout]  --> src/lib.rs:11:5
[INFO] [stdout]   |
[INFO] [stdout] 3 | use sasl::client::Mechanism;
[INFO] [stdout]   |     ^^^^ use of undeclared crate or module `sasl`
[INFO] [stdout] 
[INFO] [stdout] error[E0433]: failed to resolve: use of undeclared crate or module `sasl`
[INFO] [stdout]  --> src/lib.rs:12:5
[INFO] [stdout]   |
[INFO] [stdout] 4 | use sasl::common::Credentials;
[INFO] [stdout]   |     ^^^^ use of undeclared crate or module `sasl`
[INFO] [stdout] 
[INFO] [stdout] error[E0433]: failed to resolve: use of undeclared crate or module `sasl`
[INFO] [stdout]  --> src/lib.rs:13:5
[INFO] [stdout]   |
[INFO] [stdout] 5 | use sasl::client::mechanisms::Plain;
[INFO] [stdout]   |     ^^^^ use of undeclared crate or module `sasl`
[INFO] [stdout] 
[INFO] [stdout] error: aborting due to 3 previous errors
[INFO] [stdout] 
[INFO] [stdout] For more information about this error, try `rustc --explain E0433`.
[INFO] [stdout] Couldn't compile the test.
[INFO] [stdout] 
[INFO] [stdout] failures:
[INFO] [stdout]     src/lib.rs - (line 10)
[INFO] [stdout] 
[INFO] [stdout] test result: FAILED. 0 passed; 1 failed; 1 ignored; 0 measured; 0 filtered out; finished in 0.07s
[INFO] [stdout] 
[INFO] [stderr] error: doctest failed, to rerun pass `--doc`
[INFO] running `Command { std: "docker" "inspect" "62616ca958f4af6ccbe26fb4b73f733013481259262e4f8535dda1389035ddaf", kill_on_drop: false }`
[INFO] running `Command { std: "docker" "rm" "-f" "62616ca958f4af6ccbe26fb4b73f733013481259262e4f8535dda1389035ddaf", kill_on_drop: false }`
[INFO] [stdout] 62616ca958f4af6ccbe26fb4b73f733013481259262e4f8535dda1389035ddaf
