[INFO] fetching crate ConExpression 0.1.0...
[INFO] testing ConExpression-0.1.0 against nightly-2025-01-18+rustflags=-Zrandomize-layout for randomize-layout-2
[INFO] extracting crate ConExpression 0.1.0 into /workspace/builds/worker-1-tc2/source
[INFO] validating manifest of crates.io crate ConExpression 0.1.0 on toolchain nightly-2025-01-18
[INFO] running `Command { std: CARGO_HOME="/workspace/cargo-home" RUSTUP_HOME="/workspace/rustup-home" "/workspace/cargo-home/bin/cargo" "+nightly-2025-01-18" "metadata" "--manifest-path" "Cargo.toml" "--no-deps", kill_on_drop: false }`
[INFO] started tweaking crates.io crate ConExpression 0.1.0
[INFO] finished tweaking crates.io crate ConExpression 0.1.0
[INFO] tweaked toml for crates.io crate ConExpression 0.1.0 written to /workspace/builds/worker-1-tc2/source/Cargo.toml
[INFO] running `Command { std: CARGO_HOME="/workspace/cargo-home" RUSTUP_HOME="/workspace/rustup-home" "/workspace/cargo-home/bin/cargo" "+nightly-2025-01-18" "generate-lockfile" "--manifest-path" "Cargo.toml", kill_on_drop: false }`
[INFO] [stderr]     Updating crates.io index
[INFO] [stderr]      Locking 10 packages to latest compatible versions
[INFO] [stderr]       Adding rand v0.3.23 (available: v0.8.5)
[INFO] running `Command { std: CARGO_HOME="/workspace/cargo-home" RUSTUP_HOME="/workspace/rustup-home" "/workspace/cargo-home/bin/cargo" "+nightly-2025-01-18" "fetch" "--manifest-path" "Cargo.toml", kill_on_drop: false }`
[INFO] [stderr] warning: no edition set: defaulting to the 2015 edition while the latest is 2024
[INFO] running `Command { std: "docker" "create" "-v" "/var/lib/crater-agent-workspace/builds/worker-1-tc2/target:/opt/rustwide/target:rw,Z" "-v" "/var/lib/crater-agent-workspace/builds/worker-1-tc2/source:/opt/rustwide/workdir:ro,Z" "-v" "/var/lib/crater-agent-workspace/cargo-home:/opt/rustwide/cargo-home:ro,Z" "-v" "/var/lib/crater-agent-workspace/rustup-home:/opt/rustwide/rustup-home:ro,Z" "-e" "SOURCE_DIR=/opt/rustwide/workdir" "-e" "CARGO_TARGET_DIR=/opt/rustwide/target" "-e" "CARGO_HOME=/opt/rustwide/cargo-home" "-e" "RUSTUP_HOME=/opt/rustwide/rustup-home" "-w" "/opt/rustwide/workdir" "-m" "1610612736" "--user" "0:0" "--network" "none" "ghcr.io/rust-lang/crates-build-env/linux@sha256:819108c5571ea2e421544af4d832f968d213c87fbe3707a016657f43d2f853bc" "/opt/rustwide/cargo-home/bin/cargo" "+nightly-2025-01-18" "metadata" "--no-deps" "--format-version=1", kill_on_drop: false }`
[INFO] [stdout] b6fc2a3ca0fafd20f1a8364e4fe6217d9213e8b67428a6674f47aed8bdc89274
[INFO] running `Command { std: "docker" "start" "-a" "b6fc2a3ca0fafd20f1a8364e4fe6217d9213e8b67428a6674f47aed8bdc89274", kill_on_drop: false }`
[INFO] running `Command { std: "docker" "inspect" "b6fc2a3ca0fafd20f1a8364e4fe6217d9213e8b67428a6674f47aed8bdc89274", kill_on_drop: false }`
[INFO] running `Command { std: "docker" "rm" "-f" "b6fc2a3ca0fafd20f1a8364e4fe6217d9213e8b67428a6674f47aed8bdc89274", kill_on_drop: false }`
[INFO] [stdout] b6fc2a3ca0fafd20f1a8364e4fe6217d9213e8b67428a6674f47aed8bdc89274
[INFO] running `Command { std: "docker" "create" "-v" "/var/lib/crater-agent-workspace/builds/worker-1-tc2/target:/opt/rustwide/target:rw,Z" "-v" "/var/lib/crater-agent-workspace/builds/worker-1-tc2/source:/opt/rustwide/workdir:ro,Z" "-v" "/var/lib/crater-agent-workspace/cargo-home:/opt/rustwide/cargo-home:ro,Z" "-v" "/var/lib/crater-agent-workspace/rustup-home:/opt/rustwide/rustup-home:ro,Z" "-e" "SOURCE_DIR=/opt/rustwide/workdir" "-e" "CARGO_TARGET_DIR=/opt/rustwide/target" "-e" "CARGO_INCREMENTAL=0" "-e" "RUST_BACKTRACE=full" "-e" "RUSTFLAGS=--cap-lints=forbid -Zrandomize-layout" "-e" "RUSTDOCFLAGS=--cap-lints=forbid" "-e" "CARGO_HOME=/opt/rustwide/cargo-home" "-e" "RUSTUP_HOME=/opt/rustwide/rustup-home" "-w" "/opt/rustwide/workdir" "-m" "1610612736" "--user" "0:0" "--network" "none" "ghcr.io/rust-lang/crates-build-env/linux@sha256:819108c5571ea2e421544af4d832f968d213c87fbe3707a016657f43d2f853bc" "/opt/rustwide/cargo-home/bin/cargo" "+nightly-2025-01-18" "build" "--frozen" "--message-format=json", kill_on_drop: false }`
[INFO] [stdout] 00d68fd7f22858beced9213dc9533cf6bd52652af454c18a0366c04b08b2ecae
[INFO] running `Command { std: "docker" "start" "-a" "00d68fd7f22858beced9213dc9533cf6bd52652af454c18a0366c04b08b2ecae", kill_on_drop: false }`
[INFO] [stderr] warning: no edition set: defaulting to the 2015 edition while the latest is 2024
[INFO] [stderr]    Compiling libc v0.2.169
[INFO] [stderr]    Compiling rand v0.4.6
[INFO] [stderr]    Compiling rand v0.3.23
[INFO] [stderr]    Compiling ConExpression v0.1.0 (/opt/rustwide/workdir)
[INFO] [stdout] warning: crate `ConExpression` should have a snake case name
[INFO] [stdout]   |
[INFO] [stdout]   = help: convert the identifier to snake case: `con_expression`
[INFO] [stdout]   = note: `#[warn(non_snake_case)]` on by default
[INFO] [stdout] 
[INFO] [stdout] 
[INFO] [stdout] warning: trait `iinstruction` should have an upper camel case name
[INFO] [stdout]  --> src/icontract/mod.rs:1:11
[INFO] [stdout]   |
[INFO] [stdout] 1 | pub trait iinstruction {
[INFO] [stdout]   |           ^^^^^^^^^^^^ help: convert the identifier to upper camel case (notice the capitalization): `Iinstruction`
[INFO] [stdout]   |
[INFO] [stdout]   = note: `#[warn(non_camel_case_types)]` on by default
[INFO] [stdout] 
[INFO] [stdout] 
[INFO] [stdout] warning: trait `ichannel` should have an upper camel case name
[INFO] [stdout]  --> src/icontract/mod.rs:7:11
[INFO] [stdout]   |
[INFO] [stdout] 7 | pub trait ichannel {
[INFO] [stdout]   |           ^^^^^^^^ help: convert the identifier to upper camel case (notice the capitalization): `Ichannel`
[INFO] [stdout] 
[INFO] [stdout] 
[INFO] [stdout] warning: type `Instruction_OCR` should have an upper camel case name
[INFO] [stdout]   --> src/icontract/mod.rs:18:12
[INFO] [stdout]    |
[INFO] [stdout] 18 | pub struct Instruction_OCR {
[INFO] [stdout]    |            ^^^^^^^^^^^^^^^ help: convert the identifier to upper camel case: `InstructionOcr`
[INFO] [stdout] 
[INFO] [stdout] 
[INFO] [stdout] warning: type `Instruction_Temp` should have an upper camel case name
[INFO] [stdout]   --> src/icontract/mod.rs:46:12
[INFO] [stdout]    |
[INFO] [stdout] 46 | pub struct Instruction_Temp {
[INFO] [stdout]    |            ^^^^^^^^^^^^^^^^ help: convert the identifier to upper camel case: `InstructionTemp`
[INFO] [stdout] 
[INFO] [stdout] 
[INFO] [stdout] warning: trait objects without an explicit `dyn` are deprecated
[INFO] [stdout]   --> src/icontract/mod.rs:13:27
[INFO] [stdout]    |
[INFO] [stdout] 13 |     fn send(instruction: &iinstruction) -> (bool, String);
[INFO] [stdout]    |                           ^^^^^^^^^^^^
[INFO] [stdout]    |
[INFO] [stdout]    = warning: this is accepted in the current edition (Rust 2015) but is a hard error in Rust 2021!
[INFO] [stdout]    = note: for more information, see <https://doc.rust-lang.org/nightly/edition-guide/rust-2021/warnings-promoted-to-error.html>
[INFO] [stdout]    = note: `#[warn(bare_trait_objects)]` on by default
[INFO] [stdout] help: if this is a dyn-compatible trait, use `dyn`
[INFO] [stdout]    |
[INFO] [stdout] 13 |     fn send(instruction: &dyn iinstruction) -> (bool, String);
[INFO] [stdout]    |                           +++
[INFO] [stdout] 
[INFO] [stdout] 
[INFO] [stdout] warning: unreachable statement
[INFO] [stdout]    --> src/main.rs:270:5
[INFO] [stdout]     |
[INFO] [stdout] 268 |     return;
[INFO] [stdout]     |     ------ any code following this expression is unreachable
[INFO] [stdout] 269 |
[INFO] [stdout] 270 |     println!();
[INFO] [stdout]     |     ^^^^^^^^^^ unreachable statement
[INFO] [stdout]     |
[INFO] [stdout]     = note: `#[warn(unreachable_code)]` on by default
[INFO] [stdout]     = note: this warning originates in the macro `$crate::print` which comes from the expansion of the macro `println` (in Nightly builds, run with -Z macro-backtrace for more info)
[INFO] [stdout] 
[INFO] [stdout] 
[INFO] [stdout] warning: unused variable: `one`
[INFO] [stdout]   --> src/hashmap/mod.rs:12:13
[INFO] [stdout]    |
[INFO] [stdout] 12 |         let one = map.get("One");
[INFO] [stdout]    |             ^^^ help: if this is intentional, prefix it with an underscore: `_one`
[INFO] [stdout]    |
[INFO] [stdout]    = note: `#[warn(unused_variables)]` on by default
[INFO] [stdout] 
[INFO] [stdout] 
[INFO] [stdout] warning: variable does not need to be mutable
[INFO] [stdout]   --> src/hashmap/mod.rs:19:9
[INFO] [stdout]    |
[INFO] [stdout] 19 |     let mut scores: HashMap<_, _> = keys.iter().zip(values.iter()).collect();
[INFO] [stdout]    |         ----^^^^^^
[INFO] [stdout]    |         |
[INFO] [stdout]    |         help: remove this `mut`
[INFO] [stdout]    |
[INFO] [stdout]    = note: `#[warn(unused_mut)]` on by default
[INFO] [stdout] 
[INFO] [stdout] 
[INFO] [stdout] warning: value assigned to `derection` is never read
[INFO] [stdout]   --> src/icontract/mod.rs:81:17
[INFO] [stdout]    |
[INFO] [stdout] 81 |         let mut derection: i32 = 0;
[INFO] [stdout]    |                 ^^^^^^^^^
[INFO] [stdout]    |
[INFO] [stdout]    = help: maybe it is overwritten before being read?
[INFO] [stdout]    = note: `#[warn(unused_assignments)]` on by default
[INFO] [stdout] 
[INFO] [stdout] 
[INFO] [stdout] warning: unused variable: `f`
[INFO] [stdout]    --> src/main.rs:117:9
[INFO] [stdout]     |
[INFO] [stdout] 117 |     let f = File::open(filename)?;
[INFO] [stdout]     |         ^ help: if this is intentional, prefix it with an underscore: `_f`
[INFO] [stdout] 
[INFO] [stdout] 
[INFO] [stdout] warning: unused variable: `robot_agent_bm`
[INFO] [stdout]    --> src/main.rs:265:9
[INFO] [stdout]     |
[INFO] [stdout] 265 |     let robot_agent_bm: &'static str = "R1";
[INFO] [stdout]     |         ^^^^^^^^^^^^^^ help: if this is intentional, prefix it with an underscore: `_robot_agent_bm`
[INFO] [stdout] 
[INFO] [stdout] 
[INFO] [stdout] warning: unused variable: `robot_device_id`
[INFO] [stdout]    --> src/main.rs:266:9
[INFO] [stdout]     |
[INFO] [stdout] 266 |     let robot_device_id: &'static str = "99";
[INFO] [stdout]     |         ^^^^^^^^^^^^^^^ help: if this is intentional, prefix it with an underscore: `_robot_device_id`
[INFO] [stdout] 
[INFO] [stdout] 
[INFO] [stdout] warning: unused variable: `home`
[INFO] [stdout]    --> src/main.rs:329:9
[INFO] [stdout]     |
[INFO] [stdout] 329 |     let home = "127.0.0.1".parse::<IpAddr>().unwrap();
[INFO] [stdout]     |         ^^^^ help: if this is intentional, prefix it with an underscore: `_home`
[INFO] [stdout] 
[INFO] [stdout] 
[INFO] [stdout] warning: variant `V6` is never constructed
[INFO] [stdout]   --> src/main.rs:40:5
[INFO] [stdout]    |
[INFO] [stdout] 38 | enum IpKind {
[INFO] [stdout]    |      ------ variant in this enum
[INFO] [stdout] 39 |     V4,
[INFO] [stdout] 40 |     V6,
[INFO] [stdout]    |     ^^
[INFO] [stdout]    |
[INFO] [stdout]    = note: `IpKind` has a derived impl for the trait `Debug`, but this is intentionally ignored during dead code analysis
[INFO] [stdout]    = note: `#[warn(dead_code)]` on by default
[INFO] [stdout] 
[INFO] [stdout] 
[INFO] [stdout] warning: field `0` is never read
[INFO] [stdout]   --> src/main.rs:53:8
[INFO] [stdout]    |
[INFO] [stdout] 53 |     V4(String),
[INFO] [stdout]    |     -- ^^^^^^
[INFO] [stdout]    |     |
[INFO] [stdout]    |     field in this variant
[INFO] [stdout]    |
[INFO] [stdout]    = note: `IpAddr2` has a derived impl for the trait `Debug`, but this is intentionally ignored during dead code analysis
[INFO] [stdout] help: consider changing the field to be of unit type to suppress this warning while preserving the field numbering, or remove the field
[INFO] [stdout]    |
[INFO] [stdout] 53 |     V4(()),
[INFO] [stdout]    |        ~~
[INFO] [stdout] 
[INFO] [stdout] 
[INFO] [stdout] warning: variant `V6` is never constructed
[INFO] [stdout]   --> src/main.rs:54:5
[INFO] [stdout]    |
[INFO] [stdout] 51 | enum IpAddr2
[INFO] [stdout]    |      ------- variant in this enum
[INFO] [stdout] ...
[INFO] [stdout] 54 |     V6
[INFO] [stdout]    |     ^^
[INFO] [stdout]    |
[INFO] [stdout]    = note: `IpAddr2` has a derived impl for the trait `Debug`, but this is intentionally ignored during dead code analysis
[INFO] [stdout] 
[INFO] [stdout] 
[INFO] [stdout] warning: fields `0`, `1`, `2`, and `3` are never read
[INFO] [stdout]   --> src/main.rs:60:8
[INFO] [stdout]    |
[INFO] [stdout] 60 |     V4(u8, u8, u8, u8),
[INFO] [stdout]    |     -- ^^  ^^  ^^  ^^
[INFO] [stdout]    |     |
[INFO] [stdout]    |     fields in this variant
[INFO] [stdout]    |
[INFO] [stdout]    = note: `IpAddr3` has a derived impl for the trait `Debug`, but this is intentionally ignored during dead code analysis
[INFO] [stdout] help: consider changing the fields to be of unit type to suppress this warning while preserving the field numbering, or remove the fields
[INFO] [stdout]    |
[INFO] [stdout] 60 |     V4((), (), (), ()),
[INFO] [stdout]    |        ~~  ~~  ~~  ~~
[INFO] [stdout] 
[INFO] [stdout] 
[INFO] [stdout] warning: variant `V6` is never constructed
[INFO] [stdout]   --> src/main.rs:61:5
[INFO] [stdout]    |
[INFO] [stdout] 58 | enum IpAddr3
[INFO] [stdout]    |      ------- variant in this enum
[INFO] [stdout] ...
[INFO] [stdout] 61 |     V6
[INFO] [stdout]    |     ^^
[INFO] [stdout]    |
[INFO] [stdout]    = note: `IpAddr3` has a derived impl for the trait `Debug`, but this is intentionally ignored during dead code analysis
[INFO] [stdout] 
[INFO] [stdout] 
[INFO] [stdout] warning: field `query` is never read
[INFO] [stdout]   --> src/main.rs:66:5
[INFO] [stdout]    |
[INFO] [stdout] 65 | struct Config {
[INFO] [stdout]    |        ------ field in this struct
[INFO] [stdout] 66 |     query: String,
[INFO] [stdout]    |     ^^^^^
[INFO] [stdout]    |
[INFO] [stdout]    = note: `Config` has a derived impl for the trait `Debug`, but this is intentionally ignored during dead code analysis
[INFO] [stdout] 
[INFO] [stdout] 
[INFO] [stdout] warning: function `simulated_expensive_calculation` is never used
[INFO] [stdout]    --> src/main.rs:515:4
[INFO] [stdout]     |
[INFO] [stdout] 515 | fn simulated_expensive_calculation(intensity:i32)->i32 {
[INFO] [stdout]     |    ^^^^^^^^^^^^^^^^^^^^^^^^^^^^^^^
[INFO] [stdout] 
[INFO] [stdout] 
[INFO] [stdout] warning: trait `ichannel` is never used
[INFO] [stdout]  --> src/icontract/mod.rs:7:11
[INFO] [stdout]   |
[INFO] [stdout] 7 | pub trait ichannel {
[INFO] [stdout]   |           ^^^^^^^^
[INFO] [stdout] 
[INFO] [stdout] 
[INFO] [stdout] warning: multiple fields are never read
[INFO] [stdout]   --> src/icontract/mod.rs:63:9
[INFO] [stdout]    |
[INFO] [stdout] 46 | pub struct Instruction_Temp {
[INFO] [stdout]    |            ---------------- fields in this struct
[INFO] [stdout] ...
[INFO] [stdout] 63 |     pub agentbm: String,
[INFO] [stdout]    |         ^^^^^^^
[INFO] [stdout] 64 |     pub addr_id: String,
[INFO] [stdout]    |         ^^^^^^^
[INFO] [stdout] 65 |     pub plan_id: i32,
[INFO] [stdout]    |         ^^^^^^^
[INFO] [stdout] 66 |     pub station_code: String,
[INFO] [stdout]    |         ^^^^^^^^^^^^
[INFO] [stdout] 67 |     pub derection: bool,
[INFO] [stdout]    |         ^^^^^^^^^
[INFO] [stdout] 68 |     pub device_id: String,
[INFO] [stdout]    |         ^^^^^^^^^
[INFO] [stdout] 69 |     pub property_id: String,
[INFO] [stdout]    |         ^^^^^^^^^^^
[INFO] [stdout] 70 |     pub value: String,
[INFO] [stdout]    |         ^^^^^
[INFO] [stdout] 71 |     pub value_min: String,
[INFO] [stdout]    |         ^^^^^^^^^
[INFO] [stdout] 72 |     pub value_max: String,
[INFO] [stdout]    |         ^^^^^^^^^
[INFO] [stdout] 73 |     pub value_ix: String,
[INFO] [stdout]    |         ^^^^^^^^
[INFO] [stdout] 74 |     pub value_iy: String,
[INFO] [stdout]    |         ^^^^^^^^
[INFO] [stdout] 75 |     pub batch: String,
[INFO] [stdout]    |         ^^^^^
[INFO] [stdout] 76 |     pub time: String,
[INFO] [stdout]    |         ^^^^
[INFO] [stdout]    |
[INFO] [stdout]    = note: `Instruction_Temp` has a derived impl for the trait `Debug`, but this is intentionally ignored during dead code analysis
[INFO] [stdout] 
[INFO] [stdout] 
[INFO] [stdout] warning: unused `Result` that must be used
[INFO] [stdout]    --> src/main.rs:262:5
[INFO] [stdout]     |
[INFO] [stdout] 262 |     file.read_to_string(&mut content);
[INFO] [stdout]     |     ^^^^^^^^^^^^^^^^^^^^^^^^^^^^^^^^^
[INFO] [stdout]     |
[INFO] [stdout]     = note: this `Result` may be an `Err` variant, which should be handled
[INFO] [stdout]     = note: `#[warn(unused_must_use)]` on by default
[INFO] [stdout] help: use `let _ = ...` to ignore the resulting value
[INFO] [stdout]     |
[INFO] [stdout] 262 |     let _ = file.read_to_string(&mut content);
[INFO] [stdout]     |     +++++++
[INFO] [stdout] 
[INFO] [stdout] 
[INFO] [stdout] warning: variable `numberIndex` should have a snake case name
[INFO] [stdout]  --> src/math/mod.rs:3:13
[INFO] [stdout]   |
[INFO] [stdout] 3 |     let mut numberIndex = 0;
[INFO] [stdout]   |             ^^^^^^^^^^^ help: convert the identifier to snake case: `number_index`
[INFO] [stdout]   |
[INFO] [stdout]   = note: `#[warn(non_snake_case)]` on by default
[INFO] [stdout] 
[INFO] [stdout] 
[INFO] [stdout] warning: trait method `toInstruction` should have a snake case name
[INFO] [stdout]  --> src/icontract/mod.rs:2:8
[INFO] [stdout]   |
[INFO] [stdout] 2 |     fn toInstruction(&self) -> String {
[INFO] [stdout]   |        ^^^^^^^^^^^^^ help: convert the identifier to snake case: `to_instruction`
[INFO] [stdout] 
[INFO] [stdout] 
[INFO] [stderr]     Finished `dev` profile [unoptimized + debuginfo] target(s) in 3.44s
[INFO] running `Command { std: "docker" "inspect" "00d68fd7f22858beced9213dc9533cf6bd52652af454c18a0366c04b08b2ecae", kill_on_drop: false }`
[INFO] running `Command { std: "docker" "rm" "-f" "00d68fd7f22858beced9213dc9533cf6bd52652af454c18a0366c04b08b2ecae", kill_on_drop: false }`
[INFO] [stdout] 00d68fd7f22858beced9213dc9533cf6bd52652af454c18a0366c04b08b2ecae
[INFO] running `Command { std: "docker" "create" "-v" "/var/lib/crater-agent-workspace/builds/worker-1-tc2/target:/opt/rustwide/target:rw,Z" "-v" "/var/lib/crater-agent-workspace/builds/worker-1-tc2/source:/opt/rustwide/workdir:ro,Z" "-v" "/var/lib/crater-agent-workspace/cargo-home:/opt/rustwide/cargo-home:ro,Z" "-v" "/var/lib/crater-agent-workspace/rustup-home:/opt/rustwide/rustup-home:ro,Z" "-e" "SOURCE_DIR=/opt/rustwide/workdir" "-e" "CARGO_TARGET_DIR=/opt/rustwide/target" "-e" "CARGO_INCREMENTAL=0" "-e" "RUST_BACKTRACE=full" "-e" "RUSTFLAGS=--cap-lints=forbid -Zrandomize-layout" "-e" "RUSTDOCFLAGS=--cap-lints=forbid" "-e" "CARGO_HOME=/opt/rustwide/cargo-home" "-e" "RUSTUP_HOME=/opt/rustwide/rustup-home" "-w" "/opt/rustwide/workdir" "-m" "1610612736" "--user" "0:0" "--network" "none" "ghcr.io/rust-lang/crates-build-env/linux@sha256:819108c5571ea2e421544af4d832f968d213c87fbe3707a016657f43d2f853bc" "/opt/rustwide/cargo-home/bin/cargo" "+nightly-2025-01-18" "test" "--frozen" "--no-run" "--message-format=json", kill_on_drop: false }`
[INFO] [stdout] 3c092373ffcbd9b34271377e56f0eacaf08bd0772afb1e2bd63a31bab42acd55
[INFO] running `Command { std: "docker" "start" "-a" "3c092373ffcbd9b34271377e56f0eacaf08bd0772afb1e2bd63a31bab42acd55", kill_on_drop: false }`
[INFO] [stderr] warning: no edition set: defaulting to the 2015 edition while the latest is 2024
[INFO] [stdout] warning: crate `ConExpression` should have a snake case name
[INFO] [stdout]   |
[INFO] [stdout]   = help: convert the identifier to snake case: `con_expression`
[INFO] [stdout]   = note: `#[warn(non_snake_case)]` on by default
[INFO] [stdout] 
[INFO] [stdout] 
[INFO] [stderr]    Compiling ConExpression v0.1.0 (/opt/rustwide/workdir)
[INFO] [stdout] warning: unused import: `super::*`
[INFO] [stdout]  --> src/lib.rs:3:9
[INFO] [stdout]   |
[INFO] [stdout] 3 |     use super::*;
[INFO] [stdout]   |         ^^^^^^^^
[INFO] [stdout]   |
[INFO] [stdout]   = note: `#[warn(unused_imports)]` on by default
[INFO] [stdout] 
[INFO] [stdout] 
[INFO] [stdout] warning: function `test_assert__ok` should have a snake case name
[INFO] [stdout]   --> src/lib.rs:15:8
[INFO] [stdout]    |
[INFO] [stdout] 15 |     fn test_assert__ok() {
[INFO] [stdout]    |        ^^^^^^^^^^^^^^^ help: convert the identifier to snake case: `test_assert_ok`
[INFO] [stdout]    |
[INFO] [stdout]    = note: `#[warn(non_snake_case)]` on by default
[INFO] [stdout] 
[INFO] [stdout] 
[INFO] [stdout] warning: function `test_assert__failed` should have a snake case name
[INFO] [stdout]   --> src/lib.rs:20:8
[INFO] [stdout]    |
[INFO] [stdout] 20 |     fn test_assert__failed() {
[INFO] [stdout]    |        ^^^^^^^^^^^^^^^^^^^ help: convert the identifier to snake case: `test_assert_failed`
[INFO] [stdout] 
[INFO] [stdout] 
[INFO] [stdout] warning: function `test_assert_eq__ok` should have a snake case name
[INFO] [stdout]   --> src/lib.rs:25:8
[INFO] [stdout]    |
[INFO] [stdout] 25 |     fn test_assert_eq__ok() {
[INFO] [stdout]    |        ^^^^^^^^^^^^^^^^^^ help: convert the identifier to snake case: `test_assert_eq_ok`
[INFO] [stdout] 
[INFO] [stdout] 
[INFO] [stdout] warning: function `test_assert_eq__failed` should have a snake case name
[INFO] [stdout]   --> src/lib.rs:30:8
[INFO] [stdout]    |
[INFO] [stdout] 30 |     fn test_assert_eq__failed() {
[INFO] [stdout]    |        ^^^^^^^^^^^^^^^^^^^^^^ help: convert the identifier to snake case: `test_assert_eq_failed`
[INFO] [stdout] 
[INFO] [stdout] 
[INFO] [stdout] warning: function `test_assert_ne__ok` should have a snake case name
[INFO] [stdout]   --> src/lib.rs:35:8
[INFO] [stdout]    |
[INFO] [stdout] 35 |     fn test_assert_ne__ok() {
[INFO] [stdout]    |        ^^^^^^^^^^^^^^^^^^ help: convert the identifier to snake case: `test_assert_ne_ok`
[INFO] [stdout] 
[INFO] [stdout] 
[INFO] [stdout] warning: function `test_assert_ne__failed` should have a snake case name
[INFO] [stdout]   --> src/lib.rs:40:8
[INFO] [stdout]    |
[INFO] [stdout] 40 |     fn test_assert_ne__failed() {
[INFO] [stdout]    |        ^^^^^^^^^^^^^^^^^^^^^^ help: convert the identifier to snake case: `test_assert_ne_failed`
[INFO] [stdout] 
[INFO] [stdout] 
[INFO] [stdout] warning: function `test_assert_should_panic__ok` should have a snake case name
[INFO] [stdout]   --> src/lib.rs:46:8
[INFO] [stdout]    |
[INFO] [stdout] 46 |     fn test_assert_should_panic__ok() {
[INFO] [stdout]    |        ^^^^^^^^^^^^^^^^^^^^^^^^^^^^ help: convert the identifier to snake case: `test_assert_should_panic_ok`
[INFO] [stdout] 
[INFO] [stdout] 
[INFO] [stdout] warning: function `test_assert_should_panic__failed` should have a snake case name
[INFO] [stdout]   --> src/lib.rs:53:8
[INFO] [stdout]    |
[INFO] [stdout] 53 |     fn test_assert_should_panic__failed() {
[INFO] [stdout]    |        ^^^^^^^^^^^^^^^^^^^^^^^^^^^^^^^^ help: convert the identifier to snake case: `test_assert_should_panic_failed`
[INFO] [stdout] 
[INFO] [stdout] 
[INFO] [stdout] warning: function `test_assert_should_panic__failed_no_panic` should have a snake case name
[INFO] [stdout]   --> src/lib.rs:60:8
[INFO] [stdout]    |
[INFO] [stdout] 60 |     fn test_assert_should_panic__failed_no_panic() {
[INFO] [stdout]    |        ^^^^^^^^^^^^^^^^^^^^^^^^^^^^^^^^^^^^^^^^^ help: convert the identifier to snake case: `test_assert_should_panic_failed_no_panic`
[INFO] [stdout] 
[INFO] [stdout] 
[INFO] [stdout] warning: trait `iinstruction` should have an upper camel case name
[INFO] [stdout]  --> src/icontract/mod.rs:1:11
[INFO] [stdout]   |
[INFO] [stdout] 1 | pub trait iinstruction {
[INFO] [stdout]   |           ^^^^^^^^^^^^ help: convert the identifier to upper camel case (notice the capitalization): `Iinstruction`
[INFO] [stdout]   |
[INFO] [stdout]   = note: `#[warn(non_camel_case_types)]` on by default
[INFO] [stdout] 
[INFO] [stdout] 
[INFO] [stdout] warning: trait `ichannel` should have an upper camel case name
[INFO] [stdout]  --> src/icontract/mod.rs:7:11
[INFO] [stdout]   |
[INFO] [stdout] 7 | pub trait ichannel {
[INFO] [stdout]   |           ^^^^^^^^ help: convert the identifier to upper camel case (notice the capitalization): `Ichannel`
[INFO] [stdout] 
[INFO] [stdout] 
[INFO] [stdout] warning: type `Instruction_OCR` should have an upper camel case name
[INFO] [stdout]   --> src/icontract/mod.rs:18:12
[INFO] [stdout]    |
[INFO] [stdout] 18 | pub struct Instruction_OCR {
[INFO] [stdout]    |            ^^^^^^^^^^^^^^^ help: convert the identifier to upper camel case: `InstructionOcr`
[INFO] [stdout] 
[INFO] [stdout] 
[INFO] [stdout] warning: type `Instruction_Temp` should have an upper camel case name
[INFO] [stdout]   --> src/icontract/mod.rs:46:12
[INFO] [stdout]    |
[INFO] [stdout] 46 | pub struct Instruction_Temp {
[INFO] [stdout]    |            ^^^^^^^^^^^^^^^^ help: convert the identifier to upper camel case: `InstructionTemp`
[INFO] [stdout] 
[INFO] [stdout] 
[INFO] [stdout] warning: trait objects without an explicit `dyn` are deprecated
[INFO] [stdout]   --> src/icontract/mod.rs:13:27
[INFO] [stdout]    |
[INFO] [stdout] 13 |     fn send(instruction: &iinstruction) -> (bool, String);
[INFO] [stdout]    |                           ^^^^^^^^^^^^
[INFO] [stdout]    |
[INFO] [stdout]    = warning: this is accepted in the current edition (Rust 2015) but is a hard error in Rust 2021!
[INFO] [stdout]    = note: for more information, see <https://doc.rust-lang.org/nightly/edition-guide/rust-2021/warnings-promoted-to-error.html>
[INFO] [stdout]    = note: `#[warn(bare_trait_objects)]` on by default
[INFO] [stdout] help: if this is a dyn-compatible trait, use `dyn`
[INFO] [stdout]    |
[INFO] [stdout] 13 |     fn send(instruction: &dyn iinstruction) -> (bool, String);
[INFO] [stdout]    |                           +++
[INFO] [stdout] 
[INFO] [stdout] 
[INFO] [stdout] warning: unreachable statement
[INFO] [stdout]    --> src/main.rs:270:5
[INFO] [stdout]     |
[INFO] [stdout] 268 |     return;
[INFO] [stdout]     |     ------ any code following this expression is unreachable
[INFO] [stdout] 269 |
[INFO] [stdout] 270 |     println!();
[INFO] [stdout]     |     ^^^^^^^^^^ unreachable statement
[INFO] [stdout]     |
[INFO] [stdout]     = note: `#[warn(unreachable_code)]` on by default
[INFO] [stdout]     = note: this warning originates in the macro `$crate::print` which comes from the expansion of the macro `println` (in Nightly builds, run with -Z macro-backtrace for more info)
[INFO] [stdout] 
[INFO] [stdout] 
[INFO] [stdout] warning: unused variable: `one`
[INFO] [stdout]   --> src/hashmap/mod.rs:12:13
[INFO] [stdout]    |
[INFO] [stdout] 12 |         let one = map.get("One");
[INFO] [stdout]    |             ^^^ help: if this is intentional, prefix it with an underscore: `_one`
[INFO] [stdout]    |
[INFO] [stdout]    = note: `#[warn(unused_variables)]` on by default
[INFO] [stdout] 
[INFO] [stdout] 
[INFO] [stdout] warning: variable does not need to be mutable
[INFO] [stdout]   --> src/hashmap/mod.rs:19:9
[INFO] [stdout]    |
[INFO] [stdout] 19 |     let mut scores: HashMap<_, _> = keys.iter().zip(values.iter()).collect();
[INFO] [stdout]    |         ----^^^^^^
[INFO] [stdout]    |         |
[INFO] [stdout]    |         help: remove this `mut`
[INFO] [stdout]    |
[INFO] [stdout]    = note: `#[warn(unused_mut)]` on by default
[INFO] [stdout] 
[INFO] [stdout] 
[INFO] [stdout] warning: value assigned to `derection` is never read
[INFO] [stdout]   --> src/icontract/mod.rs:81:17
[INFO] [stdout]    |
[INFO] [stdout] 81 |         let mut derection: i32 = 0;
[INFO] [stdout]    |                 ^^^^^^^^^
[INFO] [stdout]    |
[INFO] [stdout]    = help: maybe it is overwritten before being read?
[INFO] [stdout]    = note: `#[warn(unused_assignments)]` on by default
[INFO] [stdout] 
[INFO] [stdout] 
[INFO] [stdout] warning: unused variable: `f`
[INFO] [stdout]    --> src/main.rs:117:9
[INFO] [stdout]     |
[INFO] [stdout] 117 |     let f = File::open(filename)?;
[INFO] [stdout]     |         ^ help: if this is intentional, prefix it with an underscore: `_f`
[INFO] [stdout] 
[INFO] [stdout] 
[INFO] [stdout] warning: unused variable: `robot_agent_bm`
[INFO] [stdout]    --> src/main.rs:265:9
[INFO] [stdout]     |
[INFO] [stdout] 265 |     let robot_agent_bm: &'static str = "R1";
[INFO] [stdout]     |         ^^^^^^^^^^^^^^ help: if this is intentional, prefix it with an underscore: `_robot_agent_bm`
[INFO] [stdout] 
[INFO] [stdout] 
[INFO] [stdout] warning: unused variable: `robot_device_id`
[INFO] [stdout]    --> src/main.rs:266:9
[INFO] [stdout]     |
[INFO] [stdout] 266 |     let robot_device_id: &'static str = "99";
[INFO] [stdout]     |         ^^^^^^^^^^^^^^^ help: if this is intentional, prefix it with an underscore: `_robot_device_id`
[INFO] [stdout] 
[INFO] [stdout] 
[INFO] [stdout] warning: unused variable: `home`
[INFO] [stdout]    --> src/main.rs:329:9
[INFO] [stdout]     |
[INFO] [stdout] 329 |     let home = "127.0.0.1".parse::<IpAddr>().unwrap();
[INFO] [stdout]     |         ^^^^ help: if this is intentional, prefix it with an underscore: `_home`
[INFO] [stdout] 
[INFO] [stdout] 
[INFO] [stdout] warning: variant `V6` is never constructed
[INFO] [stdout]   --> src/main.rs:40:5
[INFO] [stdout]    |
[INFO] [stdout] 38 | enum IpKind {
[INFO] [stdout]    |      ------ variant in this enum
[INFO] [stdout] 39 |     V4,
[INFO] [stdout] 40 |     V6,
[INFO] [stdout]    |     ^^
[INFO] [stdout]    |
[INFO] [stdout]    = note: `IpKind` has a derived impl for the trait `Debug`, but this is intentionally ignored during dead code analysis
[INFO] [stdout]    = note: `#[warn(dead_code)]` on by default
[INFO] [stdout] 
[INFO] [stdout] 
[INFO] [stdout] warning: field `0` is never read
[INFO] [stdout]   --> src/main.rs:53:8
[INFO] [stdout]    |
[INFO] [stdout] 53 |     V4(String),
[INFO] [stdout]    |     -- ^^^^^^
[INFO] [stdout]    |     |
[INFO] [stdout]    |     field in this variant
[INFO] [stdout]    |
[INFO] [stdout]    = note: `IpAddr2` has a derived impl for the trait `Debug`, but this is intentionally ignored during dead code analysis
[INFO] [stdout] help: consider changing the field to be of unit type to suppress this warning while preserving the field numbering, or remove the field
[INFO] [stdout]    |
[INFO] [stdout] 53 |     V4(()),
[INFO] [stdout]    |        ~~
[INFO] [stdout] 
[INFO] [stdout] 
[INFO] [stdout] warning: variant `V6` is never constructed
[INFO] [stdout]   --> src/main.rs:54:5
[INFO] [stdout]    |
[INFO] [stdout] 51 | enum IpAddr2
[INFO] [stdout]    |      ------- variant in this enum
[INFO] [stdout] ...
[INFO] [stdout] 54 |     V6
[INFO] [stdout]    |     ^^
[INFO] [stdout]    |
[INFO] [stdout]    = note: `IpAddr2` has a derived impl for the trait `Debug`, but this is intentionally ignored during dead code analysis
[INFO] [stdout] 
[INFO] [stdout] 
[INFO] [stdout] warning: fields `0`, `1`, `2`, and `3` are never read
[INFO] [stdout]   --> src/main.rs:60:8
[INFO] [stdout]    |
[INFO] [stdout] 60 |     V4(u8, u8, u8, u8),
[INFO] [stdout]    |     -- ^^  ^^  ^^  ^^
[INFO] [stdout]    |     |
[INFO] [stdout]    |     fields in this variant
[INFO] [stdout]    |
[INFO] [stdout]    = note: `IpAddr3` has a derived impl for the trait `Debug`, but this is intentionally ignored during dead code analysis
[INFO] [stdout] help: consider changing the fields to be of unit type to suppress this warning while preserving the field numbering, or remove the fields
[INFO] [stdout]    |
[INFO] [stdout] 60 |     V4((), (), (), ()),
[INFO] [stdout]    |        ~~  ~~  ~~  ~~
[INFO] [stdout] 
[INFO] [stdout] 
[INFO] [stdout] warning: variant `V6` is never constructed
[INFO] [stdout]   --> src/main.rs:61:5
[INFO] [stdout]    |
[INFO] [stdout] 58 | enum IpAddr3
[INFO] [stdout]    |      ------- variant in this enum
[INFO] [stdout] ...
[INFO] [stdout] 61 |     V6
[INFO] [stdout]    |     ^^
[INFO] [stdout]    |
[INFO] [stdout]    = note: `IpAddr3` has a derived impl for the trait `Debug`, but this is intentionally ignored during dead code analysis
[INFO] [stdout] 
[INFO] [stdout] 
[INFO] [stdout] warning: field `query` is never read
[INFO] [stdout]   --> src/main.rs:66:5
[INFO] [stdout]    |
[INFO] [stdout] 65 | struct Config {
[INFO] [stdout]    |        ------ field in this struct
[INFO] [stdout] 66 |     query: String,
[INFO] [stdout]    |     ^^^^^
[INFO] [stdout]    |
[INFO] [stdout]    = note: `Config` has a derived impl for the trait `Debug`, but this is intentionally ignored during dead code analysis
[INFO] [stdout] 
[INFO] [stdout] 
[INFO] [stdout] warning: function `simulated_expensive_calculation` is never used
[INFO] [stdout]    --> src/main.rs:515:4
[INFO] [stdout]     |
[INFO] [stdout] 515 | fn simulated_expensive_calculation(intensity:i32)->i32 {
[INFO] [stdout]     |    ^^^^^^^^^^^^^^^^^^^^^^^^^^^^^^^
[INFO] [stdout] 
[INFO] [stdout] 
[INFO] [stdout] warning: trait `ichannel` is never used
[INFO] [stdout]  --> src/icontract/mod.rs:7:11
[INFO] [stdout]   |
[INFO] [stdout] 7 | pub trait ichannel {
[INFO] [stdout]   |           ^^^^^^^^
[INFO] [stdout] 
[INFO] [stdout] 
[INFO] [stdout] warning: multiple fields are never read
[INFO] [stdout]   --> src/icontract/mod.rs:63:9
[INFO] [stdout]    |
[INFO] [stdout] 46 | pub struct Instruction_Temp {
[INFO] [stdout]    |            ---------------- fields in this struct
[INFO] [stdout] ...
[INFO] [stdout] 63 |     pub agentbm: String,
[INFO] [stdout]    |         ^^^^^^^
[INFO] [stdout] 64 |     pub addr_id: String,
[INFO] [stdout]    |         ^^^^^^^
[INFO] [stdout] 65 |     pub plan_id: i32,
[INFO] [stdout]    |         ^^^^^^^
[INFO] [stdout] 66 |     pub station_code: String,
[INFO] [stdout]    |         ^^^^^^^^^^^^
[INFO] [stdout] 67 |     pub derection: bool,
[INFO] [stdout]    |         ^^^^^^^^^
[INFO] [stdout] 68 |     pub device_id: String,
[INFO] [stdout]    |         ^^^^^^^^^
[INFO] [stdout] 69 |     pub property_id: String,
[INFO] [stdout]    |         ^^^^^^^^^^^
[INFO] [stdout] 70 |     pub value: String,
[INFO] [stdout]    |         ^^^^^
[INFO] [stdout] 71 |     pub value_min: String,
[INFO] [stdout]    |         ^^^^^^^^^
[INFO] [stdout] 72 |     pub value_max: String,
[INFO] [stdout]    |         ^^^^^^^^^
[INFO] [stdout] 73 |     pub value_ix: String,
[INFO] [stdout]    |         ^^^^^^^^
[INFO] [stdout] 74 |     pub value_iy: String,
[INFO] [stdout]    |         ^^^^^^^^
[INFO] [stdout] 75 |     pub batch: String,
[INFO] [stdout]    |         ^^^^^
[INFO] [stdout] 76 |     pub time: String,
[INFO] [stdout]    |         ^^^^
[INFO] [stdout]    |
[INFO] [stdout]    = note: `Instruction_Temp` has a derived impl for the trait `Debug`, but this is intentionally ignored during dead code analysis
[INFO] [stdout] 
[INFO] [stdout] 
[INFO] [stdout] warning: unused `Result` that must be used
[INFO] [stdout]    --> src/main.rs:262:5
[INFO] [stdout]     |
[INFO] [stdout] 262 |     file.read_to_string(&mut content);
[INFO] [stdout]     |     ^^^^^^^^^^^^^^^^^^^^^^^^^^^^^^^^^
[INFO] [stdout]     |
[INFO] [stdout]     = note: this `Result` may be an `Err` variant, which should be handled
[INFO] [stdout]     = note: `#[warn(unused_must_use)]` on by default
[INFO] [stdout] help: use `let _ = ...` to ignore the resulting value
[INFO] [stdout]     |
[INFO] [stdout] 262 |     let _ = file.read_to_string(&mut content);
[INFO] [stdout]     |     +++++++
[INFO] [stdout] 
[INFO] [stdout] 
[INFO] [stdout] warning: variable `numberIndex` should have a snake case name
[INFO] [stdout]  --> src/math/mod.rs:3:13
[INFO] [stdout]   |
[INFO] [stdout] 3 |     let mut numberIndex = 0;
[INFO] [stdout]   |             ^^^^^^^^^^^ help: convert the identifier to snake case: `number_index`
[INFO] [stdout]   |
[INFO] [stdout]   = note: `#[warn(non_snake_case)]` on by default
[INFO] [stdout] 
[INFO] [stdout] 
[INFO] [stdout] warning: trait method `toInstruction` should have a snake case name
[INFO] [stdout]  --> src/icontract/mod.rs:2:8
[INFO] [stdout]   |
[INFO] [stdout] 2 |     fn toInstruction(&self) -> String {
[INFO] [stdout]   |        ^^^^^^^^^^^^^ help: convert the identifier to snake case: `to_instruction`
[INFO] [stdout] 
[INFO] [stdout] 
[INFO] [stderr]     Finished `test` profile [unoptimized + debuginfo] target(s) in 0.61s
[INFO] running `Command { std: "docker" "inspect" "3c092373ffcbd9b34271377e56f0eacaf08bd0772afb1e2bd63a31bab42acd55", kill_on_drop: false }`
[INFO] running `Command { std: "docker" "rm" "-f" "3c092373ffcbd9b34271377e56f0eacaf08bd0772afb1e2bd63a31bab42acd55", kill_on_drop: false }`
[INFO] [stdout] 3c092373ffcbd9b34271377e56f0eacaf08bd0772afb1e2bd63a31bab42acd55
[INFO] running `Command { std: "docker" "create" "-v" "/var/lib/crater-agent-workspace/builds/worker-1-tc2/target:/opt/rustwide/target:rw,Z" "-v" "/var/lib/crater-agent-workspace/builds/worker-1-tc2/source:/opt/rustwide/workdir:ro,Z" "-v" "/var/lib/crater-agent-workspace/cargo-home:/opt/rustwide/cargo-home:ro,Z" "-v" "/var/lib/crater-agent-workspace/rustup-home:/opt/rustwide/rustup-home:ro,Z" "-e" "SOURCE_DIR=/opt/rustwide/workdir" "-e" "CARGO_TARGET_DIR=/opt/rustwide/target" "-e" "CARGO_INCREMENTAL=0" "-e" "RUST_BACKTRACE=full" "-e" "RUSTFLAGS=--cap-lints=forbid -Zrandomize-layout" "-e" "RUSTDOCFLAGS=--cap-lints=forbid" "-e" "CARGO_HOME=/opt/rustwide/cargo-home" "-e" "RUSTUP_HOME=/opt/rustwide/rustup-home" "-w" "/opt/rustwide/workdir" "-m" "1610612736" "--user" "0:0" "--network" "none" "ghcr.io/rust-lang/crates-build-env/linux@sha256:819108c5571ea2e421544af4d832f968d213c87fbe3707a016657f43d2f853bc" "/opt/rustwide/cargo-home/bin/cargo" "+nightly-2025-01-18" "test" "--frozen", kill_on_drop: false }`
[INFO] [stdout] 50d0ca11e123a49418b28a1d24cc76d2ced3bad75e6d1227376c7a96f3c19124
[INFO] running `Command { std: "docker" "start" "-a" "50d0ca11e123a49418b28a1d24cc76d2ced3bad75e6d1227376c7a96f3c19124", kill_on_drop: false }`
[INFO] [stderr] warning: no edition set: defaulting to the 2015 edition while the latest is 2024
[INFO] [stderr] warning: crate `ConExpression` should have a snake case name
[INFO] [stderr]   |
[INFO] [stderr]   = help: convert the identifier to snake case: `con_expression`
[INFO] [stderr]   = note: `#[warn(non_snake_case)]` on by default
[INFO] [stderr] 
[INFO] [stderr] warning: `ConExpression` (lib) generated 1 warning
[INFO] [stderr] warning: trait `iinstruction` should have an upper camel case name
[INFO] [stderr]  --> src/icontract/mod.rs:1:11
[INFO] [stderr]   |
[INFO] [stderr] 1 | pub trait iinstruction {
[INFO] [stderr]   |           ^^^^^^^^^^^^ help: convert the identifier to upper camel case (notice the capitalization): `Iinstruction`
[INFO] [stderr]   |
[INFO] [stderr]   = note: `#[warn(non_camel_case_types)]` on by default
[INFO] [stderr] 
[INFO] [stderr] warning: trait `ichannel` should have an upper camel case name
[INFO] [stderr]  --> src/icontract/mod.rs:7:11
[INFO] [stderr]   |
[INFO] [stderr] 7 | pub trait ichannel {
[INFO] [stderr]   |           ^^^^^^^^ help: convert the identifier to upper camel case (notice the capitalization): `Ichannel`
[INFO] [stderr] 
[INFO] [stderr] warning: type `Instruction_OCR` should have an upper camel case name
[INFO] [stderr]   --> src/icontract/mod.rs:18:12
[INFO] [stderr]    |
[INFO] [stderr] 18 | pub struct Instruction_OCR {
[INFO] [stderr]    |            ^^^^^^^^^^^^^^^ help: convert the identifier to upper camel case: `InstructionOcr`
[INFO] [stderr] 
[INFO] [stderr] warning: type `Instruction_Temp` should have an upper camel case name
[INFO] [stderr]   --> src/icontract/mod.rs:46:12
[INFO] [stderr]    |
[INFO] [stderr] 46 | pub struct Instruction_Temp {
[INFO] [stderr]    |            ^^^^^^^^^^^^^^^^ help: convert the identifier to upper camel case: `InstructionTemp`
[INFO] [stderr] 
[INFO] [stderr] warning: trait objects without an explicit `dyn` are deprecated
[INFO] [stderr]   --> src/icontract/mod.rs:13:27
[INFO] [stderr]    |
[INFO] [stderr] 13 |     fn send(instruction: &iinstruction) -> (bool, String);
[INFO] [stderr]    |                           ^^^^^^^^^^^^
[INFO] [stderr]    |
[INFO] [stderr]    = warning: this is accepted in the current edition (Rust 2015) but is a hard error in Rust 2021!
[INFO] [stderr]    = note: for more information, see <https://doc.rust-lang.org/nightly/edition-guide/rust-2021/warnings-promoted-to-error.html>
[INFO] [stderr]    = note: `#[warn(bare_trait_objects)]` on by default
[INFO] [stderr] help: if this is a dyn-compatible trait, use `dyn`
[INFO] [stderr]    |
[INFO] [stderr] 13 |     fn send(instruction: &dyn iinstruction) -> (bool, String);
[INFO] [stderr]    |                           +++
[INFO] [stderr] 
[INFO] [stderr] warning: unreachable statement
[INFO] [stderr]    --> src/main.rs:270:5
[INFO] [stderr]     |
[INFO] [stderr] 268 |     return;
[INFO] [stderr]     |     ------ any code following this expression is unreachable
[INFO] [stderr] 269 |
[INFO] [stderr] 270 |     println!();
[INFO] [stderr]     |     ^^^^^^^^^^ unreachable statement
[INFO] [stderr]     |
[INFO] [stderr]     = note: `#[warn(unreachable_code)]` on by default
[INFO] [stderr]     = note: this warning originates in the macro `$crate::print` which comes from the expansion of the macro `println` (in Nightly builds, run with -Z macro-backtrace for more info)
[INFO] [stderr] 
[INFO] [stderr] warning: unused variable: `one`
[INFO] [stderr]   --> src/hashmap/mod.rs:12:13
[INFO] [stderr]    |
[INFO] [stderr] 12 |         let one = map.get("One");
[INFO] [stderr]    |             ^^^ help: if this is intentional, prefix it with an underscore: `_one`
[INFO] [stderr]    |
[INFO] [stderr]    = note: `#[warn(unused_variables)]` on by default
[INFO] [stderr] 
[INFO] [stderr] warning: variable does not need to be mutable
[INFO] [stderr]   --> src/hashmap/mod.rs:19:9
[INFO] [stderr]    |
[INFO] [stderr] 19 |     let mut scores: HashMap<_, _> = keys.iter().zip(values.iter()).collect();
[INFO] [stderr]    |         ----^^^^^^
[INFO] [stderr]    |         |
[INFO] [stderr]    |         help: remove this `mut`
[INFO] [stderr]    |
[INFO] [stderr]    = note: `#[warn(unused_mut)]` on by default
[INFO] [stderr] 
[INFO] [stderr] warning: value assigned to `derection` is never read
[INFO] [stderr]   --> src/icontract/mod.rs:81:17
[INFO] [stderr]    |
[INFO] [stderr] 81 |         let mut derection: i32 = 0;
[INFO] [stderr]    |                 ^^^^^^^^^
[INFO] [stderr]    |
[INFO] [stderr]    = help: maybe it is overwritten before being read?
[INFO] [stderr]    = note: `#[warn(unused_assignments)]` on by default
[INFO] [stderr] 
[INFO] [stderr] warning: unused variable: `f`
[INFO] [stderr]    --> src/main.rs:117:9
[INFO] [stderr]     |
[INFO] [stderr] 117 |     let f = File::open(filename)?;
[INFO] [stderr]     |         ^ help: if this is intentional, prefix it with an underscore: `_f`
[INFO] [stderr] 
[INFO] [stderr] warning: unused variable: `robot_agent_bm`
[INFO] [stderr]    --> src/main.rs:265:9
[INFO] [stderr]     |
[INFO] [stderr] 265 |     let robot_agent_bm: &'static str = "R1";
[INFO] [stderr]     |         ^^^^^^^^^^^^^^ help: if this is intentional, prefix it with an underscore: `_robot_agent_bm`
[INFO] [stderr] 
[INFO] [stderr] warning: unused variable: `robot_device_id`
[INFO] [stderr]    --> src/main.rs:266:9
[INFO] [stderr]     |
[INFO] [stderr] 266 |     let robot_device_id: &'static str = "99";
[INFO] [stderr]     |         ^^^^^^^^^^^^^^^ help: if this is intentional, prefix it with an underscore: `_robot_device_id`
[INFO] [stderr] 
[INFO] [stderr] warning: unused variable: `home`
[INFO] [stderr]    --> src/main.rs:329:9
[INFO] [stderr]     |
[INFO] [stderr] 329 |     let home = "127.0.0.1".parse::<IpAddr>().unwrap();
[INFO] [stderr]     |         ^^^^ help: if this is intentional, prefix it with an underscore: `_home`
[INFO] [stderr] 
[INFO] [stderr] warning: variant `V6` is never constructed
[INFO] [stderr]   --> src/main.rs:40:5
[INFO] [stderr]    |
[INFO] [stderr] 38 | enum IpKind {
[INFO] [stderr]    |      ------ variant in this enum
[INFO] [stderr] 39 |     V4,
[INFO] [stderr] 40 |     V6,
[INFO] [stderr]    |     ^^
[INFO] [stderr]    |
[INFO] [stderr]    = note: `IpKind` has a derived impl for the trait `Debug`, but this is intentionally ignored during dead code analysis
[INFO] [stderr]    = note: `#[warn(dead_code)]` on by default
[INFO] [stderr] 
[INFO] [stderr] warning: field `0` is never read
[INFO] [stderr]   --> src/main.rs:53:8
[INFO] [stderr]    |
[INFO] [stderr] 53 |     V4(String),
[INFO] [stderr]    |     -- ^^^^^^
[INFO] [stderr]    |     |
[INFO] [stderr]    |     field in this variant
[INFO] [stderr]    |
[INFO] [stderr]    = note: `IpAddr2` has a derived impl for the trait `Debug`, but this is intentionally ignored during dead code analysis
[INFO] [stderr] help: consider changing the field to be of unit type to suppress this warning while preserving the field numbering, or remove the field
[INFO] [stderr]    |
[INFO] [stderr] 53 |     V4(()),
[INFO] [stderr]    |        ~~
[INFO] [stderr] 
[INFO] [stderr] warning: variant `V6` is never constructed
[INFO] [stderr]   --> src/main.rs:54:5
[INFO] [stderr]    |
[INFO] [stderr] 51 | enum IpAddr2
[INFO] [stderr]    |      ------- variant in this enum
[INFO] [stderr] ...
[INFO] [stderr] 54 |     V6
[INFO] [stderr]    |     ^^
[INFO] [stderr]    |
[INFO] [stderr]    = note: `IpAddr2` has a derived impl for the trait `Debug`, but this is intentionally ignored during dead code analysis
[INFO] [stderr] 
[INFO] [stderr] warning: fields `0`, `1`, `2`, and `3` are never read
[INFO] [stderr]   --> src/main.rs:60:8
[INFO] [stderr]    |
[INFO] [stderr] 60 |     V4(u8, u8, u8, u8),
[INFO] [stderr]    |     -- ^^  ^^  ^^  ^^
[INFO] [stderr]    |     |
[INFO] [stderr]    |     fields in this variant
[INFO] [stderr]    |
[INFO] [stderr]    = note: `IpAddr3` has a derived impl for the trait `Debug`, but this is intentionally ignored during dead code analysis
[INFO] [stderr] help: consider changing the fields to be of unit type to suppress this warning while preserving the field numbering, or remove the fields
[INFO] [stderr]    |
[INFO] [stderr] 60 |     V4((), (), (), ()),
[INFO] [stderr]    |        ~~  ~~  ~~  ~~
[INFO] [stderr] 
[INFO] [stderr] warning: variant `V6` is never constructed
[INFO] [stderr]   --> src/main.rs:61:5
[INFO] [stderr]    |
[INFO] [stderr] 58 | enum IpAddr3
[INFO] [stderr]    |      ------- variant in this enum
[INFO] [stderr] ...
[INFO] [stderr] 61 |     V6
[INFO] [stderr]    |     ^^
[INFO] [stderr]    |
[INFO] [stderr]    = note: `IpAddr3` has a derived impl for the trait `Debug`, but this is intentionally ignored during dead code analysis
[INFO] [stderr] 
[INFO] [stderr] warning: field `query` is never read
[INFO] [stderr]   --> src/main.rs:66:5
[INFO] [stderr]    |
[INFO] [stderr] 65 | struct Config {
[INFO] [stderr]    |        ------ field in this struct
[INFO] [stderr] 66 |     query: String,
[INFO] [stderr]    |     ^^^^^
[INFO] [stderr]    |
[INFO] [stderr]    = note: `Config` has a derived impl for the trait `Debug`, but this is intentionally ignored during dead code analysis
[INFO] [stderr] 
[INFO] [stderr] warning: function `simulated_expensive_calculation` is never used
[INFO] [stderr]    --> src/main.rs:515:4
[INFO] [stderr]     |
[INFO] [stderr] 515 | fn simulated_expensive_calculation(intensity:i32)->i32 {
[INFO] [stderr]     |    ^^^^^^^^^^^^^^^^^^^^^^^^^^^^^^^
[INFO] [stderr] 
[INFO] [stderr] warning: trait `ichannel` is never used
[INFO] [stderr]  --> src/icontract/mod.rs:7:11
[INFO] [stderr]   |
[INFO] [stderr] 7 | pub trait ichannel {
[INFO] [stderr]   |           ^^^^^^^^
[INFO] [stderr] 
[INFO] [stderr] warning: multiple fields are never read
[INFO] [stderr]   --> src/icontract/mod.rs:63:9
[INFO] [stderr]    |
[INFO] [stderr] 46 | pub struct Instruction_Temp {
[INFO] [stderr]    |            ---------------- fields in this struct
[INFO] [stderr] ...
[INFO] [stderr] 63 |     pub agentbm: String,
[INFO] [stderr]    |         ^^^^^^^
[INFO] [stderr] 64 |     pub addr_id: String,
[INFO] [stderr]    |         ^^^^^^^
[INFO] [stderr] 65 |     pub plan_id: i32,
[INFO] [stderr]    |         ^^^^^^^
[INFO] [stderr] 66 |     pub station_code: String,
[INFO] [stderr]    |         ^^^^^^^^^^^^
[INFO] [stderr] 67 |     pub derection: bool,
[INFO] [stderr]    |         ^^^^^^^^^
[INFO] [stderr] 68 |     pub device_id: String,
[INFO] [stderr]    |         ^^^^^^^^^
[INFO] [stderr] 69 |     pub property_id: String,
[INFO] [stderr]    |         ^^^^^^^^^^^
[INFO] [stderr] 70 |     pub value: String,
[INFO] [stderr]    |         ^^^^^
[INFO] [stderr] 71 |     pub value_min: String,
[INFO] [stderr]    |         ^^^^^^^^^
[INFO] [stderr] 72 |     pub value_max: String,
[INFO] [stderr]    |         ^^^^^^^^^
[INFO] [stderr] 73 |     pub value_ix: String,
[INFO] [stderr]    |         ^^^^^^^^
[INFO] [stderr] 74 |     pub value_iy: String,
[INFO] [stderr]    |         ^^^^^^^^
[INFO] [stderr] 75 |     pub batch: String,
[INFO] [stderr]    |         ^^^^^
[INFO] [stderr] 76 |     pub time: String,
[INFO] [stderr]    |         ^^^^
[INFO] [stderr]    |
[INFO] [stderr]    = note: `Instruction_Temp` has a derived impl for the trait `Debug`, but this is intentionally ignored during dead code analysis
[INFO] [stderr] 
[INFO] [stderr] warning: unused `Result` that must be used
[INFO] [stderr]    --> src/main.rs:262:5
[INFO] [stderr]     |
[INFO] [stderr] 262 |     file.read_to_string(&mut content);
[INFO] [stderr]     |     ^^^^^^^^^^^^^^^^^^^^^^^^^^^^^^^^^
[INFO] [stderr]     |
[INFO] [stderr]     = note: this `Result` may be an `Err` variant, which should be handled
[INFO] [stderr]     = note: `#[warn(unused_must_use)]` on by default
[INFO] [stderr] help: use `let _ = ...` to ignore the resulting value
[INFO] [stderr]     |
[INFO] [stderr] 262 |     let _ = file.read_to_string(&mut content);
[INFO] [stderr]     |     +++++++
[INFO] [stderr] 
[INFO] [stderr] warning: variable `numberIndex` should have a snake case name
[INFO] [stderr]  --> src/math/mod.rs:3:13
[INFO] [stderr]   |
[INFO] [stderr] 3 |     let mut numberIndex = 0;
[INFO] [stderr]   |             ^^^^^^^^^^^ help: convert the identifier to snake case: `number_index`
[INFO] [stderr]   |
[INFO] [stderr]   = note: `#[warn(non_snake_case)]` on by default
[INFO] [stderr] 
[INFO] [stderr] warning: trait method `toInstruction` should have a snake case name
[INFO] [stderr]  --> src/icontract/mod.rs:2:8
[INFO] [stderr]   |
[INFO] [stderr] 2 |     fn toInstruction(&self) -> String {
[INFO] [stderr]   |        ^^^^^^^^^^^^^ help: convert the identifier to snake case: `to_instruction`
[INFO] [stderr] 
[INFO] [stderr] warning: `ConExpression` (bin "ConExpression" test) generated 25 warnings (run `cargo fix --bin "ConExpression" --tests` to apply 2 suggestions)
[INFO] [stderr] warning: unused import: `super::*`
[INFO] [stderr]  --> src/lib.rs:3:9
[INFO] [stderr]   |
[INFO] [stderr] 3 |     use super::*;
[INFO] [stderr]   |         ^^^^^^^^
[INFO] [stderr]   |
[INFO] [stderr]   = note: `#[warn(unused_imports)]` on by default
[INFO] [stderr] 
[INFO] [stderr] warning: function `test_assert__ok` should have a snake case name
[INFO] [stderr]   --> src/lib.rs:15:8
[INFO] [stderr]    |
[INFO] [stderr] 15 |     fn test_assert__ok() {
[INFO] [stderr]    |        ^^^^^^^^^^^^^^^ help: convert the identifier to snake case: `test_assert_ok`
[INFO] [stderr]    |
[INFO] [stderr]    = note: `#[warn(non_snake_case)]` on by default
[INFO] [stderr] 
[INFO] [stderr] warning: function `test_assert__failed` should have a snake case name
[INFO] [stderr]   --> src/lib.rs:20:8
[INFO] [stderr]    |
[INFO] [stderr] 20 |     fn test_assert__failed() {
[INFO] [stderr]    |        ^^^^^^^^^^^^^^^^^^^ help: convert the identifier to snake case: `test_assert_failed`
[INFO] [stderr] 
[INFO] [stderr] warning: function `test_assert_eq__ok` should have a snake case name
[INFO] [stderr]   --> src/lib.rs:25:8
[INFO] [stderr]    |
[INFO] [stderr] 25 |     fn test_assert_eq__ok() {
[INFO] [stderr]    |        ^^^^^^^^^^^^^^^^^^ help: convert the identifier to snake case: `test_assert_eq_ok`
[INFO] [stderr] 
[INFO] [stderr] warning: function `test_assert_eq__failed` should have a snake case name
[INFO] [stderr]   --> src/lib.rs:30:8
[INFO] [stderr]    |
[INFO] [stderr] 30 |     fn test_assert_eq__failed() {
[INFO] [stderr]    |        ^^^^^^^^^^^^^^^^^^^^^^ help: convert the identifier to snake case: `test_assert_eq_failed`
[INFO] [stderr] 
[INFO] [stderr] warning: function `test_assert_ne__ok` should have a snake case name
[INFO] [stderr]   --> src/lib.rs:35:8
[INFO] [stderr]    |
[INFO] [stderr] 35 |     fn test_assert_ne__ok() {
[INFO] [stderr]    |        ^^^^^^^^^^^^^^^^^^ help: convert the identifier to snake case: `test_assert_ne_ok`
[INFO] [stderr] 
[INFO] [stderr] warning: function `test_assert_ne__failed` should have a snake case name
[INFO] [stderr]   --> src/lib.rs:40:8
[INFO] [stderr]    |
[INFO] [stderr] 40 |     fn test_assert_ne__failed() {
[INFO] [stderr]    |        ^^^^^^^^^^^^^^^^^^^^^^ help: convert the identifier to snake case: `test_assert_ne_failed`
[INFO] [stderr] 
[INFO] [stderr] warning: function `test_assert_should_panic__ok` should have a snake case name
[INFO] [stderr]   --> src/lib.rs:46:8
[INFO] [stderr]    |
[INFO] [stderr] 46 |     fn test_assert_should_panic__ok() {
[INFO] [stderr]    |        ^^^^^^^^^^^^^^^^^^^^^^^^^^^^ help: convert the identifier to snake case: `test_assert_should_panic_ok`
[INFO] [stderr] 
[INFO] [stderr] warning: function `test_assert_should_panic__failed` should have a snake case name
[INFO] [stderr]   --> src/lib.rs:53:8
[INFO] [stderr]    |
[INFO] [stderr] 53 |     fn test_assert_should_panic__failed() {
[INFO] [stderr]    |        ^^^^^^^^^^^^^^^^^^^^^^^^^^^^^^^^ help: convert the identifier to snake case: `test_assert_should_panic_failed`
[INFO] [stderr] 
[INFO] [stderr] warning: function `test_assert_should_panic__failed_no_panic` should have a snake case name
[INFO] [stderr]   --> src/lib.rs:60:8
[INFO] [stderr]    |
[INFO] [stderr] 60 |     fn test_assert_should_panic__failed_no_panic() {
[INFO] [stderr]    |        ^^^^^^^^^^^^^^^^^^^^^^^^^^^^^^^^^^^^^^^^^ help: convert the identifier to snake case: `test_assert_should_panic_failed_no_panic`
[INFO] [stderr] 
[INFO] [stderr] warning: `ConExpression` (lib test) generated 10 warnings (run `cargo fix --lib -p ConExpression --tests` to apply 1 suggestion)
[INFO] [stderr]     Finished `test` profile [unoptimized + debuginfo] target(s) in 0.03s
[INFO] [stderr]      Running unittests src/lib.rs (/opt/rustwide/target/debug/deps/ConExpression-c156f85d40f7ce44)
[INFO] [stdout] 
[INFO] [stdout] running 11 tests
[INFO] [stdout] test tests::it_work ... ignored
[INFO] [stdout] test tests::test_assert_eq__ok ... ok
[INFO] [stdout] test tests::test_assert__ok ... ok
[INFO] [stdout] test tests::test_assert_ne__ok ... ok
[INFO] [stdout] test tests::test_assert_should_panic__failed_no_panic - should panic ... FAILED
[INFO] [stdout] test tests::test_assert_should_panic__failed - should panic ... FAILED
[INFO] [stdout] test tests::test_assert_eq__failed ... FAILED
[INFO] [stdout] test tests::test_assert__failed ... FAILED
[INFO] [stdout] test tests::test_panic ... FAILED
[INFO] [stdout] test tests::test_assert_should_panic__ok - should panic ... ok
[INFO] [stdout] test tests::test_assert_ne__failed ... FAILED
[INFO] [stdout] 
[INFO] [stdout] failures:
[INFO] [stdout] 
[INFO] [stdout] ---- tests::test_assert_should_panic__failed_no_panic stdout ----
[INFO] [stdout] ★★★test_assert_should_panic__failed_no_panic: it won't panic anything!
[INFO] [stdout] 
[INFO] [stdout] note: test did not panic as expected
[INFO] [stdout] ---- tests::test_assert_should_panic__failed stdout ----
[INFO] [stdout] ★★★test_assert_should_panic__failed: it will panic otherthing!
[INFO] [stdout] 
[INFO] [stdout] 
[INFO] [stdout] thread 'tests::test_assert_should_panic__failed' panicked at src/lib.rs:55:9:
[INFO] [stdout] panic otherthing!
[INFO] [stdout] stack backtrace:
[INFO] [stdout]    0:     0x576f2640022a - std::backtrace_rs::backtrace::libunwind::trace::hb059275cfc8d6126
[INFO] [stdout]                                at /rustc/6067b36314ab5eb2eb47cecc464545ba58e1ad24/library/std/src/../../backtrace/src/backtrace/libunwind.rs:116:5
[INFO] [stdout]    1:     0x576f2640022a - std::backtrace_rs::backtrace::trace_unsynchronized::h2da071e4327ce3ee
[INFO] [stdout]                                at /rustc/6067b36314ab5eb2eb47cecc464545ba58e1ad24/library/std/src/../../backtrace/src/backtrace/mod.rs:66:5
[INFO] [stdout]    2:     0x576f2640022a - std::sys::backtrace::_print_fmt::h842a1474e6f8d23f
[INFO] [stdout]                                at /rustc/6067b36314ab5eb2eb47cecc464545ba58e1ad24/library/std/src/sys/backtrace.rs:66:9
[INFO] [stdout]    3:     0x576f2640022a - <std::sys::backtrace::BacktraceLock::print::DisplayBacktrace as core::fmt::Display>::fmt::h71a62eb3b9696b12
[INFO] [stdout]                                at /rustc/6067b36314ab5eb2eb47cecc464545ba58e1ad24/library/std/src/sys/backtrace.rs:39:26
[INFO] [stdout]    4:     0x576f26427793 - core::fmt::rt::Argument::fmt::hdb6b616786b41dc1
[INFO] [stdout]                                at /rustc/6067b36314ab5eb2eb47cecc464545ba58e1ad24/library/core/src/fmt/rt.rs:177:76
[INFO] [stdout]    5:     0x576f26427793 - core::fmt::write::h2cc1698af7e2d686
[INFO] [stdout]                                at /rustc/6067b36314ab5eb2eb47cecc464545ba58e1ad24/library/core/src/fmt/mod.rs:1440:21
[INFO] [stdout]    6:     0x576f263fcd83 - std::io::Write::write_fmt::hab1b4cd059a79022
[INFO] [stdout]                                at /rustc/6067b36314ab5eb2eb47cecc464545ba58e1ad24/library/std/src/io/mod.rs:1887:15
[INFO] [stdout]    7:     0x576f26400072 - std::sys::backtrace::BacktraceLock::print::h147fe35b4ea13b08
[INFO] [stdout]                                at /rustc/6067b36314ab5eb2eb47cecc464545ba58e1ad24/library/std/src/sys/backtrace.rs:42:9
[INFO] [stdout]    8:     0x576f2640164f - std::panicking::default_hook::{{closure}}::hbd44223dbdc0d208
[INFO] [stdout]                                at /rustc/6067b36314ab5eb2eb47cecc464545ba58e1ad24/library/std/src/panicking.rs:298:22
[INFO] [stdout]    9:     0x576f26401468 - std::panicking::default_hook::h20f81eb0576efcec
[INFO] [stdout]                                at /rustc/6067b36314ab5eb2eb47cecc464545ba58e1ad24/library/std/src/panicking.rs:322:9
[INFO] [stdout]   10:     0x576f263ca283 - <alloc::boxed::Box<F,A> as core::ops::function::Fn<Args>>::call::hdb53814c496a4d34
[INFO] [stdout]                                at /rustc/6067b36314ab5eb2eb47cecc464545ba58e1ad24/library/alloc/src/boxed.rs:2027:9
[INFO] [stdout]   11:     0x576f263ca283 - test::test_main::{{closure}}::hc0a4963c59427c24
[INFO] [stdout]                                at /rustc/6067b36314ab5eb2eb47cecc464545ba58e1ad24/library/test/src/lib.rs:134:21
[INFO] [stdout]   12:     0x576f26402143 - <alloc::boxed::Box<F,A> as core::ops::function::Fn<Args>>::call::h591b2225413a77e9
[INFO] [stdout]                                at /rustc/6067b36314ab5eb2eb47cecc464545ba58e1ad24/library/alloc/src/boxed.rs:2027:9
[INFO] [stdout]   13:     0x576f26402143 - std::panicking::rust_panic_with_hook::h625eea43051b2edc
[INFO] [stdout]                                at /rustc/6067b36314ab5eb2eb47cecc464545ba58e1ad24/library/std/src/panicking.rs:839:13
[INFO] [stdout]   14:     0x576f26401f4c - std::panicking::begin_panic::{{closure}}::hb6f83f64bbc6469c
[INFO] [stdout]                                at /rustc/6067b36314ab5eb2eb47cecc464545ba58e1ad24/library/std/src/panicking.rs:768:9
[INFO] [stdout]   15:     0x576f26400739 - std::sys::backtrace::__rust_end_short_backtrace::h892ae3ae8be3daf3
[INFO] [stdout]                                at /rustc/6067b36314ab5eb2eb47cecc464545ba58e1ad24/library/std/src/sys/backtrace.rs:168:18
[INFO] [stdout]   16:     0x576f26401e52 - std::panicking::begin_panic::h855074417e0a5787
[INFO] [stdout]                                at /rustc/6067b36314ab5eb2eb47cecc464545ba58e1ad24/library/std/src/panicking.rs:767:5
[INFO] [stdout]   17:     0x576f26390112 - ConExpression::tests::test_assert_should_panic__failed::h452e49febd3d825e
[INFO] [stdout]                                at /opt/rustwide/workdir/src/lib.rs:55:9
[INFO] [stdout]   18:     0x576f263900b7 - ConExpression::tests::test_assert_should_panic__failed::{{closure}}::hb23ea04583e64e54
[INFO] [stdout]                                at /opt/rustwide/workdir/src/lib.rs:53:42
[INFO] [stdout]   19:     0x576f2638f5d6 - core::ops::function::FnOnce::call_once::he729c1af82bd84a5
[INFO] [stdout]                                at /rustc/6067b36314ab5eb2eb47cecc464545ba58e1ad24/library/core/src/ops/function.rs:250:5
[INFO] [stdout]   20:     0x576f263cf9db - core::ops::function::FnOnce::call_once::he27718dfdd183f43
[INFO] [stdout]                                at /rustc/6067b36314ab5eb2eb47cecc464545ba58e1ad24/library/core/src/ops/function.rs:250:5
[INFO] [stdout]   21:     0x576f263cf9db - test::__rust_begin_short_backtrace::h4e84902998457a5d
[INFO] [stdout]                                at /rustc/6067b36314ab5eb2eb47cecc464545ba58e1ad24/library/test/src/lib.rs:632:18
[INFO] [stdout]   22:     0x576f263ce913 - test::run_test_in_process::{{closure}}::h7176fd18fc1feca0
[INFO] [stdout]                                at /rustc/6067b36314ab5eb2eb47cecc464545ba58e1ad24/library/test/src/lib.rs:655:60
[INFO] [stdout]   23:     0x576f263ce913 - <core::panic::unwind_safe::AssertUnwindSafe<F> as core::ops::function::FnOnce<()>>::call_once::hf79cff2a624d8cf7
[INFO] [stdout]                                at /rustc/6067b36314ab5eb2eb47cecc464545ba58e1ad24/library/core/src/panic/unwind_safe.rs:272:9
[INFO] [stdout]   24:     0x576f263ce913 - std::panicking::try::do_call::h3da0561d9ab99c25
[INFO] [stdout]                                at /rustc/6067b36314ab5eb2eb47cecc464545ba58e1ad24/library/std/src/panicking.rs:587:40
[INFO] [stdout]   25:     0x576f263ce913 - std::panicking::try::h41c9fa508bc61df6
[INFO] [stdout]                                at /rustc/6067b36314ab5eb2eb47cecc464545ba58e1ad24/library/std/src/panicking.rs:550:19
[INFO] [stdout]   26:     0x576f263ce913 - std::panic::catch_unwind::h6b3ff07bb5afad93
[INFO] [stdout]                                at /rustc/6067b36314ab5eb2eb47cecc464545ba58e1ad24/library/std/src/panic.rs:358:14
[INFO] [stdout]   27:     0x576f263ce913 - test::run_test_in_process::hc7253dd11b39b9f4
[INFO] [stdout]                                at /rustc/6067b36314ab5eb2eb47cecc464545ba58e1ad24/library/test/src/lib.rs:655:27
[INFO] [stdout]   28:     0x576f263ce913 - test::run_test::{{closure}}::hfb2007f8649c30bb
[INFO] [stdout]                                at /rustc/6067b36314ab5eb2eb47cecc464545ba58e1ad24/library/test/src/lib.rs:576:43
[INFO] [stdout]   29:     0x576f263919f5 - test::run_test::{{closure}}::h56a17aa7a282a9f4
[INFO] [stdout]                                at /rustc/6067b36314ab5eb2eb47cecc464545ba58e1ad24/library/test/src/lib.rs:606:41
[INFO] [stdout]   30:     0x576f263919f5 - std::sys::backtrace::__rust_begin_short_backtrace::hd2d2d2fb8e8c6aac
[INFO] [stdout]                                at /rustc/6067b36314ab5eb2eb47cecc464545ba58e1ad24/library/std/src/sys/backtrace.rs:152:18
[INFO] [stdout]   31:     0x576f263952da - std::thread::Builder::spawn_unchecked_::{{closure}}::{{closure}}::h4faa3f9db6133423
[INFO] [stdout]                                at /rustc/6067b36314ab5eb2eb47cecc464545ba58e1ad24/library/std/src/thread/mod.rs:559:17
[INFO] [stdout]   32:     0x576f263952da - <core::panic::unwind_safe::AssertUnwindSafe<F> as core::ops::function::FnOnce<()>>::call_once::hf2e855a36a4ea846
[INFO] [stdout]                                at /rustc/6067b36314ab5eb2eb47cecc464545ba58e1ad24/library/core/src/panic/unwind_safe.rs:272:9
[INFO] [stdout]   33:     0x576f263952da - std::panicking::try::do_call::h2f73af3616c35465
[INFO] [stdout]                                at /rustc/6067b36314ab5eb2eb47cecc464545ba58e1ad24/library/std/src/panicking.rs:587:40
[INFO] [stdout]   34:     0x576f263952da - std::panicking::try::hd1660ce9efadef5a
[INFO] [stdout]                                at /rustc/6067b36314ab5eb2eb47cecc464545ba58e1ad24/library/std/src/panicking.rs:550:19
[INFO] [stdout]   35:     0x576f263952da - std::panic::catch_unwind::h5ee8d7823b8ca744
[INFO] [stdout]                                at /rustc/6067b36314ab5eb2eb47cecc464545ba58e1ad24/library/std/src/panic.rs:358:14
[INFO] [stdout]   36:     0x576f263952da - std::thread::Builder::spawn_unchecked_::{{closure}}::h53c3a1894dce8407
[INFO] [stdout]                                at /rustc/6067b36314ab5eb2eb47cecc464545ba58e1ad24/library/std/src/thread/mod.rs:557:30
[INFO] [stdout]   37:     0x576f263952da - core::ops::function::FnOnce::call_once{{vtable.shim}}::h048ce291ad4f62bf
[INFO] [stdout]                                at /rustc/6067b36314ab5eb2eb47cecc464545ba58e1ad24/library/core/src/ops/function.rs:250:5
[INFO] [stdout]   38:     0x576f2640607b - <alloc::boxed::Box<F,A> as core::ops::function::FnOnce<Args>>::call_once::ha52bedf99a3b4981
[INFO] [stdout]                                at /rustc/6067b36314ab5eb2eb47cecc464545ba58e1ad24/library/alloc/src/boxed.rs:2013:9
[INFO] [stdout]   39:     0x576f2640607b - <alloc::boxed::Box<F,A> as core::ops::function::FnOnce<Args>>::call_once::h567748934d80ccf8
[INFO] [stdout]                                at /rustc/6067b36314ab5eb2eb47cecc464545ba58e1ad24/library/alloc/src/boxed.rs:2013:9
[INFO] [stdout]   40:     0x576f2640607b - std::sys::pal::unix::thread::Thread::new::thread_start::h2d970728ae887adc
[INFO] [stdout]                                at /rustc/6067b36314ab5eb2eb47cecc464545ba58e1ad24/library/std/src/sys/pal/unix/thread.rs:106:17
[INFO] [stdout]   41:     0x750dd6135ac3 - <unknown>
[INFO] [stdout]   42:     0x750dd61c6a04 - clone
[INFO] [stdout]   43:                0x0 - <unknown>
[INFO] [stdout] note: panic did not contain expected string
[INFO] [stdout]       panic message: `"panic otherthing!"`,
[INFO] [stdout]  expected substring: `"panic something!"`
[INFO] [stdout] ---- tests::test_assert_eq__failed stdout ----
[INFO] [stdout] 
[INFO] [stdout] thread 'tests::test_assert_eq__failed' panicked at src/lib.rs:31:9:
[INFO] [stdout] assertion `left == right` failed
[INFO] [stdout]   left: 1
[INFO] [stdout]  right: 2
[INFO] [stdout] stack backtrace:
[INFO] [stdout]    0:     0x576f2640022a - std::backtrace_rs::backtrace::libunwind::trace::hb059275cfc8d6126
[INFO] [stdout]                                at /rustc/6067b36314ab5eb2eb47cecc464545ba58e1ad24/library/std/src/../../backtrace/src/backtrace/libunwind.rs:116:5
[INFO] [stdout]    1:     0x576f2640022a - std::backtrace_rs::backtrace::trace_unsynchronized::h2da071e4327ce3ee
[INFO] [stdout]                                at /rustc/6067b36314ab5eb2eb47cecc464545ba58e1ad24/library/std/src/../../backtrace/src/backtrace/mod.rs:66:5
[INFO] [stdout]    2:     0x576f2640022a - std::sys::backtrace::_print_fmt::h842a1474e6f8d23f
[INFO] [stdout]                                at /rustc/6067b36314ab5eb2eb47cecc464545ba58e1ad24/library/std/src/sys/backtrace.rs:66:9
[INFO] [stdout]    3:     0x576f2640022a - <std::sys::backtrace::BacktraceLock::print::DisplayBacktrace as core::fmt::Display>::fmt::h71a62eb3b9696b12
[INFO] [stdout]                                at /rustc/6067b36314ab5eb2eb47cecc464545ba58e1ad24/library/std/src/sys/backtrace.rs:39:26
[INFO] [stdout]    4:     0x576f26427793 - core::fmt::rt::Argument::fmt::hdb6b616786b41dc1
[INFO] [stdout]                                at /rustc/6067b36314ab5eb2eb47cecc464545ba58e1ad24/library/core/src/fmt/rt.rs:177:76
[INFO] [stdout]    5:     0x576f26427793 - core::fmt::write::h2cc1698af7e2d686
[INFO] [stdout]                                at /rustc/6067b36314ab5eb2eb47cecc464545ba58e1ad24/library/core/src/fmt/mod.rs:1440:21
[INFO] [stdout]    6:     0x576f263fcd83 - std::io::Write::write_fmt::hab1b4cd059a79022
[INFO] [stdout]                                at /rustc/6067b36314ab5eb2eb47cecc464545ba58e1ad24/library/std/src/io/mod.rs:1887:15
[INFO] [stdout]    7:     0x576f26400072 - std::sys::backtrace::BacktraceLock::print::h147fe35b4ea13b08
[INFO] [stdout]                                at /rustc/6067b36314ab5eb2eb47cecc464545ba58e1ad24/library/std/src/sys/backtrace.rs:42:9
[INFO] [stdout]    8:     0x576f2640164f - std::panicking::default_hook::{{closure}}::hbd44223dbdc0d208
[INFO] [stdout]                                at /rustc/6067b36314ab5eb2eb47cecc464545ba58e1ad24/library/std/src/panicking.rs:298:22
[INFO] [stdout]    9:     0x576f26401468 - std::panicking::default_hook::h20f81eb0576efcec
[INFO] [stdout]                                at /rustc/6067b36314ab5eb2eb47cecc464545ba58e1ad24/library/std/src/panicking.rs:322:9
[INFO] [stdout]   10:     0x576f263ca283 - <alloc::boxed::Box<F,A> as core::ops::function::Fn<Args>>::call::hdb53814c496a4d34
[INFO] [stdout]                                at /rustc/6067b36314ab5eb2eb47cecc464545ba58e1ad24/library/alloc/src/boxed.rs:2027:9
[INFO] [stdout]   11:     0x576f263ca283 - test::test_main::{{closure}}::hc0a4963c59427c24
[INFO] [stdout]                                at /rustc/6067b36314ab5eb2eb47cecc464545ba58e1ad24/library/test/src/lib.rs:134:21
[INFO] [stdout]   12:     0x576f26402143 - <alloc::boxed::Box<F,A> as core::ops::function::Fn<Args>>::call::h591b2225413a77e9
[INFO] [stdout]                                at /rustc/6067b36314ab5eb2eb47cecc464545ba58e1ad24/library/alloc/src/boxed.rs:2027:9
[INFO] [stdout]   13:     0x576f26402143 - std::panicking::rust_panic_with_hook::h625eea43051b2edc
[INFO] [stdout]                                at /rustc/6067b36314ab5eb2eb47cecc464545ba58e1ad24/library/std/src/panicking.rs:839:13
[INFO] [stdout]   14:     0x576f26401dfa - std::panicking::begin_panic_handler::{{closure}}::h4f9159cfbc3f6bd3
[INFO] [stdout]                                at /rustc/6067b36314ab5eb2eb47cecc464545ba58e1ad24/library/std/src/panicking.rs:704:13
[INFO] [stdout]   15:     0x576f26400729 - std::sys::backtrace::__rust_end_short_backtrace::h0390abce48353151
[INFO] [stdout]                                at /rustc/6067b36314ab5eb2eb47cecc464545ba58e1ad24/library/std/src/sys/backtrace.rs:168:18
[INFO] [stdout]   16:     0x576f26401a8d - rust_begin_unwind
[INFO] [stdout]                                at /rustc/6067b36314ab5eb2eb47cecc464545ba58e1ad24/library/std/src/panicking.rs:695:5
[INFO] [stdout]   17:     0x576f26426240 - core::panicking::panic_fmt::h9e7c637e9e5f29c9
[INFO] [stdout]                                at /rustc/6067b36314ab5eb2eb47cecc464545ba58e1ad24/library/core/src/panicking.rs:75:14
[INFO] [stdout]   18:     0x576f26426562 - core::panicking::assert_failed_inner::h538bec7c1374cd9c
[INFO] [stdout]   19:     0x576f263dffec - core::panicking::assert_failed::hd02c0d569d89af5b
[INFO] [stdout]                                at /rustc/6067b36314ab5eb2eb47cecc464545ba58e1ad24/library/core/src/panicking.rs:364:5
[INFO] [stdout]   20:     0x576f2638fed0 - ConExpression::tests::test_assert_eq__failed::hb97afd92f1c7f7b3
[INFO] [stdout]                                at /opt/rustwide/workdir/src/lib.rs:31:9
[INFO] [stdout]   21:     0x576f2638fe57 - ConExpression::tests::test_assert_eq__failed::{{closure}}::hdb2f1d1dd490213e
[INFO] [stdout]                                at /opt/rustwide/workdir/src/lib.rs:30:32
[INFO] [stdout]   22:     0x576f2638f316 - core::ops::function::FnOnce::call_once::h025d85421f81c9a6
[INFO] [stdout]                                at /rustc/6067b36314ab5eb2eb47cecc464545ba58e1ad24/library/core/src/ops/function.rs:250:5
[INFO] [stdout]   23:     0x576f263cf9db - core::ops::function::FnOnce::call_once::he27718dfdd183f43
[INFO] [stdout]                                at /rustc/6067b36314ab5eb2eb47cecc464545ba58e1ad24/library/core/src/ops/function.rs:250:5
[INFO] [stdout]   24:     0x576f263cf9db - test::__rust_begin_short_backtrace::h4e84902998457a5d
[INFO] [stdout]                                at /rustc/6067b36314ab5eb2eb47cecc464545ba58e1ad24/library/test/src/lib.rs:632:18
[INFO] [stdout]   25:     0x576f263ce913 - test::run_test_in_process::{{closure}}::h7176fd18fc1feca0
[INFO] [stdout]                                at /rustc/6067b36314ab5eb2eb47cecc464545ba58e1ad24/library/test/src/lib.rs:655:60
[INFO] [stdout]   26:     0x576f263ce913 - <core::panic::unwind_safe::AssertUnwindSafe<F> as core::ops::function::FnOnce<()>>::call_once::hf79cff2a624d8cf7
[INFO] [stdout]                                at /rustc/6067b36314ab5eb2eb47cecc464545ba58e1ad24/library/core/src/panic/unwind_safe.rs:272:9
[INFO] [stdout]   27:     0x576f263ce913 - std::panicking::try::do_call::h3da0561d9ab99c25
[INFO] [stdout]                                at /rustc/6067b36314ab5eb2eb47cecc464545ba58e1ad24/library/std/src/panicking.rs:587:40
[INFO] [stdout]   28:     0x576f263ce913 - std::panicking::try::h41c9fa508bc61df6
[INFO] [stdout]                                at /rustc/6067b36314ab5eb2eb47cecc464545ba58e1ad24/library/std/src/panicking.rs:550:19
[INFO] [stdout]   29:     0x576f263ce913 - std::panic::catch_unwind::h6b3ff07bb5afad93
[INFO] [stdout]                                at /rustc/6067b36314ab5eb2eb47cecc464545ba58e1ad24/library/std/src/panic.rs:358:14
[INFO] [stdout]   30:     0x576f263ce913 - test::run_test_in_process::hc7253dd11b39b9f4
[INFO] [stdout]                                at /rustc/6067b36314ab5eb2eb47cecc464545ba58e1ad24/library/test/src/lib.rs:655:27
[INFO] [stdout]   31:     0x576f263ce913 - test::run_test::{{closure}}::hfb2007f8649c30bb
[INFO] [stdout]                                at /rustc/6067b36314ab5eb2eb47cecc464545ba58e1ad24/library/test/src/lib.rs:576:43
[INFO] [stdout]   32:     0x576f263919f5 - test::run_test::{{closure}}::h56a17aa7a282a9f4
[INFO] [stdout]                                at /rustc/6067b36314ab5eb2eb47cecc464545ba58e1ad24/library/test/src/lib.rs:606:41
[INFO] [stdout]   33:     0x576f263919f5 - std::sys::backtrace::__rust_begin_short_backtrace::hd2d2d2fb8e8c6aac
[INFO] [stdout]                                at /rustc/6067b36314ab5eb2eb47cecc464545ba58e1ad24/library/std/src/sys/backtrace.rs:152:18
[INFO] [stdout]   34:     0x576f263952da - std::thread::Builder::spawn_unchecked_::{{closure}}::{{closure}}::h4faa3f9db6133423
[INFO] [stdout]                                at /rustc/6067b36314ab5eb2eb47cecc464545ba58e1ad24/library/std/src/thread/mod.rs:559:17
[INFO] [stdout]   35:     0x576f263952da - <core::panic::unwind_safe::AssertUnwindSafe<F> as core::ops::function::FnOnce<()>>::call_once::hf2e855a36a4ea846
[INFO] [stdout]                                at /rustc/6067b36314ab5eb2eb47cecc464545ba58e1ad24/library/core/src/panic/unwind_safe.rs:272:9
[INFO] [stdout]   36:     0x576f263952da - std::panicking::try::do_call::h2f73af3616c35465
[INFO] [stdout]                                at /rustc/6067b36314ab5eb2eb47cecc464545ba58e1ad24/library/std/src/panicking.rs:587:40
[INFO] [stdout]   37:     0x576f263952da - std::panicking::try::hd1660ce9efadef5a
[INFO] [stdout]                                at /rustc/6067b36314ab5eb2eb47cecc464545ba58e1ad24/library/std/src/panicking.rs:550:19
[INFO] [stdout]   38:     0x576f263952da - std::panic::catch_unwind::h5ee8d7823b8ca744
[INFO] [stdout]                                at /rustc/6067b36314ab5eb2eb47cecc464545ba58e1ad24/library/std/src/panic.rs:358:14
[INFO] [stdout]   39:     0x576f263952da - std::thread::Builder::spawn_unchecked_::{{closure}}::h53c3a1894dce8407
[INFO] [stdout]                                at /rustc/6067b36314ab5eb2eb47cecc464545ba58e1ad24/library/std/src/thread/mod.rs:557:30
[INFO] [stdout]   40:     0x576f263952da - core::ops::function::FnOnce::call_once{{vtable.shim}}::h048ce291ad4f62bf
[INFO] [stdout]                                at /rustc/6067b36314ab5eb2eb47cecc464545ba58e1ad24/library/core/src/ops/function.rs:250:5
[INFO] [stdout]   41:     0x576f2640607b - <alloc::boxed::Box<F,A> as core::ops::function::FnOnce<Args>>::call_once::ha52bedf99a3b4981
[INFO] [stdout]                                at /rustc/6067b36314ab5eb2eb47cecc464545ba58e1ad24/library/alloc/src/boxed.rs:2013:9
[INFO] [stdout]   42:     0x576f2640607b - <alloc::boxed::Box<F,A> as core::ops::function::FnOnce<Args>>::call_once::h567748934d80ccf8
[INFO] [stdout]                                at /rustc/6067b36314ab5eb2eb47cecc464545ba58e1ad24/library/alloc/src/boxed.rs:2013:9
[INFO] [stdout]   43:     0x576f2640607b - std::sys::pal::unix::thread::Thread::new::thread_start::h2d970728ae887adc
[INFO] [stdout]                                at /rustc/6067b36314ab5eb2eb47cecc464545ba58e1ad24/library/std/src/sys/pal/unix/thread.rs:106:17
[INFO] [stdout]   44:     0x750dd6135ac3 - <unknown>
[INFO] [stdout]   45:     0x750dd61c6a04 - clone
[INFO] [stdout]   46:                0x0 - <unknown>
[INFO] [stdout] 
[INFO] [stdout] ---- tests::test_assert__failed stdout ----
[INFO] [stdout] 
[INFO] [stdout] thread 'tests::test_assert__failed' panicked at src/lib.rs:21:9:
[INFO] [stdout] 1不等于2
[INFO] [stdout] stack backtrace:
[INFO] [stdout]    0:     0x576f2640022a - std::backtrace_rs::backtrace::libunwind::trace::hb059275cfc8d6126
[INFO] [stdout]                                at /rustc/6067b36314ab5eb2eb47cecc464545ba58e1ad24/library/std/src/../../backtrace/src/backtrace/libunwind.rs:116:5
[INFO] [stdout]    1:     0x576f2640022a - std::backtrace_rs::backtrace::trace_unsynchronized::h2da071e4327ce3ee
[INFO] [stdout]                                at /rustc/6067b36314ab5eb2eb47cecc464545ba58e1ad24/library/std/src/../../backtrace/src/backtrace/mod.rs:66:5
[INFO] [stdout]    2:     0x576f2640022a - std::sys::backtrace::_print_fmt::h842a1474e6f8d23f
[INFO] [stdout]                                at /rustc/6067b36314ab5eb2eb47cecc464545ba58e1ad24/library/std/src/sys/backtrace.rs:66:9
[INFO] [stdout]    3:     0x576f2640022a - <std::sys::backtrace::BacktraceLock::print::DisplayBacktrace as core::fmt::Display>::fmt::h71a62eb3b9696b12
[INFO] [stdout]                                at /rustc/6067b36314ab5eb2eb47cecc464545ba58e1ad24/library/std/src/sys/backtrace.rs:39:26
[INFO] [stdout]    4:     0x576f26427793 - core::fmt::rt::Argument::fmt::hdb6b616786b41dc1
[INFO] [stdout]                                at /rustc/6067b36314ab5eb2eb47cecc464545ba58e1ad24/library/core/src/fmt/rt.rs:177:76
[INFO] [stdout]    5:     0x576f26427793 - core::fmt::write::h2cc1698af7e2d686
[INFO] [stdout]                                at /rustc/6067b36314ab5eb2eb47cecc464545ba58e1ad24/library/core/src/fmt/mod.rs:1440:21
[INFO] [stdout]    6:     0x576f263fcd83 - std::io::Write::write_fmt::hab1b4cd059a79022
[INFO] [stdout]                                at /rustc/6067b36314ab5eb2eb47cecc464545ba58e1ad24/library/std/src/io/mod.rs:1887:15
[INFO] [stdout]    7:     0x576f26400072 - std::sys::backtrace::BacktraceLock::print::h147fe35b4ea13b08
[INFO] [stdout]                                at /rustc/6067b36314ab5eb2eb47cecc464545ba58e1ad24/library/std/src/sys/backtrace.rs:42:9
[INFO] [stdout]    8:     0x576f2640164f - std::panicking::default_hook::{{closure}}::hbd44223dbdc0d208
[INFO] [stdout]                                at /rustc/6067b36314ab5eb2eb47cecc464545ba58e1ad24/library/std/src/panicking.rs:298:22
[INFO] [stdout]    9:     0x576f26401468 - std::panicking::default_hook::h20f81eb0576efcec
[INFO] [stdout]                                at /rustc/6067b36314ab5eb2eb47cecc464545ba58e1ad24/library/std/src/panicking.rs:322:9
[INFO] [stdout]   10:     0x576f263ca283 - <alloc::boxed::Box<F,A> as core::ops::function::Fn<Args>>::call::hdb53814c496a4d34
[INFO] [stdout]                                at /rustc/6067b36314ab5eb2eb47cecc464545ba58e1ad24/library/alloc/src/boxed.rs:2027:9
[INFO] [stdout]   11:     0x576f263ca283 - test::test_main::{{closure}}::hc0a4963c59427c24
[INFO] [stdout]                                at /rustc/6067b36314ab5eb2eb47cecc464545ba58e1ad24/library/test/src/lib.rs:134:21
[INFO] [stdout]   12:     0x576f26402143 - <alloc::boxed::Box<F,A> as core::ops::function::Fn<Args>>::call::h591b2225413a77e9
[INFO] [stdout]                                at /rustc/6067b36314ab5eb2eb47cecc464545ba58e1ad24/library/alloc/src/boxed.rs:2027:9
[INFO] [stdout]   13:     0x576f26402143 - std::panicking::rust_panic_with_hook::h625eea43051b2edc
[INFO] [stdout]                                at /rustc/6067b36314ab5eb2eb47cecc464545ba58e1ad24/library/std/src/panicking.rs:839:13
[INFO] [stdout]   14:     0x576f26401f4c - std::panicking::begin_panic::{{closure}}::hb6f83f64bbc6469c
[INFO] [stdout]                                at /rustc/6067b36314ab5eb2eb47cecc464545ba58e1ad24/library/std/src/panicking.rs:768:9
[INFO] [stdout]   15:     0x576f26400739 - std::sys::backtrace::__rust_end_short_backtrace::h892ae3ae8be3daf3
[INFO] [stdout]                                at /rustc/6067b36314ab5eb2eb47cecc464545ba58e1ad24/library/std/src/sys/backtrace.rs:168:18
[INFO] [stdout]   16:     0x576f26401e52 - std::panicking::begin_panic::h855074417e0a5787
[INFO] [stdout]                                at /rustc/6067b36314ab5eb2eb47cecc464545ba58e1ad24/library/std/src/panicking.rs:767:5
[INFO] [stdout]   17:     0x576f2638fd9f - ConExpression::tests::test_assert__failed::hbdff4122b44ca52c
[INFO] [stdout]                                at /opt/rustwide/workdir/src/lib.rs:21:9
[INFO] [stdout]   18:     0x576f2638fd67 - ConExpression::tests::test_assert__failed::{{closure}}::hbca4c894a5c8b99b
[INFO] [stdout]                                at /opt/rustwide/workdir/src/lib.rs:20:29
[INFO] [stdout]   19:     0x576f2638f526 - core::ops::function::FnOnce::call_once::hc7d1c65b3968f255
[INFO] [stdout]                                at /rustc/6067b36314ab5eb2eb47cecc464545ba58e1ad24/library/core/src/ops/function.rs:250:5
[INFO] [stdout]   20:     0x576f263cf9db - core::ops::function::FnOnce::call_once::he27718dfdd183f43
[INFO] [stdout]                                at /rustc/6067b36314ab5eb2eb47cecc464545ba58e1ad24/library/core/src/ops/function.rs:250:5
[INFO] [stdout]   21:     0x576f263cf9db - test::__rust_begin_short_backtrace::h4e84902998457a5d
[INFO] [stdout]                                at /rustc/6067b36314ab5eb2eb47cecc464545ba58e1ad24/library/test/src/lib.rs:632:18
[INFO] [stdout]   22:     0x576f263ce913 - test::run_test_in_process::{{closure}}::h7176fd18fc1feca0
[INFO] [stdout]                                at /rustc/6067b36314ab5eb2eb47cecc464545ba58e1ad24/library/test/src/lib.rs:655:60
[INFO] [stdout]   23:     0x576f263ce913 - <core::panic::unwind_safe::AssertUnwindSafe<F> as core::ops::function::FnOnce<()>>::call_once::hf79cff2a624d8cf7
[INFO] [stdout]                                at /rustc/6067b36314ab5eb2eb47cecc464545ba58e1ad24/library/core/src/panic/unwind_safe.rs:272:9
[INFO] [stdout]   24:     0x576f263ce913 - std::panicking::try::do_call::h3da0561d9ab99c25
[INFO] [stdout]                                at /rustc/6067b36314ab5eb2eb47cecc464545ba58e1ad24/library/std/src/panicking.rs:587:40
[INFO] [stdout]   25:     0x576f263ce913 - std::panicking::try::h41c9fa508bc61df6
[INFO] [stdout]                                at /rustc/6067b36314ab5eb2eb47cecc464545ba58e1ad24/library/std/src/panicking.rs:550:19
[INFO] [stdout]   26:     0x576f263ce913 - std::panic::catch_unwind::h6b3ff07bb5afad93
[INFO] [stdout]                                at /rustc/6067b36314ab5eb2eb47cecc464545ba58e1ad24/library/std/src/panic.rs:358:14
[INFO] [stdout]   27:     0x576f263ce913 - test::run_test_in_process::hc7253dd11b39b9f4
[INFO] [stdout]                                at /rustc/6067b36314ab5eb2eb47cecc464545ba58e1ad24/library/test/src/lib.rs:655:27
[INFO] [stdout]   28:     0x576f263ce913 - test::run_test::{{closure}}::hfb2007f8649c30bb
[INFO] [stdout]                                at /rustc/6067b36314ab5eb2eb47cecc464545ba58e1ad24/library/test/src/lib.rs:576:43
[INFO] [stdout]   29:     0x576f263919f5 - test::run_test::{{closure}}::h56a17aa7a282a9f4
[INFO] [stdout]                                at /rustc/6067b36314ab5eb2eb47cecc464545ba58e1ad24/library/test/src/lib.rs:606:41
[INFO] [stdout]   30:     0x576f263919f5 - std::sys::backtrace::__rust_begin_short_backtrace::hd2d2d2fb8e8c6aac
[INFO] [stdout]                                at /rustc/6067b36314ab5eb2eb47cecc464545ba58e1ad24/library/std/src/sys/backtrace.rs:152:18
[INFO] [stdout]   31:     0x576f263952da - std::thread::Builder::spawn_unchecked_::{{closure}}::{{closure}}::h4faa3f9db6133423
[INFO] [stdout]                                at /rustc/6067b36314ab5eb2eb47cecc464545ba58e1ad24/library/std/src/thread/mod.rs:559:17
[INFO] [stdout]   32:     0x576f263952da - <core::panic::unwind_safe::AssertUnwindSafe<F> as core::ops::function::FnOnce<()>>::call_once::hf2e855a36a4ea846
[INFO] [stdout]                                at /rustc/6067b36314ab5eb2eb47cecc464545ba58e1ad24/library/core/src/panic/unwind_safe.rs:272:9
[INFO] [stdout]   33:     0x576f263952da - std::panicking::try::do_call::h2f73af3616c35465
[INFO] [stdout]                                at /rustc/6067b36314ab5eb2eb47cecc464545ba58e1ad24/library/std/src/panicking.rs:587:40
[INFO] [stdout]   34:     0x576f263952da - std::panicking::try::hd1660ce9efadef5a
[INFO] [stdout]                                at /rustc/6067b36314ab5eb2eb47cecc464545ba58e1ad24/library/std/src/panicking.rs:550:19
[INFO] [stdout]   35:     0x576f263952da - std::panic::catch_unwind::h5ee8d7823b8ca744
[INFO] [stdout]                                at /rustc/6067b36314ab5eb2eb47cecc464545ba58e1ad24/library/std/src/panic.rs:358:14
[INFO] [stdout]   36:     0x576f263952da - std::thread::Builder::spawn_unchecked_::{{closure}}::h53c3a1894dce8407
[INFO] [stdout]                                at /rustc/6067b36314ab5eb2eb47cecc464545ba58e1ad24/library/std/src/thread/mod.rs:557:30
[INFO] [stdout]   37:     0x576f263952da - core::ops::function::FnOnce::call_once{{vtable.shim}}::h048ce291ad4f62bf
[INFO] [stdout]                                at /rustc/6067b36314ab5eb2eb47cecc464545ba58e1ad24/library/core/src/ops/function.rs:250:5
[INFO] [stdout]   38:     0x576f2640607b - <alloc::boxed::Box<F,A> as core::ops::function::FnOnce<Args>>::call_once::ha52bedf99a3b4981
[INFO] [stdout]                                at /rustc/6067b36314ab5eb2eb47cecc464545ba58e1ad24/library/alloc/src/boxed.rs:2013:9
[INFO] [stdout]   39:     0x576f2640607b - <alloc::boxed::Box<F,A> as core::ops::function::FnOnce<Args>>::call_once::h567748934d80ccf8
[INFO] [stdout]                                at /rustc/6067b36314ab5eb2eb47cecc464545ba58e1ad24/library/alloc/src/boxed.rs:2013:9
[INFO] [stdout]   40:     0x576f2640607b - std::sys::pal::unix::thread::Thread::new::thread_start::h2d970728ae887adc
[INFO] [stdout]                                at /rustc/6067b36314ab5eb2eb47cecc464545ba58e1ad24/library/std/src/sys/pal/unix/thread.rs:106:17
[INFO] [stdout]   41:     0x750dd6135ac3 - <unknown>
[INFO] [stdout]   42:     0x750dd61c6a04 - clone
[INFO] [stdout]   43:                0x0 - <unknown>
[INFO] [stdout] 
[INFO] [stdout] ---- tests::test_panic stdout ----
[INFO] [stdout] 
[INFO] [stdout] thread 'tests::test_panic' panicked at src/lib.rs:11:9:
[INFO] [stdout] test panic here...
[INFO] [stdout] stack backtrace:
[INFO] [stdout]    0:     0x576f2640022a - std::backtrace_rs::backtrace::libunwind::trace::hb059275cfc8d6126
[INFO] [stdout]                                at /rustc/6067b36314ab5eb2eb47cecc464545ba58e1ad24/library/std/src/../../backtrace/src/backtrace/libunwind.rs:116:5
[INFO] [stdout]    1:     0x576f2640022a - std::backtrace_rs::backtrace::trace_unsynchronized::h2da071e4327ce3ee
[INFO] [stdout]                                at /rustc/6067b36314ab5eb2eb47cecc464545ba58e1ad24/library/std/src/../../backtrace/src/backtrace/mod.rs:66:5
[INFO] [stdout]    2:     0x576f2640022a - std::sys::backtrace::_print_fmt::h842a1474e6f8d23f
[INFO] [stdout]                                at /rustc/6067b36314ab5eb2eb47cecc464545ba58e1ad24/library/std/src/sys/backtrace.rs:66:9
[INFO] [stdout]    3:     0x576f2640022a - <std::sys::backtrace::BacktraceLock::print::DisplayBacktrace as core::fmt::Display>::fmt::h71a62eb3b9696b12
[INFO] [stdout]                                at /rustc/6067b36314ab5eb2eb47cecc464545ba58e1ad24/library/std/src/sys/backtrace.rs:39:26
[INFO] [stdout]    4:     0x576f26427793 - core::fmt::rt::Argument::fmt::hdb6b616786b41dc1
[INFO] [stdout]                                at /rustc/6067b36314ab5eb2eb47cecc464545ba58e1ad24/library/core/src/fmt/rt.rs:177:76
[INFO] [stdout]    5:     0x576f26427793 - core::fmt::write::h2cc1698af7e2d686
[INFO] [stdout]                                at /rustc/6067b36314ab5eb2eb47cecc464545ba58e1ad24/library/core/src/fmt/mod.rs:1440:21
[INFO] [stdout]    6:     0x576f263fcd83 - std::io::Write::write_fmt::hab1b4cd059a79022
[INFO] [stdout]                                at /rustc/6067b36314ab5eb2eb47cecc464545ba58e1ad24/library/std/src/io/mod.rs:1887:15
[INFO] [stdout]    7:     0x576f26400072 - std::sys::backtrace::BacktraceLock::print::h147fe35b4ea13b08
[INFO] [stdout]                                at /rustc/6067b36314ab5eb2eb47cecc464545ba58e1ad24/library/std/src/sys/backtrace.rs:42:9
[INFO] [stdout]    8:     0x576f2640164f - std::panicking::default_hook::{{closure}}::hbd44223dbdc0d208
[INFO] [stdout]                                at /rustc/6067b36314ab5eb2eb47cecc464545ba58e1ad24/library/std/src/panicking.rs:298:22
[INFO] [stdout]    9:     0x576f26401468 - std::panicking::default_hook::h20f81eb0576efcec
[INFO] [stdout]                                at /rustc/6067b36314ab5eb2eb47cecc464545ba58e1ad24/library/std/src/panicking.rs:322:9
[INFO] [stdout]   10:     0x576f263ca283 - <alloc::boxed::Box<F,A> as core::ops::function::Fn<Args>>::call::hdb53814c496a4d34
[INFO] [stdout]                                at /rustc/6067b36314ab5eb2eb47cecc464545ba58e1ad24/library/alloc/src/boxed.rs:2027:9
[INFO] [stdout]   11:     0x576f263ca283 - test::test_main::{{closure}}::hc0a4963c59427c24
[INFO] [stdout]                                at /rustc/6067b36314ab5eb2eb47cecc464545ba58e1ad24/library/test/src/lib.rs:134:21
[INFO] [stdout]   12:     0x576f26402143 - <alloc::boxed::Box<F,A> as core::ops::function::Fn<Args>>::call::h591b2225413a77e9
[INFO] [stdout]                                at /rustc/6067b36314ab5eb2eb47cecc464545ba58e1ad24/library/alloc/src/boxed.rs:2027:9
[INFO] [stdout]   13:     0x576f26402143 - std::panicking::rust_panic_with_hook::h625eea43051b2edc
[INFO] [stdout]                                at /rustc/6067b36314ab5eb2eb47cecc464545ba58e1ad24/library/std/src/panicking.rs:839:13
[INFO] [stdout]   14:     0x576f26401f4c - std::panicking::begin_panic::{{closure}}::hb6f83f64bbc6469c
[INFO] [stdout]                                at /rustc/6067b36314ab5eb2eb47cecc464545ba58e1ad24/library/std/src/panicking.rs:768:9
[INFO] [stdout]   15:     0x576f26400739 - std::sys::backtrace::__rust_end_short_backtrace::h892ae3ae8be3daf3
[INFO] [stdout]                                at /rustc/6067b36314ab5eb2eb47cecc464545ba58e1ad24/library/std/src/sys/backtrace.rs:168:18
[INFO] [stdout]   16:     0x576f26401e52 - std::panicking::begin_panic::h855074417e0a5787
[INFO] [stdout]                                at /rustc/6067b36314ab5eb2eb47cecc464545ba58e1ad24/library/std/src/panicking.rs:767:5
[INFO] [stdout]   17:     0x576f2638fd0d - ConExpression::tests::test_panic::h25e52d7b2d8489ae
[INFO] [stdout]                                at /opt/rustwide/workdir/src/lib.rs:11:9
[INFO] [stdout]   18:     0x576f2638fcd7 - ConExpression::tests::test_panic::{{closure}}::ha183569cafe3356f
[INFO] [stdout]                                at /opt/rustwide/workdir/src/lib.rs:10:20
[INFO] [stdout]   19:     0x576f2638f396 - core::ops::function::FnOnce::call_once::h30f402f93ff522cb
[INFO] [stdout]                                at /rustc/6067b36314ab5eb2eb47cecc464545ba58e1ad24/library/core/src/ops/function.rs:250:5
[INFO] [stdout]   20:     0x576f263cf9db - core::ops::function::FnOnce::call_once::he27718dfdd183f43
[INFO] [stdout]                                at /rustc/6067b36314ab5eb2eb47cecc464545ba58e1ad24/library/core/src/ops/function.rs:250:5
[INFO] [stdout]   21:     0x576f263cf9db - test::__rust_begin_short_backtrace::h4e84902998457a5d
[INFO] [stdout]                                at /rustc/6067b36314ab5eb2eb47cecc464545ba58e1ad24/library/test/src/lib.rs:632:18
[INFO] [stdout]   22:     0x576f263ce913 - test::run_test_in_process::{{closure}}::h7176fd18fc1feca0
[INFO] [stdout]                                at /rustc/6067b36314ab5eb2eb47cecc464545ba58e1ad24/library/test/src/lib.rs:655:60
[INFO] [stdout]   23:     0x576f263ce913 - <core::panic::unwind_safe::AssertUnwindSafe<F> as core::ops::function::FnOnce<()>>::call_once::hf79cff2a624d8cf7
[INFO] [stdout]                                at /rustc/6067b36314ab5eb2eb47cecc464545ba58e1ad24/library/core/src/panic/unwind_safe.rs:272:9
[INFO] [stdout]   24:     0x576f263ce913 - std::panicking::try::do_call::h3da0561d9ab99c25
[INFO] [stdout]                                at /rustc/6067b36314ab5eb2eb47cecc464545ba58e1ad24/library/std/src/panicking.rs:587:40
[INFO] [stdout]   25:     0x576f263ce913 - std::panicking::try::h41c9fa508bc61df6
[INFO] [stdout]                                at /rustc/6067b36314ab5eb2eb47cecc464545ba58e1ad24/library/std/src/panicking.rs:550:19
[INFO] [stdout]   26:     0x576f263ce913 - std::panic::catch_unwind::h6b3ff07bb5afad93
[INFO] [stdout]                                at /rustc/6067b36314ab5eb2eb47cecc464545ba58e1ad24/library/std/src/panic.rs:358:14
[INFO] [stdout]   27:     0x576f263ce913 - test::run_test_in_process::hc7253dd11b39b9f4
[INFO] [stdout]                                at /rustc/6067b36314ab5eb2eb47cecc464545ba58e1ad24/library/test/src/lib.rs:655:27
[INFO] [stdout]   28:     0x576f263ce913 - test::run_test::{{closure}}::hfb2007f8649c30bb
[INFO] [stdout]                                at /rustc/6067b36314ab5eb2eb47cecc464545ba58e1ad24/library/test/src/lib.rs:576:43
[INFO] [stdout]   29:     0x576f263919f5 - test::run_test::{{closure}}::h56a17aa7a282a9f4
[INFO] [stdout]                                at /rustc/6067b36314ab5eb2eb47cecc464545ba58e1ad24/library/test/src/lib.rs:606:41
[INFO] [stdout]   30:     0x576f263919f5 - std::sys::backtrace::__rust_begin_short_backtrace::hd2d2d2fb8e8c6aac
[INFO] [stdout]                                at /rustc/6067b36314ab5eb2eb47cecc464545ba58e1ad24/library/std/src/sys/backtrace.rs:152:18
[INFO] [stdout]   31:     0x576f263952da - std::thread::Builder::spawn_unchecked_::{{closure}}::{{closure}}::h4faa3f9db6133423
[INFO] [stdout]                                at /rustc/6067b36314ab5eb2eb47cecc464545ba58e1ad24/library/std/src/thread/mod.rs:559:17
[INFO] [stdout]   32:     0x576f263952da - <core::panic::unwind_safe::AssertUnwindSafe<F> as core::ops::function::FnOnce<()>>::call_once::hf2e855a36a4ea846
[INFO] [stdout]                                at /rustc/6067b36314ab5eb2eb47cecc464545ba58e1ad24/library/core/src/panic/unwind_safe.rs:272:9
[INFO] [stdout]   33:     0x576f263952da - std::panicking::try::do_call::h2f73af3616c35465
[INFO] [stdout]                                at /rustc/6067b36314ab5eb2eb47cecc464545ba58e1ad24/library/std/src/panicking.rs:587:40
[INFO] [stdout]   34:     0x576f263952da - std::panicking::try::hd1660ce9efadef5a
[INFO] [stdout]                                at /rustc/6067b36314ab5eb2eb47cecc464545ba58e1ad24/library/std/src/panicking.rs:550:19
[INFO] [stdout]   35:     0x576f263952da - std::panic::catch_unwind::h5ee8d7823b8ca744
[INFO] [stdout]                                at /rustc/6067b36314ab5eb2eb47cecc464545ba58e1ad24/library/std/src/panic.rs:358:14
[INFO] [stdout]   36:     0x576f263952da - std::thread::Builder::spawn_unchecked_::{{closure}}::h53c3a1894dce8407
[INFO] [stdout]                                at /rustc/6067b36314ab5eb2eb47cecc464545ba58e1ad24/library/std/src/thread/mod.rs:557:30
[INFO] [stdout]   37:     0x576f263952da - core::ops::function::FnOnce::call_once{{vtable.shim}}::h048ce291ad4f62bf
[INFO] [stdout]                                at /rustc/6067b36314ab5eb2eb47cecc464545ba58e1ad24/library/core/src/ops/function.rs:250:5
[INFO] [stdout]   38:     0x576f2640607b - <alloc::boxed::Box<F,A> as core::ops::function::FnOnce<Args>>::call_once::ha52bedf99a3b4981
[INFO] [stdout]                                at /rustc/6067b36314ab5eb2eb47cecc464545ba58e1ad24/library/alloc/src/boxed.rs:2013:9
[INFO] [stdout]   39:     0x576f2640607b - <alloc::boxed::Box<F,A> as core::ops::function::FnOnce<Args>>::call_once::h567748934d80ccf8
[INFO] [stdout]                                at /rustc/6067b36314ab5eb2eb47cecc464545ba58e1ad24/library/alloc/src/boxed.rs:2013:9
[INFO] [stdout]   40:     0x576f2640607b - std::sys::pal::unix::thread::Thread::new::thread_start::h2d970728ae887adc
[INFO] [stdout]                                at /rustc/6067b36314ab5eb2eb47cecc464545ba58e1ad24/library/std/src/sys/pal/unix/thread.rs:106:17
[INFO] [stdout]   41:     0x750dd6135ac3 - <unknown>
[INFO] [stdout]   42:     0x750dd61c6a04 - clone
[INFO] [stdout]   43:                0x0 - <unknown>
[INFO] [stdout] 
[INFO] [stdout] ---- tests::test_assert_ne__failed stdout ----
[INFO] [stdout] 
[INFO] [stdout] thread 'tests::test_assert_ne__failed' panicked at src/lib.rs:41:9:
[INFO] [stdout] assertion `left != right` failed
[INFO] [stdout]   left: 1
[INFO] [stdout]  right: 1
[INFO] [stdout] stack backtrace:
[INFO] [stdout]    0:     0x576f2640022a - std::backtrace_rs::backtrace::libunwind::trace::hb059275cfc8d6126
[INFO] [stdout]                                at /rustc/6067b36314ab5eb2eb47cecc464545ba58e1ad24/library/std/src/../../backtrace/src/backtrace/libunwind.rs:116:5
[INFO] [stdout]    1:     0x576f2640022a - std::backtrace_rs::backtrace::trace_unsynchronized::h2da071e4327ce3ee
[INFO] [stdout]                                at /rustc/6067b36314ab5eb2eb47cecc464545ba58e1ad24/library/std/src/../../backtrace/src/backtrace/mod.rs:66:5
[INFO] [stdout]    2:     0x576f2640022a - std::sys::backtrace::_print_fmt::h842a1474e6f8d23f
[INFO] [stdout]                                at /rustc/6067b36314ab5eb2eb47cecc464545ba58e1ad24/library/std/src/sys/backtrace.rs:66:9
[INFO] [stdout]    3:     0x576f2640022a - <std::sys::backtrace::BacktraceLock::print::DisplayBacktrace as core::fmt::Display>::fmt::h71a62eb3b9696b12
[INFO] [stdout]                                at /rustc/6067b36314ab5eb2eb47cecc464545ba58e1ad24/library/std/src/sys/backtrace.rs:39:26
[INFO] [stdout]    4:     0x576f26427793 - core::fmt::rt::Argument::fmt::hdb6b616786b41dc1
[INFO] [stdout]                                at /rustc/6067b36314ab5eb2eb47cecc464545ba58e1ad24/library/core/src/fmt/rt.rs:177:76
[INFO] [stdout]    5:     0x576f26427793 - core::fmt::write::h2cc1698af7e2d686
[INFO] [stdout]                                at /rustc/6067b36314ab5eb2eb47cecc464545ba58e1ad24/library/core/src/fmt/mod.rs:1440:21
[INFO] [stdout]    6:     0x576f263fcd83 - std::io::Write::write_fmt::hab1b4cd059a79022
[INFO] [stdout]                                at /rustc/6067b36314ab5eb2eb47cecc464545ba58e1ad24/library/std/src/io/mod.rs:1887:15
[INFO] [stdout]    7:     0x576f26400072 - std::sys::backtrace::BacktraceLock::print::h147fe35b4ea13b08
[INFO] [stdout]                                at /rustc/6067b36314ab5eb2eb47cecc464545ba58e1ad24/library/std/src/sys/backtrace.rs:42:9
[INFO] [stdout]    8:     0x576f2640164f - std::panicking::default_hook::{{closure}}::hbd44223dbdc0d208
[INFO] [stdout]                                at /rustc/6067b36314ab5eb2eb47cecc464545ba58e1ad24/library/std/src/panicking.rs:298:22
[INFO] [stdout]    9:     0x576f26401468 - std::panicking::default_hook::h20f81eb0576efcec
[INFO] [stdout]                                at /rustc/6067b36314ab5eb2eb47cecc464545ba58e1ad24/library/std/src/panicking.rs:322:9
[INFO] [stdout]   10:     0x576f263ca283 - <alloc::boxed::Box<F,A> as core::ops::function::Fn<Args>>::call::hdb53814c496a4d34
[INFO] [stdout]                                at /rustc/6067b36314ab5eb2eb47cecc464545ba58e1ad24/library/alloc/src/boxed.rs:2027:9
[INFO] [stdout]   11:     0x576f263ca283 - test::test_main::{{closure}}::hc0a4963c59427c24
[INFO] [stdout]                                at /rustc/6067b36314ab5eb2eb47cecc464545ba58e1ad24/library/test/src/lib.rs:134:21
[INFO] [stdout]   12:     0x576f26402143 - <alloc::boxed::Box<F,A> as core::ops::function::Fn<Args>>::call::h591b2225413a77e9
[INFO] [stdout]                                at /rustc/6067b36314ab5eb2eb47cecc464545ba58e1ad24/library/alloc/src/boxed.rs:2027:9
[INFO] [stdout]   13:     0x576f26402143 - std::panicking::rust_panic_with_hook::h625eea43051b2edc
[INFO] [stdout]                                at /rustc/6067b36314ab5eb2eb47cecc464545ba58e1ad24/library/std/src/panicking.rs:839:13
[INFO] [stdout]   14:     0x576f26401dfa - std::panicking::begin_panic_handler::{{closure}}::h4f9159cfbc3f6bd3
[INFO] [stdout]                                at /rustc/6067b36314ab5eb2eb47cecc464545ba58e1ad24/library/std/src/panicking.rs:704:13
[INFO] [stdout]   15:     0x576f26400729 - std::sys::backtrace::__rust_end_short_backtrace::h0390abce48353151
[INFO] [stdout]                                at /rustc/6067b36314ab5eb2eb47cecc464545ba58e1ad24/library/std/src/sys/backtrace.rs:168:18
[INFO] [stdout]   16:     0x576f26401a8d - rust_begin_unwind
[INFO] [stdout]                                at /rustc/6067b36314ab5eb2eb47cecc464545ba58e1ad24/library/std/src/panicking.rs:695:5
[INFO] [stdout]   17:     0x576f26426240 - core::panicking::panic_fmt::h9e7c637e9e5f29c9
[INFO] [stdout]                                at /rustc/6067b36314ab5eb2eb47cecc464545ba58e1ad24/library/core/src/panicking.rs:75:14
[INFO] [stdout]   18:     0x576f26426562 - core::panicking::assert_failed_inner::h538bec7c1374cd9c
[INFO] [stdout]   19:     0x576f263dffec - core::panicking::assert_failed::hd02c0d569d89af5b
[INFO] [stdout]                                at /rustc/6067b36314ab5eb2eb47cecc464545ba58e1ad24/library/core/src/panicking.rs:364:5
[INFO] [stdout]   20:     0x576f26390011 - ConExpression::tests::test_assert_ne__failed::hc95bbd26256434e6
[INFO] [stdout]                                at /opt/rustwide/workdir/src/lib.rs:41:9
[INFO] [stdout]   21:     0x576f2638ff97 - ConExpression::tests::test_assert_ne__failed::{{closure}}::hf9ebdbc33d987b62
[INFO] [stdout]                                at /opt/rustwide/workdir/src/lib.rs:40:32
[INFO] [stdout]   22:     0x576f2638f3e6 - core::ops::function::FnOnce::call_once::h48392cf79ed9ae10
[INFO] [stdout]                                at /rustc/6067b36314ab5eb2eb47cecc464545ba58e1ad24/library/core/src/ops/function.rs:250:5
[INFO] [stdout]   23:     0x576f263cf9db - core::ops::function::FnOnce::call_once::he27718dfdd183f43
[INFO] [stdout]                                at /rustc/6067b36314ab5eb2eb47cecc464545ba58e1ad24/library/core/src/ops/function.rs:250:5
[INFO] [stdout]   24:     0x576f263cf9db - test::__rust_begin_short_backtrace::h4e84902998457a5d
[INFO] [stdout]                                at /rustc/6067b36314ab5eb2eb47cecc464545ba58e1ad24/library/test/src/lib.rs:632:18
[INFO] [stdout]   25:     0x576f263ce913 - test::run_test_in_process::{{closure}}::h7176fd18fc1feca0
[INFO] [stdout]                                at /rustc/6067b36314ab5eb2eb47cecc464545ba58e1ad24/library/test/src/lib.rs:655:60
[INFO] [stdout]   26:     0x576f263ce913 - <core::panic::unwind_safe::AssertUnwindSafe<F> as core::ops::function::FnOnce<()>>::call_once::hf79cff2a624d8cf7
[INFO] [stdout]                                at /rustc/6067b36314ab5eb2eb47cecc464545ba58e1ad24/library/core/src/panic/unwind_safe.rs:272:9
[INFO] [stdout]   27:     0x576f263ce913 - std::panicking::try::do_call::h3da0561d9ab99c25
[INFO] [stdout]                                at /rustc/6067b36314ab5eb2eb47cecc464545ba58e1ad24/library/std/src/panicking.rs:587:40
[INFO] [stdout]   28:     0x576f263ce913 - std::panicking::try::h41c9fa508bc61df6
[INFO] [stdout]                                at /rustc/6067b36314ab5eb2eb47cecc464545ba58e1ad24/library/std/src/panicking.rs:550:19
[INFO] [stdout]   29:     0x576f263ce913 - std::panic::catch_unwind::h6b3ff07bb5afad93
[INFO] [stdout]                                at /rustc/6067b36314ab5eb2eb47cecc464545ba58e1ad24/library/std/src/panic.rs:358:14
[INFO] [stdout]   30:     0x576f263ce913 - test::run_test_in_process::hc7253dd11b39b9f4
[INFO] [stdout]                                at /rustc/6067b36314ab5eb2eb47cecc464545ba58e1ad24/library/test/src/lib.rs:655:27
[INFO] [stdout]   31:     0x576f263ce913 - test::run_test::{{closure}}::hfb2007f8649c30bb
[INFO] [stdout]                                at /rustc/6067b36314ab5eb2eb47cecc464545ba58e1ad24/library/test/src/lib.rs:576:43
[INFO] [stdout]   32:     0x576f263919f5 - test::run_test::{{closure}}::h56a17aa7a282a9f4
[INFO] [stdout]                                at /rustc/6067b36314ab5eb2eb47cecc464545ba58e1ad24/library/test/src/lib.rs:606:41
[INFO] [stdout]   33:     0x576f263919f5 - std::sys::backtrace::__rust_begin_short_backtrace::hd2d2d2fb8e8c6aac
[INFO] [stdout]                                at /rustc/6067b36314ab5eb2eb47cecc464545ba58e1ad24/library/std/src/sys/backtrace.rs:152:18
[INFO] [stdout]   34:     0x576f263952da - std::thread::Builder::spawn_unchecked_::{{closure}}::{{closure}}::h4faa3f9db6133423
[INFO] [stdout]                                at /rustc/6067b36314ab5eb2eb47cecc464545ba58e1ad24/library/std/src/thread/mod.rs:559:17
[INFO] [stdout]   35:     0x576f263952da - <core::panic::unwind_safe::AssertUnwindSafe<F> as core::ops::function::FnOnce<()>>::call_once::hf2e855a36a4ea846
[INFO] [stdout]                                at /rustc/6067b36314ab5eb2eb47cecc464545ba58e1ad24/library/core/src/panic/unwind_safe.rs:272:9
[INFO] [stdout]   36:     0x576f263952da - std::panicking::try::do_call::h2f73af3616c35465
[INFO] [stdout]                                at /rustc/6067b36314ab5eb2eb47cecc464545ba58e1ad24/library/std/src/panicking.rs:587:40
[INFO] [stdout]   37:     0x576f263952da - std::panicking::try::hd1660ce9efadef5a
[INFO] [stdout]                                at /rustc/6067b36314ab5eb2eb47cecc464545ba58e1ad24/library/std/src/panicking.rs:550:19
[INFO] [stdout]   38:     0x576f263952da - std::panic::catch_unwind::h5ee8d7823b8ca744
[INFO] [stdout]                                at /rustc/6067b36314ab5eb2eb47cecc464545ba58e1ad24/library/std/src/panic.rs:358:14
[INFO] [stdout]   39:     0x576f263952da - std::thread::Builder::spawn_unchecked_::{{closure}}::h53c3a1894dce8407
[INFO] [stdout]                                at /rustc/6067b36314ab5eb2eb47cecc464545ba58e1ad24/library/std/src/thread/mod.rs:557:30
[INFO] [stdout]   40:     0x576f263952da - core::ops::function::FnOnce::call_once{{vtable.shim}}::h048ce291ad4f62bf
[INFO] [stdout]                                at /rustc/6067b36314ab5eb2eb47cecc464545ba58e1ad24/library/core/src/ops/function.rs:250:5
[INFO] [stdout]   41:     0x576f2640607b - <alloc::boxed::Box<F,A> as core::ops::function::FnOnce<Args>>::call_once::ha52bedf99a3b4981
[INFO] [stdout]                                at /rustc/6067b36314ab5eb2eb47cecc464545ba58e1ad24/library/alloc/src/boxed.rs:2013:9
[INFO] [stdout]   42:     0x576f2640607b - <alloc::boxed::Box<F,A> as core::ops::function::FnOnce<Args>>::call_once::h567748934d80ccf8
[INFO] [stdout]                                at /rustc/6067b36314ab5eb2eb47cecc464545ba58e1ad24/library/alloc/src/boxed.rs:2013:9
[INFO] [stdout]   43:     0x576f2640607b - std::sys::pal::unix::thread::Thread::new::thread_start::h2d970728ae887adc
[INFO] [stdout]                                at /rustc/6067b36314ab5eb2eb47cecc464545ba58e1ad24/library/std/src/sys/pal/unix/thread.rs:106:17
[INFO] [stdout]   44:     0x750dd6135ac3 - <unknown>
[INFO] [stdout]   45:     0x750dd61c6a04 - clone
[INFO] [stdout]   46:                0x0 - <unknown>
[INFO] [stdout] 
[INFO] [stdout] 
[INFO] [stdout] failures:
[INFO] [stdout]     tests::test_assert__failed
[INFO] [stdout]     tests::test_assert_eq__failed
[INFO] [stdout]     tests::test_assert_ne__failed
[INFO] [stdout]     tests::test_assert_should_panic__failed
[INFO] [stdout]     tests::test_assert_should_panic__failed_no_panic
[INFO] [stdout]     tests::test_panic
[INFO] [stdout] 
[INFO] [stdout] test result: FAILED. 4 passed; 6 failed; 1 ignored; 0 measured; 0 filtered out; finished in 0.04s
[INFO] [stdout] 
[INFO] [stderr] error: test failed, to rerun pass `--lib`
[INFO] running `Command { std: "docker" "inspect" "50d0ca11e123a49418b28a1d24cc76d2ced3bad75e6d1227376c7a96f3c19124", kill_on_drop: false }`
[INFO] running `Command { std: "docker" "rm" "-f" "50d0ca11e123a49418b28a1d24cc76d2ced3bad75e6d1227376c7a96f3c19124", kill_on_drop: false }`
[INFO] [stdout] 50d0ca11e123a49418b28a1d24cc76d2ced3bad75e6d1227376c7a96f3c19124
