[INFO] cloning repository https://github.com/zzjrabbit/caraint
[INFO] running `Command { std: "git" "-c" "credential.helper=" "-c" "credential.helper=/workspace/cargo-home/bin/git-credential-null" "clone" "--bare" "https://github.com/zzjrabbit/caraint" "/workspace/cache/git-repos/https%3A%2F%2Fgithub.com%2Fzzjrabbit%2Fcaraint", kill_on_drop: false }`
[INFO] [stderr] Cloning into bare repository '/workspace/cache/git-repos/https%3A%2F%2Fgithub.com%2Fzzjrabbit%2Fcaraint'...
[INFO] running `Command { std: "git" "rev-parse" "HEAD", kill_on_drop: false }`
[INFO] [stdout] f0e2fb34bc86cdc77af35ca0e817b0cc2892ec8c
[INFO] testing zzjrabbit/caraint against nightly-2025-01-18+rustflags=-Zrandomize-layout for randomize-layout-2
[INFO] running `Command { std: "git" "clone" "/workspace/cache/git-repos/https%3A%2F%2Fgithub.com%2Fzzjrabbit%2Fcaraint" "/workspace/builds/worker-1-tc2/source", kill_on_drop: false }`
[INFO] [stderr] Cloning into '/workspace/builds/worker-1-tc2/source'...
[INFO] [stderr] done.
[INFO] validating manifest of git repo https://github.com/zzjrabbit/caraint on toolchain nightly-2025-01-18
[INFO] running `Command { std: CARGO_HOME="/workspace/cargo-home" RUSTUP_HOME="/workspace/rustup-home" "/workspace/cargo-home/bin/cargo" "+nightly-2025-01-18" "metadata" "--manifest-path" "Cargo.toml" "--no-deps", kill_on_drop: false }`
[INFO] started tweaking git repo https://github.com/zzjrabbit/caraint
[INFO] finished tweaking git repo https://github.com/zzjrabbit/caraint
[INFO] tweaked toml for git repo https://github.com/zzjrabbit/caraint written to /workspace/builds/worker-1-tc2/source/Cargo.toml
[INFO] crate git repo https://github.com/zzjrabbit/caraint already has a lockfile, it will not be regenerated
[INFO] running `Command { std: CARGO_HOME="/workspace/cargo-home" RUSTUP_HOME="/workspace/rustup-home" "/workspace/cargo-home/bin/cargo" "+nightly-2025-01-18" "fetch" "--manifest-path" "Cargo.toml", kill_on_drop: false }`
[INFO] running `Command { std: "docker" "create" "-v" "/var/lib/crater-agent-workspace/builds/worker-1-tc2/target:/opt/rustwide/target:rw,Z" "-v" "/var/lib/crater-agent-workspace/builds/worker-1-tc2/source:/opt/rustwide/workdir:ro,Z" "-v" "/var/lib/crater-agent-workspace/cargo-home:/opt/rustwide/cargo-home:ro,Z" "-v" "/var/lib/crater-agent-workspace/rustup-home:/opt/rustwide/rustup-home:ro,Z" "-e" "SOURCE_DIR=/opt/rustwide/workdir" "-e" "CARGO_TARGET_DIR=/opt/rustwide/target" "-e" "CARGO_HOME=/opt/rustwide/cargo-home" "-e" "RUSTUP_HOME=/opt/rustwide/rustup-home" "-w" "/opt/rustwide/workdir" "-m" "1610612736" "--user" "0:0" "--network" "none" "ghcr.io/rust-lang/crates-build-env/linux@sha256:819108c5571ea2e421544af4d832f968d213c87fbe3707a016657f43d2f853bc" "/opt/rustwide/cargo-home/bin/cargo" "+nightly-2025-01-18" "metadata" "--no-deps" "--format-version=1", kill_on_drop: false }`
[INFO] [stdout] 6542ae067c539bd3c437851db9ff28a5ee43cbb681eb7a8fc36af58e6393cd14
[INFO] running `Command { std: "docker" "start" "-a" "6542ae067c539bd3c437851db9ff28a5ee43cbb681eb7a8fc36af58e6393cd14", kill_on_drop: false }`
[INFO] running `Command { std: "docker" "inspect" "6542ae067c539bd3c437851db9ff28a5ee43cbb681eb7a8fc36af58e6393cd14", kill_on_drop: false }`
[INFO] running `Command { std: "docker" "rm" "-f" "6542ae067c539bd3c437851db9ff28a5ee43cbb681eb7a8fc36af58e6393cd14", kill_on_drop: false }`
[INFO] [stdout] 6542ae067c539bd3c437851db9ff28a5ee43cbb681eb7a8fc36af58e6393cd14
[INFO] running `Command { std: "docker" "create" "-v" "/var/lib/crater-agent-workspace/builds/worker-1-tc2/target:/opt/rustwide/target:rw,Z" "-v" "/var/lib/crater-agent-workspace/builds/worker-1-tc2/source:/opt/rustwide/workdir:ro,Z" "-v" "/var/lib/crater-agent-workspace/cargo-home:/opt/rustwide/cargo-home:ro,Z" "-v" "/var/lib/crater-agent-workspace/rustup-home:/opt/rustwide/rustup-home:ro,Z" "-e" "SOURCE_DIR=/opt/rustwide/workdir" "-e" "CARGO_TARGET_DIR=/opt/rustwide/target" "-e" "CARGO_INCREMENTAL=0" "-e" "RUST_BACKTRACE=full" "-e" "RUSTFLAGS=--cap-lints=forbid -Zrandomize-layout" "-e" "RUSTDOCFLAGS=--cap-lints=forbid" "-e" "CARGO_HOME=/opt/rustwide/cargo-home" "-e" "RUSTUP_HOME=/opt/rustwide/rustup-home" "-w" "/opt/rustwide/workdir" "-m" "1610612736" "--user" "0:0" "--network" "none" "ghcr.io/rust-lang/crates-build-env/linux@sha256:819108c5571ea2e421544af4d832f968d213c87fbe3707a016657f43d2f853bc" "/opt/rustwide/cargo-home/bin/cargo" "+nightly-2025-01-18" "build" "--frozen" "--message-format=json", kill_on_drop: false }`
[INFO] [stdout] 901f8d650bc3dc4192ed45e33bd49f094618c1746949caf748cb325c992d4820
[INFO] running `Command { std: "docker" "start" "-a" "901f8d650bc3dc4192ed45e33bd49f094618c1746949caf748cb325c992d4820", kill_on_drop: false }`
[INFO] [stderr]    Compiling shlex v1.3.0
[INFO] [stderr]    Compiling rustversion v1.0.18
[INFO] [stderr]    Compiling num-modular v0.6.1
[INFO] [stderr]    Compiling static_assertions v1.1.0
[INFO] [stderr]    Compiling dashu-base v0.4.1
[INFO] [stderr]    Compiling spin v0.9.8
[INFO] [stderr]    Compiling cc v1.1.31
[INFO] [stderr]    Compiling dashu-int v0.4.1
[INFO] [stderr]    Compiling cmake v0.1.51
[INFO] [stderr]    Compiling snmalloc-sys v0.3.6
[INFO] [stderr]    Compiling snmalloc-rs v0.3.6
[INFO] [stderr]    Compiling cara v0.6.0 (/opt/rustwide/workdir)
[INFO] [stderr]     Finished `dev` profile [unoptimized + debuginfo] target(s) in 15.44s
[INFO] running `Command { std: "docker" "inspect" "901f8d650bc3dc4192ed45e33bd49f094618c1746949caf748cb325c992d4820", kill_on_drop: false }`
[INFO] running `Command { std: "docker" "rm" "-f" "901f8d650bc3dc4192ed45e33bd49f094618c1746949caf748cb325c992d4820", kill_on_drop: false }`
[INFO] [stdout] 901f8d650bc3dc4192ed45e33bd49f094618c1746949caf748cb325c992d4820
[INFO] running `Command { std: "docker" "create" "-v" "/var/lib/crater-agent-workspace/builds/worker-1-tc2/target:/opt/rustwide/target:rw,Z" "-v" "/var/lib/crater-agent-workspace/builds/worker-1-tc2/source:/opt/rustwide/workdir:ro,Z" "-v" "/var/lib/crater-agent-workspace/cargo-home:/opt/rustwide/cargo-home:ro,Z" "-v" "/var/lib/crater-agent-workspace/rustup-home:/opt/rustwide/rustup-home:ro,Z" "-e" "SOURCE_DIR=/opt/rustwide/workdir" "-e" "CARGO_TARGET_DIR=/opt/rustwide/target" "-e" "CARGO_INCREMENTAL=0" "-e" "RUST_BACKTRACE=full" "-e" "RUSTFLAGS=--cap-lints=forbid -Zrandomize-layout" "-e" "RUSTDOCFLAGS=--cap-lints=forbid" "-e" "CARGO_HOME=/opt/rustwide/cargo-home" "-e" "RUSTUP_HOME=/opt/rustwide/rustup-home" "-w" "/opt/rustwide/workdir" "-m" "1610612736" "--user" "0:0" "--network" "none" "ghcr.io/rust-lang/crates-build-env/linux@sha256:819108c5571ea2e421544af4d832f968d213c87fbe3707a016657f43d2f853bc" "/opt/rustwide/cargo-home/bin/cargo" "+nightly-2025-01-18" "test" "--frozen" "--no-run" "--message-format=json", kill_on_drop: false }`
[INFO] [stdout] f0e41d81b0d907ae5e9cec13a24a9a3f290d8bee224914df974d364160d24c40
[INFO] running `Command { std: "docker" "start" "-a" "f0e41d81b0d907ae5e9cec13a24a9a3f290d8bee224914df974d364160d24c40", kill_on_drop: false }`
[INFO] [stderr]    Compiling cara v0.6.0 (/opt/rustwide/workdir)
[INFO] [stderr]     Finished `test` profile [unoptimized + debuginfo] target(s) in 0.78s
[INFO] running `Command { std: "docker" "inspect" "f0e41d81b0d907ae5e9cec13a24a9a3f290d8bee224914df974d364160d24c40", kill_on_drop: false }`
[INFO] running `Command { std: "docker" "rm" "-f" "f0e41d81b0d907ae5e9cec13a24a9a3f290d8bee224914df974d364160d24c40", kill_on_drop: false }`
[INFO] [stdout] f0e41d81b0d907ae5e9cec13a24a9a3f290d8bee224914df974d364160d24c40
[INFO] running `Command { std: "docker" "create" "-v" "/var/lib/crater-agent-workspace/builds/worker-1-tc2/target:/opt/rustwide/target:rw,Z" "-v" "/var/lib/crater-agent-workspace/builds/worker-1-tc2/source:/opt/rustwide/workdir:ro,Z" "-v" "/var/lib/crater-agent-workspace/cargo-home:/opt/rustwide/cargo-home:ro,Z" "-v" "/var/lib/crater-agent-workspace/rustup-home:/opt/rustwide/rustup-home:ro,Z" "-e" "SOURCE_DIR=/opt/rustwide/workdir" "-e" "CARGO_TARGET_DIR=/opt/rustwide/target" "-e" "CARGO_INCREMENTAL=0" "-e" "RUST_BACKTRACE=full" "-e" "RUSTFLAGS=--cap-lints=forbid -Zrandomize-layout" "-e" "RUSTDOCFLAGS=--cap-lints=forbid" "-e" "CARGO_HOME=/opt/rustwide/cargo-home" "-e" "RUSTUP_HOME=/opt/rustwide/rustup-home" "-w" "/opt/rustwide/workdir" "-m" "1610612736" "--user" "0:0" "--network" "none" "ghcr.io/rust-lang/crates-build-env/linux@sha256:819108c5571ea2e421544af4d832f968d213c87fbe3707a016657f43d2f853bc" "/opt/rustwide/cargo-home/bin/cargo" "+nightly-2025-01-18" "test" "--frozen", kill_on_drop: false }`
[INFO] [stdout] dc47da49a9cfefcbebd52da0fc11cef67e05c12c2359129ea378988c381a311d
[INFO] running `Command { std: "docker" "start" "-a" "dc47da49a9cfefcbebd52da0fc11cef67e05c12c2359129ea378988c381a311d", kill_on_drop: false }`
[INFO] [stderr]     Finished `test` profile [unoptimized + debuginfo] target(s) in 0.04s
[INFO] [stderr]      Running unittests src/lib.rs (/opt/rustwide/target/debug/deps/cara-e2a8feeec7806677)
[INFO] [stdout] 
[INFO] [stdout] running 0 tests
[INFO] [stdout] 
[INFO] [stdout] test result: ok. 0 passed; 0 failed; 0 ignored; 0 measured; 0 filtered out; finished in 0.00s
[INFO] [stdout] 
[INFO] [stderr]      Running unittests src/main.rs (/opt/rustwide/target/debug/deps/cara-16b30ca71a9189bb)
[INFO] [stdout] 
[INFO] [stdout] running 0 tests
[INFO] [stdout] 
[INFO] [stderr]    Doc-tests cara
[INFO] [stdout] test result: ok. 0 passed; 0 failed; 0 ignored; 0 measured; 0 filtered out; finished in 0.00s
[INFO] [stdout] 
[INFO] [stdout] 
[INFO] [stdout] running 7 tests
[INFO] [stdout] test src/frontend/parser.rs - frontend::parser::Parser::parse_compile_unit (line 65) ... FAILED
[INFO] [stdout] test src/backend/mod.rs - backend::Interpreter::new (line 27) ... FAILED
[INFO] [stdout] test src/backend/mod.rs - backend::Interpreter::visit (line 47) ... FAILED
[INFO] [stdout] test src/frontend/lexer.rs - frontend::lexer::Lexer::new (line 106) ... ok
[INFO] [stdout] test src/frontend/lexer.rs - frontend::lexer::Lexer::get_token (line 141) ... ok
[INFO] [stdout] test src/frontend/parser.rs - frontend::parser::Parser::new (line 16) ... ok
[INFO] [stdout] test src/frontend/parser.rs - frontend::parser::Parser::parse_compile_unit (line 56) ... FAILED
[INFO] [stdout] 
[INFO] [stdout] failures:
[INFO] [stdout] 
[INFO] [stdout] ---- src/frontend/parser.rs - frontend::parser::Parser::parse_compile_unit (line 65) stdout ----
[INFO] [stdout] error: expected expression, found `/`
[INFO] [stdout]   --> src/frontend/parser.rs:106:3
[INFO] [stdout]    |
[INFO] [stdout] 43 | )*/
[INFO] [stdout]    |   ^ expected expression
[INFO] [stdout] 
[INFO] [stdout] error: aborting due to 1 previous error
[INFO] [stdout] 
[INFO] [stdout] Couldn't compile the test.
[INFO] [stdout] ---- src/backend/mod.rs - backend::Interpreter::new (line 27) stdout ----
[INFO] [stdout] error[E0061]: this function takes 1 argument but 0 arguments were supplied
[INFO] [stdout]   --> src/backend/mod.rs:30:19
[INFO] [stdout]    |
[INFO] [stdout] 6  | let interpreter = Interpreter::new();
[INFO] [stdout]    |                   ^^^^^^^^^^^^^^^^-- argument #1 of type `Vec<String>` is missing
[INFO] [stdout]    |
[INFO] [stdout] note: associated function defined here
[INFO] [stdout]   --> /opt/rustwide/workdir/src/backend/mod.rs:32:12
[INFO] [stdout]    |
[INFO] [stdout] 32 |     pub fn new(string_table: Vec<String>) -> Self {
[INFO] [stdout]    |            ^^^
[INFO] [stdout] help: provide the argument
[INFO] [stdout]    |
[INFO] [stdout] 6  | let interpreter = Interpreter::new(/* Vec<String> */);
[INFO] [stdout]    |                                   ~~~~~~~~~~~~~~~~~~~
[INFO] [stdout] 
[INFO] [stdout] error: aborting due to 1 previous error
[INFO] [stdout] 
[INFO] [stdout] For more information about this error, try `rustc --explain E0061`.
[INFO] [stdout] Couldn't compile the test.
[INFO] [stdout] ---- src/backend/mod.rs - backend::Interpreter::visit (line 47) stdout ----
[INFO] [stdout] error[E0061]: this function takes 1 argument but 0 arguments were supplied
[INFO] [stdout]   --> src/backend/mod.rs:56:23
[INFO] [stdout]    |
[INFO] [stdout] 12 | let mut interpreter = Interpreter::new();
[INFO] [stdout]    |                       ^^^^^^^^^^^^^^^^-- argument #1 of type `Vec<String>` is missing
[INFO] [stdout]    |
[INFO] [stdout] note: associated function defined here
[INFO] [stdout]   --> /opt/rustwide/workdir/src/backend/mod.rs:32:12
[INFO] [stdout]    |
[INFO] [stdout] 32 |     pub fn new(string_table: Vec<String>) -> Self {
[INFO] [stdout]    |            ^^^
[INFO] [stdout] help: provide the argument
[INFO] [stdout]    |
[INFO] [stdout] 12 | let mut interpreter = Interpreter::new(/* Vec<String> */);
[INFO] [stdout]    |                                       ~~~~~~~~~~~~~~~~~~~
[INFO] [stdout] 
[INFO] [stdout] error[E0308]: mismatched types
[INFO] [stdout]   --> src/backend/mod.rs:57:30
[INFO] [stdout]    |
[INFO] [stdout] 13 | assert_eq!(interpreter.visit(node),2);
[INFO] [stdout]    |                        ----- ^^^^ expected `&AstNodes`, found `(AstNodes, Vec<String>)`
[INFO] [stdout]    |                        |
[INFO] [stdout]    |                        arguments to this method are incorrect
[INFO] [stdout]    |
[INFO] [stdout]    = note: expected reference `&AstNodes`
[INFO] [stdout]                   found tuple `(AstNodes, Vec<String>)`
[INFO] [stdout] note: method defined here
[INFO] [stdout]   --> /opt/rustwide/workdir/src/backend/mod.rs:59:12
[INFO] [stdout]    |
[INFO] [stdout] 59 |     pub fn visit(&mut self, node: &AstNodes) -> Result<CrValue> {
[INFO] [stdout]    |            ^^^^^
[INFO] [stdout] 
[INFO] [stdout] error[E0369]: binary operation `==` cannot be applied to type `Result<backend::value::CrValue, backend::result::Error>`
[INFO] [stdout]   --> src/backend/mod.rs:57:1
[INFO] [stdout]    |
[INFO] [stdout] 13 | assert_eq!(interpreter.visit(node),2);
[INFO] [stdout]    | ^^^^^^^^^^^^^^^^^^^^^^^^^^^^^^^^^^^^^
[INFO] [stdout]    | |
[INFO] [stdout]    | Result<backend::value::CrValue, backend::result::Error>
[INFO] [stdout]    | {integer}
[INFO] [stdout]    |
[INFO] [stdout] note: the foreign item type `Result<backend::value::CrValue, backend::result::Error>` doesn't implement `PartialEq<{integer}>`
[INFO] [stdout]   --> /rustc/6067b36314ab5eb2eb47cecc464545ba58e1ad24/library/core/src/result.rs:528:1
[INFO] [stdout]    |
[INFO] [stdout]    = note: not implement `PartialEq<{integer}>`
[INFO] [stdout]    = note: this error originates in the macro `assert_eq` (in Nightly builds, run with -Z macro-backtrace for more info)
[INFO] [stdout] 
[INFO] [stdout] error: aborting due to 3 previous errors
[INFO] [stdout] 
[INFO] [stdout] Some errors have detailed explanations: E0061, E0308, E0369.
[INFO] [stdout] For more information about an error, try `rustc --explain E0061`.
[INFO] [stdout] Couldn't compile the test.
[INFO] [stdout] ---- src/frontend/parser.rs - frontend::parser::Parser::parse_compile_unit (line 56) stdout ----
[INFO] [stdout] Test executable failed (exit status: 101).
[INFO] [stdout] 
[INFO] [stdout] stderr:
[INFO] [stdout] 
[INFO] [stdout] thread 'main' panicked at src/frontend/parser.rs:140:22:
[INFO] [stdout] Syntax error Number(1)!
[INFO] [stdout] stack backtrace:
[INFO] [stdout]    0:     0x63e15d627e7a - std::backtrace_rs::backtrace::libunwind::trace::hb059275cfc8d6126
[INFO] [stdout]                                at /rustc/6067b36314ab5eb2eb47cecc464545ba58e1ad24/library/std/src/../../backtrace/src/backtrace/libunwind.rs:116:5
[INFO] [stdout]    1:     0x63e15d627e7a - std::backtrace_rs::backtrace::trace_unsynchronized::h2da071e4327ce3ee
[INFO] [stdout]                                at /rustc/6067b36314ab5eb2eb47cecc464545ba58e1ad24/library/std/src/../../backtrace/src/backtrace/mod.rs:66:5
[INFO] [stdout]    2:     0x63e15d627e7a - std::sys::backtrace::_print_fmt::h842a1474e6f8d23f
[INFO] [stdout]                                at /rustc/6067b36314ab5eb2eb47cecc464545ba58e1ad24/library/std/src/sys/backtrace.rs:66:9
[INFO] [stdout]    3:     0x63e15d627e7a - <std::sys::backtrace::BacktraceLock::print::DisplayBacktrace as core::fmt::Display>::fmt::h71a62eb3b9696b12
[INFO] [stdout]                                at /rustc/6067b36314ab5eb2eb47cecc464545ba58e1ad24/library/std/src/sys/backtrace.rs:39:26
[INFO] [stdout]    4:     0x63e15d645513 - core::fmt::rt::Argument::fmt::hdb6b616786b41dc1
[INFO] [stdout]                                at /rustc/6067b36314ab5eb2eb47cecc464545ba58e1ad24/library/core/src/fmt/rt.rs:177:76
[INFO] [stdout]    5:     0x63e15d645513 - core::fmt::write::h2cc1698af7e2d686
[INFO] [stdout]                                at /rustc/6067b36314ab5eb2eb47cecc464545ba58e1ad24/library/core/src/fmt/mod.rs:1440:21
[INFO] [stdout]    6:     0x63e15d6253b3 - std::io::Write::write_fmt::h00c8700df393f328
[INFO] [stdout]                                at /rustc/6067b36314ab5eb2eb47cecc464545ba58e1ad24/library/std/src/io/mod.rs:1887:15
[INFO] [stdout]    7:     0x63e15d627cc2 - std::sys::backtrace::BacktraceLock::print::h147fe35b4ea13b08
[INFO] [stdout]                                at /rustc/6067b36314ab5eb2eb47cecc464545ba58e1ad24/library/std/src/sys/backtrace.rs:42:9
[INFO] [stdout]    8:     0x63e15d628a5f - std::panicking::default_hook::{{closure}}::hbd44223dbdc0d208
[INFO] [stdout]                                at /rustc/6067b36314ab5eb2eb47cecc464545ba58e1ad24/library/std/src/panicking.rs:298:22
[INFO] [stdout]    9:     0x63e15d6288ca - std::panicking::default_hook::h20f81eb0576efcec
[INFO] [stdout]                                at /rustc/6067b36314ab5eb2eb47cecc464545ba58e1ad24/library/std/src/panicking.rs:325:9
[INFO] [stdout]   10:     0x63e15d629332 - std::panicking::rust_panic_with_hook::h625eea43051b2edc
[INFO] [stdout]                                at /rustc/6067b36314ab5eb2eb47cecc464545ba58e1ad24/library/std/src/panicking.rs:831:13
[INFO] [stdout]   11:     0x63e15d6291ca - std::panicking::begin_panic_handler::{{closure}}::h4f9159cfbc3f6bd3
[INFO] [stdout]                                at /rustc/6067b36314ab5eb2eb47cecc464545ba58e1ad24/library/std/src/panicking.rs:704:13
[INFO] [stdout]   12:     0x63e15d628379 - std::sys::backtrace::__rust_end_short_backtrace::h0390abce48353151
[INFO] [stdout]                                at /rustc/6067b36314ab5eb2eb47cecc464545ba58e1ad24/library/std/src/sys/backtrace.rs:168:18
[INFO] [stdout]   13:     0x63e15d628e5d - rust_begin_unwind
[INFO] [stdout]                                at /rustc/6067b36314ab5eb2eb47cecc464545ba58e1ad24/library/std/src/panicking.rs:695:5
[INFO] [stdout]   14:     0x63e15d644260 - core::panicking::panic_fmt::h9e7c637e9e5f29c9
[INFO] [stdout]                                at /rustc/6067b36314ab5eb2eb47cecc464545ba58e1ad24/library/core/src/panicking.rs:75:14
[INFO] [stdout]   15:     0x63e15d5cf86e - cara::frontend::parser::Parser::parse_statement::h1ec68b76817942ea
[INFO] [stdout]                                at /opt/rustwide/workdir/src/frontend/parser.rs:140:22
[INFO] [stdout]   16:     0x63e15d5cf4b9 - cara::frontend::parser::Parser::parse_compile_unit::h4ddc02cdee613869
[INFO] [stdout]                                at /opt/rustwide/workdir/src/frontend/parser.rs:111:27
[INFO] [stdout]   17:     0x63e15d5cbb75 - rust_out::main::_doctest_main_src_frontend_parser_rs_56_0::h3737407315ce1f91
[INFO] [stdout]   18:     0x63e15d5cbaf6 - rust_out::main::he88f0b9b281d54e0
[INFO] [stdout]   19:     0x63e15d5cabe3 - core::ops::function::FnOnce::call_once::hcf3829d8b58d0254
[INFO] [stdout]   20:     0x63e15d5ca2e6 - std::sys::backtrace::__rust_begin_short_backtrace::h5e1527399e8d5bd4
[INFO] [stdout]   21:     0x63e15d5ca2c9 - std::rt::lang_start::{{closure}}::h2c234101ed7b1b74
[INFO] [stdout]   22:     0x63e15d622ae0 - core::ops::function::impls::<impl core::ops::function::FnOnce<A> for &F>::call_once::h1b085b6c1d2518b2
[INFO] [stdout]                                at /rustc/6067b36314ab5eb2eb47cecc464545ba58e1ad24/library/core/src/ops/function.rs:284:13
[INFO] [stdout]   23:     0x63e15d622ae0 - std::panicking::try::do_call::h382f964a5a23b565
[INFO] [stdout]                                at /rustc/6067b36314ab5eb2eb47cecc464545ba58e1ad24/library/std/src/panicking.rs:587:40
[INFO] [stdout]   24:     0x63e15d622ae0 - std::panicking::try::h57f991055eb622f9
[INFO] [stdout]                                at /rustc/6067b36314ab5eb2eb47cecc464545ba58e1ad24/library/std/src/panicking.rs:550:19
[INFO] [stdout]   25:     0x63e15d622ae0 - std::panic::catch_unwind::h4d9a74ef04456343
[INFO] [stdout]                                at /rustc/6067b36314ab5eb2eb47cecc464545ba58e1ad24/library/std/src/panic.rs:358:14
[INFO] [stdout]   26:     0x63e15d622ae0 - std::rt::lang_start_internal::{{closure}}::h2faa8ae84a93f314
[INFO] [stdout]                                at /rustc/6067b36314ab5eb2eb47cecc464545ba58e1ad24/library/std/src/rt.rs:163:24
[INFO] [stdout]   27:     0x63e15d622ae0 - std::panicking::try::do_call::h0f8932bf638a9bf5
[INFO] [stdout]                                at /rustc/6067b36314ab5eb2eb47cecc464545ba58e1ad24/library/std/src/panicking.rs:587:40
[INFO] [stdout]   28:     0x63e15d622ae0 - std::panicking::try::h683416ea756b175d
[INFO] [stdout]                                at /rustc/6067b36314ab5eb2eb47cecc464545ba58e1ad24/library/std/src/panicking.rs:550:19
[INFO] [stdout]   29:     0x63e15d622ae0 - std::panic::catch_unwind::h56189fac8994979f
[INFO] [stdout]                                at /rustc/6067b36314ab5eb2eb47cecc464545ba58e1ad24/library/std/src/panic.rs:358:14
[INFO] [stdout]   30:     0x63e15d622ae0 - std::rt::lang_start_internal::h8bbc1061691274fe
[INFO] [stdout]                                at /rustc/6067b36314ab5eb2eb47cecc464545ba58e1ad24/library/std/src/rt.rs:159:5
[INFO] [stdout]   31:     0x63e15d5ca2b1 - std::rt::lang_start::h601b10a269c70ef7
[INFO] [stdout]   32:     0x63e15d5cbd45 - main
[INFO] [stdout]   33:     0x7ea1223edd90 - <unknown>
[INFO] [stdout]   34:     0x7ea1223ede40 - __libc_start_main
[INFO] [stdout]   35:     0x63e15d5ca1c5 - _start
[INFO] [stdout]   36:                0x0 - <unknown>
[INFO] [stdout] 
[INFO] [stdout] 
[INFO] [stdout] 
[INFO] [stdout] failures:
[INFO] [stdout]     src/backend/mod.rs - backend::Interpreter::new (line 27)
[INFO] [stdout]     src/backend/mod.rs - backend::Interpreter::visit (line 47)
[INFO] [stdout]     src/frontend/parser.rs - frontend::parser::Parser::parse_compile_unit (line 56)
[INFO] [stdout]     src/frontend/parser.rs - frontend::parser::Parser::parse_compile_unit (line 65)
[INFO] [stdout] 
[INFO] [stdout] test result: FAILED. 3 passed; 4 failed; 0 ignored; 0 measured; 0 filtered out; finished in 0.75s
[INFO] [stdout] 
[INFO] [stderr] error: doctest failed, to rerun pass `--doc`
[INFO] running `Command { std: "docker" "inspect" "dc47da49a9cfefcbebd52da0fc11cef67e05c12c2359129ea378988c381a311d", kill_on_drop: false }`
[INFO] running `Command { std: "docker" "rm" "-f" "dc47da49a9cfefcbebd52da0fc11cef67e05c12c2359129ea378988c381a311d", kill_on_drop: false }`
[INFO] [stdout] dc47da49a9cfefcbebd52da0fc11cef67e05c12c2359129ea378988c381a311d
