[INFO] cloning repository https://github.com/zz0-0/crust
[INFO] running `Command { std: "git" "-c" "credential.helper=" "-c" "credential.helper=/workspace/cargo-home/bin/git-credential-null" "clone" "--bare" "https://github.com/zz0-0/crust" "/workspace/cache/git-repos/https%3A%2F%2Fgithub.com%2Fzz0-0%2Fcrust", kill_on_drop: false }`
[INFO] [stderr] Cloning into bare repository '/workspace/cache/git-repos/https%3A%2F%2Fgithub.com%2Fzz0-0%2Fcrust'...
[INFO] running `Command { std: "git" "rev-parse" "HEAD", kill_on_drop: false }`
[INFO] [stdout] 06ac96fe6ced6fbd6411ee64de300f045b67c8e4
[INFO] testing zz0-0/crust against nightly-2025-01-18 for randomize-layout-2
[INFO] running `Command { std: "git" "clone" "/workspace/cache/git-repos/https%3A%2F%2Fgithub.com%2Fzz0-0%2Fcrust" "/workspace/builds/worker-5-tc1/source", kill_on_drop: false }`
[INFO] [stderr] Cloning into '/workspace/builds/worker-5-tc1/source'...
[INFO] [stderr] done.
[INFO] validating manifest of git repo https://github.com/zz0-0/crust on toolchain nightly-2025-01-18
[INFO] running `Command { std: CARGO_HOME="/workspace/cargo-home" RUSTUP_HOME="/workspace/rustup-home" "/workspace/cargo-home/bin/cargo" "+nightly-2025-01-18" "metadata" "--manifest-path" "Cargo.toml" "--no-deps", kill_on_drop: false }`
[INFO] removed /workspace/builds/worker-5-tc1/source/.cargo/config.toml
[INFO] started tweaking git repo https://github.com/zz0-0/crust
[INFO] finished tweaking git repo https://github.com/zz0-0/crust
[INFO] tweaked toml for git repo https://github.com/zz0-0/crust written to /workspace/builds/worker-5-tc1/source/Cargo.toml
[INFO] crate git repo https://github.com/zz0-0/crust already has a lockfile, it will not be regenerated
[INFO] running `Command { std: CARGO_HOME="/workspace/cargo-home" RUSTUP_HOME="/workspace/rustup-home" "/workspace/cargo-home/bin/cargo" "+nightly-2025-01-18" "fetch" "--manifest-path" "Cargo.toml", kill_on_drop: false }`
[INFO] [stderr]     Blocking waiting for file lock on package cache
[INFO] [stderr]     Updating crates.io index
[INFO] [stderr]     Blocking waiting for file lock on package cache
[INFO] [stderr]  Downloading crates ...
[INFO] [stderr]   Downloaded security-framework-sys v2.13.0
[INFO] [stderr]   Downloaded secrecy v0.10.3
[INFO] [stderr]   Downloaded security-framework v3.1.0
[INFO] [stderr]   Downloaded headers-core v0.3.0
[INFO] [stderr]   Downloaded schemars_derive v0.8.21
[INFO] [stderr]   Downloaded kube-derive v0.97.0
[INFO] [stderr]   Downloaded jsonpath-rust v0.7.3
[INFO] [stderr]   Downloaded schemars v0.8.21
[INFO] [stderr]   Downloaded kube-core v0.97.0
[INFO] [stderr]   Downloaded kube-client v0.97.0
[INFO] [stderr]   Downloaded kube-runtime v0.97.0
[INFO] [stderr]   Downloaded jsonptr v0.6.3
[INFO] [stderr]   Downloaded serde_derive_internals v0.29.1
[INFO] [stderr]   Downloaded backoff v0.4.0
[INFO] [stderr]   Downloaded headers v0.4.0
[INFO] [stderr]   Downloaded hyper-http-proxy v1.0.0
[INFO] [stderr]   Downloaded json-patch v3.0.1
[INFO] [stderr]   Downloaded thiserror v2.0.8
[INFO] [stderr]   Downloaded kube v0.97.0
[INFO] [stderr]   Downloaded thiserror-impl v2.0.8
[INFO] [stderr]   Downloaded k8s-openapi v0.23.0
[INFO] running `Command { std: "docker" "create" "-v" "/var/lib/crater-agent-workspace/builds/worker-5-tc1/target:/opt/rustwide/target:rw,Z" "-v" "/var/lib/crater-agent-workspace/builds/worker-5-tc1/source:/opt/rustwide/workdir:ro,Z" "-v" "/var/lib/crater-agent-workspace/cargo-home:/opt/rustwide/cargo-home:ro,Z" "-v" "/var/lib/crater-agent-workspace/rustup-home:/opt/rustwide/rustup-home:ro,Z" "-e" "SOURCE_DIR=/opt/rustwide/workdir" "-e" "CARGO_TARGET_DIR=/opt/rustwide/target" "-e" "CARGO_HOME=/opt/rustwide/cargo-home" "-e" "RUSTUP_HOME=/opt/rustwide/rustup-home" "-w" "/opt/rustwide/workdir" "-m" "1610612736" "--user" "0:0" "--network" "none" "ghcr.io/rust-lang/crates-build-env/linux@sha256:819108c5571ea2e421544af4d832f968d213c87fbe3707a016657f43d2f853bc" "/opt/rustwide/cargo-home/bin/cargo" "+nightly-2025-01-18" "metadata" "--no-deps" "--format-version=1", kill_on_drop: false }`
[INFO] [stdout] 838a1262d7a0842eaa661ba5fa244175eb3f7cdd6b87bfbb409605debf1b8c67
[INFO] running `Command { std: "docker" "start" "-a" "838a1262d7a0842eaa661ba5fa244175eb3f7cdd6b87bfbb409605debf1b8c67", kill_on_drop: false }`
[INFO] running `Command { std: "docker" "inspect" "838a1262d7a0842eaa661ba5fa244175eb3f7cdd6b87bfbb409605debf1b8c67", kill_on_drop: false }`
[INFO] running `Command { std: "docker" "rm" "-f" "838a1262d7a0842eaa661ba5fa244175eb3f7cdd6b87bfbb409605debf1b8c67", kill_on_drop: false }`
[INFO] [stdout] 838a1262d7a0842eaa661ba5fa244175eb3f7cdd6b87bfbb409605debf1b8c67
[INFO] running `Command { std: "docker" "create" "-v" "/var/lib/crater-agent-workspace/builds/worker-5-tc1/target:/opt/rustwide/target:rw,Z" "-v" "/var/lib/crater-agent-workspace/builds/worker-5-tc1/source:/opt/rustwide/workdir:ro,Z" "-v" "/var/lib/crater-agent-workspace/cargo-home:/opt/rustwide/cargo-home:ro,Z" "-v" "/var/lib/crater-agent-workspace/rustup-home:/opt/rustwide/rustup-home:ro,Z" "-e" "SOURCE_DIR=/opt/rustwide/workdir" "-e" "CARGO_TARGET_DIR=/opt/rustwide/target" "-e" "CARGO_INCREMENTAL=0" "-e" "RUST_BACKTRACE=full" "-e" "RUSTFLAGS=--cap-lints=forbid" "-e" "RUSTDOCFLAGS=--cap-lints=forbid" "-e" "CARGO_HOME=/opt/rustwide/cargo-home" "-e" "RUSTUP_HOME=/opt/rustwide/rustup-home" "-w" "/opt/rustwide/workdir" "-m" "1610612736" "--user" "0:0" "--network" "none" "ghcr.io/rust-lang/crates-build-env/linux@sha256:819108c5571ea2e421544af4d832f968d213c87fbe3707a016657f43d2f853bc" "/opt/rustwide/cargo-home/bin/cargo" "+nightly-2025-01-18" "build" "--frozen" "--message-format=json", kill_on_drop: false }`
[INFO] [stdout] bd810cad4b3757bd207287f71f03d4d059c85a0d7e17204a4c07bc89a164e891
[INFO] running `Command { std: "docker" "start" "-a" "bd810cad4b3757bd207287f71f03d4d059c85a0d7e17204a4c07bc89a164e891", kill_on_drop: false }`
[INFO] [stderr]    Compiling libc v0.2.168
[INFO] [stderr]    Compiling pin-project-lite v0.2.15
[INFO] [stderr]    Compiling smallvec v1.13.2
[INFO] [stderr]    Compiling shlex v1.3.0
[INFO] [stderr]    Compiling serde v1.0.216
[INFO] [stderr]    Compiling log v0.4.22
[INFO] [stderr]    Compiling proc-macro2 v1.0.92
[INFO] [stderr]    Compiling ryu v1.0.18
[INFO] [stderr]    Compiling http v1.2.0
[INFO] [stderr]    Compiling tracing-core v0.1.33
[INFO] [stderr]    Compiling futures-channel v0.3.31
[INFO] [stderr]    Compiling futures-io v0.3.31
[INFO] [stderr]    Compiling lock_api v0.4.12
[INFO] [stderr]    Compiling serde_json v1.0.134
[INFO] [stderr]    Compiling allocator-api2 v0.2.21
[INFO] [stderr]    Compiling foldhash v0.1.3
[INFO] [stderr]    Compiling stable_deref_trait v1.2.0
[INFO] [stderr]    Compiling tower-service v0.3.3
[INFO] [stderr]    Compiling httparse v1.9.5
[INFO] [stderr]    Compiling atomic-waker v1.1.2
[INFO] [stderr]    Compiling try-lock v0.2.5
[INFO] [stderr]    Compiling cc v1.2.4
[INFO] [stderr]    Compiling httpdate v1.0.3
[INFO] [stderr]    Compiling want v0.3.1
[INFO] [stderr]    Compiling vcpkg v0.2.15
[INFO] [stderr]    Compiling thiserror v2.0.8
[INFO] [stderr]    Compiling rustls-pki-types v1.10.1
[INFO] [stderr]    Compiling pkg-config v0.3.31
[INFO] [stderr]    Compiling byteorder v1.5.0
[INFO] [stderr]    Compiling bitflags v2.6.0
[INFO] [stderr]    Compiling openssl-probe v0.1.5
[INFO] [stderr]    Compiling form_urlencoded v1.2.1
[INFO] [stderr]    Compiling base64 v0.22.1
[INFO] [stderr]    Compiling hashbrown v0.15.2
[INFO] [stderr]    Compiling sync_wrapper v1.0.2
[INFO] [stderr]    Compiling mime v0.3.17
[INFO] [stderr]    Compiling spin v0.9.8
[INFO] [stderr]    Compiling tower-layer v0.3.3
[INFO] [stderr]    Compiling quote v1.0.37
[INFO] [stderr]    Compiling ucd-trie v0.1.7
[INFO] [stderr]    Compiling untrusted v0.9.0
[INFO] [stderr]    Compiling syn v2.0.90
[INFO] [stderr]    Compiling crossbeam-utils v0.8.21
[INFO] [stderr]    Compiling foreign-types-shared v0.1.1
[INFO] [stderr]    Compiling rustls v0.23.20
[INFO] [stderr]    Compiling parking_lot_core v0.9.10
[INFO] [stderr]    Compiling socket2 v0.5.8
[INFO] [stderr]    Compiling signal-hook-registry v1.4.2
[INFO] [stderr]    Compiling mio v1.0.3
[INFO] [stderr]    Compiling getrandom v0.2.15
[INFO] [stderr]    Compiling openssl v0.10.68
[INFO] [stderr]    Compiling indexmap v2.7.0
[INFO] [stderr]    Compiling foreign-types v0.3.2
[INFO] [stderr]    Compiling schemars v0.8.21
[INFO] [stderr]    Compiling subtle v2.6.1
[INFO] [stderr]    Compiling parking_lot v0.12.3
[INFO] [stderr]    Compiling rand_core v0.6.4
[INFO] [stderr]    Compiling native-tls v0.2.12
[INFO] [stderr]    Compiling http-body v1.0.1
[INFO] [stderr]    Compiling k8s-openapi v0.23.0
[INFO] [stderr]    Compiling concurrent-queue v2.5.0
[INFO] [stderr]    Compiling regex-automata v0.4.9
[INFO] [stderr]    Compiling rustls-pemfile v2.2.0
[INFO] [stderr]    Compiling parking v2.2.1
[INFO] [stderr]    Compiling rustversion v1.0.18
[INFO] [stderr]    Compiling strsim v0.11.1
[INFO] [stderr]    Compiling dyn-clone v1.0.17
[INFO] [stderr]    Compiling event-listener v5.3.1
[INFO] [stderr]    Compiling ahash v0.8.11
[INFO] [stderr]    Compiling rustls-native-certs v0.8.1
[INFO] [stderr]    Compiling unsafe-libyaml v0.2.11
[INFO] [stderr]    Compiling secrecy v0.10.3
[INFO] [stderr]    Compiling pem v3.0.4
[INFO] [stderr]    Compiling instant v0.1.13
[INFO] [stderr]    Compiling home v0.5.11
[INFO] [stderr]    Compiling either v1.13.0
[INFO] [stderr]    Compiling encoding_rs v0.8.35
[INFO] [stderr]    Compiling event-listener-strategy v0.5.3
[INFO] [stderr]    Compiling ipnet v2.10.1
[INFO] [stderr]    Compiling matchit v0.7.3
[INFO] [stderr]    Compiling async-broadcast v0.7.1
[INFO] [stderr]    Compiling openssl-sys v0.9.104
[INFO] [stderr]    Compiling ring v0.17.8
[INFO] [stderr]    Compiling regex v1.11.1
[INFO] [stderr]    Compiling synstructure v0.13.1
[INFO] [stderr]    Compiling serde_derive_internals v0.29.1
[INFO] [stderr]    Compiling darling_core v0.20.10
[INFO] [stderr]    Compiling serde_derive v1.0.216
[INFO] [stderr]    Compiling tokio-macros v2.4.0
[INFO] [stderr]    Compiling futures-macro v0.3.31
[INFO] [stderr]    Compiling tracing-attributes v0.1.28
[INFO] [stderr]    Compiling zerofrom-derive v0.1.5
[INFO] [stderr]    Compiling yoke-derive v0.7.5
[INFO] [stderr]    Compiling zerovec-derive v0.10.3
[INFO] [stderr]    Compiling displaydoc v0.2.5
[INFO] [stderr]    Compiling zerocopy-derive v0.7.35
[INFO] [stderr]    Compiling thiserror-impl v2.0.8
[INFO] [stderr]    Compiling icu_provider_macros v1.5.0
[INFO] [stderr]    Compiling thiserror-impl v1.0.69
[INFO] [stderr]    Compiling openssl-macros v0.1.1
[INFO] [stderr]    Compiling schemars_derive v0.8.21
[INFO] [stderr]    Compiling async-trait v0.1.83
[INFO] [stderr]    Compiling enum-ordinalize-derive v4.3.1
[INFO] [stderr]    Compiling tokio v1.42.0
[INFO] [stderr]    Compiling futures-util v0.3.31
[INFO] [stderr]    Compiling zerocopy v0.7.35
[INFO] [stderr]    Compiling async-stream-impl v0.3.6
[INFO] [stderr]    Compiling rustls-webpki v0.102.8
[INFO] [stderr]    Compiling pin-project-internal v1.1.7
[INFO] [stderr]    Compiling enum-ordinalize v4.3.0
[INFO] [stderr]    Compiling educe v0.6.0
[INFO] [stderr]    Compiling zerofrom v0.1.5
[INFO] [stderr]    Compiling thiserror v1.0.69
[INFO] [stderr]    Compiling pest v2.7.15
[INFO] [stderr]    Compiling yoke v0.7.5
[INFO] [stderr]    Compiling tracing v0.1.41
[INFO] [stderr]    Compiling async-stream v0.3.6
[INFO] [stderr]    Compiling ppv-lite86 v0.2.20
[INFO] [stderr]    Compiling tower-http v0.6.2
[INFO] [stderr]    Compiling zerovec v0.10.4
[INFO] [stderr]    Compiling darling_macro v0.20.10
[INFO] [stderr]    Compiling rand_chacha v0.3.1
[INFO] [stderr]    Compiling pin-project v1.1.7
[INFO] [stderr]    Compiling darling v0.20.10
[INFO] [stderr]    Compiling kube-derive v0.97.0
[INFO] [stderr]    Compiling rand v0.8.5
[INFO] [stderr]    Compiling tinystr v0.7.6
[INFO] [stderr]    Compiling icu_collections v1.5.0
[INFO] [stderr]    Compiling icu_locid v1.5.0
[INFO] [stderr]    Compiling icu_provider v1.5.0
[INFO] [stderr]    Compiling backoff v0.4.0
[INFO] [stderr]    Compiling icu_locid_transform v1.5.0
[INFO] [stderr]    Compiling pest_meta v2.7.15
[INFO] [stderr]    Compiling icu_properties v1.5.1
[INFO] [stderr]    Compiling http-body-util v0.1.2
[INFO] [stderr]    Compiling futures v0.3.31
[INFO] [stderr]    Compiling pest_generator v2.7.15
[INFO] [stderr]    Compiling axum-core v0.4.5
[INFO] [stderr]    Compiling pest_derive v2.7.15
[INFO] [stderr]    Compiling icu_normalizer v1.5.0
[INFO] [stderr]    Compiling chrono v0.4.39
[INFO] [stderr]    Compiling serde-value v0.7.0
[INFO] [stderr]    Compiling serde_yaml v0.9.34+deprecated
[INFO] [stderr]    Compiling serde_urlencoded v0.7.1
[INFO] [stderr]    Compiling uuid v1.11.0
[INFO] [stderr]    Compiling serde_path_to_error v0.1.16
[INFO] [stderr]    Compiling idna_adapter v1.2.0
[INFO] [stderr]    Compiling idna v1.0.3
[INFO] [stderr]    Compiling url v2.5.4
[INFO] [stderr]    Compiling tokio-util v0.7.13
[INFO] [stderr]    Compiling tokio-rustls v0.26.1
[INFO] [stderr]    Compiling tokio-native-tls v0.3.1
[INFO] [stderr]    Compiling h2 v0.4.7
[INFO] [stderr]    Compiling tower v0.5.2
[INFO] [stderr]    Compiling jsonptr v0.6.3
[INFO] [stderr]    Compiling jsonpath-rust v0.7.3
[INFO] [stderr]    Compiling crust-core v0.1.0 (/opt/rustwide/workdir/crust-core)
[INFO] [stdout] warning: unused import: `uuid::timestamp`
[INFO] [stdout]  --> crust-core/src/set/rwset.rs:9:5
[INFO] [stdout]   |
[INFO] [stdout] 9 | use uuid::timestamp;
[INFO] [stdout]   |     ^^^^^^^^^^^^^^^
[INFO] [stdout]   |
[INFO] [stdout]   = note: `#[warn(unused_imports)]` on by default
[INFO] [stdout] 
[INFO] [stdout] 
[INFO] [stdout] warning: unused import: `de::value`
[INFO] [stdout]  --> crust-core/src/set/tpset.rs:7:13
[INFO] [stdout]   |
[INFO] [stdout] 7 | use serde::{de::value, Deserialize, Serialize};
[INFO] [stdout]   |             ^^^^^^^^^
[INFO] [stdout] 
[INFO] [stdout] 
[INFO] [stdout] warning: unused import: `BTreeSet`
[INFO] [stdout]  --> crust-core/src/set/tpset.rs:8:34
[INFO] [stdout]   |
[INFO] [stdout] 8 | use std::collections::{BTreeMap, BTreeSet, HashSet};
[INFO] [stdout]   |                                  ^^^^^^^^
[INFO] [stdout] 
[INFO] [stdout] 
[INFO] [stdout] warning: unused import: `timestamp`
[INFO] [stdout]   --> crust-core/src/set/tpset.rs:10:12
[INFO] [stdout]    |
[INFO] [stdout] 10 | use uuid::{timestamp, Uuid};
[INFO] [stdout]    |            ^^^^^^^^^
[INFO] [stdout] 
[INFO] [stdout] 
[INFO] [stderr]    Compiling json-patch v3.0.1
[INFO] [stdout] warning: unreachable statement
[INFO] [stdout]    --> crust-core/src/graph/tpgraph.rs:445:9
[INFO] [stdout]     |
[INFO] [stdout] 443 |         todo!();
[INFO] [stdout]     |         ------- any code following this expression is unreachable
[INFO] [stdout] 444 |
[INFO] [stdout] 445 |         a2.merge_delta(de1);
[INFO] [stdout]     |         ^^^^^^^^^^^^^^^^^^^^ unreachable statement
[INFO] [stdout]     |
[INFO] [stdout]     = note: `#[warn(unreachable_code)]` on by default
[INFO] [stdout] 
[INFO] [stdout] 
[INFO] [stdout] warning: unreachable statement
[INFO] [stdout]    --> crust-core/src/set/tpset.rs:361:9
[INFO] [stdout]     |
[INFO] [stdout] 359 |         todo!();
[INFO] [stdout]     |         ------- any code following this expression is unreachable
[INFO] [stdout] 360 |
[INFO] [stdout] 361 |         a2.merge_delta(de1);
[INFO] [stdout]     |         ^^^^^^^^^^^^^^^^^^^^ unreachable statement
[INFO] [stdout] 
[INFO] [stdout] 
[INFO] [stdout] warning: unused variable: `ts`
[INFO] [stdout]    --> crust-core/src/graph/tpgraph.rs:154:36
[INFO] [stdout]     |
[INFO] [stdout] 154 |             .filter(|((from, to), (ts, state))| {
[INFO] [stdout]     |                                    ^^ help: if this is intentional, prefix it with an underscore: `_ts`
[INFO] [stdout]     |
[INFO] [stdout]     = note: `#[warn(unused_variables)]` on by default
[INFO] [stdout] 
[INFO] [stdout] 
[INFO] [stdout] warning: unused variable: `vertex`
[INFO] [stdout]    --> crust-core/src/graph/tpgraph.rs:188:17
[INFO] [stdout]     |
[INFO] [stdout] 188 |                 ref vertex,
[INFO] [stdout]     |                 ^^^^^^^^^^ help: try ignoring the field: `vertex: _`
[INFO] [stdout] 
[INFO] [stdout] 
[INFO] [stdout] warning: unused variable: `timestamp`
[INFO] [stdout]    --> crust-core/src/graph/tpgraph.rs:189:17
[INFO] [stdout]     |
[INFO] [stdout] 189 |                 timestamp,
[INFO] [stdout]     |                 ^^^^^^^^^ help: try ignoring the field: `timestamp: _`
[INFO] [stdout] 
[INFO] [stdout] 
[INFO] [stdout] warning: unused variable: `self_state`
[INFO] [stdout]    --> crust-core/src/graph/tpgraph.rs:228:32
[INFO] [stdout]     |
[INFO] [stdout] 228 |                 Some((self_ts, self_state)) => {
[INFO] [stdout]     |                                ^^^^^^^^^^ help: if this is intentional, prefix it with an underscore: `_self_state`
[INFO] [stdout] 
[INFO] [stdout] 
[INFO] [stdout] warning: unused variable: `self_state`
[INFO] [stdout]    --> crust-core/src/graph/tpgraph.rs:243:32
[INFO] [stdout]     |
[INFO] [stdout] 243 |                 Some((self_ts, self_state)) => {
[INFO] [stdout]     |                                ^^^^^^^^^^ help: if this is intentional, prefix it with an underscore: `_self_state`
[INFO] [stdout] 
[INFO] [stdout] 
[INFO] [stdout] warning: unused variable: `self_ts`
[INFO] [stdout]    --> crust-core/src/graph/tpgraph.rs:256:23
[INFO] [stdout]     |
[INFO] [stdout] 256 |                 Some((self_ts, self_acks)) => {
[INFO] [stdout]     |                       ^^^^^^^ help: if this is intentional, prefix it with an underscore: `_self_ts`
[INFO] [stdout] 
[INFO] [stdout] 
[INFO] [stdout] warning: unused variable: `a2`
[INFO] [stdout]    --> crust-core/src/graph/tpgraph.rs:434:17
[INFO] [stdout]     |
[INFO] [stdout] 434 |         let mut a2 = a.clone();
[INFO] [stdout]     |                 ^^ help: if this is intentional, prefix it with an underscore: `_a2`
[INFO] [stdout] 
[INFO] [stdout] 
[INFO] [stdout] warning: unused variable: `combined_delta`
[INFO] [stdout]    --> crust-core/src/graph/tpgraph.rs:435:17
[INFO] [stdout]     |
[INFO] [stdout] 435 |         let mut combined_delta = TPGraph {
[INFO] [stdout]     |                 ^^^^^^^^^^^^^^ help: if this is intentional, prefix it with an underscore: `_combined_delta`
[INFO] [stdout] 
[INFO] [stdout] 
[INFO] [stdout] warning: variable does not need to be mutable
[INFO] [stdout]    --> crust-core/src/graph/tpgraph.rs:434:13
[INFO] [stdout]     |
[INFO] [stdout] 434 |         let mut a2 = a.clone();
[INFO] [stdout]     |             ----^^
[INFO] [stdout]     |             |
[INFO] [stdout]     |             help: remove this `mut`
[INFO] [stdout]     |
[INFO] [stdout]     = note: `#[warn(unused_mut)]` on by default
[INFO] [stdout] 
[INFO] [stdout] 
[INFO] [stdout] warning: variable does not need to be mutable
[INFO] [stdout]    --> crust-core/src/graph/tpgraph.rs:435:13
[INFO] [stdout]     |
[INFO] [stdout] 435 |         let mut combined_delta = TPGraph {
[INFO] [stdout]     |             ----^^^^^^^^^^^^^^
[INFO] [stdout]     |             |
[INFO] [stdout]     |             help: remove this `mut`
[INFO] [stdout] 
[INFO] [stdout] 
[INFO] [stdout] warning: unused variable: `since`
[INFO] [stdout]    --> crust-core/src/set/rwset.rs:129:30
[INFO] [stdout]     |
[INFO] [stdout] 129 |     fn generate_delta(&self, since: &Self) -> Self::De {
[INFO] [stdout]     |                              ^^^^^ help: if this is intentional, prefix it with an underscore: `_since`
[INFO] [stdout] 
[INFO] [stdout] 
[INFO] [stdout] warning: unused variable: `delta`
[INFO] [stdout]    --> crust-core/src/set/rwset.rs:132:31
[INFO] [stdout]     |
[INFO] [stdout] 132 |     fn merge_delta(&mut self, delta: Self::De) {
[INFO] [stdout]     |                               ^^^^^ help: if this is intentional, prefix it with an underscore: `_delta`
[INFO] [stdout] 
[INFO] [stdout] 
[INFO] [stdout] warning: unused variable: `existing_state`
[INFO] [stdout]    --> crust-core/src/set/tpset.rs:157:36
[INFO] [stdout]     |
[INFO] [stdout] 157 |                 Some((existing_ts, existing_state)) => {
[INFO] [stdout]     |                                    ^^^^^^^^^^^^^^ help: if this is intentional, prefix it with an underscore: `_existing_state`
[INFO] [stdout] 
[INFO] [stdout] 
[INFO] [stdout] warning: unused variable: `a2`
[INFO] [stdout]    --> crust-core/src/set/tpset.rs:351:17
[INFO] [stdout]     |
[INFO] [stdout] 351 |         let mut a2 = a.clone();
[INFO] [stdout]     |                 ^^ help: if this is intentional, prefix it with an underscore: `_a2`
[INFO] [stdout] 
[INFO] [stdout] 
[INFO] [stdout] warning: unused variable: `combined_delta`
[INFO] [stdout]    --> crust-core/src/set/tpset.rs:352:17
[INFO] [stdout]     |
[INFO] [stdout] 352 |         let mut combined_delta = TPSet {
[INFO] [stdout]     |                 ^^^^^^^^^^^^^^ help: if this is intentional, prefix it with an underscore: `_combined_delta`
[INFO] [stdout] 
[INFO] [stdout] 
[INFO] [stdout] warning: variable does not need to be mutable
[INFO] [stdout]    --> crust-core/src/set/tpset.rs:351:13
[INFO] [stdout]     |
[INFO] [stdout] 351 |         let mut a2 = a.clone();
[INFO] [stdout]     |             ----^^
[INFO] [stdout]     |             |
[INFO] [stdout]     |             help: remove this `mut`
[INFO] [stdout] 
[INFO] [stdout] 
[INFO] [stdout] warning: variable does not need to be mutable
[INFO] [stdout]    --> crust-core/src/set/tpset.rs:352:13
[INFO] [stdout]     |
[INFO] [stdout] 352 |         let mut combined_delta = TPSet {
[INFO] [stdout]     |             ----^^^^^^^^^^^^^^
[INFO] [stdout]     |             |
[INFO] [stdout]     |             help: remove this `mut`
[INFO] [stdout] 
[INFO] [stdout] 
[INFO] [stderr]    Compiling hyper v1.5.1
[INFO] [stderr]    Compiling hyper-util v0.1.10
[INFO] [stderr]    Compiling hyper-timeout v0.5.2
[INFO] [stderr]    Compiling hyper-rustls v0.27.3
[INFO] [stderr]    Compiling hyper-tls v0.6.0
[INFO] [stderr]    Compiling axum v0.7.9
[INFO] [stderr]    Compiling reqwest v0.12.9
[INFO] [stderr]    Compiling crust-http v0.1.0 (/opt/rustwide/workdir/crust-http)
[INFO] [stderr]    Compiling kube-core v0.97.0
[INFO] [stderr]    Compiling kube-client v0.97.0
[INFO] [stderr]    Compiling kube-runtime v0.97.0
[INFO] [stderr]    Compiling kube v0.97.0
[INFO] [stderr]    Compiling crust-test v0.1.0 (/opt/rustwide/workdir/crust-test)
[INFO] [stdout] warning: unused import: `routing::get`
[INFO] [stdout]  --> crust-test/src/main.rs:1:12
[INFO] [stdout]   |
[INFO] [stdout] 1 | use axum::{routing::get, Router};
[INFO] [stdout]   |            ^^^^^^^^^^^^
[INFO] [stdout]   |
[INFO] [stdout]   = note: `#[warn(unused_imports)]` on by default
[INFO] [stdout] 
[INFO] [stdout] 
[INFO] [stdout] warning: unused import: `std::sync::Arc`
[INFO] [stdout]  --> crust-test/src/main.rs:2:5
[INFO] [stdout]   |
[INFO] [stdout] 2 | use std::sync::Arc;
[INFO] [stdout]   |     ^^^^^^^^^^^^^^
[INFO] [stdout] 
[INFO] [stdout] 
[INFO] [stderr]     Finished `dev` profile [unoptimized + debuginfo] target(s) in 1m 33s
[INFO] running `Command { std: "docker" "inspect" "bd810cad4b3757bd207287f71f03d4d059c85a0d7e17204a4c07bc89a164e891", kill_on_drop: false }`
[INFO] running `Command { std: "docker" "rm" "-f" "bd810cad4b3757bd207287f71f03d4d059c85a0d7e17204a4c07bc89a164e891", kill_on_drop: false }`
[INFO] [stdout] bd810cad4b3757bd207287f71f03d4d059c85a0d7e17204a4c07bc89a164e891
[INFO] running `Command { std: "docker" "create" "-v" "/var/lib/crater-agent-workspace/builds/worker-5-tc1/target:/opt/rustwide/target:rw,Z" "-v" "/var/lib/crater-agent-workspace/builds/worker-5-tc1/source:/opt/rustwide/workdir:ro,Z" "-v" "/var/lib/crater-agent-workspace/cargo-home:/opt/rustwide/cargo-home:ro,Z" "-v" "/var/lib/crater-agent-workspace/rustup-home:/opt/rustwide/rustup-home:ro,Z" "-e" "SOURCE_DIR=/opt/rustwide/workdir" "-e" "CARGO_TARGET_DIR=/opt/rustwide/target" "-e" "CARGO_INCREMENTAL=0" "-e" "RUST_BACKTRACE=full" "-e" "RUSTFLAGS=--cap-lints=forbid" "-e" "RUSTDOCFLAGS=--cap-lints=forbid" "-e" "CARGO_HOME=/opt/rustwide/cargo-home" "-e" "RUSTUP_HOME=/opt/rustwide/rustup-home" "-w" "/opt/rustwide/workdir" "-m" "1610612736" "--user" "0:0" "--network" "none" "ghcr.io/rust-lang/crates-build-env/linux@sha256:819108c5571ea2e421544af4d832f968d213c87fbe3707a016657f43d2f853bc" "/opt/rustwide/cargo-home/bin/cargo" "+nightly-2025-01-18" "test" "--frozen" "--no-run" "--message-format=json", kill_on_drop: false }`
[INFO] [stdout] 08af9c48741e245bf2a01ab526c563f6341ca2768ad3a5b2f2effe1d42abcb9a
[INFO] running `Command { std: "docker" "start" "-a" "08af9c48741e245bf2a01ab526c563f6341ca2768ad3a5b2f2effe1d42abcb9a", kill_on_drop: false }`
[INFO] [stderr]    Compiling crust-core v0.1.0 (/opt/rustwide/workdir/crust-core)
[INFO] [stdout] warning: unused import: `uuid::timestamp`
[INFO] [stdout]  --> crust-core/src/set/rwset.rs:9:5
[INFO] [stdout]   |
[INFO] [stdout] 9 | use uuid::timestamp;
[INFO] [stdout]   |     ^^^^^^^^^^^^^^^
[INFO] [stdout]   |
[INFO] [stdout]   = note: `#[warn(unused_imports)]` on by default
[INFO] [stdout] 
[INFO] [stdout] 
[INFO] [stderr]    Compiling crust-http v0.1.0 (/opt/rustwide/workdir/crust-http)
[INFO] [stdout] warning: unused import: `de::value`
[INFO] [stdout]  --> crust-core/src/set/tpset.rs:7:13
[INFO] [stdout]   |
[INFO] [stdout] 7 | use serde::{de::value, Deserialize, Serialize};
[INFO] [stdout]   |             ^^^^^^^^^
[INFO] [stdout] 
[INFO] [stdout] 
[INFO] [stderr]    Compiling crust-test v0.1.0 (/opt/rustwide/workdir/crust-test)
[INFO] [stdout] warning: unused import: `BTreeSet`
[INFO] [stdout]  --> crust-core/src/set/tpset.rs:8:34
[INFO] [stdout]   |
[INFO] [stdout] 8 | use std::collections::{BTreeMap, BTreeSet, HashSet};
[INFO] [stdout]   |                                  ^^^^^^^^
[INFO] [stdout] 
[INFO] [stdout] 
[INFO] [stdout] warning: unused import: `timestamp`
[INFO] [stdout]   --> crust-core/src/set/tpset.rs:10:12
[INFO] [stdout]    |
[INFO] [stdout] 10 | use uuid::{timestamp, Uuid};
[INFO] [stdout]    |            ^^^^^^^^^
[INFO] [stdout] 
[INFO] [stdout] 
[INFO] [stdout] warning: unreachable statement
[INFO] [stdout]    --> crust-core/src/graph/tpgraph.rs:445:9
[INFO] [stdout]     |
[INFO] [stdout] 443 |         todo!();
[INFO] [stdout]     |         ------- any code following this expression is unreachable
[INFO] [stdout] 444 |
[INFO] [stdout] 445 |         a2.merge_delta(de1);
[INFO] [stdout]     |         ^^^^^^^^^^^^^^^^^^^^ unreachable statement
[INFO] [stdout]     |
[INFO] [stdout]     = note: `#[warn(unreachable_code)]` on by default
[INFO] [stdout] 
[INFO] [stdout] 
[INFO] [stdout] warning: unreachable statement
[INFO] [stdout]    --> crust-core/src/set/tpset.rs:361:9
[INFO] [stdout]     |
[INFO] [stdout] 359 |         todo!();
[INFO] [stdout]     |         ------- any code following this expression is unreachable
[INFO] [stdout] 360 |
[INFO] [stdout] 361 |         a2.merge_delta(de1);
[INFO] [stdout]     |         ^^^^^^^^^^^^^^^^^^^^ unreachable statement
[INFO] [stdout] 
[INFO] [stdout] 
[INFO] [stdout] warning: unused variable: `ts`
[INFO] [stdout]    --> crust-core/src/graph/tpgraph.rs:154:36
[INFO] [stdout]     |
[INFO] [stdout] 154 |             .filter(|((from, to), (ts, state))| {
[INFO] [stdout]     |                                    ^^ help: if this is intentional, prefix it with an underscore: `_ts`
[INFO] [stdout]     |
[INFO] [stdout]     = note: `#[warn(unused_variables)]` on by default
[INFO] [stdout] 
[INFO] [stdout] 
[INFO] [stdout] warning: unused variable: `vertex`
[INFO] [stdout]    --> crust-core/src/graph/tpgraph.rs:188:17
[INFO] [stdout]     |
[INFO] [stdout] 188 |                 ref vertex,
[INFO] [stdout]     |                 ^^^^^^^^^^ help: try ignoring the field: `vertex: _`
[INFO] [stdout] 
[INFO] [stdout] 
[INFO] [stdout] warning: unused variable: `timestamp`
[INFO] [stdout]    --> crust-core/src/graph/tpgraph.rs:189:17
[INFO] [stdout]     |
[INFO] [stdout] 189 |                 timestamp,
[INFO] [stdout]     |                 ^^^^^^^^^ help: try ignoring the field: `timestamp: _`
[INFO] [stdout] 
[INFO] [stdout] 
[INFO] [stdout] warning: unused variable: `self_state`
[INFO] [stdout]    --> crust-core/src/graph/tpgraph.rs:228:32
[INFO] [stdout]     |
[INFO] [stdout] 228 |                 Some((self_ts, self_state)) => {
[INFO] [stdout]     |                                ^^^^^^^^^^ help: if this is intentional, prefix it with an underscore: `_self_state`
[INFO] [stdout] 
[INFO] [stdout] 
[INFO] [stdout] warning: unused variable: `self_state`
[INFO] [stdout]    --> crust-core/src/graph/tpgraph.rs:243:32
[INFO] [stdout]     |
[INFO] [stdout] 243 |                 Some((self_ts, self_state)) => {
[INFO] [stdout]     |                                ^^^^^^^^^^ help: if this is intentional, prefix it with an underscore: `_self_state`
[INFO] [stdout] 
[INFO] [stdout] 
[INFO] [stdout] warning: unused variable: `self_ts`
[INFO] [stdout]    --> crust-core/src/graph/tpgraph.rs:256:23
[INFO] [stdout]     |
[INFO] [stdout] 256 |                 Some((self_ts, self_acks)) => {
[INFO] [stdout]     |                       ^^^^^^^ help: if this is intentional, prefix it with an underscore: `_self_ts`
[INFO] [stdout] 
[INFO] [stdout] 
[INFO] [stdout] warning: unused variable: `a2`
[INFO] [stdout]    --> crust-core/src/graph/tpgraph.rs:434:17
[INFO] [stdout]     |
[INFO] [stdout] 434 |         let mut a2 = a.clone();
[INFO] [stdout]     |                 ^^ help: if this is intentional, prefix it with an underscore: `_a2`
[INFO] [stdout] 
[INFO] [stdout] 
[INFO] [stdout] warning: unused variable: `combined_delta`
[INFO] [stdout]    --> crust-core/src/graph/tpgraph.rs:435:17
[INFO] [stdout]     |
[INFO] [stdout] 435 |         let mut combined_delta = TPGraph {
[INFO] [stdout]     |                 ^^^^^^^^^^^^^^ help: if this is intentional, prefix it with an underscore: `_combined_delta`
[INFO] [stdout] 
[INFO] [stdout] 
[INFO] [stdout] warning: variable does not need to be mutable
[INFO] [stdout]    --> crust-core/src/graph/tpgraph.rs:434:13
[INFO] [stdout]     |
[INFO] [stdout] 434 |         let mut a2 = a.clone();
[INFO] [stdout]     |             ----^^
[INFO] [stdout]     |             |
[INFO] [stdout]     |             help: remove this `mut`
[INFO] [stdout]     |
[INFO] [stdout]     = note: `#[warn(unused_mut)]` on by default
[INFO] [stdout] 
[INFO] [stdout] 
[INFO] [stdout] warning: variable does not need to be mutable
[INFO] [stdout]    --> crust-core/src/graph/tpgraph.rs:435:13
[INFO] [stdout]     |
[INFO] [stdout] 435 |         let mut combined_delta = TPGraph {
[INFO] [stdout]     |             ----^^^^^^^^^^^^^^
[INFO] [stdout]     |             |
[INFO] [stdout]     |             help: remove this `mut`
[INFO] [stdout] 
[INFO] [stdout] 
[INFO] [stdout] warning: unused variable: `since`
[INFO] [stdout]    --> crust-core/src/set/rwset.rs:129:30
[INFO] [stdout]     |
[INFO] [stdout] 129 |     fn generate_delta(&self, since: &Self) -> Self::De {
[INFO] [stdout]     |                              ^^^^^ help: if this is intentional, prefix it with an underscore: `_since`
[INFO] [stdout] 
[INFO] [stdout] 
[INFO] [stdout] warning: unused variable: `delta`
[INFO] [stdout]    --> crust-core/src/set/rwset.rs:132:31
[INFO] [stdout]     |
[INFO] [stdout] 132 |     fn merge_delta(&mut self, delta: Self::De) {
[INFO] [stdout]     |                               ^^^^^ help: if this is intentional, prefix it with an underscore: `_delta`
[INFO] [stdout] 
[INFO] [stdout] 
[INFO] [stdout] warning: unused variable: `existing_state`
[INFO] [stdout]    --> crust-core/src/set/tpset.rs:157:36
[INFO] [stdout]     |
[INFO] [stdout] 157 |                 Some((existing_ts, existing_state)) => {
[INFO] [stdout]     |                                    ^^^^^^^^^^^^^^ help: if this is intentional, prefix it with an underscore: `_existing_state`
[INFO] [stdout] 
[INFO] [stdout] 
[INFO] [stdout] warning: unused variable: `a2`
[INFO] [stdout]    --> crust-core/src/set/tpset.rs:351:17
[INFO] [stdout]     |
[INFO] [stdout] 351 |         let mut a2 = a.clone();
[INFO] [stdout]     |                 ^^ help: if this is intentional, prefix it with an underscore: `_a2`
[INFO] [stdout] 
[INFO] [stdout] 
[INFO] [stdout] warning: unused variable: `combined_delta`
[INFO] [stdout]    --> crust-core/src/set/tpset.rs:352:17
[INFO] [stdout]     |
[INFO] [stdout] 352 |         let mut combined_delta = TPSet {
[INFO] [stdout]     |                 ^^^^^^^^^^^^^^ help: if this is intentional, prefix it with an underscore: `_combined_delta`
[INFO] [stdout] 
[INFO] [stdout] 
[INFO] [stdout] warning: variable does not need to be mutable
[INFO] [stdout]    --> crust-core/src/set/tpset.rs:351:13
[INFO] [stdout]     |
[INFO] [stdout] 351 |         let mut a2 = a.clone();
[INFO] [stdout]     |             ----^^
[INFO] [stdout]     |             |
[INFO] [stdout]     |             help: remove this `mut`
[INFO] [stdout] 
[INFO] [stdout] 
[INFO] [stdout] warning: variable does not need to be mutable
[INFO] [stdout]    --> crust-core/src/set/tpset.rs:352:13
[INFO] [stdout]     |
[INFO] [stdout] 352 |         let mut combined_delta = TPSet {
[INFO] [stdout]     |             ----^^^^^^^^^^^^^^
[INFO] [stdout]     |             |
[INFO] [stdout]     |             help: remove this `mut`
[INFO] [stdout] 
[INFO] [stdout] 
[INFO] [stdout] warning: unused import: `routing::get`
[INFO] [stdout]  --> crust-test/src/main.rs:1:12
[INFO] [stdout]   |
[INFO] [stdout] 1 | use axum::{routing::get, Router};
[INFO] [stdout]   |            ^^^^^^^^^^^^
[INFO] [stdout]   |
[INFO] [stdout]   = note: `#[warn(unused_imports)]` on by default
[INFO] [stdout] 
[INFO] [stdout] 
[INFO] [stdout] warning: unused import: `std::sync::Arc`
[INFO] [stdout]  --> crust-test/src/main.rs:2:5
[INFO] [stdout]   |
[INFO] [stdout] 2 | use std::sync::Arc;
[INFO] [stdout]   |     ^^^^^^^^^^^^^^
[INFO] [stdout] 
[INFO] [stdout] 
[INFO] [stdout] warning: unused import: `uuid::timestamp`
[INFO] [stdout]  --> crust-core/src/set/rwset.rs:9:5
[INFO] [stdout]   |
[INFO] [stdout] 9 | use uuid::timestamp;
[INFO] [stdout]   |     ^^^^^^^^^^^^^^^
[INFO] [stdout]   |
[INFO] [stdout]   = note: `#[warn(unused_imports)]` on by default
[INFO] [stdout] 
[INFO] [stdout] 
[INFO] [stdout] warning: unused import: `de::value`
[INFO] [stdout]  --> crust-core/src/set/tpset.rs:7:13
[INFO] [stdout]   |
[INFO] [stdout] 7 | use serde::{de::value, Deserialize, Serialize};
[INFO] [stdout]   |             ^^^^^^^^^
[INFO] [stdout] 
[INFO] [stdout] 
[INFO] [stdout] warning: unused import: `BTreeSet`
[INFO] [stdout]  --> crust-core/src/set/tpset.rs:8:34
[INFO] [stdout]   |
[INFO] [stdout] 8 | use std::collections::{BTreeMap, BTreeSet, HashSet};
[INFO] [stdout]   |                                  ^^^^^^^^
[INFO] [stdout] 
[INFO] [stdout] 
[INFO] [stdout] warning: unused import: `timestamp`
[INFO] [stdout]   --> crust-core/src/set/tpset.rs:10:12
[INFO] [stdout]    |
[INFO] [stdout] 10 | use uuid::{timestamp, Uuid};
[INFO] [stdout]    |            ^^^^^^^^^
[INFO] [stdout] 
[INFO] [stdout] 
[INFO] [stdout] warning: unreachable statement
[INFO] [stdout]    --> crust-core/src/graph/tpgraph.rs:445:9
[INFO] [stdout]     |
[INFO] [stdout] 443 |         todo!();
[INFO] [stdout]     |         ------- any code following this expression is unreachable
[INFO] [stdout] 444 |
[INFO] [stdout] 445 |         a2.merge_delta(de1);
[INFO] [stdout]     |         ^^^^^^^^^^^^^^^^^^^^ unreachable statement
[INFO] [stdout]     |
[INFO] [stdout]     = note: `#[warn(unreachable_code)]` on by default
[INFO] [stdout] 
[INFO] [stdout] 
[INFO] [stdout] warning: unreachable statement
[INFO] [stdout]    --> crust-core/src/graph/tpgraph.rs:490:9
[INFO] [stdout]     |
[INFO] [stdout] 488 |           todo!();
[INFO] [stdout]     |           ------- any code following this expression is unreachable
[INFO] [stdout] 489 |
[INFO] [stdout] 490 | /         assert!(TPGraph::<String>::cvrdt_associativity(
[INFO] [stdout] 491 | |             g1.clone(),
[INFO] [stdout] 492 | |             g2.clone(),
[INFO] [stdout] 493 | |             g3.clone()
[INFO] [stdout] 494 | |         ));
[INFO] [stdout]     | |__________^ unreachable statement
[INFO] [stdout]     |
[INFO] [stdout]     = note: this warning originates in the macro `assert` (in Nightly builds, run with -Z macro-backtrace for more info)
[INFO] [stdout] 
[INFO] [stdout] 
[INFO] [stdout] warning: unreachable statement
[INFO] [stdout]    --> crust-core/src/set/tpset.rs:361:9
[INFO] [stdout]     |
[INFO] [stdout] 359 |         todo!();
[INFO] [stdout]     |         ------- any code following this expression is unreachable
[INFO] [stdout] 360 |
[INFO] [stdout] 361 |         a2.merge_delta(de1);
[INFO] [stdout]     |         ^^^^^^^^^^^^^^^^^^^^ unreachable statement
[INFO] [stdout] 
[INFO] [stdout] 
[INFO] [stdout] warning: unreachable statement
[INFO] [stdout]    --> crust-core/src/set/tpset.rs:406:9
[INFO] [stdout]     |
[INFO] [stdout] 404 |           todo!();
[INFO] [stdout]     |           ------- any code following this expression is unreachable
[INFO] [stdout] 405 |
[INFO] [stdout] 406 | /         assert!(TPSet::<String>::cvrdt_associativity(
[INFO] [stdout] 407 | |             a.clone(),
[INFO] [stdout] 408 | |             b.clone(),
[INFO] [stdout] 409 | |             c.clone()
[INFO] [stdout] 410 | |         ));
[INFO] [stdout]     | |__________^ unreachable statement
[INFO] [stdout]     |
[INFO] [stdout]     = note: this warning originates in the macro `assert` (in Nightly builds, run with -Z macro-backtrace for more info)
[INFO] [stdout] 
[INFO] [stdout] 
[INFO] [stdout] warning: unused variable: `ts`
[INFO] [stdout]    --> crust-core/src/graph/tpgraph.rs:154:36
[INFO] [stdout]     |
[INFO] [stdout] 154 |             .filter(|((from, to), (ts, state))| {
[INFO] [stdout]     |                                    ^^ help: if this is intentional, prefix it with an underscore: `_ts`
[INFO] [stdout]     |
[INFO] [stdout]     = note: `#[warn(unused_variables)]` on by default
[INFO] [stdout] 
[INFO] [stdout] 
[INFO] [stdout] warning: unused variable: `vertex`
[INFO] [stdout]    --> crust-core/src/graph/tpgraph.rs:188:17
[INFO] [stdout]     |
[INFO] [stdout] 188 |                 ref vertex,
[INFO] [stdout]     |                 ^^^^^^^^^^ help: try ignoring the field: `vertex: _`
[INFO] [stdout] 
[INFO] [stdout] 
[INFO] [stdout] warning: unused variable: `timestamp`
[INFO] [stdout]    --> crust-core/src/graph/tpgraph.rs:189:17
[INFO] [stdout]     |
[INFO] [stdout] 189 |                 timestamp,
[INFO] [stdout]     |                 ^^^^^^^^^ help: try ignoring the field: `timestamp: _`
[INFO] [stdout] 
[INFO] [stdout] 
[INFO] [stdout] warning: unused variable: `self_state`
[INFO] [stdout]    --> crust-core/src/graph/tpgraph.rs:228:32
[INFO] [stdout]     |
[INFO] [stdout] 228 |                 Some((self_ts, self_state)) => {
[INFO] [stdout]     |                                ^^^^^^^^^^ help: if this is intentional, prefix it with an underscore: `_self_state`
[INFO] [stdout] 
[INFO] [stdout] 
[INFO] [stdout] warning: unused variable: `self_state`
[INFO] [stdout]    --> crust-core/src/graph/tpgraph.rs:243:32
[INFO] [stdout]     |
[INFO] [stdout] 243 |                 Some((self_ts, self_state)) => {
[INFO] [stdout]     |                                ^^^^^^^^^^ help: if this is intentional, prefix it with an underscore: `_self_state`
[INFO] [stdout] 
[INFO] [stdout] 
[INFO] [stdout] warning: unused variable: `self_ts`
[INFO] [stdout]    --> crust-core/src/graph/tpgraph.rs:256:23
[INFO] [stdout]     |
[INFO] [stdout] 256 |                 Some((self_ts, self_acks)) => {
[INFO] [stdout]     |                       ^^^^^^^ help: if this is intentional, prefix it with an underscore: `_self_ts`
[INFO] [stdout] 
[INFO] [stdout] 
[INFO] [stdout] warning: unused variable: `a2`
[INFO] [stdout]    --> crust-core/src/graph/tpgraph.rs:434:17
[INFO] [stdout]     |
[INFO] [stdout] 434 |         let mut a2 = a.clone();
[INFO] [stdout]     |                 ^^ help: if this is intentional, prefix it with an underscore: `_a2`
[INFO] [stdout] 
[INFO] [stdout] 
[INFO] [stdout] warning: unused variable: `combined_delta`
[INFO] [stdout]    --> crust-core/src/graph/tpgraph.rs:435:17
[INFO] [stdout]     |
[INFO] [stdout] 435 |         let mut combined_delta = TPGraph {
[INFO] [stdout]     |                 ^^^^^^^^^^^^^^ help: if this is intentional, prefix it with an underscore: `_combined_delta`
[INFO] [stdout] 
[INFO] [stdout] 
[INFO] [stdout] warning: variable does not need to be mutable
[INFO] [stdout]    --> crust-core/src/graph/tpgraph.rs:434:13
[INFO] [stdout]     |
[INFO] [stdout] 434 |         let mut a2 = a.clone();
[INFO] [stdout]     |             ----^^
[INFO] [stdout]     |             |
[INFO] [stdout]     |             help: remove this `mut`
[INFO] [stdout]     |
[INFO] [stdout]     = note: `#[warn(unused_mut)]` on by default
[INFO] [stdout] 
[INFO] [stdout] 
[INFO] [stdout] warning: variable does not need to be mutable
[INFO] [stdout]    --> crust-core/src/graph/tpgraph.rs:435:13
[INFO] [stdout]     |
[INFO] [stdout] 435 |         let mut combined_delta = TPGraph {
[INFO] [stdout]     |             ----^^^^^^^^^^^^^^
[INFO] [stdout]     |             |
[INFO] [stdout]     |             help: remove this `mut`
[INFO] [stdout] 
[INFO] [stdout] 
[INFO] [stdout] warning: unused variable: `g1`
[INFO] [stdout]    --> crust-core/src/graph/tpgraph.rs:484:17
[INFO] [stdout]     |
[INFO] [stdout] 484 |         let mut g1 = TPGraph::<String>::new();
[INFO] [stdout]     |                 ^^ help: if this is intentional, prefix it with an underscore: `_g1`
[INFO] [stdout] 
[INFO] [stdout] 
[INFO] [stdout] warning: unused variable: `g2`
[INFO] [stdout]    --> crust-core/src/graph/tpgraph.rs:485:17
[INFO] [stdout]     |
[INFO] [stdout] 485 |         let mut g2 = TPGraph::<String>::new();
[INFO] [stdout]     |                 ^^ help: if this is intentional, prefix it with an underscore: `_g2`
[INFO] [stdout] 
[INFO] [stdout] 
[INFO] [stdout] warning: unused variable: `g3`
[INFO] [stdout]    --> crust-core/src/graph/tpgraph.rs:486:17
[INFO] [stdout]     |
[INFO] [stdout] 486 |         let mut g3 = TPGraph::<String>::new();
[INFO] [stdout]     |                 ^^ help: if this is intentional, prefix it with an underscore: `_g3`
[INFO] [stdout] 
[INFO] [stdout] 
[INFO] [stdout] warning: variable does not need to be mutable
[INFO] [stdout]    --> crust-core/src/graph/tpgraph.rs:484:13
[INFO] [stdout]     |
[INFO] [stdout] 484 |         let mut g1 = TPGraph::<String>::new();
[INFO] [stdout]     |             ----^^
[INFO] [stdout]     |             |
[INFO] [stdout]     |             help: remove this `mut`
[INFO] [stdout] 
[INFO] [stdout] 
[INFO] [stdout] warning: variable does not need to be mutable
[INFO] [stdout]    --> crust-core/src/graph/tpgraph.rs:485:13
[INFO] [stdout]     |
[INFO] [stdout] 485 |         let mut g2 = TPGraph::<String>::new();
[INFO] [stdout]     |             ----^^
[INFO] [stdout]     |             |
[INFO] [stdout]     |             help: remove this `mut`
[INFO] [stdout] 
[INFO] [stdout] 
[INFO] [stdout] warning: variable does not need to be mutable
[INFO] [stdout]    --> crust-core/src/graph/tpgraph.rs:486:13
[INFO] [stdout]     |
[INFO] [stdout] 486 |         let mut g3 = TPGraph::<String>::new();
[INFO] [stdout]     |             ----^^
[INFO] [stdout]     |             |
[INFO] [stdout]     |             help: remove this `mut`
[INFO] [stdout] 
[INFO] [stdout] 
[INFO] [stdout] warning: unused variable: `since`
[INFO] [stdout]    --> crust-core/src/set/rwset.rs:129:30
[INFO] [stdout]     |
[INFO] [stdout] 129 |     fn generate_delta(&self, since: &Self) -> Self::De {
[INFO] [stdout]     |                              ^^^^^ help: if this is intentional, prefix it with an underscore: `_since`
[INFO] [stdout] 
[INFO] [stdout] 
[INFO] [stdout] warning: unused variable: `delta`
[INFO] [stdout]    --> crust-core/src/set/rwset.rs:132:31
[INFO] [stdout]     |
[INFO] [stdout] 132 |     fn merge_delta(&mut self, delta: Self::De) {
[INFO] [stdout]     |                               ^^^^^ help: if this is intentional, prefix it with an underscore: `_delta`
[INFO] [stdout] 
[INFO] [stdout] 
[INFO] [stdout] warning: unused variable: `existing_state`
[INFO] [stdout]    --> crust-core/src/set/tpset.rs:157:36
[INFO] [stdout]     |
[INFO] [stdout] 157 |                 Some((existing_ts, existing_state)) => {
[INFO] [stdout]     |                                    ^^^^^^^^^^^^^^ help: if this is intentional, prefix it with an underscore: `_existing_state`
[INFO] [stdout] 
[INFO] [stdout] 
[INFO] [stdout] warning: unused variable: `a2`
[INFO] [stdout]    --> crust-core/src/set/tpset.rs:351:17
[INFO] [stdout]     |
[INFO] [stdout] 351 |         let mut a2 = a.clone();
[INFO] [stdout]     |                 ^^ help: if this is intentional, prefix it with an underscore: `_a2`
[INFO] [stdout] 
[INFO] [stdout] 
[INFO] [stdout] warning: unused variable: `combined_delta`
[INFO] [stdout]    --> crust-core/src/set/tpset.rs:352:17
[INFO] [stdout]     |
[INFO] [stdout] 352 |         let mut combined_delta = TPSet {
[INFO] [stdout]     |                 ^^^^^^^^^^^^^^ help: if this is intentional, prefix it with an underscore: `_combined_delta`
[INFO] [stdout] 
[INFO] [stdout] 
[INFO] [stdout] warning: variable does not need to be mutable
[INFO] [stdout]    --> crust-core/src/set/tpset.rs:351:13
[INFO] [stdout]     |
[INFO] [stdout] 351 |         let mut a2 = a.clone();
[INFO] [stdout]     |             ----^^
[INFO] [stdout]     |             |
[INFO] [stdout]     |             help: remove this `mut`
[INFO] [stdout] 
[INFO] [stdout] 
[INFO] [stdout] warning: variable does not need to be mutable
[INFO] [stdout]    --> crust-core/src/set/tpset.rs:352:13
[INFO] [stdout]     |
[INFO] [stdout] 352 |         let mut combined_delta = TPSet {
[INFO] [stdout]     |             ----^^^^^^^^^^^^^^
[INFO] [stdout]     |             |
[INFO] [stdout]     |             help: remove this `mut`
[INFO] [stdout] 
[INFO] [stdout] 
[INFO] [stdout] warning: unused variable: `a`
[INFO] [stdout]    --> crust-core/src/set/tpset.rs:400:17
[INFO] [stdout]     |
[INFO] [stdout] 400 |         let mut a = TPSet::<String>::new();
[INFO] [stdout]     |                 ^ help: if this is intentional, prefix it with an underscore: `_a`
[INFO] [stdout] 
[INFO] [stdout] 
[INFO] [stdout] warning: unused variable: `b`
[INFO] [stdout]    --> crust-core/src/set/tpset.rs:401:17
[INFO] [stdout]     |
[INFO] [stdout] 401 |         let mut b = TPSet::<String>::new();
[INFO] [stdout]     |                 ^ help: if this is intentional, prefix it with an underscore: `_b`
[INFO] [stdout] 
[INFO] [stdout] 
[INFO] [stdout] warning: unused variable: `c`
[INFO] [stdout]    --> crust-core/src/set/tpset.rs:402:17
[INFO] [stdout]     |
[INFO] [stdout] 402 |         let mut c = TPSet::<String>::new();
[INFO] [stdout]     |                 ^ help: if this is intentional, prefix it with an underscore: `_c`
[INFO] [stdout] 
[INFO] [stdout] 
[INFO] [stdout] warning: variable does not need to be mutable
[INFO] [stdout]    --> crust-core/src/set/tpset.rs:400:13
[INFO] [stdout]     |
[INFO] [stdout] 400 |         let mut a = TPSet::<String>::new();
[INFO] [stdout]     |             ----^
[INFO] [stdout]     |             |
[INFO] [stdout]     |             help: remove this `mut`
[INFO] [stdout] 
[INFO] [stdout] 
[INFO] [stdout] warning: variable does not need to be mutable
[INFO] [stdout]    --> crust-core/src/set/tpset.rs:401:13
[INFO] [stdout]     |
[INFO] [stdout] 401 |         let mut b = TPSet::<String>::new();
[INFO] [stdout]     |             ----^
[INFO] [stdout]     |             |
[INFO] [stdout]     |             help: remove this `mut`
[INFO] [stdout] 
[INFO] [stdout] 
[INFO] [stdout] warning: variable does not need to be mutable
[INFO] [stdout]    --> crust-core/src/set/tpset.rs:402:13
[INFO] [stdout]     |
[INFO] [stdout] 402 |         let mut c = TPSet::<String>::new();
[INFO] [stdout]     |             ----^
[INFO] [stdout]     |             |
[INFO] [stdout]     |             help: remove this `mut`
[INFO] [stdout] 
[INFO] [stdout] 
[INFO] [stderr]     Finished `test` profile [unoptimized + debuginfo] target(s) in 3.59s
[INFO] running `Command { std: "docker" "inspect" "08af9c48741e245bf2a01ab526c563f6341ca2768ad3a5b2f2effe1d42abcb9a", kill_on_drop: false }`
[INFO] running `Command { std: "docker" "rm" "-f" "08af9c48741e245bf2a01ab526c563f6341ca2768ad3a5b2f2effe1d42abcb9a", kill_on_drop: false }`
[INFO] [stdout] 08af9c48741e245bf2a01ab526c563f6341ca2768ad3a5b2f2effe1d42abcb9a
[INFO] running `Command { std: "docker" "create" "-v" "/var/lib/crater-agent-workspace/builds/worker-5-tc1/target:/opt/rustwide/target:rw,Z" "-v" "/var/lib/crater-agent-workspace/builds/worker-5-tc1/source:/opt/rustwide/workdir:ro,Z" "-v" "/var/lib/crater-agent-workspace/cargo-home:/opt/rustwide/cargo-home:ro,Z" "-v" "/var/lib/crater-agent-workspace/rustup-home:/opt/rustwide/rustup-home:ro,Z" "-e" "SOURCE_DIR=/opt/rustwide/workdir" "-e" "CARGO_TARGET_DIR=/opt/rustwide/target" "-e" "CARGO_INCREMENTAL=0" "-e" "RUST_BACKTRACE=full" "-e" "RUSTFLAGS=--cap-lints=forbid" "-e" "RUSTDOCFLAGS=--cap-lints=forbid" "-e" "CARGO_HOME=/opt/rustwide/cargo-home" "-e" "RUSTUP_HOME=/opt/rustwide/rustup-home" "-w" "/opt/rustwide/workdir" "-m" "1610612736" "--user" "0:0" "--network" "none" "ghcr.io/rust-lang/crates-build-env/linux@sha256:819108c5571ea2e421544af4d832f968d213c87fbe3707a016657f43d2f853bc" "/opt/rustwide/cargo-home/bin/cargo" "+nightly-2025-01-18" "test" "--frozen", kill_on_drop: false }`
[INFO] [stdout] dc1bfed6d122f77c032ff682eb9242db7f2049784a3e32fa5935c3a369283ccc
[INFO] running `Command { std: "docker" "start" "-a" "dc1bfed6d122f77c032ff682eb9242db7f2049784a3e32fa5935c3a369283ccc", kill_on_drop: false }`
[INFO] [stderr] warning: unused import: `uuid::timestamp`
[INFO] [stderr]  --> crust-core/src/set/rwset.rs:9:5
[INFO] [stderr]   |
[INFO] [stderr] 9 | use uuid::timestamp;
[INFO] [stderr]   |     ^^^^^^^^^^^^^^^
[INFO] [stderr]   |
[INFO] [stderr]   = note: `#[warn(unused_imports)]` on by default
[INFO] [stderr] 
[INFO] [stderr] warning: unused import: `de::value`
[INFO] [stderr]  --> crust-core/src/set/tpset.rs:7:13
[INFO] [stderr]   |
[INFO] [stderr] 7 | use serde::{de::value, Deserialize, Serialize};
[INFO] [stderr]   |             ^^^^^^^^^
[INFO] [stderr] 
[INFO] [stderr] warning: unused import: `BTreeSet`
[INFO] [stderr]  --> crust-core/src/set/tpset.rs:8:34
[INFO] [stderr]   |
[INFO] [stderr] 8 | use std::collections::{BTreeMap, BTreeSet, HashSet};
[INFO] [stderr]   |                                  ^^^^^^^^
[INFO] [stderr] 
[INFO] [stderr] warning: unused import: `timestamp`
[INFO] [stderr]   --> crust-core/src/set/tpset.rs:10:12
[INFO] [stderr]    |
[INFO] [stderr] 10 | use uuid::{timestamp, Uuid};
[INFO] [stderr]    |            ^^^^^^^^^
[INFO] [stderr] 
[INFO] [stderr] warning: unreachable statement
[INFO] [stderr]    --> crust-core/src/graph/tpgraph.rs:445:9
[INFO] [stderr]     |
[INFO] [stderr] 443 |         todo!();
[INFO] [stderr]     |         ------- any code following this expression is unreachable
[INFO] [stderr] 444 |
[INFO] [stderr] 445 |         a2.merge_delta(de1);
[INFO] [stderr]     |         ^^^^^^^^^^^^^^^^^^^^ unreachable statement
[INFO] [stderr]     |
[INFO] [stderr]     = note: `#[warn(unreachable_code)]` on by default
[INFO] [stderr] 
[INFO] [stderr] warning: unreachable statement
[INFO] [stderr]    --> crust-core/src/set/tpset.rs:361:9
[INFO] [stderr]     |
[INFO] [stderr] 359 |         todo!();
[INFO] [stderr]     |         ------- any code following this expression is unreachable
[INFO] [stderr] 360 |
[INFO] [stderr] 361 |         a2.merge_delta(de1);
[INFO] [stderr]     |         ^^^^^^^^^^^^^^^^^^^^ unreachable statement
[INFO] [stderr] 
[INFO] [stderr] warning: unused variable: `ts`
[INFO] [stderr]    --> crust-core/src/graph/tpgraph.rs:154:36
[INFO] [stderr]     |
[INFO] [stderr] 154 |             .filter(|((from, to), (ts, state))| {
[INFO] [stderr]     |                                    ^^ help: if this is intentional, prefix it with an underscore: `_ts`
[INFO] [stderr]     |
[INFO] [stderr]     = note: `#[warn(unused_variables)]` on by default
[INFO] [stderr] 
[INFO] [stderr] warning: unused variable: `vertex`
[INFO] [stderr]    --> crust-core/src/graph/tpgraph.rs:188:17
[INFO] [stderr]     |
[INFO] [stderr] 188 |                 ref vertex,
[INFO] [stderr]     |                 ^^^^^^^^^^ help: try ignoring the field: `vertex: _`
[INFO] [stderr] 
[INFO] [stderr] warning: unused variable: `timestamp`
[INFO] [stderr]    --> crust-core/src/graph/tpgraph.rs:189:17
[INFO] [stderr]     |
[INFO] [stderr] 189 |                 timestamp,
[INFO] [stderr]     |                 ^^^^^^^^^ help: try ignoring the field: `timestamp: _`
[INFO] [stderr] 
[INFO] [stderr] warning: unused variable: `self_state`
[INFO] [stderr]    --> crust-core/src/graph/tpgraph.rs:228:32
[INFO] [stderr]     |
[INFO] [stderr] 228 |                 Some((self_ts, self_state)) => {
[INFO] [stderr]     |                                ^^^^^^^^^^ help: if this is intentional, prefix it with an underscore: `_self_state`
[INFO] [stderr] 
[INFO] [stderr] warning: unused variable: `self_state`
[INFO] [stderr]    --> crust-core/src/graph/tpgraph.rs:243:32
[INFO] [stderr]     |
[INFO] [stderr] 243 |                 Some((self_ts, self_state)) => {
[INFO] [stderr]     |                                ^^^^^^^^^^ help: if this is intentional, prefix it with an underscore: `_self_state`
[INFO] [stderr] 
[INFO] [stderr] warning: unused variable: `self_ts`
[INFO] [stderr]    --> crust-core/src/graph/tpgraph.rs:256:23
[INFO] [stderr]     |
[INFO] [stderr] 256 |                 Some((self_ts, self_acks)) => {
[INFO] [stderr]     |                       ^^^^^^^ help: if this is intentional, prefix it with an underscore: `_self_ts`
[INFO] [stderr] 
[INFO] [stderr] warning: unused variable: `a2`
[INFO] [stderr]    --> crust-core/src/graph/tpgraph.rs:434:17
[INFO] [stderr]     |
[INFO] [stderr] 434 |         let mut a2 = a.clone();
[INFO] [stderr]     |                 ^^ help: if this is intentional, prefix it with an underscore: `_a2`
[INFO] [stderr] 
[INFO] [stderr] warning: unused variable: `combined_delta`
[INFO] [stderr]    --> crust-core/src/graph/tpgraph.rs:435:17
[INFO] [stderr]     |
[INFO] [stderr] 435 |         let mut combined_delta = TPGraph {
[INFO] [stderr]     |                 ^^^^^^^^^^^^^^ help: if this is intentional, prefix it with an underscore: `_combined_delta`
[INFO] [stderr] 
[INFO] [stderr] warning: variable does not need to be mutable
[INFO] [stderr]    --> crust-core/src/graph/tpgraph.rs:434:13
[INFO] [stderr]     |
[INFO] [stderr] 434 |         let mut a2 = a.clone();
[INFO] [stderr]     |             ----^^
[INFO] [stderr]     |             |
[INFO] [stderr]     |             help: remove this `mut`
[INFO] [stderr]     |
[INFO] [stderr]     = note: `#[warn(unused_mut)]` on by default
[INFO] [stderr] 
[INFO] [stderr] warning: variable does not need to be mutable
[INFO] [stderr]    --> crust-core/src/graph/tpgraph.rs:435:13
[INFO] [stderr]     |
[INFO] [stderr] 435 |         let mut combined_delta = TPGraph {
[INFO] [stderr]     |             ----^^^^^^^^^^^^^^
[INFO] [stderr]     |             |
[INFO] [stderr]     |             help: remove this `mut`
[INFO] [stderr] 
[INFO] [stderr] warning: unused variable: `since`
[INFO] [stderr]    --> crust-core/src/set/rwset.rs:129:30
[INFO] [stderr]     |
[INFO] [stderr] 129 |     fn generate_delta(&self, since: &Self) -> Self::De {
[INFO] [stderr]     |                              ^^^^^ help: if this is intentional, prefix it with an underscore: `_since`
[INFO] [stderr] 
[INFO] [stderr] warning: unused variable: `delta`
[INFO] [stderr]    --> crust-core/src/set/rwset.rs:132:31
[INFO] [stderr]     |
[INFO] [stderr] 132 |     fn merge_delta(&mut self, delta: Self::De) {
[INFO] [stderr]     |                               ^^^^^ help: if this is intentional, prefix it with an underscore: `_delta`
[INFO] [stderr] 
[INFO] [stderr] warning: unused variable: `existing_state`
[INFO] [stderr]    --> crust-core/src/set/tpset.rs:157:36
[INFO] [stderr]     |
[INFO] [stderr] 157 |                 Some((existing_ts, existing_state)) => {
[INFO] [stderr]     |                                    ^^^^^^^^^^^^^^ help: if this is intentional, prefix it with an underscore: `_existing_state`
[INFO] [stderr] 
[INFO] [stderr] warning: unused variable: `a2`
[INFO] [stderr]    --> crust-core/src/set/tpset.rs:351:17
[INFO] [stderr]     |
[INFO] [stderr] 351 |         let mut a2 = a.clone();
[INFO] [stderr]     |                 ^^ help: if this is intentional, prefix it with an underscore: `_a2`
[INFO] [stderr] 
[INFO] [stderr] warning: unused variable: `combined_delta`
[INFO] [stderr]    --> crust-core/src/set/tpset.rs:352:17
[INFO] [stderr]     |
[INFO] [stderr] 352 |         let mut combined_delta = TPSet {
[INFO] [stderr]     |                 ^^^^^^^^^^^^^^ help: if this is intentional, prefix it with an underscore: `_combined_delta`
[INFO] [stderr] 
[INFO] [stderr] warning: variable does not need to be mutable
[INFO] [stderr]    --> crust-core/src/set/tpset.rs:351:13
[INFO] [stderr]     |
[INFO] [stderr] 351 |         let mut a2 = a.clone();
[INFO] [stderr]     |             ----^^
[INFO] [stderr]     |             |
[INFO] [stderr]     |             help: remove this `mut`
[INFO] [stderr] 
[INFO] [stderr] warning: variable does not need to be mutable
[INFO] [stderr]    --> crust-core/src/set/tpset.rs:352:13
[INFO] [stderr]     |
[INFO] [stderr] 352 |         let mut combined_delta = TPSet {
[INFO] [stderr]     |             ----^^^^^^^^^^^^^^
[INFO] [stderr]     |             |
[INFO] [stderr]     |             help: remove this `mut`
[INFO] [stderr] 
[INFO] [stderr] warning: unreachable statement
[INFO] [stderr]    --> crust-core/src/graph/tpgraph.rs:490:9
[INFO] [stderr]     |
[INFO] [stderr] 488 |           todo!();
[INFO] [stderr]     |           ------- any code following this expression is unreachable
[INFO] [stderr] 489 |
[INFO] [stderr] 490 | /         assert!(TPGraph::<String>::cvrdt_associativity(
[INFO] [stderr] 491 | |             g1.clone(),
[INFO] [stderr] 492 | |             g2.clone(),
[INFO] [stderr] 493 | |             g3.clone()
[INFO] [stderr] 494 | |         ));
[INFO] [stderr]     | |__________^ unreachable statement
[INFO] [stderr]     |
[INFO] [stderr]     = note: this warning originates in the macro `assert` (in Nightly builds, run with -Z macro-backtrace for more info)
[INFO] [stderr] 
[INFO] [stderr] warning: unreachable statement
[INFO] [stderr]    --> crust-core/src/set/tpset.rs:406:9
[INFO] [stderr]     |
[INFO] [stderr] 404 |           todo!();
[INFO] [stderr]     |           ------- any code following this expression is unreachable
[INFO] [stderr] 405 |
[INFO] [stderr] 406 | /         assert!(TPSet::<String>::cvrdt_associativity(
[INFO] [stderr] 407 | |             a.clone(),
[INFO] [stderr] 408 | |             b.clone(),
[INFO] [stderr] 409 | |             c.clone()
[INFO] [stderr] 410 | |         ));
[INFO] [stderr]     | |__________^ unreachable statement
[INFO] [stderr]     |
[INFO] [stderr]     = note: this warning originates in the macro `assert` (in Nightly builds, run with -Z macro-backtrace for more info)
[INFO] [stderr] 
[INFO] [stderr] warning: unused variable: `g1`
[INFO] [stderr]    --> crust-core/src/graph/tpgraph.rs:484:17
[INFO] [stderr]     |
[INFO] [stderr] 484 |         let mut g1 = TPGraph::<String>::new();
[INFO] [stderr]     |                 ^^ help: if this is intentional, prefix it with an underscore: `_g1`
[INFO] [stderr] 
[INFO] [stderr] warning: unused variable: `g2`
[INFO] [stderr]    --> crust-core/src/graph/tpgraph.rs:485:17
[INFO] [stderr]     |
[INFO] [stderr] 485 |         let mut g2 = TPGraph::<String>::new();
[INFO] [stderr]     |                 ^^ help: if this is intentional, prefix it with an underscore: `_g2`
[INFO] [stderr] 
[INFO] [stderr] warning: unused variable: `g3`
[INFO] [stderr]    --> crust-core/src/graph/tpgraph.rs:486:17
[INFO] [stderr]     |
[INFO] [stderr] 486 |         let mut g3 = TPGraph::<String>::new();
[INFO] [stderr]     |                 ^^ help: if this is intentional, prefix it with an underscore: `_g3`
[INFO] [stderr] 
[INFO] [stderr] warning: variable does not need to be mutable
[INFO] [stderr]    --> crust-core/src/graph/tpgraph.rs:484:13
[INFO] [stderr]     |
[INFO] [stderr] 484 |         let mut g1 = TPGraph::<String>::new();
[INFO] [stderr]     |             ----^^
[INFO] [stderr]     |             |
[INFO] [stderr]     |             help: remove this `mut`
[INFO] [stderr] 
[INFO] [stderr] warning: variable does not need to be mutable
[INFO] [stderr]    --> crust-core/src/graph/tpgraph.rs:485:13
[INFO] [stderr]     |
[INFO] [stderr] 485 |         let mut g2 = TPGraph::<String>::new();
[INFO] [stderr]     |             ----^^
[INFO] [stderr]     |             |
[INFO] [stderr]     |             help: remove this `mut`
[INFO] [stderr] 
[INFO] [stderr] warning: variable does not need to be mutable
[INFO] [stderr]    --> crust-core/src/graph/tpgraph.rs:486:13
[INFO] [stderr]     |
[INFO] [stderr] 486 |         let mut g3 = TPGraph::<String>::new();
[INFO] [stderr]     |             ----^^
[INFO] [stderr]     |             |
[INFO] [stderr]     |             help: remove this `mut`
[INFO] [stderr] 
[INFO] [stderr] warning: unused variable: `a`
[INFO] [stderr]    --> crust-core/src/set/tpset.rs:400:17
[INFO] [stderr]     |
[INFO] [stderr] 400 |         let mut a = TPSet::<String>::new();
[INFO] [stderr]     |                 ^ help: if this is intentional, prefix it with an underscore: `_a`
[INFO] [stderr] 
[INFO] [stderr] warning: unused variable: `b`
[INFO] [stderr]    --> crust-core/src/set/tpset.rs:401:17
[INFO] [stderr]     |
[INFO] [stderr] 401 |         let mut b = TPSet::<String>::new();
[INFO] [stderr]     |                 ^ help: if this is intentional, prefix it with an underscore: `_b`
[INFO] [stderr] 
[INFO] [stderr] warning: unused variable: `c`
[INFO] [stderr]    --> crust-core/src/set/tpset.rs:402:17
[INFO] [stderr]     |
[INFO] [stderr] 402 |         let mut c = TPSet::<String>::new();
[INFO] [stderr]     |                 ^ help: if this is intentional, prefix it with an underscore: `_c`
[INFO] [stderr] 
[INFO] [stderr] warning: variable does not need to be mutable
[INFO] [stderr]    --> crust-core/src/set/tpset.rs:400:13
[INFO] [stderr]     |
[INFO] [stderr] 400 |         let mut a = TPSet::<String>::new();
[INFO] [stderr]     |             ----^
[INFO] [stderr]     |             |
[INFO] [stderr]     |             help: remove this `mut`
[INFO] [stderr] 
[INFO] [stderr] warning: variable does not need to be mutable
[INFO] [stderr]    --> crust-core/src/set/tpset.rs:401:13
[INFO] [stderr]     |
[INFO] [stderr] 401 |         let mut b = TPSet::<String>::new();
[INFO] [stderr]     |             ----^
[INFO] [stderr]     |             |
[INFO] [stderr]     |             help: remove this `mut`
[INFO] [stderr] 
[INFO] [stderr] warning: variable does not need to be mutable
[INFO] [stderr]    --> crust-core/src/set/tpset.rs:402:13
[INFO] [stderr]     |
[INFO] [stderr] 402 |         let mut c = TPSet::<String>::new();
[INFO] [stderr]     |             ----^
[INFO] [stderr]     |             |
[INFO] [stderr]     |             help: remove this `mut`
[INFO] [stderr] 
[INFO] [stderr] warning: `crust-core` (lib) generated 23 warnings (run `cargo fix --lib -p crust-core` to apply 8 suggestions)
[INFO] [stderr] warning: `crust-core` (lib test) generated 37 warnings (23 duplicates) (run `cargo fix --lib -p crust-core --tests` to apply 6 suggestions)
[INFO] [stderr] warning: unused import: `routing::get`
[INFO] [stderr]  --> crust-test/src/main.rs:1:12
[INFO] [stderr]   |
[INFO] [stderr] 1 | use axum::{routing::get, Router};
[INFO] [stderr]   |            ^^^^^^^^^^^^
[INFO] [stderr]   |
[INFO] [stderr]   = note: `#[warn(unused_imports)]` on by default
[INFO] [stderr] 
[INFO] [stderr] warning: unused import: `std::sync::Arc`
[INFO] [stderr]  --> crust-test/src/main.rs:2:5
[INFO] [stderr]   |
[INFO] [stderr] 2 | use std::sync::Arc;
[INFO] [stderr]   |     ^^^^^^^^^^^^^^
[INFO] [stderr] 
[INFO] [stderr] warning: `crust-test` (bin "crust-test" test) generated 2 warnings (run `cargo fix --bin "crust-test" --tests` to apply 2 suggestions)
[INFO] [stderr]     Finished `test` profile [unoptimized + debuginfo] target(s) in 0.20s
[INFO] [stderr]      Running unittests src/lib.rs (/opt/rustwide/target/debug/deps/crust_core-0eb44e02b292d712)
[INFO] [stdout] 
[INFO] [stdout] running 36 tests
[INFO] [stdout] test counter::gcounter::tests::test_cvrdt_validation ... ok
[INFO] [stdout] test counter::gcounter::tests::test_cmrdt_validation ... ok
[INFO] [stdout] test counter::gcounter::tests::test_delta_validation ... ok
[INFO] [stdout] test counter::pncounter::tests::test_cmrdt_validation ... ok
[INFO] [stdout] test counter::pncounter::tests::test_cvrdt_validation ... ok
[INFO] [stdout] test counter::pncounter::tests::test_delta_validation ... ok
[INFO] [stdout] test graph::awgraph::tests::test_cvrdt_validation ... ok
[INFO] [stdout] test graph::awgraph::tests::test_delta_validation ... ok
[INFO] [stdout] test graph::ggraph::tests::test_cvrdt_validation ... ok
[INFO] [stdout] test graph::orgraph::tests::test_cvrdt_validation ... ok
[INFO] [stdout] test set::awset::tests::test_cmrdt_validation ... ok
[INFO] [stdout] test register::mvregister::tests::test_delta_validation ... ok
[INFO] [stdout] test graph::ggraph::tests::test_delta_validation ... ok
[INFO] [stdout] test set::gset::tests::test_cvrdt_validation ... ok
[INFO] [stdout] test register::lwwregister::tests::test_cmrdt_validation ... ok
[INFO] [stdout] test register::mvregister::tests::test_cvrdt_validation ... ok
[INFO] [stdout] test set::awset::tests::test_delta_validation ... ok
[INFO] [stdout] test set::rwset::tests::test_cvrdt_validation ... ok
[INFO] [stdout] test register::lwwregister::tests::test_cvrdt_validation ... ok
[INFO] [stdout] test graph::orgraph::tests::test_delta_validation ... ok
[INFO] [stdout] test set::tpset::tests::test_delta_validation ... ok
[INFO] [stdout] test set::gset::tests::test_delta_validation ... ok
[INFO] [stdout] test set::tpset::tests::test_cmrdt_validation ... ok
[INFO] [stdout] test set::rwset::tests::test_delta_validation ... ok
[INFO] [stdout] test set::gset::tests::test_cmrdt_validation ... ok
[INFO] [stdout] test set::orset::tests::test_cmrdt_validation ... ok
[INFO] [stdout] test set::orset::tests::test_delta_validation ... ok
[INFO] [stdout] test set::rwset::tests::test_cmrdt_validation ... ok
[INFO] [stdout] test set::orset::tests::test_cvrdt_validation ... ok
[INFO] [stdout] test graph::awgraph::tests::test_cmrdt_validation ... FAILED
[INFO] [stdout] test graph::ggraph::tests::test_cmrdt_validation ... FAILED
[INFO] [stdout] test graph::orgraph::tests::test_cmrdt_validation ... FAILED
[INFO] [stdout] test graph::tpgraph::tests::test_cvrdt_validation ... FAILED
[INFO] [stdout] test set::awset::tests::test_cvrdt_validation ... FAILED
[INFO] [stdout] test register::mvregister::tests::test_cmrdt_validation ... FAILED
[INFO] [stdout] test set::tpset::tests::test_cvrdt_validation ... FAILED
[INFO] [stdout] 
[INFO] [stdout] failures:
[INFO] [stdout] 
[INFO] [stdout] ---- graph::awgraph::tests::test_cmrdt_validation stdout ----
[INFO] [stdout] AWGraph { vertices: {"a": 1737411651230, "x": 1737411651236, "b": 1737411651231}, edges: {("x", "b"): 1737411651237}, removed_vertices: {}, removed_edges: {} } AWGraph { vertices: {"a": 1737411651230, "x": 1737411651236, "b": 1737411651231}, edges: {}, removed_vertices: {}, removed_edges: {} }
[INFO] [stdout] 
[INFO] [stdout] thread 'graph::awgraph::tests::test_cmrdt_validation' panicked at crust-core/src/graph/awgraph.rs:563:9:
[INFO] [stdout] assertion failed: AWGraph::<String>::cmrdt_commutativity(g1.clone(), op1.clone(), op2.clone())
[INFO] [stdout] stack backtrace:
[INFO] [stdout]    0:     0x61f8759ed5fa - std::backtrace_rs::backtrace::libunwind::trace::hb059275cfc8d6126
[INFO] [stdout]                                at /rustc/6067b36314ab5eb2eb47cecc464545ba58e1ad24/library/std/src/../../backtrace/src/backtrace/libunwind.rs:116:5
[INFO] [stdout]    1:     0x61f8759ed5fa - std::backtrace_rs::backtrace::trace_unsynchronized::h2da071e4327ce3ee
[INFO] [stdout]                                at /rustc/6067b36314ab5eb2eb47cecc464545ba58e1ad24/library/std/src/../../backtrace/src/backtrace/mod.rs:66:5
[INFO] [stdout]    2:     0x61f8759ed5fa - std::sys::backtrace::_print_fmt::h842a1474e6f8d23f
[INFO] [stdout]                                at /rustc/6067b36314ab5eb2eb47cecc464545ba58e1ad24/library/std/src/sys/backtrace.rs:66:9
[INFO] [stdout]    3:     0x61f8759ed5fa - <std::sys::backtrace::BacktraceLock::print::DisplayBacktrace as core::fmt::Display>::fmt::h71a62eb3b9696b12
[INFO] [stdout]                                at /rustc/6067b36314ab5eb2eb47cecc464545ba58e1ad24/library/std/src/sys/backtrace.rs:39:26
[INFO] [stdout]    4:     0x61f875a15a53 - core::fmt::rt::Argument::fmt::hdb6b616786b41dc1
[INFO] [stdout]                                at /rustc/6067b36314ab5eb2eb47cecc464545ba58e1ad24/library/core/src/fmt/rt.rs:177:76
[INFO] [stdout]    5:     0x61f875a15a53 - core::fmt::write::h2cc1698af7e2d686
[INFO] [stdout]                                at /rustc/6067b36314ab5eb2eb47cecc464545ba58e1ad24/library/core/src/fmt/mod.rs:1440:21
[INFO] [stdout]    6:     0x61f8759ea153 - std::io::Write::write_fmt::hab1b4cd059a79022
[INFO] [stdout]                                at /rustc/6067b36314ab5eb2eb47cecc464545ba58e1ad24/library/std/src/io/mod.rs:1887:15
[INFO] [stdout]    7:     0x61f8759ed442 - std::sys::backtrace::BacktraceLock::print::h147fe35b4ea13b08
[INFO] [stdout]                                at /rustc/6067b36314ab5eb2eb47cecc464545ba58e1ad24/library/std/src/sys/backtrace.rs:42:9
[INFO] [stdout]    8:     0x61f8759eea1f - std::panicking::default_hook::{{closure}}::hbd44223dbdc0d208
[INFO] [stdout]                                at /rustc/6067b36314ab5eb2eb47cecc464545ba58e1ad24/library/std/src/panicking.rs:298:22
[INFO] [stdout]    9:     0x61f8759ee838 - std::panicking::default_hook::h20f81eb0576efcec
[INFO] [stdout]                                at /rustc/6067b36314ab5eb2eb47cecc464545ba58e1ad24/library/std/src/panicking.rs:322:9
[INFO] [stdout]   10:     0x61f87597de63 - <alloc::boxed::Box<F,A> as core::ops::function::Fn<Args>>::call::hdb53814c496a4d34
[INFO] [stdout]                                at /rustc/6067b36314ab5eb2eb47cecc464545ba58e1ad24/library/alloc/src/boxed.rs:2027:9
[INFO] [stdout]   11:     0x61f87597de63 - test::test_main::{{closure}}::hc0a4963c59427c24
[INFO] [stdout]                                at /rustc/6067b36314ab5eb2eb47cecc464545ba58e1ad24/library/test/src/lib.rs:134:21
[INFO] [stdout]   12:     0x61f8759ef513 - <alloc::boxed::Box<F,A> as core::ops::function::Fn<Args>>::call::h591b2225413a77e9
[INFO] [stdout]                                at /rustc/6067b36314ab5eb2eb47cecc464545ba58e1ad24/library/alloc/src/boxed.rs:2027:9
[INFO] [stdout]   13:     0x61f8759ef513 - std::panicking::rust_panic_with_hook::h625eea43051b2edc
[INFO] [stdout]                                at /rustc/6067b36314ab5eb2eb47cecc464545ba58e1ad24/library/std/src/panicking.rs:839:13
[INFO] [stdout]   14:     0x61f8759ef196 - std::panicking::begin_panic_handler::{{closure}}::h4f9159cfbc3f6bd3
[INFO] [stdout]                                at /rustc/6067b36314ab5eb2eb47cecc464545ba58e1ad24/library/std/src/panicking.rs:697:13
[INFO] [stdout]   15:     0x61f8759edaf9 - std::sys::backtrace::__rust_end_short_backtrace::h0390abce48353151
[INFO] [stdout]                                at /rustc/6067b36314ab5eb2eb47cecc464545ba58e1ad24/library/std/src/sys/backtrace.rs:168:18
[INFO] [stdout]   16:     0x61f8759eee5d - rust_begin_unwind
[INFO] [stdout]                                at /rustc/6067b36314ab5eb2eb47cecc464545ba58e1ad24/library/std/src/panicking.rs:695:5
[INFO] [stdout]   17:     0x61f875a13ba0 - core::panicking::panic_fmt::h9e7c637e9e5f29c9
[INFO] [stdout]                                at /rustc/6067b36314ab5eb2eb47cecc464545ba58e1ad24/library/core/src/panicking.rs:75:14
[INFO] [stdout]   18:     0x61f875a13c2c - core::panicking::panic::haa3255ea20181a33
[INFO] [stdout]                                at /rustc/6067b36314ab5eb2eb47cecc464545ba58e1ad24/library/core/src/panicking.rs:145:5
[INFO] [stdout]   19:     0x61f87593e4c5 - crust_core::graph::awgraph::tests::test_cmrdt_validation::h8afefcc38edbde08
[INFO] [stdout]                                at /opt/rustwide/workdir/crust-core/src/graph/awgraph.rs:563:9
[INFO] [stdout]   20:     0x61f87593db17 - crust_core::graph::awgraph::tests::test_cmrdt_validation::{{closure}}::h063f8a12ca2725ae
[INFO] [stdout]                                at /opt/rustwide/workdir/crust-core/src/graph/awgraph.rs:536:31
[INFO] [stdout]   21:     0x61f875923f16 - core::ops::function::FnOnce::call_once::h92996a1a3571c1ad
[INFO] [stdout]                                at /rustc/6067b36314ab5eb2eb47cecc464545ba58e1ad24/library/core/src/ops/function.rs:250:5
[INFO] [stdout]   22:     0x61f8759835bb - core::ops::function::FnOnce::call_once::he27718dfdd183f43
[INFO] [stdout]                                at /rustc/6067b36314ab5eb2eb47cecc464545ba58e1ad24/library/core/src/ops/function.rs:250:5
[INFO] [stdout]   23:     0x61f8759835bb - test::__rust_begin_short_backtrace::h4e84902998457a5d
[INFO] [stdout]                                at /rustc/6067b36314ab5eb2eb47cecc464545ba58e1ad24/library/test/src/lib.rs:632:18
[INFO] [stdout]   24:     0x61f8759824f3 - test::run_test_in_process::{{closure}}::h7176fd18fc1feca0
[INFO] [stdout]                                at /rustc/6067b36314ab5eb2eb47cecc464545ba58e1ad24/library/test/src/lib.rs:655:60
[INFO] [stdout]   25:     0x61f8759824f3 - <core::panic::unwind_safe::AssertUnwindSafe<F> as core::ops::function::FnOnce<()>>::call_once::hf79cff2a624d8cf7
[INFO] [stdout]                                at /rustc/6067b36314ab5eb2eb47cecc464545ba58e1ad24/library/core/src/panic/unwind_safe.rs:272:9
[INFO] [stdout]   26:     0x61f8759824f3 - std::panicking::try::do_call::h3da0561d9ab99c25
[INFO] [stdout]                                at /rustc/6067b36314ab5eb2eb47cecc464545ba58e1ad24/library/std/src/panicking.rs:587:40
[INFO] [stdout]   27:     0x61f8759824f3 - std::panicking::try::h41c9fa508bc61df6
[INFO] [stdout]                                at /rustc/6067b36314ab5eb2eb47cecc464545ba58e1ad24/library/std/src/panicking.rs:550:19
[INFO] [stdout]   28:     0x61f8759824f3 - std::panic::catch_unwind::h6b3ff07bb5afad93
[INFO] [stdout]                                at /rustc/6067b36314ab5eb2eb47cecc464545ba58e1ad24/library/std/src/panic.rs:358:14
[INFO] [stdout]   29:     0x61f8759824f3 - test::run_test_in_process::hc7253dd11b39b9f4
[INFO] [stdout]                                at /rustc/6067b36314ab5eb2eb47cecc464545ba58e1ad24/library/test/src/lib.rs:655:27
[INFO] [stdout]   30:     0x61f8759824f3 - test::run_test::{{closure}}::hfb2007f8649c30bb
[INFO] [stdout]                                at /rustc/6067b36314ab5eb2eb47cecc464545ba58e1ad24/library/test/src/lib.rs:576:43
[INFO] [stdout]   31:     0x61f8759455d5 - test::run_test::{{closure}}::h56a17aa7a282a9f4
[INFO] [stdout]                                at /rustc/6067b36314ab5eb2eb47cecc464545ba58e1ad24/library/test/src/lib.rs:606:41
[INFO] [stdout]   32:     0x61f8759455d5 - std::sys::backtrace::__rust_begin_short_backtrace::hd2d2d2fb8e8c6aac
[INFO] [stdout]                                at /rustc/6067b36314ab5eb2eb47cecc464545ba58e1ad24/library/std/src/sys/backtrace.rs:152:18
[INFO] [stdout]   33:     0x61f875948eba - std::thread::Builder::spawn_unchecked_::{{closure}}::{{closure}}::h4faa3f9db6133423
[INFO] [stdout]                                at /rustc/6067b36314ab5eb2eb47cecc464545ba58e1ad24/library/std/src/thread/mod.rs:559:17
[INFO] [stdout]   34:     0x61f875948eba - <core::panic::unwind_safe::AssertUnwindSafe<F> as core::ops::function::FnOnce<()>>::call_once::hf2e855a36a4ea846
[INFO] [stdout]                                at /rustc/6067b36314ab5eb2eb47cecc464545ba58e1ad24/library/core/src/panic/unwind_safe.rs:272:9
[INFO] [stdout]   35:     0x61f875948eba - std::panicking::try::do_call::h2f73af3616c35465
[INFO] [stdout]                                at /rustc/6067b36314ab5eb2eb47cecc464545ba58e1ad24/library/std/src/panicking.rs:587:40
[INFO] [stdout]   36:     0x61f875948eba - std::panicking::try::hd1660ce9efadef5a
[INFO] [stdout]                                at /rustc/6067b36314ab5eb2eb47cecc464545ba58e1ad24/library/std/src/panicking.rs:550:19
[INFO] [stdout]   37:     0x61f875948eba - std::panic::catch_unwind::h5ee8d7823b8ca744
[INFO] [stdout]                                at /rustc/6067b36314ab5eb2eb47cecc464545ba58e1ad24/library/std/src/panic.rs:358:14
[INFO] [stdout]   38:     0x61f875948eba - std::thread::Builder::spawn_unchecked_::{{closure}}::h53c3a1894dce8407
[INFO] [stdout]                                at /rustc/6067b36314ab5eb2eb47cecc464545ba58e1ad24/library/std/src/thread/mod.rs:557:30
[INFO] [stdout]   39:     0x61f875948eba - core::ops::function::FnOnce::call_once{{vtable.shim}}::h048ce291ad4f62bf
[INFO] [stdout]                                at /rustc/6067b36314ab5eb2eb47cecc464545ba58e1ad24/library/core/src/ops/function.rs:250:5
[INFO] [stdout]   40:     0x61f8759f344b - <alloc::boxed::Box<F,A> as core::ops::function::FnOnce<Args>>::call_once::ha52bedf99a3b4981
[INFO] [stdout]                                at /rustc/6067b36314ab5eb2eb47cecc464545ba58e1ad24/library/alloc/src/boxed.rs:2013:9
[INFO] [stdout]   41:     0x61f8759f344b - <alloc::boxed::Box<F,A> as core::ops::function::FnOnce<Args>>::call_once::h567748934d80ccf8
[INFO] [stdout]                                at /rustc/6067b36314ab5eb2eb47cecc464545ba58e1ad24/library/alloc/src/boxed.rs:2013:9
[INFO] [stdout]   42:     0x61f8759f344b - std::sys::pal::unix::thread::Thread::new::thread_start::h2d970728ae887adc
[INFO] [stdout]                                at /rustc/6067b36314ab5eb2eb47cecc464545ba58e1ad24/library/std/src/sys/pal/unix/thread.rs:106:17
[INFO] [stdout]   43:     0x751a8dc04ac3 - <unknown>
[INFO] [stdout]   44:     0x751a8dc95a04 - clone
[INFO] [stdout]   45:                0x0 - <unknown>
[INFO] [stdout] 
[INFO] [stdout] ---- graph::ggraph::tests::test_cmrdt_validation stdout ----
[INFO] [stdout] GGraph { vertices: {"b": 1737411651232, "x": 1737411651237, "a": 1737411651231}, edges: {("x", "b"): 1737411651238} } GGraph { vertices: {"b": 1737411651232, "x": 1737411651237, "a": 1737411651231}, edges: {} }
[INFO] [stdout] 
[INFO] [stdout] thread 'graph::ggraph::tests::test_cmrdt_validation' panicked at crust-core/src/graph/ggraph.rs:407:9:
[INFO] [stdout] assertion failed: GGraph::<String>::cmrdt_commutativity(g1.clone(), op1.clone(), op2.clone())
[INFO] [stdout] stack backtrace:
[INFO] [stdout]    0:     0x61f8759ed5fa - std::backtrace_rs::backtrace::libunwind::trace::hb059275cfc8d6126
[INFO] [stdout]                                at /rustc/6067b36314ab5eb2eb47cecc464545ba58e1ad24/library/std/src/../../backtrace/src/backtrace/libunwind.rs:116:5
[INFO] [stdout]    1:     0x61f8759ed5fa - std::backtrace_rs::backtrace::trace_unsynchronized::h2da071e4327ce3ee
[INFO] [stdout]                                at /rustc/6067b36314ab5eb2eb47cecc464545ba58e1ad24/library/std/src/../../backtrace/src/backtrace/mod.rs:66:5
[INFO] [stdout]    2:     0x61f8759ed5fa - std::sys::backtrace::_print_fmt::h842a1474e6f8d23f
[INFO] [stdout]                                at /rustc/6067b36314ab5eb2eb47cecc464545ba58e1ad24/library/std/src/sys/backtrace.rs:66:9
[INFO] [stdout]    3:     0x61f8759ed5fa - <std::sys::backtrace::BacktraceLock::print::DisplayBacktrace as core::fmt::Display>::fmt::h71a62eb3b9696b12
[INFO] [stdout]                                at /rustc/6067b36314ab5eb2eb47cecc464545ba58e1ad24/library/std/src/sys/backtrace.rs:39:26
[INFO] [stdout]    4:     0x61f875a15a53 - core::fmt::rt::Argument::fmt::hdb6b616786b41dc1
[INFO] [stdout]                                at /rustc/6067b36314ab5eb2eb47cecc464545ba58e1ad24/library/core/src/fmt/rt.rs:177:76
[INFO] [stdout]    5:     0x61f875a15a53 - core::fmt::write::h2cc1698af7e2d686
[INFO] [stdout]                                at /rustc/6067b36314ab5eb2eb47cecc464545ba58e1ad24/library/core/src/fmt/mod.rs:1440:21
[INFO] [stdout]    6:     0x61f8759ea153 - std::io::Write::write_fmt::hab1b4cd059a79022
[INFO] [stdout]                                at /rustc/6067b36314ab5eb2eb47cecc464545ba58e1ad24/library/std/src/io/mod.rs:1887:15
[INFO] [stdout]    7:     0x61f8759ed442 - std::sys::backtrace::BacktraceLock::print::h147fe35b4ea13b08
[INFO] [stdout]                                at /rustc/6067b36314ab5eb2eb47cecc464545ba58e1ad24/library/std/src/sys/backtrace.rs:42:9
[INFO] [stdout]    8:     0x61f8759eea1f - std::panicking::default_hook::{{closure}}::hbd44223dbdc0d208
[INFO] [stdout]                                at /rustc/6067b36314ab5eb2eb47cecc464545ba58e1ad24/library/std/src/panicking.rs:298:22
[INFO] [stdout]    9:     0x61f8759ee838 - std::panicking::default_hook::h20f81eb0576efcec
[INFO] [stdout]                                at /rustc/6067b36314ab5eb2eb47cecc464545ba58e1ad24/library/std/src/panicking.rs:322:9
[INFO] [stdout]   10:     0x61f87597de63 - <alloc::boxed::Box<F,A> as core::ops::function::Fn<Args>>::call::hdb53814c496a4d34
[INFO] [stdout]                                at /rustc/6067b36314ab5eb2eb47cecc464545ba58e1ad24/library/alloc/src/boxed.rs:2027:9
[INFO] [stdout]   11:     0x61f87597de63 - test::test_main::{{closure}}::hc0a4963c59427c24
[INFO] [stdout]                                at /rustc/6067b36314ab5eb2eb47cecc464545ba58e1ad24/library/test/src/lib.rs:134:21
[INFO] [stdout]   12:     0x61f8759ef513 - <alloc::boxed::Box<F,A> as core::ops::function::Fn<Args>>::call::h591b2225413a77e9
[INFO] [stdout]                                at /rustc/6067b36314ab5eb2eb47cecc464545ba58e1ad24/library/alloc/src/boxed.rs:2027:9
[INFO] [stdout]   13:     0x61f8759ef513 - std::panicking::rust_panic_with_hook::h625eea43051b2edc
[INFO] [stdout]                                at /rustc/6067b36314ab5eb2eb47cecc464545ba58e1ad24/library/std/src/panicking.rs:839:13
[INFO] [stdout]   14:     0x61f8759ef196 - std::panicking::begin_panic_handler::{{closure}}::h4f9159cfbc3f6bd3
[INFO] [stdout]                                at /rustc/6067b36314ab5eb2eb47cecc464545ba58e1ad24/library/std/src/panicking.rs:697:13
[INFO] [stdout]   15:     0x61f8759edaf9 - std::sys::backtrace::__rust_end_short_backtrace::h0390abce48353151
[INFO] [stdout]                                at /rustc/6067b36314ab5eb2eb47cecc464545ba58e1ad24/library/std/src/sys/backtrace.rs:168:18
[INFO] [stdout]   16:     0x61f8759eee5d - rust_begin_unwind
[INFO] [stdout]                                at /rustc/6067b36314ab5eb2eb47cecc464545ba58e1ad24/library/std/src/panicking.rs:695:5
[INFO] [stdout]   17:     0x61f875a13ba0 - core::panicking::panic_fmt::h9e7c637e9e5f29c9
[INFO] [stdout]                                at /rustc/6067b36314ab5eb2eb47cecc464545ba58e1ad24/library/core/src/panicking.rs:75:14
[INFO] [stdout]   18:     0x61f875a13c2c - core::panicking::panic::haa3255ea20181a33
[INFO] [stdout]                                at /rustc/6067b36314ab5eb2eb47cecc464545ba58e1ad24/library/core/src/panicking.rs:145:5
[INFO] [stdout]   19:     0x61f87590d4a5 - crust_core::graph::ggraph::tests::test_cmrdt_validation::h4e7ec802cf2ec65c
[INFO] [stdout]                                at /opt/rustwide/workdir/crust-core/src/graph/ggraph.rs:407:9
[INFO] [stdout]   20:     0x61f87590caf7 - crust_core::graph::ggraph::tests::test_cmrdt_validation::{{closure}}::h515aeb0bcb066276
[INFO] [stdout]                                at /opt/rustwide/workdir/crust-core/src/graph/ggraph.rs:380:31
[INFO] [stdout]   21:     0x61f875924476 - core::ops::function::FnOnce::call_once::hd7022739734600d9
[INFO] [stdout]                                at /rustc/6067b36314ab5eb2eb47cecc464545ba58e1ad24/library/core/src/ops/function.rs:250:5
[INFO] [stdout]   22:     0x61f8759835bb - core::ops::function::FnOnce::call_once::he27718dfdd183f43
[INFO] [stdout]                                at /rustc/6067b36314ab5eb2eb47cecc464545ba58e1ad24/library/core/src/ops/function.rs:250:5
[INFO] [stdout]   23:     0x61f8759835bb - test::__rust_begin_short_backtrace::h4e84902998457a5d
[INFO] [stdout]                                at /rustc/6067b36314ab5eb2eb47cecc464545ba58e1ad24/library/test/src/lib.rs:632:18
[INFO] [stdout]   24:     0x61f8759824f3 - test::run_test_in_process::{{closure}}::h7176fd18fc1feca0
[INFO] [stdout]                                at /rustc/6067b36314ab5eb2eb47cecc464545ba58e1ad24/library/test/src/lib.rs:655:60
[INFO] [stdout]   25:     0x61f8759824f3 - <core::panic::unwind_safe::AssertUnwindSafe<F> as core::ops::function::FnOnce<()>>::call_once::hf79cff2a624d8cf7
[INFO] [stdout]                                at /rustc/6067b36314ab5eb2eb47cecc464545ba58e1ad24/library/core/src/panic/unwind_safe.rs:272:9
[INFO] [stdout]   26:     0x61f8759824f3 - std::panicking::try::do_call::h3da0561d9ab99c25
[INFO] [stdout]                                at /rustc/6067b36314ab5eb2eb47cecc464545ba58e1ad24/library/std/src/panicking.rs:587:40
[INFO] [stdout]   27:     0x61f8759824f3 - std::panicking::try::h41c9fa508bc61df6
[INFO] [stdout]                                at /rustc/6067b36314ab5eb2eb47cecc464545ba58e1ad24/library/std/src/panicking.rs:550:19
[INFO] [stdout]   28:     0x61f8759824f3 - std::panic::catch_unwind::h6b3ff07bb5afad93
[INFO] [stdout]                                at /rustc/6067b36314ab5eb2eb47cecc464545ba58e1ad24/library/std/src/panic.rs:358:14
[INFO] [stdout]   29:     0x61f8759824f3 - test::run_test_in_process::hc7253dd11b39b9f4
[INFO] [stdout]                                at /rustc/6067b36314ab5eb2eb47cecc464545ba58e1ad24/library/test/src/lib.rs:655:27
[INFO] [stdout]   30:     0x61f8759824f3 - test::run_test::{{closure}}::hfb2007f8649c30bb
[INFO] [stdout]                                at /rustc/6067b36314ab5eb2eb47cecc464545ba58e1ad24/library/test/src/lib.rs:576:43
[INFO] [stdout]   31:     0x61f8759455d5 - test::run_test::{{closure}}::h56a17aa7a282a9f4
[INFO] [stdout]                                at /rustc/6067b36314ab5eb2eb47cecc464545ba58e1ad24/library/test/src/lib.rs:606:41
[INFO] [stdout]   32:     0x61f8759455d5 - std::sys::backtrace::__rust_begin_short_backtrace::hd2d2d2fb8e8c6aac
[INFO] [stdout]                                at /rustc/6067b36314ab5eb2eb47cecc464545ba58e1ad24/library/std/src/sys/backtrace.rs:152:18
[INFO] [stdout]   33:     0x61f875948eba - std::thread::Builder::spawn_unchecked_::{{closure}}::{{closure}}::h4faa3f9db6133423
[INFO] [stdout]                                at /rustc/6067b36314ab5eb2eb47cecc464545ba58e1ad24/library/std/src/thread/mod.rs:559:17
[INFO] [stdout]   34:     0x61f875948eba - <core::panic::unwind_safe::AssertUnwindSafe<F> as core::ops::function::FnOnce<()>>::call_once::hf2e855a36a4ea846
[INFO] [stdout]                                at /rustc/6067b36314ab5eb2eb47cecc464545ba58e1ad24/library/core/src/panic/unwind_safe.rs:272:9
[INFO] [stdout]   35:     0x61f875948eba - std::panicking::try::do_call::h2f73af3616c35465
[INFO] [stdout]                                at /rustc/6067b36314ab5eb2eb47cecc464545ba58e1ad24/library/std/src/panicking.rs:587:40
[INFO] [stdout]   36:     0x61f875948eba - std::panicking::try::hd1660ce9efadef5a
[INFO] [stdout]                                at /rustc/6067b36314ab5eb2eb47cecc464545ba58e1ad24/library/std/src/panicking.rs:550:19
[INFO] [stdout]   37:     0x61f875948eba - std::panic::catch_unwind::h5ee8d7823b8ca744
[INFO] [stdout]                                at /rustc/6067b36314ab5eb2eb47cecc464545ba58e1ad24/library/std/src/panic.rs:358:14
[INFO] [stdout]   38:     0x61f875948eba - std::thread::Builder::spawn_unchecked_::{{closure}}::h53c3a1894dce8407
[INFO] [stdout]                                at /rustc/6067b36314ab5eb2eb47cecc464545ba58e1ad24/library/std/src/thread/mod.rs:557:30
[INFO] [stdout]   39:     0x61f875948eba - core::ops::function::FnOnce::call_once{{vtable.shim}}::h048ce291ad4f62bf
[INFO] [stdout]                                at /rustc/6067b36314ab5eb2eb47cecc464545ba58e1ad24/library/core/src/ops/function.rs:250:5
[INFO] [stdout]   40:     0x61f8759f344b - <alloc::boxed::Box<F,A> as core::ops::function::FnOnce<Args>>::call_once::ha52bedf99a3b4981
[INFO] [stdout]                                at /rustc/6067b36314ab5eb2eb47cecc464545ba58e1ad24/library/alloc/src/boxed.rs:2013:9
[INFO] [stdout]   41:     0x61f8759f344b - <alloc::boxed::Box<F,A> as core::ops::function::FnOnce<Args>>::call_once::h567748934d80ccf8
[INFO] [stdout]                                at /rustc/6067b36314ab5eb2eb47cecc464545ba58e1ad24/library/alloc/src/boxed.rs:2013:9
[INFO] [stdout]   42:     0x61f8759f344b - std::sys::pal::unix::thread::Thread::new::thread_start::h2d970728ae887adc
[INFO] [stdout]                                at /rustc/6067b36314ab5eb2eb47cecc464545ba58e1ad24/library/std/src/sys/pal/unix/thread.rs:106:17
[INFO] [stdout]   43:     0x751a8dc04ac3 - <unknown>
[INFO] [stdout]   44:     0x751a8dc95a04 - clone
[INFO] [stdout]   45:                0x0 - <unknown>
[INFO] [stdout] 
[INFO] [stdout] ---- graph::orgraph::tests::test_cmrdt_validation stdout ----
[INFO] [stdout] ORGraph { vertices: {"a": {(1737411651231, true)}, "x": {(1737411651237, true)}, "b": {(1737411651232, true)}}, edges: {("x", "b"): {(1737411651238, true)}} } ORGraph { vertices: {"a": {(1737411651231, true)}, "x": {(1737411651237, true)}, "b": {(1737411651232, true)}}, edges: {("x", "b"): {(1737411651238, true)}} }
[INFO] [stdout] ORGraph { vertices: {"a": {(1737411651231, true)}, "x": {(1737411651237, true)}, "b": {(1737411651232, true)}}, edges: {} } ORGraph { vertices: {"a": {(1737411651231, true)}, "x": {(1737411651237, true)}, "b": {(1737411651232, true)}}, edges: {} }
[INFO] [stdout] 
[INFO] [stdout] thread 'graph::orgraph::tests::test_cmrdt_validation' panicked at crust-core/src/graph/orgraph.rs:482:9:
[INFO] [stdout] assertion failed: ORGraph::<String>::cmrdt_sequential_consistency(g1.clone(), ops)
[INFO] [stdout] stack backtrace:
[INFO] [stdout]    0:     0x61f8759ed5fa - std::backtrace_rs::backtrace::libunwind::trace::hb059275cfc8d6126
[INFO] [stdout]                                at /rustc/6067b36314ab5eb2eb47cecc464545ba58e1ad24/library/std/src/../../backtrace/src/backtrace/libunwind.rs:116:5
[INFO] [stdout]    1:     0x61f8759ed5fa - std::backtrace_rs::backtrace::trace_unsynchronized::h2da071e4327ce3ee
[INFO] [stdout]                                at /rustc/6067b36314ab5eb2eb47cecc464545ba58e1ad24/library/std/src/../../backtrace/src/backtrace/mod.rs:66:5
[INFO] [stdout]    2:     0x61f8759ed5fa - std::sys::backtrace::_print_fmt::h842a1474e6f8d23f
[INFO] [stdout]                                at /rustc/6067b36314ab5eb2eb47cecc464545ba58e1ad24/library/std/src/sys/backtrace.rs:66:9
[INFO] [stdout]    3:     0x61f8759ed5fa - <std::sys::backtrace::BacktraceLock::print::DisplayBacktrace as core::fmt::Display>::fmt::h71a62eb3b9696b12
[INFO] [stdout]                                at /rustc/6067b36314ab5eb2eb47cecc464545ba58e1ad24/library/std/src/sys/backtrace.rs:39:26
[INFO] [stdout]    4:     0x61f875a15a53 - core::fmt::rt::Argument::fmt::hdb6b616786b41dc1
[INFO] [stdout]                                at /rustc/6067b36314ab5eb2eb47cecc464545ba58e1ad24/library/core/src/fmt/rt.rs:177:76
[INFO] [stdout]    5:     0x61f875a15a53 - core::fmt::write::h2cc1698af7e2d686
[INFO] [stdout]                                at /rustc/6067b36314ab5eb2eb47cecc464545ba58e1ad24/library/core/src/fmt/mod.rs:1440:21
[INFO] [stdout]    6:     0x61f8759ea153 - std::io::Write::write_fmt::hab1b4cd059a79022
[INFO] [stdout]                                at /rustc/6067b36314ab5eb2eb47cecc464545ba58e1ad24/library/std/src/io/mod.rs:1887:15
[INFO] [stdout]    7:     0x61f8759ed442 - std::sys::backtrace::BacktraceLock::print::h147fe35b4ea13b08
[INFO] [stdout]                                at /rustc/6067b36314ab5eb2eb47cecc464545ba58e1ad24/library/std/src/sys/backtrace.rs:42:9
[INFO] [stdout]    8:     0x61f8759eea1f - std::panicking::default_hook::{{closure}}::hbd44223dbdc0d208
[INFO] [stdout]                                at /rustc/6067b36314ab5eb2eb47cecc464545ba58e1ad24/library/std/src/panicking.rs:298:22
[INFO] [stdout]    9:     0x61f8759ee838 - std::panicking::default_hook::h20f81eb0576efcec
[INFO] [stdout]                                at /rustc/6067b36314ab5eb2eb47cecc464545ba58e1ad24/library/std/src/panicking.rs:322:9
[INFO] [stdout]   10:     0x61f87597de63 - <alloc::boxed::Box<F,A> as core::ops::function::Fn<Args>>::call::hdb53814c496a4d34
[INFO] [stdout]                                at /rustc/6067b36314ab5eb2eb47cecc464545ba58e1ad24/library/alloc/src/boxed.rs:2027:9
[INFO] [stdout]   11:     0x61f87597de63 - test::test_main::{{closure}}::hc0a4963c59427c24
[INFO] [stdout]                                at /rustc/6067b36314ab5eb2eb47cecc464545ba58e1ad24/library/test/src/lib.rs:134:21
[INFO] [stdout]   12:     0x61f8759ef513 - <alloc::boxed::Box<F,A> as core::ops::function::Fn<Args>>::call::h591b2225413a77e9
[INFO] [stdout]                                at /rustc/6067b36314ab5eb2eb47cecc464545ba58e1ad24/library/alloc/src/boxed.rs:2027:9
[INFO] [stdout]   13:     0x61f8759ef513 - std::panicking::rust_panic_with_hook::h625eea43051b2edc
[INFO] [stdout]                                at /rustc/6067b36314ab5eb2eb47cecc464545ba58e1ad24/library/std/src/panicking.rs:839:13
[INFO] [stdout]   14:     0x61f8759ef196 - std::panicking::begin_panic_handler::{{closure}}::h4f9159cfbc3f6bd3
[INFO] [stdout]                                at /rustc/6067b36314ab5eb2eb47cecc464545ba58e1ad24/library/std/src/panicking.rs:697:13
[INFO] [stdout]   15:     0x61f8759edaf9 - std::sys::backtrace::__rust_end_short_backtrace::h0390abce48353151
[INFO] [stdout]                                at /rustc/6067b36314ab5eb2eb47cecc464545ba58e1ad24/library/std/src/sys/backtrace.rs:168:18
[INFO] [stdout]   16:     0x61f8759eee5d - rust_begin_unwind
[INFO] [stdout]                                at /rustc/6067b36314ab5eb2eb47cecc464545ba58e1ad24/library/std/src/panicking.rs:695:5
[INFO] [stdout]   17:     0x61f875a13ba0 - core::panicking::panic_fmt::h9e7c637e9e5f29c9
[INFO] [stdout]                                at /rustc/6067b36314ab5eb2eb47cecc464545ba58e1ad24/library/core/src/panicking.rs:75:14
[INFO] [stdout]   18:     0x61f875a13c2c - core::panicking::panic::haa3255ea20181a33
[INFO] [stdout]                                at /rustc/6067b36314ab5eb2eb47cecc464545ba58e1ad24/library/core/src/panicking.rs:145:5
[INFO] [stdout]   19:     0x61f875906bb2 - crust_core::graph::orgraph::tests::test_cmrdt_validation::hfdd02280fbd2c862
[INFO] [stdout]                                at /opt/rustwide/workdir/crust-core/src/graph/orgraph.rs:482:9
[INFO] [stdout]   20:     0x61f875905ef7 - crust_core::graph::orgraph::tests::test_cmrdt_validation::{{closure}}::h3563fa5db37b0d33
[INFO] [stdout]                                at /opt/rustwide/workdir/crust-core/src/graph/orgraph.rs:441:31
[INFO] [stdout]   21:     0x61f875923716 - core::ops::function::FnOnce::call_once::h3696de3233ec5e08
[INFO] [stdout]                                at /rustc/6067b36314ab5eb2eb47cecc464545ba58e1ad24/library/core/src/ops/function.rs:250:5
[INFO] [stdout]   22:     0x61f8759835bb - core::ops::function::FnOnce::call_once::he27718dfdd183f43
[INFO] [stdout]                                at /rustc/6067b36314ab5eb2eb47cecc464545ba58e1ad24/library/core/src/ops/function.rs:250:5
[INFO] [stdout]   23:     0x61f8759835bb - test::__rust_begin_short_backtrace::h4e84902998457a5d
[INFO] [stdout]                                at /rustc/6067b36314ab5eb2eb47cecc464545ba58e1ad24/library/test/src/lib.rs:632:18
[INFO] [stdout]   24:     0x61f8759824f3 - test::run_test_in_process::{{closure}}::h7176fd18fc1feca0
[INFO] [stdout]                                at /rustc/6067b36314ab5eb2eb47cecc464545ba58e1ad24/library/test/src/lib.rs:655:60
[INFO] [stdout]   25:     0x61f8759824f3 - <core::panic::unwind_safe::AssertUnwindSafe<F> as core::ops::function::FnOnce<()>>::call_once::hf79cff2a624d8cf7
[INFO] [stdout]                                at /rustc/6067b36314ab5eb2eb47cecc464545ba58e1ad24/library/core/src/panic/unwind_safe.rs:272:9
[INFO] [stdout]   26:     0x61f8759824f3 - std::panicking::try::do_call::h3da0561d9ab99c25
[INFO] [stdout]                                at /rustc/6067b36314ab5eb2eb47cecc464545ba58e1ad24/library/std/src/panicking.rs:587:40
[INFO] [stdout]   27:     0x61f8759824f3 - std::panicking::try::h41c9fa508bc61df6
[INFO] [stdout]                                at /rustc/6067b36314ab5eb2eb47cecc464545ba58e1ad24/library/std/src/panicking.rs:550:19
[INFO] [stdout]   28:     0x61f8759824f3 - std::panic::catch_unwind::h6b3ff07bb5afad93
[INFO] [stdout]                                at /rustc/6067b36314ab5eb2eb47cecc464545ba58e1ad24/library/std/src/panic.rs:358:14
[INFO] [stdout]   29:     0x61f8759824f3 - test::run_test_in_process::hc7253dd11b39b9f4
[INFO] [stdout]                                at /rustc/6067b36314ab5eb2eb47cecc464545ba58e1ad24/library/test/src/lib.rs:655:27
[INFO] [stdout]   30:     0x61f8759824f3 - test::run_test::{{closure}}::hfb2007f8649c30bb
[INFO] [stdout]                                at /rustc/6067b36314ab5eb2eb47cecc464545ba58e1ad24/library/test/src/lib.rs:576:43
[INFO] [stdout]   31:     0x61f8759455d5 - test::run_test::{{closure}}::h56a17aa7a282a9f4
[INFO] [stdout]                                at /rustc/6067b36314ab5eb2eb47cecc464545ba58e1ad24/library/test/src/lib.rs:606:41
[INFO] [stdout]   32:     0x61f8759455d5 - std::sys::backtrace::__rust_begin_short_backtrace::hd2d2d2fb8e8c6aac
[INFO] [stdout]                                at /rustc/6067b36314ab5eb2eb47cecc464545ba58e1ad24/library/std/src/sys/backtrace.rs:152:18
[INFO] [stdout]   33:     0x61f875948eba - std::thread::Builder::spawn_unchecked_::{{closure}}::{{closure}}::h4faa3f9db6133423
[INFO] [stdout]                                at /rustc/6067b36314ab5eb2eb47cecc464545ba58e1ad24/library/std/src/thread/mod.rs:559:17
[INFO] [stdout]   34:     0x61f875948eba - <core::panic::unwind_safe::AssertUnwindSafe<F> as core::ops::function::FnOnce<()>>::call_once::hf2e855a36a4ea846
[INFO] [stdout]                                at /rustc/6067b36314ab5eb2eb47cecc464545ba58e1ad24/library/core/src/panic/unwind_safe.rs:272:9
[INFO] [stdout]   35:     0x61f875948eba - std::panicking::try::do_call::h2f73af3616c35465
[INFO] [stdout]                                at /rustc/6067b36314ab5eb2eb47cecc464545ba58e1ad24/library/std/src/panicking.rs:587:40
[INFO] [stdout]   36:     0x61f875948eba - std::panicking::try::hd1660ce9efadef5a
[INFO] [stdout]                                at /rustc/6067b36314ab5eb2eb47cecc464545ba58e1ad24/library/std/src/panicking.rs:550:19
[INFO] [stdout]   37:     0x61f875948eba - std::panic::catch_unwind::h5ee8d7823b8ca744
[INFO] [stdout]                                at /rustc/6067b36314ab5eb2eb47cecc464545ba58e1ad24/library/std/src/panic.rs:358:14
[INFO] [stdout]   38:     0x61f875948eba - std::thread::Builder::spawn_unchecked_::{{closure}}::h53c3a1894dce8407
[INFO] [stdout]                                at /rustc/6067b36314ab5eb2eb47cecc464545ba58e1ad24/library/std/src/thread/mod.rs:557:30
[INFO] [stdout]   39:     0x61f875948eba - core::ops::function::FnOnce::call_once{{vtable.shim}}::h048ce291ad4f62bf
[INFO] [stdout]                                at /rustc/6067b36314ab5eb2eb47cecc464545ba58e1ad24/library/core/src/ops/function.rs:250:5
[INFO] [stdout]   40:     0x61f8759f344b - <alloc::boxed::Box<F,A> as core::ops::function::FnOnce<Args>>::call_once::ha52bedf99a3b4981
[INFO] [stdout]                                at /rustc/6067b36314ab5eb2eb47cecc464545ba58e1ad24/library/alloc/src/boxed.rs:2013:9
[INFO] [stdout]   41:     0x61f8759f344b - <alloc::boxed::Box<F,A> as core::ops::function::FnOnce<Args>>::call_once::h567748934d80ccf8
[INFO] [stdout]                                at /rustc/6067b36314ab5eb2eb47cecc464545ba58e1ad24/library/alloc/src/boxed.rs:2013:9
[INFO] [stdout]   42:     0x61f8759f344b - std::sys::pal::unix::thread::Thread::new::thread_start::h2d970728ae887adc
[INFO] [stdout]                                at /rustc/6067b36314ab5eb2eb47cecc464545ba58e1ad24/library/std/src/sys/pal/unix/thread.rs:106:17
[INFO] [stdout]   43:     0x751a8dc04ac3 - <unknown>
[INFO] [stdout]   44:     0x751a8dc95a04 - clone
[INFO] [stdout]   45:                0x0 - <unknown>
[INFO] [stdout] 
[INFO] [stdout] ---- graph::tpgraph::tests::test_cvrdt_validation stdout ----
[INFO] [stdout] 
[INFO] [stdout] thread 'graph::tpgraph::tests::test_cvrdt_validation' panicked at crust-core/src/graph/tpgraph.rs:488:9:
[INFO] [stdout] not yet implemented
[INFO] [stdout] stack backtrace:
[INFO] [stdout]    0:     0x61f8759ed5fa - std::backtrace_rs::backtrace::libunwind::trace::hb059275cfc8d6126
[INFO] [stdout]                                at /rustc/6067b36314ab5eb2eb47cecc464545ba58e1ad24/library/std/src/../../backtrace/src/backtrace/libunwind.rs:116:5
[INFO] [stdout]    1:     0x61f8759ed5fa - std::backtrace_rs::backtrace::trace_unsynchronized::h2da071e4327ce3ee
[INFO] [stdout]                                at /rustc/6067b36314ab5eb2eb47cecc464545ba58e1ad24/library/std/src/../../backtrace/src/backtrace/mod.rs:66:5
[INFO] [stdout]    2:     0x61f8759ed5fa - std::sys::backtrace::_print_fmt::h842a1474e6f8d23f
[INFO] [stdout]                                at /rustc/6067b36314ab5eb2eb47cecc464545ba58e1ad24/library/std/src/sys/backtrace.rs:66:9
[INFO] [stdout]    3:     0x61f8759ed5fa - <std::sys::backtrace::BacktraceLock::print::DisplayBacktrace as core::fmt::Display>::fmt::h71a62eb3b9696b12
[INFO] [stdout]                                at /rustc/6067b36314ab5eb2eb47cecc464545ba58e1ad24/library/std/src/sys/backtrace.rs:39:26
[INFO] [stdout]    4:     0x61f875a15a53 - core::fmt::rt::Argument::fmt::hdb6b616786b41dc1
[INFO] [stdout]                                at /rustc/6067b36314ab5eb2eb47cecc464545ba58e1ad24/library/core/src/fmt/rt.rs:177:76
[INFO] [stdout]    5:     0x61f875a15a53 - core::fmt::write::h2cc1698af7e2d686
[INFO] [stdout]                                at /rustc/6067b36314ab5eb2eb47cecc464545ba58e1ad24/library/core/src/fmt/mod.rs:1440:21
[INFO] [stdout]    6:     0x61f8759ea153 - std::io::Write::write_fmt::hab1b4cd059a79022
[INFO] [stdout]                                at /rustc/6067b36314ab5eb2eb47cecc464545ba58e1ad24/library/std/src/io/mod.rs:1887:15
[INFO] [stdout]    7:     0x61f8759ed442 - std::sys::backtrace::BacktraceLock::print::h147fe35b4ea13b08
[INFO] [stdout]                                at /rustc/6067b36314ab5eb2eb47cecc464545ba58e1ad24/library/std/src/sys/backtrace.rs:42:9
[INFO] [stdout]    8:     0x61f8759eea1f - std::panicking::default_hook::{{closure}}::hbd44223dbdc0d208
[INFO] [stdout]                                at /rustc/6067b36314ab5eb2eb47cecc464545ba58e1ad24/library/std/src/panicking.rs:298:22
[INFO] [stdout]    9:     0x61f8759ee838 - std::panicking::default_hook::h20f81eb0576efcec
[INFO] [stdout]                                at /rustc/6067b36314ab5eb2eb47cecc464545ba58e1ad24/library/std/src/panicking.rs:322:9
[INFO] [stdout]   10:     0x61f87597de63 - <alloc::boxed::Box<F,A> as core::ops::function::Fn<Args>>::call::hdb53814c496a4d34
[INFO] [stdout]                                at /rustc/6067b36314ab5eb2eb47cecc464545ba58e1ad24/library/alloc/src/boxed.rs:2027:9
[INFO] [stdout]   11:     0x61f87597de63 - test::test_main::{{closure}}::hc0a4963c59427c24
[INFO] [stdout]                                at /rustc/6067b36314ab5eb2eb47cecc464545ba58e1ad24/library/test/src/lib.rs:134:21
[INFO] [stdout]   12:     0x61f8759ef513 - <alloc::boxed::Box<F,A> as core::ops::function::Fn<Args>>::call::h591b2225413a77e9
[INFO] [stdout]                                at /rustc/6067b36314ab5eb2eb47cecc464545ba58e1ad24/library/alloc/src/boxed.rs:2027:9
[INFO] [stdout]   13:     0x61f8759ef513 - std::panicking::rust_panic_with_hook::h625eea43051b2edc
[INFO] [stdout]                                at /rustc/6067b36314ab5eb2eb47cecc464545ba58e1ad24/library/std/src/panicking.rs:839:13
[INFO] [stdout]   14:     0x61f8759ef196 - std::panicking::begin_panic_handler::{{closure}}::h4f9159cfbc3f6bd3
[INFO] [stdout]                                at /rustc/6067b36314ab5eb2eb47cecc464545ba58e1ad24/library/std/src/panicking.rs:697:13
[INFO] [stdout]   15:     0x61f8759edaf9 - std::sys::backtrace::__rust_end_short_backtrace::h0390abce48353151
[INFO] [stdout]                                at /rustc/6067b36314ab5eb2eb47cecc464545ba58e1ad24/library/std/src/sys/backtrace.rs:168:18
[INFO] [stdout]   16:     0x61f8759eee5d - rust_begin_unwind
[INFO] [stdout]                                at /rustc/6067b36314ab5eb2eb47cecc464545ba58e1ad24/library/std/src/panicking.rs:695:5
[INFO] [stdout]   17:     0x61f875a13ba0 - core::panicking::panic_fmt::h9e7c637e9e5f29c9
[INFO] [stdout]                                at /rustc/6067b36314ab5eb2eb47cecc464545ba58e1ad24/library/core/src/panicking.rs:75:14
[INFO] [stdout]   18:     0x61f875a13c2c - core::panicking::panic::haa3255ea20181a33
[INFO] [stdout]                                at /rustc/6067b36314ab5eb2eb47cecc464545ba58e1ad24/library/core/src/panicking.rs:145:5
[INFO] [stdout]   19:     0x61f8759220a5 - crust_core::graph::tpgraph::tests::test_cvrdt_validation::ha001a6fbef55419f
[INFO] [stdout]                                at /opt/rustwide/workdir/crust-core/src/graph/tpgraph.rs:488:9
[INFO] [stdout]   20:     0x61f875921ff7 - crust_core::graph::tpgraph::tests::test_cvrdt_validation::{{closure}}::hf42b89720279bc4e
[INFO] [stdout]                                at /opt/rustwide/workdir/crust-core/src/graph/tpgraph.rs:483:31
[INFO] [stdout]   21:     0x61f875923976 - core::ops::function::FnOnce::call_once::h64229b8831ce7af9
[INFO] [stdout]                                at /rustc/6067b36314ab5eb2eb47cecc464545ba58e1ad24/library/core/src/ops/function.rs:250:5
[INFO] [stdout]   22:     0x61f8759835bb - core::ops::function::FnOnce::call_once::he27718dfdd183f43
[INFO] [stdout]                                at /rustc/6067b36314ab5eb2eb47cecc464545ba58e1ad24/library/core/src/ops/function.rs:250:5
[INFO] [stdout]   23:     0x61f8759835bb - test::__rust_begin_short_backtrace::h4e84902998457a5d
[INFO] [stdout]                                at /rustc/6067b36314ab5eb2eb47cecc464545ba58e1ad24/library/test/src/lib.rs:632:18
[INFO] [stdout]   24:     0x61f8759824f3 - test::run_test_in_process::{{closure}}::h7176fd18fc1feca0
[INFO] [stdout]                                at /rustc/6067b36314ab5eb2eb47cecc464545ba58e1ad24/library/test/src/lib.rs:655:60
[INFO] [stdout]   25:     0x61f8759824f3 - <core::panic::unwind_safe::AssertUnwindSafe<F> as core::ops::function::FnOnce<()>>::call_once::hf79cff2a624d8cf7
[INFO] [stdout]                                at /rustc/6067b36314ab5eb2eb47cecc464545ba58e1ad24/library/core/src/panic/unwind_safe.rs:272:9
[INFO] [stdout]   26:     0x61f8759824f3 - std::panicking::try::do_call::h3da0561d9ab99c25
[INFO] [stdout]                                at /rustc/6067b36314ab5eb2eb47cecc464545ba58e1ad24/library/std/src/panicking.rs:587:40
[INFO] [stdout]   27:     0x61f8759824f3 - std::panicking::try::h41c9fa508bc61df6
[INFO] [stdout]                                at /rustc/6067b36314ab5eb2eb47cecc464545ba58e1ad24/library/std/src/panicking.rs:550:19
[INFO] [stdout]   28:     0x61f8759824f3 - std::panic::catch_unwind::h6b3ff07bb5afad93
[INFO] [stdout]                                at /rustc/6067b36314ab5eb2eb47cecc464545ba58e1ad24/library/std/src/panic.rs:358:14
[INFO] [stdout]   29:     0x61f8759824f3 - test::run_test_in_process::hc7253dd11b39b9f4
[INFO] [stdout]                                at /rustc/6067b36314ab5eb2eb47cecc464545ba58e1ad24/library/test/src/lib.rs:655:27
[INFO] [stdout]   30:     0x61f8759824f3 - test::run_test::{{closure}}::hfb2007f8649c30bb
[INFO] [stdout]                                at /rustc/6067b36314ab5eb2eb47cecc464545ba58e1ad24/library/test/src/lib.rs:576:43
[INFO] [stdout]   31:     0x61f8759455d5 - test::run_test::{{closure}}::h56a17aa7a282a9f4
[INFO] [stdout]                                at /rustc/6067b36314ab5eb2eb47cecc464545ba58e1ad24/library/test/src/lib.rs:606:41
[INFO] [stdout]   32:     0x61f8759455d5 - std::sys::backtrace::__rust_begin_short_backtrace::hd2d2d2fb8e8c6aac
[INFO] [stdout]                                at /rustc/6067b36314ab5eb2eb47cecc464545ba58e1ad24/library/std/src/sys/backtrace.rs:152:18
[INFO] [stdout]   33:     0x61f875948eba - std::thread::Builder::spawn_unchecked_::{{closure}}::{{closure}}::h4faa3f9db6133423
[INFO] [stdout]                                at /rustc/6067b36314ab5eb2eb47cecc464545ba58e1ad24/library/std/src/thread/mod.rs:559:17
[INFO] [stdout]   34:     0x61f875948eba - <core::panic::unwind_safe::AssertUnwindSafe<F> as core::ops::function::FnOnce<()>>::call_once::hf2e855a36a4ea846
[INFO] [stdout]                                at /rustc/6067b36314ab5eb2eb47cecc464545ba58e1ad24/library/core/src/panic/unwind_safe.rs:272:9
[INFO] [stdout]   35:     0x61f875948eba - std::panicking::try::do_call::h2f73af3616c35465
[INFO] [stdout]                                at /rustc/6067b36314ab5eb2eb47cecc464545ba58e1ad24/library/std/src/panicking.rs:587:40
[INFO] [stdout]   36:     0x61f875948eba - std::panicking::try::hd1660ce9efadef5a
[INFO] [stdout]                                at /rustc/6067b36314ab5eb2eb47cecc464545ba58e1ad24/library/std/src/panicking.rs:550:19
[INFO] [stdout]   37:     0x61f875948eba - std::panic::catch_unwind::h5ee8d7823b8ca744
[INFO] [stdout]                                at /rustc/6067b36314ab5eb2eb47cecc464545ba58e1ad24/library/std/src/panic.rs:358:14
[INFO] [stdout]   38:     0x61f875948eba - std::thread::Builder::spawn_unchecked_::{{closure}}::h53c3a1894dce8407
[INFO] [stdout]                                at /rustc/6067b36314ab5eb2eb47cecc464545ba58e1ad24/library/std/src/thread/mod.rs:557:30
[INFO] [stdout]   39:     0x61f875948eba - core::ops::function::FnOnce::call_once{{vtable.shim}}::h048ce291ad4f62bf
[INFO] [stdout]                                at /rustc/6067b36314ab5eb2eb47cecc464545ba58e1ad24/library/core/src/ops/function.rs:250:5
[INFO] [stdout]   40:     0x61f8759f344b - <alloc::boxed::Box<F,A> as core::ops::function::FnOnce<Args>>::call_once::ha52bedf99a3b4981
[INFO] [stdout]                                at /rustc/6067b36314ab5eb2eb47cecc464545ba58e1ad24/library/alloc/src/boxed.rs:2013:9
[INFO] [stdout]   41:     0x61f8759f344b - <alloc::boxed::Box<F,A> as core::ops::function::FnOnce<Args>>::call_once::h567748934d80ccf8
[INFO] [stdout]                                at /rustc/6067b36314ab5eb2eb47cecc464545ba58e1ad24/library/alloc/src/boxed.rs:2013:9
[INFO] [stdout]   42:     0x61f8759f344b - std::sys::pal::unix::thread::Thread::new::thread_start::h2d970728ae887adc
[INFO] [stdout]                                at /rustc/6067b36314ab5eb2eb47cecc464545ba58e1ad24/library/std/src/sys/pal/unix/thread.rs:106:17
[INFO] [stdout]   43:     0x751a8dc04ac3 - <unknown>
[INFO] [stdout]   44:     0x751a8dc95a04 - clone
[INFO] [stdout]   45:                0x0 - <unknown>
[INFO] [stdout] 
[INFO] [stdout] ---- set::awset::tests::test_cvrdt_validation stdout ----
[INFO] [stdout] AWSet { elements: {"b": 1737411651234, "c": 1737411651235}, removed_elements: {"a": 1737411651236} } AWSet { elements: {"b": 1737411651234, "c": 1737411651235}, removed_elements: {"a": 1737411651236} }
[INFO] [stdout] AWSet { elements: {"b": 1737411651234}, removed_elements: {"a": 1737411651236} } AWSet { elements: {"b": 1737411651234}, removed_elements: {} }
[INFO] [stdout] 
[INFO] [stdout] thread 'set::awset::tests::test_cvrdt_validation' panicked at crust-core/src/set/awset.rs:246:9:
[INFO] [stdout] assertion failed: AWSet::<String>::cvrdt_commutativity(a.clone(), b.clone())
[INFO] [stdout] stack backtrace:
[INFO] [stdout]    0:     0x61f8759ed5fa - std::backtrace_rs::backtrace::libunwind::trace::hb059275cfc8d6126
[INFO] [stdout]                                at /rustc/6067b36314ab5eb2eb47cecc464545ba58e1ad24/library/std/src/../../backtrace/src/backtrace/libunwind.rs:116:5
[INFO] [stdout]    1:     0x61f8759ed5fa - std::backtrace_rs::backtrace::trace_unsynchronized::h2da071e4327ce3ee
[INFO] [stdout]                                at /rustc/6067b36314ab5eb2eb47cecc464545ba58e1ad24/library/std/src/../../backtrace/src/backtrace/mod.rs:66:5
[INFO] [stdout]    2:     0x61f8759ed5fa - std::sys::backtrace::_print_fmt::h842a1474e6f8d23f
[INFO] [stdout]                                at /rustc/6067b36314ab5eb2eb47cecc464545ba58e1ad24/library/std/src/sys/backtrace.rs:66:9
[INFO] [stdout]    3:     0x61f8759ed5fa - <std::sys::backtrace::BacktraceLock::print::DisplayBacktrace as core::fmt::Display>::fmt::h71a62eb3b9696b12
[INFO] [stdout]                                at /rustc/6067b36314ab5eb2eb47cecc464545ba58e1ad24/library/std/src/sys/backtrace.rs:39:26
[INFO] [stdout]    4:     0x61f875a15a53 - core::fmt::rt::Argument::fmt::hdb6b616786b41dc1
[INFO] [stdout]                                at /rustc/6067b36314ab5eb2eb47cecc464545ba58e1ad24/library/core/src/fmt/rt.rs:177:76
[INFO] [stdout]    5:     0x61f875a15a53 - core::fmt::write::h2cc1698af7e2d686
[INFO] [stdout]                                at /rustc/6067b36314ab5eb2eb47cecc464545ba58e1ad24/library/core/src/fmt/mod.rs:1440:21
[INFO] [stdout]    6:     0x61f8759ea153 - std::io::Write::write_fmt::hab1b4cd059a79022
[INFO] [stdout]                                at /rustc/6067b36314ab5eb2eb47cecc464545ba58e1ad24/library/std/src/io/mod.rs:1887:15
[INFO] [stdout]    7:     0x61f8759ed442 - std::sys::backtrace::BacktraceLock::print::h147fe35b4ea13b08
[INFO] [stdout]                                at /rustc/6067b36314ab5eb2eb47cecc464545ba58e1ad24/library/std/src/sys/backtrace.rs:42:9
[INFO] [stdout]    8:     0x61f8759eea1f - std::panicking::default_hook::{{closure}}::hbd44223dbdc0d208
[INFO] [stdout]                                at /rustc/6067b36314ab5eb2eb47cecc464545ba58e1ad24/library/std/src/panicking.rs:298:22
[INFO] [stdout]    9:     0x61f8759ee838 - std::panicking::default_hook::h20f81eb0576efcec
[INFO] [stdout]                                at /rustc/6067b36314ab5eb2eb47cecc464545ba58e1ad24/library/std/src/panicking.rs:322:9
[INFO] [stdout]   10:     0x61f87597de63 - <alloc::boxed::Box<F,A> as core::ops::function::Fn<Args>>::call::hdb53814c496a4d34
[INFO] [stdout]                                at /rustc/6067b36314ab5eb2eb47cecc464545ba58e1ad24/library/alloc/src/boxed.rs:2027:9
[INFO] [stdout]   11:     0x61f87597de63 - test::test_main::{{closure}}::hc0a4963c59427c24
[INFO] [stdout]                                at /rustc/6067b36314ab5eb2eb47cecc464545ba58e1ad24/library/test/src/lib.rs:134:21
[INFO] [stdout]   12:     0x61f8759ef513 - <alloc::boxed::Box<F,A> as core::ops::function::Fn<Args>>::call::h591b2225413a77e9
[INFO] [stdout]                                at /rustc/6067b36314ab5eb2eb47cecc464545ba58e1ad24/library/alloc/src/boxed.rs:2027:9
[INFO] [stdout]   13:     0x61f8759ef513 - std::panicking::rust_panic_with_hook::h625eea43051b2edc
[INFO] [stdout]                                at /rustc/6067b36314ab5eb2eb47cecc464545ba58e1ad24/library/std/src/panicking.rs:839:13
[INFO] [stdout]   14:     0x61f8759ef196 - std::panicking::begin_panic_handler::{{closure}}::h4f9159cfbc3f6bd3
[INFO] [stdout]                                at /rustc/6067b36314ab5eb2eb47cecc464545ba58e1ad24/library/std/src/panicking.rs:697:13
[INFO] [stdout]   15:     0x61f8759edaf9 - std::sys::backtrace::__rust_end_short_backtrace::h0390abce48353151
[INFO] [stdout]                                at /rustc/6067b36314ab5eb2eb47cecc464545ba58e1ad24/library/std/src/sys/backtrace.rs:168:18
[INFO] [stdout]   16:     0x61f8759eee5d - rust_begin_unwind
[INFO] [stdout]                                at /rustc/6067b36314ab5eb2eb47cecc464545ba58e1ad24/library/std/src/panicking.rs:695:5
[INFO] [stdout]   17:     0x61f875a13ba0 - core::panicking::panic_fmt::h9e7c637e9e5f29c9
[INFO] [stdout]                                at /rustc/6067b36314ab5eb2eb47cecc464545ba58e1ad24/library/core/src/panicking.rs:75:14
[INFO] [stdout]   18:     0x61f875a13c2c - core::panicking::panic::haa3255ea20181a33
[INFO] [stdout]                                at /rustc/6067b36314ab5eb2eb47cecc464545ba58e1ad24/library/core/src/panicking.rs:145:5
[INFO] [stdout]   19:     0x61f8759345ca - crust_core::set::awset::tests::test_cvrdt_validation::h702dc91155ba5d10
[INFO] [stdout]                                at /opt/rustwide/workdir/crust-core/src/set/awset.rs:246:9
[INFO] [stdout]   20:     0x61f8759340a7 - crust_core::set::awset::tests::test_cvrdt_validation::{{closure}}::h97acc7724f41a014
[INFO] [stdout]                                at /opt/rustwide/workdir/crust-core/src/set/awset.rs:229:31
[INFO] [stdout]   21:     0x61f875923cf6 - core::ops::function::FnOnce::call_once::h8bfc3c02fc6e11d5
[INFO] [stdout]                                at /rustc/6067b36314ab5eb2eb47cecc464545ba58e1ad24/library/core/src/ops/function.rs:250:5
[INFO] [stdout]   22:     0x61f8759835bb - core::ops::function::FnOnce::call_once::he27718dfdd183f43
[INFO] [stdout]                                at /rustc/6067b36314ab5eb2eb47cecc464545ba58e1ad24/library/core/src/ops/function.rs:250:5
[INFO] [stdout]   23:     0x61f8759835bb - test::__rust_begin_short_backtrace::h4e84902998457a5d
[INFO] [stdout]                                at /rustc/6067b36314ab5eb2eb47cecc464545ba58e1ad24/library/test/src/lib.rs:632:18
[INFO] [stdout]   24:     0x61f8759824f3 - test::run_test_in_process::{{closure}}::h7176fd18fc1feca0
[INFO] [stdout]                                at /rustc/6067b36314ab5eb2eb47cecc464545ba58e1ad24/library/test/src/lib.rs:655:60
[INFO] [stdout]   25:     0x61f8759824f3 - <core::panic::unwind_safe::AssertUnwindSafe<F> as core::ops::function::FnOnce<()>>::call_once::hf79cff2a624d8cf7
[INFO] [stdout]                                at /rustc/6067b36314ab5eb2eb47cecc464545ba58e1ad24/library/core/src/panic/unwind_safe.rs:272:9
[INFO] [stdout]   26:     0x61f8759824f3 - std::panicking::try::do_call::h3da0561d9ab99c25
[INFO] [stdout]                                at /rustc/6067b36314ab5eb2eb47cecc464545ba58e1ad24/library/std/src/panicking.rs:587:40
[INFO] [stdout]   27:     0x61f8759824f3 - std::panicking::try::h41c9fa508bc61df6
[INFO] [stdout]                                at /rustc/6067b36314ab5eb2eb47cecc464545ba58e1ad24/library/std/src/panicking.rs:550:19
[INFO] [stdout]   28:     0x61f8759824f3 - std::panic::catch_unwind::h6b3ff07bb5afad93
[INFO] [stdout]                                at /rustc/6067b36314ab5eb2eb47cecc464545ba58e1ad24/library/std/src/panic.rs:358:14
[INFO] [stdout]   29:     0x61f8759824f3 - test::run_test_in_process::hc7253dd11b39b9f4
[INFO] [stdout]                                at /rustc/6067b36314ab5eb2eb47cecc464545ba58e1ad24/library/test/src/lib.rs:655:27
[INFO] [stdout]   30:     0x61f8759824f3 - test::run_test::{{closure}}::hfb2007f8649c30bb
[INFO] [stdout]                                at /rustc/6067b36314ab5eb2eb47cecc464545ba58e1ad24/library/test/src/lib.rs:576:43
[INFO] [stdout]   31:     0x61f8759455d5 - test::run_test::{{closure}}::h56a17aa7a282a9f4
[INFO] [stdout]                                at /rustc/6067b36314ab5eb2eb47cecc464545ba58e1ad24/library/test/src/lib.rs:606:41
[INFO] [stdout]   32:     0x61f8759455d5 - std::sys::backtrace::__rust_begin_short_backtrace::hd2d2d2fb8e8c6aac
[INFO] [stdout]                                at /rustc/6067b36314ab5eb2eb47cecc464545ba58e1ad24/library/std/src/sys/backtrace.rs:152:18
[INFO] [stdout]   33:     0x61f875948eba - std::thread::Builder::spawn_unchecked_::{{closure}}::{{closure}}::h4faa3f9db6133423
[INFO] [stdout]                                at /rustc/6067b36314ab5eb2eb47cecc464545ba58e1ad24/library/std/src/thread/mod.rs:559:17
[INFO] [stdout]   34:     0x61f875948eba - <core::panic::unwind_safe::AssertUnwindSafe<F> as core::ops::function::FnOnce<()>>::call_once::hf2e855a36a4ea846
[INFO] [stdout]                                at /rustc/6067b36314ab5eb2eb47cecc464545ba58e1ad24/library/core/src/panic/unwind_safe.rs:272:9
[INFO] [stdout]   35:     0x61f875948eba - std::panicking::try::do_call::h2f73af3616c35465
[INFO] [stdout]                                at /rustc/6067b36314ab5eb2eb47cecc464545ba58e1ad24/library/std/src/panicking.rs:587:40
[INFO] [stdout]   36:     0x61f875948eba - std::panicking::try::hd1660ce9efadef5a
[INFO] [stdout]                                at /rustc/6067b36314ab5eb2eb47cecc464545ba58e1ad24/library/std/src/panicking.rs:550:19
[INFO] [stdout]   37:     0x61f875948eba - std::panic::catch_unwind::h5ee8d7823b8ca744
[INFO] [stdout]                                at /rustc/6067b36314ab5eb2eb47cecc464545ba58e1ad24/library/std/src/panic.rs:358:14
[INFO] [stdout]   38:     0x61f875948eba - std::thread::Builder::spawn_unchecked_::{{closure}}::h53c3a1894dce8407
[INFO] [stdout]                                at /rustc/6067b36314ab5eb2eb47cecc464545ba58e1ad24/library/std/src/thread/mod.rs:557:30
[INFO] [stdout]   39:     0x61f875948eba - core::ops::function::FnOnce::call_once{{vtable.shim}}::h048ce291ad4f62bf
[INFO] [stdout]                                at /rustc/6067b36314ab5eb2eb47cecc464545ba58e1ad24/library/core/src/ops/function.rs:250:5
[INFO] [stdout]   40:     0x61f8759f344b - <alloc::boxed::Box<F,A> as core::ops::function::FnOnce<Args>>::call_once::ha52bedf99a3b4981
[INFO] [stdout]                                at /rustc/6067b36314ab5eb2eb47cecc464545ba58e1ad24/library/alloc/src/boxed.rs:2013:9
[INFO] [stdout]   41:     0x61f8759f344b - <alloc::boxed::Box<F,A> as core::ops::function::FnOnce<Args>>::call_once::h567748934d80ccf8
[INFO] [stdout]                                at /rustc/6067b36314ab5eb2eb47cecc464545ba58e1ad24/library/alloc/src/boxed.rs:2013:9
[INFO] [stdout]   42:     0x61f8759f344b - std::sys::pal::unix::thread::Thread::new::thread_start::h2d970728ae887adc
[INFO] [stdout]                                at /rustc/6067b36314ab5eb2eb47cecc464545ba58e1ad24/library/std/src/sys/pal/unix/thread.rs:106:17
[INFO] [stdout]   43:     0x751a8dc04ac3 - <unknown>
[INFO] [stdout]   44:     0x751a8dc95a04 - clone
[INFO] [stdout]   45:                0x0 - <unknown>
[INFO] [stdout] 
[INFO] [stdout] ---- register::mvregister::tests::test_cmrdt_validation stdout ----
[INFO] [stdout] MVRegister { values: {4348f86f-6ec8-4028-b777-97bc4f8284b1: ("b", 1737411651234), e5470764-eddb-4600-90f6-91a2ca3e1f3c: ("c", 1737411651234), 2d61bb21-50b1-4df4-b9cf-fd26f34d6537: ("a", 1737411651234)}, tombstones: {} } MVRegister { values: {e5470764-eddb-4600-90f6-91a2ca3e1f3c: ("c", 1737411651234), 4348f86f-6ec8-4028-b777-97bc4f8284b1: ("b", 1737411651234), 2d61bb21-50b1-4df4-b9cf-fd26f34d6537: ("a", 1737411651234)}, tombstones: {} }
[INFO] [stdout] MVRegister { values: {4348f86f-6ec8-4028-b777-97bc4f8284b1: ("b", 1737411651234), 2d61bb21-50b1-4df4-b9cf-fd26f34d6537: ("a", 1737411651234)}, tombstones: {(4348f86f-6ec8-4028-b777-97bc4f8284b1, 1737411651234)} } MVRegister { values: {4348f86f-6ec8-4028-b777-97bc4f8284b1: ("b", 1737411651234), 2d61bb21-50b1-4df4-b9cf-fd26f34d6537: ("a", 1737411651234)}, tombstones: {} }
[INFO] [stdout] 
[INFO] [stdout] thread 'register::mvregister::tests::test_cmrdt_validation' panicked at crust-core/src/register/mvregister.rs:372:9:
[INFO] [stdout] assertion failed: MVRegister::<String>::cmrdt_idempotence(a.clone(), op1.clone())
[INFO] [stdout] stack backtrace:
[INFO] [stdout]    0:     0x61f8759ed5fa - std::backtrace_rs::backtrace::libunwind::trace::hb059275cfc8d6126
[INFO] [stdout]                                at /rustc/6067b36314ab5eb2eb47cecc464545ba58e1ad24/library/std/src/../../backtrace/src/backtrace/libunwind.rs:116:5
[INFO] [stdout]    1:     0x61f8759ed5fa - std::backtrace_rs::backtrace::trace_unsynchronized::h2da071e4327ce3ee
[INFO] [stdout]                                at /rustc/6067b36314ab5eb2eb47cecc464545ba58e1ad24/library/std/src/../../backtrace/src/backtrace/mod.rs:66:5
[INFO] [stdout]    2:     0x61f8759ed5fa - std::sys::backtrace::_print_fmt::h842a1474e6f8d23f
[INFO] [stdout]                                at /rustc/6067b36314ab5eb2eb47cecc464545ba58e1ad24/library/std/src/sys/backtrace.rs:66:9
[INFO] [stdout]    3:     0x61f8759ed5fa - <std::sys::backtrace::BacktraceLock::print::DisplayBacktrace as core::fmt::Display>::fmt::h71a62eb3b9696b12
[INFO] [stdout]                                at /rustc/6067b36314ab5eb2eb47cecc464545ba58e1ad24/library/std/src/sys/backtrace.rs:39:26
[INFO] [stdout]    4:     0x61f875a15a53 - core::fmt::rt::Argument::fmt::hdb6b616786b41dc1
[INFO] [stdout]                                at /rustc/6067b36314ab5eb2eb47cecc464545ba58e1ad24/library/core/src/fmt/rt.rs:177:76
[INFO] [stdout]    5:     0x61f875a15a53 - core::fmt::write::h2cc1698af7e2d686
[INFO] [stdout]                                at /rustc/6067b36314ab5eb2eb47cecc464545ba58e1ad24/library/core/src/fmt/mod.rs:1440:21
[INFO] [stdout]    6:     0x61f8759ea153 - std::io::Write::write_fmt::hab1b4cd059a79022
[INFO] [stdout]                                at /rustc/6067b36314ab5eb2eb47cecc464545ba58e1ad24/library/std/src/io/mod.rs:1887:15
[INFO] [stdout]    7:     0x61f8759ed442 - std::sys::backtrace::BacktraceLock::print::h147fe35b4ea13b08
[INFO] [stdout]                                at /rustc/6067b36314ab5eb2eb47cecc464545ba58e1ad24/library/std/src/sys/backtrace.rs:42:9
[INFO] [stdout]    8:     0x61f8759eea1f - std::panicking::default_hook::{{closure}}::hbd44223dbdc0d208
[INFO] [stdout]                                at /rustc/6067b36314ab5eb2eb47cecc464545ba58e1ad24/library/std/src/panicking.rs:298:22
[INFO] [stdout]    9:     0x61f8759ee838 - std::panicking::default_hook::h20f81eb0576efcec
[INFO] [stdout]                                at /rustc/6067b36314ab5eb2eb47cecc464545ba58e1ad24/library/std/src/panicking.rs:322:9
[INFO] [stdout]   10:     0x61f87597de63 - <alloc::boxed::Box<F,A> as core::ops::function::Fn<Args>>::call::hdb53814c496a4d34
[INFO] [stdout]                                at /rustc/6067b36314ab5eb2eb47cecc464545ba58e1ad24/library/alloc/src/boxed.rs:2027:9
[INFO] [stdout]   11:     0x61f87597de63 - test::test_main::{{closure}}::hc0a4963c59427c24
[INFO] [stdout]                                at /rustc/6067b36314ab5eb2eb47cecc464545ba58e1ad24/library/test/src/lib.rs:134:21
[INFO] [stdout]   12:     0x61f8759ef513 - <alloc::boxed::Box<F,A> as core::ops::function::Fn<Args>>::call::h591b2225413a77e9
[INFO] [stdout]                                at /rustc/6067b36314ab5eb2eb47cecc464545ba58e1ad24/library/alloc/src/boxed.rs:2027:9
[INFO] [stdout]   13:     0x61f8759ef513 - std::panicking::rust_panic_with_hook::h625eea43051b2edc
[INFO] [stdout]                                at /rustc/6067b36314ab5eb2eb47cecc464545ba58e1ad24/library/std/src/panicking.rs:839:13
[INFO] [stdout]   14:     0x61f8759ef196 - std::panicking::begin_panic_handler::{{closure}}::h4f9159cfbc3f6bd3
[INFO] [stdout]                                at /rustc/6067b36314ab5eb2eb47cecc464545ba58e1ad24/library/std/src/panicking.rs:697:13
[INFO] [stdout]   15:     0x61f8759edaf9 - std::sys::backtrace::__rust_end_short_backtrace::h0390abce48353151
[INFO] [stdout]                                at /rustc/6067b36314ab5eb2eb47cecc464545ba58e1ad24/library/std/src/sys/backtrace.rs:168:18
[INFO] [stdout]   16:     0x61f8759eee5d - rust_begin_unwind
[INFO] [stdout]                                at /rustc/6067b36314ab5eb2eb47cecc464545ba58e1ad24/library/std/src/panicking.rs:695:5
[INFO] [stdout]   17:     0x61f875a13ba0 - core::panicking::panic_fmt::h9e7c637e9e5f29c9
[INFO] [stdout]                                at /rustc/6067b36314ab5eb2eb47cecc464545ba58e1ad24/library/core/src/panicking.rs:75:14
[INFO] [stdout]   18:     0x61f875a13c2c - core::panicking::panic::haa3255ea20181a33
[INFO] [stdout]                                at /rustc/6067b36314ab5eb2eb47cecc464545ba58e1ad24/library/core/src/panicking.rs:145:5
[INFO] [stdout]   19:     0x61f875917f99 - crust_core::register::mvregister::tests::test_cmrdt_validation::h38b669899ba4b8d3
[INFO] [stdout]                                at /opt/rustwide/workdir/crust-core/src/register/mvregister.rs:372:9
[INFO] [stdout]   20:     0x61f875917bb7 - crust_core::register::mvregister::tests::test_cmrdt_validation::{{closure}}::h0294f0d69c22d281
[INFO] [stdout]                                at /opt/rustwide/workdir/crust-core/src/register/mvregister.rs:354:31
[INFO] [stdout]   21:     0x61f875923486 - core::ops::function::FnOnce::call_once::h0fb18d27632adb4d
[INFO] [stdout]                                at /rustc/6067b36314ab5eb2eb47cecc464545ba58e1ad24/library/core/src/ops/function.rs:250:5
[INFO] [stdout]   22:     0x61f8759835bb - core::ops::function::FnOnce::call_once::he27718dfdd183f43
[INFO] [stdout]                                at /rustc/6067b36314ab5eb2eb47cecc464545ba58e1ad24/library/core/src/ops/function.rs:250:5
[INFO] [stdout]   23:     0x61f8759835bb - test::__rust_begin_short_backtrace::h4e84902998457a5d
[INFO] [stdout]                                at /rustc/6067b36314ab5eb2eb47cecc464545ba58e1ad24/library/test/src/lib.rs:632:18
[INFO] [stdout]   24:     0x61f8759824f3 - test::run_test_in_process::{{closure}}::h7176fd18fc1feca0
[INFO] [stdout]                                at /rustc/6067b36314ab5eb2eb47cecc464545ba58e1ad24/library/test/src/lib.rs:655:60
[INFO] [stdout]   25:     0x61f8759824f3 - <core::panic::unwind_safe::AssertUnwindSafe<F> as core::ops::function::FnOnce<()>>::call_once::hf79cff2a624d8cf7
[INFO] [stdout]                                at /rustc/6067b36314ab5eb2eb47cecc464545ba58e1ad24/library/core/src/panic/unwind_safe.rs:272:9
[INFO] [stdout]   26:     0x61f8759824f3 - std::panicking::try::do_call::h3da0561d9ab99c25
[INFO] [stdout]                                at /rustc/6067b36314ab5eb2eb47cecc464545ba58e1ad24/library/std/src/panicking.rs:587:40
[INFO] [stdout]   27:     0x61f8759824f3 - std::panicking::try::h41c9fa508bc61df6
[INFO] [stdout]                                at /rustc/6067b36314ab5eb2eb47cecc464545ba58e1ad24/library/std/src/panicking.rs:550:19
[INFO] [stdout]   28:     0x61f8759824f3 - std::panic::catch_unwind::h6b3ff07bb5afad93
[INFO] [stdout]                                at /rustc/6067b36314ab5eb2eb47cecc464545ba58e1ad24/library/std/src/panic.rs:358:14
[INFO] [stdout]   29:     0x61f8759824f3 - test::run_test_in_process::hc7253dd11b39b9f4
[INFO] [stdout]                                at /rustc/6067b36314ab5eb2eb47cecc464545ba58e1ad24/library/test/src/lib.rs:655:27
[INFO] [stdout]   30:     0x61f8759824f3 - test::run_test::{{closure}}::hfb2007f8649c30bb
[INFO] [stdout]                                at /rustc/6067b36314ab5eb2eb47cecc464545ba58e1ad24/library/test/src/lib.rs:576:43
[INFO] [stdout]   31:     0x61f8759455d5 - test::run_test::{{closure}}::h56a17aa7a282a9f4
[INFO] [stdout]                                at /rustc/6067b36314ab5eb2eb47cecc464545ba58e1ad24/library/test/src/lib.rs:606:41
[INFO] [stdout]   32:     0x61f8759455d5 - std::sys::backtrace::__rust_begin_short_backtrace::hd2d2d2fb8e8c6aac
[INFO] [stdout]                                at /rustc/6067b36314ab5eb2eb47cecc464545ba58e1ad24/library/std/src/sys/backtrace.rs:152:18
[INFO] [stdout]   33:     0x61f875948eba - std::thread::Builder::spawn_unchecked_::{{closure}}::{{closure}}::h4faa3f9db6133423
[INFO] [stdout]                                at /rustc/6067b36314ab5eb2eb47cecc464545ba58e1ad24/library/std/src/thread/mod.rs:559:17
[INFO] [stdout]   34:     0x61f875948eba - <core::panic::unwind_safe::AssertUnwindSafe<F> as core::ops::function::FnOnce<()>>::call_once::hf2e855a36a4ea846
[INFO] [stdout]                                at /rustc/6067b36314ab5eb2eb47cecc464545ba58e1ad24/library/core/src/panic/unwind_safe.rs:272:9
[INFO] [stdout]   35:     0x61f875948eba - std::panicking::try::do_call::h2f73af3616c35465
[INFO] [stdout]                                at /rustc/6067b36314ab5eb2eb47cecc464545ba58e1ad24/library/std/src/panicking.rs:587:40
[INFO] [stdout]   36:     0x61f875948eba - std::panicking::try::hd1660ce9efadef5a
[INFO] [stdout]                                at /rustc/6067b36314ab5eb2eb47cecc464545ba58e1ad24/library/std/src/panicking.rs:550:19
[INFO] [stdout]   37:     0x61f875948eba - std::panic::catch_unwind::h5ee8d7823b8ca744
[INFO] [stdout]                                at /rustc/6067b36314ab5eb2eb47cecc464545ba58e1ad24/library/std/src/panic.rs:358:14
[INFO] [stderr] error: test failed, to rerun pass `-p crust-core --lib`
[INFO] [stdout]   38:     0x61f875948eba - std::thread::Builder::spawn_unchecked_::{{closure}}::h53c3a1894dce8407
[INFO] [stdout]                                at /rustc/6067b36314ab5eb2eb47cecc464545ba58e1ad24/library/std/src/thread/mod.rs:557:30
[INFO] [stdout]   39:     0x61f875948eba - core::ops::function::FnOnce::call_once{{vtable.shim}}::h048ce291ad4f62bf
[INFO] [stdout]                                at /rustc/6067b36314ab5eb2eb47cecc464545ba58e1ad24/library/core/src/ops/function.rs:250:5
[INFO] [stdout]   40:     0x61f8759f344b - <alloc::boxed::Box<F,A> as core::ops::function::FnOnce<Args>>::call_once::ha52bedf99a3b4981
[INFO] [stdout]                                at /rustc/6067b36314ab5eb2eb47cecc464545ba58e1ad24/library/alloc/src/boxed.rs:2013:9
[INFO] [stdout]   41:     0x61f8759f344b - <alloc::boxed::Box<F,A> as core::ops::function::FnOnce<Args>>::call_once::h567748934d80ccf8
[INFO] [stdout]                                at /rustc/6067b36314ab5eb2eb47cecc464545ba58e1ad24/library/alloc/src/boxed.rs:2013:9
[INFO] [stdout]   42:     0x61f8759f344b - std::sys::pal::unix::thread::Thread::new::thread_start::h2d970728ae887adc
[INFO] [stdout]                                at /rustc/6067b36314ab5eb2eb47cecc464545ba58e1ad24/library/std/src/sys/pal/unix/thread.rs:106:17
[INFO] [stdout]   43:     0x751a8dc04ac3 - <unknown>
[INFO] [stdout]   44:     0x751a8dc95a04 - clone
[INFO] [stdout]   45:                0x0 - <unknown>
[INFO] [stdout] 
[INFO] [stdout] ---- set::tpset::tests::test_cvrdt_validation stdout ----
[INFO] [stdout] 
[INFO] [stdout] thread 'set::tpset::tests::test_cvrdt_validation' panicked at crust-core/src/set/tpset.rs:404:9:
[INFO] [stdout] not yet implemented
[INFO] [stdout] stack backtrace:
[INFO] [stdout]    0:     0x61f8759ed5fa - std::backtrace_rs::backtrace::libunwind::trace::hb059275cfc8d6126
[INFO] [stdout]                                at /rustc/6067b36314ab5eb2eb47cecc464545ba58e1ad24/library/std/src/../../backtrace/src/backtrace/libunwind.rs:116:5
[INFO] [stdout]    1:     0x61f8759ed5fa - std::backtrace_rs::backtrace::trace_unsynchronized::h2da071e4327ce3ee
[INFO] [stdout]                                at /rustc/6067b36314ab5eb2eb47cecc464545ba58e1ad24/library/std/src/../../backtrace/src/backtrace/mod.rs:66:5
[INFO] [stdout]    2:     0x61f8759ed5fa - std::sys::backtrace::_print_fmt::h842a1474e6f8d23f
[INFO] [stdout]                                at /rustc/6067b36314ab5eb2eb47cecc464545ba58e1ad24/library/std/src/sys/backtrace.rs:66:9
[INFO] [stdout]    3:     0x61f8759ed5fa - <std::sys::backtrace::BacktraceLock::print::DisplayBacktrace as core::fmt::Display>::fmt::h71a62eb3b9696b12
[INFO] [stdout]                                at /rustc/6067b36314ab5eb2eb47cecc464545ba58e1ad24/library/std/src/sys/backtrace.rs:39:26
[INFO] [stdout]    4:     0x61f875a15a53 - core::fmt::rt::Argument::fmt::hdb6b616786b41dc1
[INFO] [stdout]                                at /rustc/6067b36314ab5eb2eb47cecc464545ba58e1ad24/library/core/src/fmt/rt.rs:177:76
[INFO] [stdout]    5:     0x61f875a15a53 - core::fmt::write::h2cc1698af7e2d686
[INFO] [stdout]                                at /rustc/6067b36314ab5eb2eb47cecc464545ba58e1ad24/library/core/src/fmt/mod.rs:1440:21
[INFO] [stdout]    6:     0x61f8759ea153 - std::io::Write::write_fmt::hab1b4cd059a79022
[INFO] [stdout]                                at /rustc/6067b36314ab5eb2eb47cecc464545ba58e1ad24/library/std/src/io/mod.rs:1887:15
[INFO] [stdout]    7:     0x61f8759ed442 - std::sys::backtrace::BacktraceLock::print::h147fe35b4ea13b08
[INFO] [stdout]                                at /rustc/6067b36314ab5eb2eb47cecc464545ba58e1ad24/library/std/src/sys/backtrace.rs:42:9
[INFO] [stdout]    8:     0x61f8759eea1f - std::panicking::default_hook::{{closure}}::hbd44223dbdc0d208
[INFO] [stdout]                                at /rustc/6067b36314ab5eb2eb47cecc464545ba58e1ad24/library/std/src/panicking.rs:298:22
[INFO] [stdout]    9:     0x61f8759ee838 - std::panicking::default_hook::h20f81eb0576efcec
[INFO] [stdout]                                at /rustc/6067b36314ab5eb2eb47cecc464545ba58e1ad24/library/std/src/panicking.rs:322:9
[INFO] [stdout]   10:     0x61f87597de63 - <alloc::boxed::Box<F,A> as core::ops::function::Fn<Args>>::call::hdb53814c496a4d34
[INFO] [stdout]                                at /rustc/6067b36314ab5eb2eb47cecc464545ba58e1ad24/library/alloc/src/boxed.rs:2027:9
[INFO] [stdout]   11:     0x61f87597de63 - test::test_main::{{closure}}::hc0a4963c59427c24
[INFO] [stdout]                                at /rustc/6067b36314ab5eb2eb47cecc464545ba58e1ad24/library/test/src/lib.rs:134:21
[INFO] [stdout]   12:     0x61f8759ef513 - <alloc::boxed::Box<F,A> as core::ops::function::Fn<Args>>::call::h591b2225413a77e9
[INFO] [stdout]                                at /rustc/6067b36314ab5eb2eb47cecc464545ba58e1ad24/library/alloc/src/boxed.rs:2027:9
[INFO] [stdout]   13:     0x61f8759ef513 - std::panicking::rust_panic_with_hook::h625eea43051b2edc
[INFO] [stdout]                                at /rustc/6067b36314ab5eb2eb47cecc464545ba58e1ad24/library/std/src/panicking.rs:839:13
[INFO] [stdout]   14:     0x61f8759ef196 - std::panicking::begin_panic_handler::{{closure}}::h4f9159cfbc3f6bd3
[INFO] [stdout]                                at /rustc/6067b36314ab5eb2eb47cecc464545ba58e1ad24/library/std/src/panicking.rs:697:13
[INFO] [stdout]   15:     0x61f8759edaf9 - std::sys::backtrace::__rust_end_short_backtrace::h0390abce48353151
[INFO] [stdout]                                at /rustc/6067b36314ab5eb2eb47cecc464545ba58e1ad24/library/std/src/sys/backtrace.rs:168:18
[INFO] [stdout]   16:     0x61f8759eee5d - rust_begin_unwind
[INFO] [stdout]                                at /rustc/6067b36314ab5eb2eb47cecc464545ba58e1ad24/library/std/src/panicking.rs:695:5
[INFO] [stdout]   17:     0x61f875a13ba0 - core::panicking::panic_fmt::h9e7c637e9e5f29c9
[INFO] [stdout]                                at /rustc/6067b36314ab5eb2eb47cecc464545ba58e1ad24/library/core/src/panicking.rs:75:14
[INFO] [stdout]   18:     0x61f875a13c2c - core::panicking::panic::haa3255ea20181a33
[INFO] [stdout]                                at /rustc/6067b36314ab5eb2eb47cecc464545ba58e1ad24/library/core/src/panicking.rs:145:5
[INFO] [stdout]   19:     0x61f87591c72b - crust_core::set::tpset::tests::test_cvrdt_validation::h0bbfa9aff0ba9028
[INFO] [stdout]                                at /opt/rustwide/workdir/crust-core/src/set/tpset.rs:404:9
[INFO] [stdout]   20:     0x61f87591c687 - crust_core::set::tpset::tests::test_cvrdt_validation::{{closure}}::h9089ffd427774e90
[INFO] [stdout]                                at /opt/rustwide/workdir/crust-core/src/set/tpset.rs:399:31
[INFO] [stdout]   21:     0x61f875923cb6 - core::ops::function::FnOnce::call_once::h89b280f5f64251ab
[INFO] [stdout]                                at /rustc/6067b36314ab5eb2eb47cecc464545ba58e1ad24/library/core/src/ops/function.rs:250:5
[INFO] [stdout]   22:     0x61f8759835bb - core::ops::function::FnOnce::call_once::he27718dfdd183f43
[INFO] [stdout]                                at /rustc/6067b36314ab5eb2eb47cecc464545ba58e1ad24/library/core/src/ops/function.rs:250:5
[INFO] [stdout]   23:     0x61f8759835bb - test::__rust_begin_short_backtrace::h4e84902998457a5d
[INFO] [stdout]                                at /rustc/6067b36314ab5eb2eb47cecc464545ba58e1ad24/library/test/src/lib.rs:632:18
[INFO] [stdout]   24:     0x61f8759824f3 - test::run_test_in_process::{{closure}}::h7176fd18fc1feca0
[INFO] [stdout]                                at /rustc/6067b36314ab5eb2eb47cecc464545ba58e1ad24/library/test/src/lib.rs:655:60
[INFO] [stdout]   25:     0x61f8759824f3 - <core::panic::unwind_safe::AssertUnwindSafe<F> as core::ops::function::FnOnce<()>>::call_once::hf79cff2a624d8cf7
[INFO] [stdout]                                at /rustc/6067b36314ab5eb2eb47cecc464545ba58e1ad24/library/core/src/panic/unwind_safe.rs:272:9
[INFO] [stdout]   26:     0x61f8759824f3 - std::panicking::try::do_call::h3da0561d9ab99c25
[INFO] [stdout]                                at /rustc/6067b36314ab5eb2eb47cecc464545ba58e1ad24/library/std/src/panicking.rs:587:40
[INFO] [stdout]   27:     0x61f8759824f3 - std::panicking::try::h41c9fa508bc61df6
[INFO] [stdout]                                at /rustc/6067b36314ab5eb2eb47cecc464545ba58e1ad24/library/std/src/panicking.rs:550:19
[INFO] [stdout]   28:     0x61f8759824f3 - std::panic::catch_unwind::h6b3ff07bb5afad93
[INFO] [stdout]                                at /rustc/6067b36314ab5eb2eb47cecc464545ba58e1ad24/library/std/src/panic.rs:358:14
[INFO] [stdout]   29:     0x61f8759824f3 - test::run_test_in_process::hc7253dd11b39b9f4
[INFO] [stdout]                                at /rustc/6067b36314ab5eb2eb47cecc464545ba58e1ad24/library/test/src/lib.rs:655:27
[INFO] [stdout]   30:     0x61f8759824f3 - test::run_test::{{closure}}::hfb2007f8649c30bb
[INFO] [stdout]                                at /rustc/6067b36314ab5eb2eb47cecc464545ba58e1ad24/library/test/src/lib.rs:576:43
[INFO] [stdout]   31:     0x61f8759455d5 - test::run_test::{{closure}}::h56a17aa7a282a9f4
[INFO] [stdout]                                at /rustc/6067b36314ab5eb2eb47cecc464545ba58e1ad24/library/test/src/lib.rs:606:41
[INFO] [stdout]   32:     0x61f8759455d5 - std::sys::backtrace::__rust_begin_short_backtrace::hd2d2d2fb8e8c6aac
[INFO] [stdout]                                at /rustc/6067b36314ab5eb2eb47cecc464545ba58e1ad24/library/std/src/sys/backtrace.rs:152:18
[INFO] [stdout]   33:     0x61f875948eba - std::thread::Builder::spawn_unchecked_::{{closure}}::{{closure}}::h4faa3f9db6133423
[INFO] [stdout]                                at /rustc/6067b36314ab5eb2eb47cecc464545ba58e1ad24/library/std/src/thread/mod.rs:559:17
[INFO] [stdout]   34:     0x61f875948eba - <core::panic::unwind_safe::AssertUnwindSafe<F> as core::ops::function::FnOnce<()>>::call_once::hf2e855a36a4ea846
[INFO] [stdout]                                at /rustc/6067b36314ab5eb2eb47cecc464545ba58e1ad24/library/core/src/panic/unwind_safe.rs:272:9
[INFO] [stdout]   35:     0x61f875948eba - std::panicking::try::do_call::h2f73af3616c35465
[INFO] [stdout]                                at /rustc/6067b36314ab5eb2eb47cecc464545ba58e1ad24/library/std/src/panicking.rs:587:40
[INFO] [stdout]   36:     0x61f875948eba - std::panicking::try::hd1660ce9efadef5a
[INFO] [stdout]                                at /rustc/6067b36314ab5eb2eb47cecc464545ba58e1ad24/library/std/src/panicking.rs:550:19
[INFO] [stdout]   37:     0x61f875948eba - std::panic::catch_unwind::h5ee8d7823b8ca744
[INFO] [stdout]                                at /rustc/6067b36314ab5eb2eb47cecc464545ba58e1ad24/library/std/src/panic.rs:358:14
[INFO] [stdout]   38:     0x61f875948eba - std::thread::Builder::spawn_unchecked_::{{closure}}::h53c3a1894dce8407
[INFO] [stdout]                                at /rustc/6067b36314ab5eb2eb47cecc464545ba58e1ad24/library/std/src/thread/mod.rs:557:30
[INFO] [stdout]   39:     0x61f875948eba - core::ops::function::FnOnce::call_once{{vtable.shim}}::h048ce291ad4f62bf
[INFO] [stdout]                                at /rustc/6067b36314ab5eb2eb47cecc464545ba58e1ad24/library/core/src/ops/function.rs:250:5
[INFO] [stdout]   40:     0x61f8759f344b - <alloc::boxed::Box<F,A> as core::ops::function::FnOnce<Args>>::call_once::ha52bedf99a3b4981
[INFO] [stdout]                                at /rustc/6067b36314ab5eb2eb47cecc464545ba58e1ad24/library/alloc/src/boxed.rs:2013:9
[INFO] [stdout]   41:     0x61f8759f344b - <alloc::boxed::Box<F,A> as core::ops::function::FnOnce<Args>>::call_once::h567748934d80ccf8
[INFO] [stdout]                                at /rustc/6067b36314ab5eb2eb47cecc464545ba58e1ad24/library/alloc/src/boxed.rs:2013:9
[INFO] [stdout]   42:     0x61f8759f344b - std::sys::pal::unix::thread::Thread::new::thread_start::h2d970728ae887adc
[INFO] [stdout]                                at /rustc/6067b36314ab5eb2eb47cecc464545ba58e1ad24/library/std/src/sys/pal/unix/thread.rs:106:17
[INFO] [stdout]   43:     0x751a8dc04ac3 - <unknown>
[INFO] [stdout]   44:     0x751a8dc95a04 - clone
[INFO] [stdout]   45:                0x0 - <unknown>
[INFO] [stdout] 
[INFO] [stdout] 
[INFO] [stdout] failures:
[INFO] [stdout]     graph::awgraph::tests::test_cmrdt_validation
[INFO] [stdout]     graph::ggraph::tests::test_cmrdt_validation
[INFO] [stdout]     graph::orgraph::tests::test_cmrdt_validation
[INFO] [stdout]     graph::tpgraph::tests::test_cvrdt_validation
[INFO] [stdout]     register::mvregister::tests::test_cmrdt_validation
[INFO] [stdout]     set::awset::tests::test_cvrdt_validation
[INFO] [stdout]     set::tpset::tests::test_cvrdt_validation
[INFO] [stdout] 
[INFO] [stdout] test result: FAILED. 29 passed; 7 failed; 0 ignored; 0 measured; 0 filtered out; finished in 0.02s
[INFO] [stdout] 
[INFO] running `Command { std: "docker" "inspect" "dc1bfed6d122f77c032ff682eb9242db7f2049784a3e32fa5935c3a369283ccc", kill_on_drop: false }`
[INFO] running `Command { std: "docker" "rm" "-f" "dc1bfed6d122f77c032ff682eb9242db7f2049784a3e32fa5935c3a369283ccc", kill_on_drop: false }`
[INFO] [stdout] dc1bfed6d122f77c032ff682eb9242db7f2049784a3e32fa5935c3a369283ccc
