[INFO] cloning repository https://github.com/zmrocze/midi-mapper
[INFO] running `Command { std: "git" "-c" "credential.helper=" "-c" "credential.helper=/workspace/cargo-home/bin/git-credential-null" "clone" "--bare" "https://github.com/zmrocze/midi-mapper" "/workspace/cache/git-repos/https%3A%2F%2Fgithub.com%2Fzmrocze%2Fmidi-mapper", kill_on_drop: false }`
[INFO] [stderr] Cloning into bare repository '/workspace/cache/git-repos/https%3A%2F%2Fgithub.com%2Fzmrocze%2Fmidi-mapper'...
[INFO] running `Command { std: "git" "rev-parse" "HEAD", kill_on_drop: false }`
[INFO] [stdout] e769867a8beeb46f209f3d87c1c73aef96f7ba27
[INFO] testing zmrocze/midi-mapper against nightly-2025-01-18+rustflags=-Zrandomize-layout for randomize-layout-2
[INFO] running `Command { std: "git" "clone" "/workspace/cache/git-repos/https%3A%2F%2Fgithub.com%2Fzmrocze%2Fmidi-mapper" "/workspace/builds/worker-0-tc2/source", kill_on_drop: false }`
[INFO] [stderr] Cloning into '/workspace/builds/worker-0-tc2/source'...
[INFO] [stderr] done.
[INFO] validating manifest of git repo https://github.com/zmrocze/midi-mapper on toolchain nightly-2025-01-18
[INFO] running `Command { std: CARGO_HOME="/workspace/cargo-home" RUSTUP_HOME="/workspace/rustup-home" "/workspace/cargo-home/bin/cargo" "+nightly-2025-01-18" "metadata" "--manifest-path" "Cargo.toml" "--no-deps", kill_on_drop: false }`
[INFO] started tweaking git repo https://github.com/zmrocze/midi-mapper
[INFO] finished tweaking git repo https://github.com/zmrocze/midi-mapper
[INFO] tweaked toml for git repo https://github.com/zmrocze/midi-mapper written to /workspace/builds/worker-0-tc2/source/Cargo.toml
[INFO] crate git repo https://github.com/zmrocze/midi-mapper already has a lockfile, it will not be regenerated
[INFO] running `Command { std: CARGO_HOME="/workspace/cargo-home" RUSTUP_HOME="/workspace/rustup-home" "/workspace/cargo-home/bin/cargo" "+nightly-2025-01-18" "fetch" "--manifest-path" "Cargo.toml", kill_on_drop: false }`
[INFO] [stderr] warning: /workspace/builds/worker-0-tc2/source/exe/Cargo.toml: version requirement `0.9.34+deprecated` for dependency `serde_yaml` includes semver metadata which will be ignored, removing the metadata is recommended to avoid confusion
[INFO] running `Command { std: "docker" "create" "-v" "/var/lib/crater-agent-workspace/builds/worker-0-tc2/target:/opt/rustwide/target:rw,Z" "-v" "/var/lib/crater-agent-workspace/builds/worker-0-tc2/source:/opt/rustwide/workdir:ro,Z" "-v" "/var/lib/crater-agent-workspace/cargo-home:/opt/rustwide/cargo-home:ro,Z" "-v" "/var/lib/crater-agent-workspace/rustup-home:/opt/rustwide/rustup-home:ro,Z" "-e" "SOURCE_DIR=/opt/rustwide/workdir" "-e" "CARGO_TARGET_DIR=/opt/rustwide/target" "-e" "CARGO_HOME=/opt/rustwide/cargo-home" "-e" "RUSTUP_HOME=/opt/rustwide/rustup-home" "-w" "/opt/rustwide/workdir" "-m" "1610612736" "--user" "0:0" "--network" "none" "ghcr.io/rust-lang/crates-build-env/linux@sha256:819108c5571ea2e421544af4d832f968d213c87fbe3707a016657f43d2f853bc" "/opt/rustwide/cargo-home/bin/cargo" "+nightly-2025-01-18" "metadata" "--no-deps" "--format-version=1", kill_on_drop: false }`
[INFO] [stdout] 5334c2525a698da859372f567e3d64a3b70e09fd8a246dd5c208dab0c37d1b52
[INFO] running `Command { std: "docker" "start" "-a" "5334c2525a698da859372f567e3d64a3b70e09fd8a246dd5c208dab0c37d1b52", kill_on_drop: false }`
[INFO] running `Command { std: "docker" "inspect" "5334c2525a698da859372f567e3d64a3b70e09fd8a246dd5c208dab0c37d1b52", kill_on_drop: false }`
[INFO] running `Command { std: "docker" "rm" "-f" "5334c2525a698da859372f567e3d64a3b70e09fd8a246dd5c208dab0c37d1b52", kill_on_drop: false }`
[INFO] [stdout] 5334c2525a698da859372f567e3d64a3b70e09fd8a246dd5c208dab0c37d1b52
[INFO] running `Command { std: "docker" "create" "-v" "/var/lib/crater-agent-workspace/builds/worker-0-tc2/target:/opt/rustwide/target:rw,Z" "-v" "/var/lib/crater-agent-workspace/builds/worker-0-tc2/source:/opt/rustwide/workdir:ro,Z" "-v" "/var/lib/crater-agent-workspace/cargo-home:/opt/rustwide/cargo-home:ro,Z" "-v" "/var/lib/crater-agent-workspace/rustup-home:/opt/rustwide/rustup-home:ro,Z" "-e" "SOURCE_DIR=/opt/rustwide/workdir" "-e" "CARGO_TARGET_DIR=/opt/rustwide/target" "-e" "CARGO_INCREMENTAL=0" "-e" "RUST_BACKTRACE=full" "-e" "RUSTFLAGS=--cap-lints=forbid -Zrandomize-layout" "-e" "RUSTDOCFLAGS=--cap-lints=forbid" "-e" "CARGO_HOME=/opt/rustwide/cargo-home" "-e" "RUSTUP_HOME=/opt/rustwide/rustup-home" "-w" "/opt/rustwide/workdir" "-m" "1610612736" "--user" "0:0" "--network" "none" "ghcr.io/rust-lang/crates-build-env/linux@sha256:819108c5571ea2e421544af4d832f968d213c87fbe3707a016657f43d2f853bc" "/opt/rustwide/cargo-home/bin/cargo" "+nightly-2025-01-18" "build" "--frozen" "--message-format=json", kill_on_drop: false }`
[INFO] [stdout] 8efcf76562cfbc6c5be19a6ed69778bc2e06cbfa45c162b2b20c84de3d2152bf
[INFO] running `Command { std: "docker" "start" "-a" "8efcf76562cfbc6c5be19a6ed69778bc2e06cbfa45c162b2b20c84de3d2152bf", kill_on_drop: false }`
[INFO] [stderr] warning: /opt/rustwide/workdir/exe/Cargo.toml: version requirement `0.9.34+deprecated` for dependency `serde_yaml` includes semver metadata which will be ignored, removing the metadata is recommended to avoid confusion
[INFO] [stderr]    Compiling proc-macro2 v1.0.84
[INFO] [stderr]    Compiling unicode-ident v1.0.12
[INFO] [stderr]    Compiling libc v0.2.155
[INFO] [stderr]    Compiling serde v1.0.203
[INFO] [stderr]    Compiling memchr v2.7.2
[INFO] [stderr]    Compiling cfg-if v1.0.0
[INFO] [stderr]    Compiling lazy_static v1.4.0
[INFO] [stderr]    Compiling cc v1.0.98
[INFO] [stderr]    Compiling regex-syntax v0.8.3
[INFO] [stderr]    Compiling autocfg v1.3.0
[INFO] [stderr]    Compiling crossbeam-utils v0.8.20
[INFO] [stderr]    Compiling syn v1.0.109
[INFO] [stderr]    Compiling equivalent v1.0.1
[INFO] [stderr]    Compiling gimli v0.29.0
[INFO] [stderr]    Compiling hashbrown v0.14.5
[INFO] [stderr]    Compiling num-traits v0.2.19
[INFO] [stderr]    Compiling once_cell v1.19.0
[INFO] [stderr]    Compiling aho-corasick v1.1.3
[INFO] [stderr]    Compiling quote v1.0.36
[INFO] [stderr]    Compiling ryu v1.0.18
[INFO] [stderr]    Compiling utf8parse v0.2.1
[INFO] [stderr]    Compiling adler v1.0.2
[INFO] [stderr]    Compiling anstyle-parse v0.2.4
[INFO] [stderr]    Compiling miniz_oxide v0.7.3
[INFO] [stderr]    Compiling indexmap v2.2.6
[INFO] [stderr]    Compiling syn v2.0.66
[INFO] [stderr]    Compiling object v0.35.0
[INFO] [stderr]    Compiling backtrace v0.3.72
[INFO] [stderr]    Compiling colorchoice v1.0.1
[INFO] [stderr]    Compiling anstyle v1.0.7
[INFO] [stderr]    Compiling rustc-demangle v0.1.24
[INFO] [stderr]    Compiling bitflags v1.3.2
[INFO] [stderr]    Compiling version_check v0.9.4
[INFO] [stderr]    Compiling regex-automata v0.4.6
[INFO] [stderr]    Compiling log v0.4.21
[INFO] [stderr]    Compiling is_terminal_polyfill v1.70.0
[INFO] [stderr]    Compiling anstyle-query v1.0.3
[INFO] [stderr]    Compiling pkg-config v0.3.30
[INFO] [stderr]    Compiling serde v0.8.23
[INFO] [stderr]    Compiling addr2line v0.22.0
[INFO] [stderr]    Compiling lexical-core v0.7.6
[INFO] [stderr]    Compiling serde_test v0.8.23
[INFO] [stderr]    Compiling alsa-sys v0.3.1
[INFO] [stderr]    Compiling anstream v0.6.14
[INFO] [stderr]    Compiling nom v5.1.3
[INFO] [stderr]    Compiling crossbeam-epoch v0.9.18
[INFO] [stderr]    Compiling tracing-core v0.1.32
[INFO] [stderr]    Compiling failure_derive v0.1.8
[INFO] [stderr]    Compiling arrayvec v0.5.2
[INFO] [stderr]    Compiling static_assertions v1.1.0
[INFO] [stderr]    Compiling serde_json v1.0.117
[INFO] [stderr]    Compiling unicode-xid v0.2.4
[INFO] [stderr]    Compiling regex v1.10.4
[INFO] [stderr]    Compiling itoa v1.0.11
[INFO] [stderr]    Compiling rayon-core v1.12.1
[INFO] [stderr]    Compiling num-traits v0.1.43
[INFO] [stderr]    Compiling crossbeam-deque v0.8.5
[INFO] [stderr]    Compiling linked-hash-map v0.3.0
[INFO] [stderr]    Compiling getrandom v0.2.15
[INFO] [stderr]    Compiling termios v0.3.3
[INFO] [stderr]    Compiling clicolors-control v1.0.1
[INFO] [stderr]    Compiling strsim v0.11.1
[INFO] [stderr]    Compiling overload v0.1.1
[INFO] [stderr]    Compiling clap_lex v0.7.0
[INFO] [stderr]    Compiling heck v0.5.0
[INFO] [stderr]    Compiling linked-hash-map v0.5.6
[INFO] [stderr]    Compiling either v1.12.0
[INFO] [stderr]    Compiling clap_builder v4.5.2
[INFO] [stderr]    Compiling yaml-rust v0.4.5
[INFO] [stderr]    Compiling synstructure v0.12.6
[INFO] [stderr]    Compiling nu-ansi-term v0.46.0
[INFO] [stderr]    Compiling serde_derive v1.0.203
[INFO] [stderr]    Compiling tracing-attributes v0.1.27
[INFO] [stderr]    Compiling clap_derive v4.5.4
[INFO] [stderr]    Compiling console v0.9.2
[INFO] [stderr]    Compiling uuid v1.8.0
[INFO] [stderr]    Compiling serde-hjson v0.9.1
[INFO] [stderr]    Compiling tracing-log v0.2.0
[INFO] [stderr]    Compiling thread_local v1.1.8
[INFO] [stderr]    Compiling sharded-slab v0.1.7
[INFO] [stderr]    Compiling pin-project-lite v0.2.14
[INFO] [stderr]    Compiling bitflags v2.5.0
[INFO] [stderr]    Compiling rust-ini v0.13.0
[INFO] [stderr]    Compiling smallvec v1.13.2
[INFO] [stderr]    Compiling alsa v0.9.0
[INFO] [stderr]    Compiling tracing v0.1.40
[INFO] [stderr]    Compiling rayon v1.10.0
[INFO] [stderr]    Compiling better-panic v0.2.0
[INFO] [stderr]    Compiling tracing-subscriber v0.3.18
[INFO] [stderr]    Compiling failure v0.1.8
[INFO] [stderr]    Compiling byteorder v1.5.0
[INFO] [stderr]    Compiling itertools v0.13.0
[INFO] [stderr]    Compiling clap v4.5.4
[INFO] [stderr]    Compiling unsafe-libyaml v0.2.11
[INFO] [stderr]    Compiling fxhash v0.2.1
[INFO] [stderr]    Compiling midir v0.10.0
[INFO] [stderr]    Compiling midly v0.5.3
[INFO] [stderr]    Compiling toml_datetime v0.6.6
[INFO] [stderr]    Compiling serde_spanned v0.6.6
[INFO] [stderr]    Compiling toml v0.5.11
[INFO] [stderr]    Compiling os_info v3.8.2
[INFO] [stderr]    Compiling serde_yaml v0.9.34+deprecated
[INFO] [stderr]    Compiling toml_edit v0.22.14
[INFO] [stderr]    Compiling toml v0.8.14
[INFO] [stderr]    Compiling config v0.10.1
[INFO] [stderr]    Compiling human-panic v1.2.3
[INFO] [stderr]    Compiling utils v0.0.1 (/opt/rustwide/workdir/utils)
[INFO] [stderr]    Compiling midi_mapper v0.0.1 (/opt/rustwide/workdir/lib)
[INFO] [stderr]    Compiling chordifier v0.1.0 (/opt/rustwide/workdir/exe)
[INFO] [stdout] warning: fields `roots` and `chord_types` are never read
[INFO] [stdout]   --> exe/src/midi_mapper/main.rs:40:3
[INFO] [stdout]    |
[INFO] [stdout] 39 | pub struct Profile {
[INFO] [stdout]    |            ------- fields in this struct
[INFO] [stdout] 40 |   roots: HashMap<Note, Note>,
[INFO] [stdout]    |   ^^^^^
[INFO] [stdout] 41 |   chord_types: HashMap<Note, ChordType>,
[INFO] [stdout]    |   ^^^^^^^^^^^
[INFO] [stdout]    |
[INFO] [stdout]    = note: `Profile` has derived impls for the traits `Clone` and `Debug`, but these are intentionally ignored during dead code analysis
[INFO] [stdout]    = note: `#[warn(dead_code)]` on by default
[INFO] [stdout] 
[INFO] [stdout] 
[INFO] [stdout] warning: function `run` is never used
[INFO] [stdout]   --> exe/src/midi_mapper/main.rs:89:4
[INFO] [stdout]    |
[INFO] [stdout] 89 | fn run(config: AppConfig) -> Result<(), Box<dyn Error>> {
[INFO] [stdout]    |    ^^^
[INFO] [stdout] 
[INFO] [stdout] 
[INFO] [stdout] warning: function `main` is never used
[INFO] [stdout]   --> exe/src/midi_mapper/main.rs:96:4
[INFO] [stdout]    |
[INFO] [stdout] 96 | fn main() -> Result<(), Box<dyn Error>> {
[INFO] [stdout]    |    ^^^^
[INFO] [stdout] 
[INFO] [stdout] 
[INFO] [stderr]    Compiling midi_mapper-tests v0.0.1 (/opt/rustwide/workdir/test)
[INFO] [stderr]     Finished `dev` profile [unoptimized + debuginfo] target(s) in 1m 32s
[INFO] running `Command { std: "docker" "inspect" "8efcf76562cfbc6c5be19a6ed69778bc2e06cbfa45c162b2b20c84de3d2152bf", kill_on_drop: false }`
[INFO] running `Command { std: "docker" "rm" "-f" "8efcf76562cfbc6c5be19a6ed69778bc2e06cbfa45c162b2b20c84de3d2152bf", kill_on_drop: false }`
[INFO] [stdout] 8efcf76562cfbc6c5be19a6ed69778bc2e06cbfa45c162b2b20c84de3d2152bf
[INFO] running `Command { std: "docker" "create" "-v" "/var/lib/crater-agent-workspace/builds/worker-0-tc2/target:/opt/rustwide/target:rw,Z" "-v" "/var/lib/crater-agent-workspace/builds/worker-0-tc2/source:/opt/rustwide/workdir:ro,Z" "-v" "/var/lib/crater-agent-workspace/cargo-home:/opt/rustwide/cargo-home:ro,Z" "-v" "/var/lib/crater-agent-workspace/rustup-home:/opt/rustwide/rustup-home:ro,Z" "-e" "SOURCE_DIR=/opt/rustwide/workdir" "-e" "CARGO_TARGET_DIR=/opt/rustwide/target" "-e" "CARGO_INCREMENTAL=0" "-e" "RUST_BACKTRACE=full" "-e" "RUSTFLAGS=--cap-lints=forbid -Zrandomize-layout" "-e" "RUSTDOCFLAGS=--cap-lints=forbid" "-e" "CARGO_HOME=/opt/rustwide/cargo-home" "-e" "RUSTUP_HOME=/opt/rustwide/rustup-home" "-w" "/opt/rustwide/workdir" "-m" "1610612736" "--user" "0:0" "--network" "none" "ghcr.io/rust-lang/crates-build-env/linux@sha256:819108c5571ea2e421544af4d832f968d213c87fbe3707a016657f43d2f853bc" "/opt/rustwide/cargo-home/bin/cargo" "+nightly-2025-01-18" "test" "--frozen" "--no-run" "--message-format=json", kill_on_drop: false }`
[INFO] [stdout] c887bddf6c32c923118489d4ba670f88264f7233e139462c4e701d503ada5e69
[INFO] running `Command { std: "docker" "start" "-a" "c887bddf6c32c923118489d4ba670f88264f7233e139462c4e701d503ada5e69", kill_on_drop: false }`
[INFO] [stderr] warning: /opt/rustwide/workdir/exe/Cargo.toml: version requirement `0.9.34+deprecated` for dependency `serde_yaml` includes semver metadata which will be ignored, removing the metadata is recommended to avoid confusion
[INFO] [stderr]    Compiling memchr v2.7.2
[INFO] [stderr]    Compiling cfg-if v1.0.0
[INFO] [stderr]    Compiling lazy_static v1.4.0
[INFO] [stderr]    Compiling libc v0.2.155
[INFO] [stderr]    Compiling serde v1.0.203
[INFO] [stderr]    Compiling regex-syntax v0.8.3
[INFO] [stderr]    Compiling gimli v0.29.0
[INFO] [stderr]    Compiling ryu v1.0.18
[INFO] [stderr]    Compiling utf8parse v0.2.1
[INFO] [stderr]    Compiling equivalent v1.0.1
[INFO] [stderr]    Compiling once_cell v1.19.0
[INFO] [stderr]    Compiling hashbrown v0.14.5
[INFO] [stderr]    Compiling adler v1.0.2
[INFO] [stderr]    Compiling miniz_oxide v0.7.3
[INFO] [stderr]    Compiling anstyle-parse v0.2.4
[INFO] [stderr]    Compiling aho-corasick v1.1.3
[INFO] [stderr]    Compiling indexmap v2.2.6
[INFO] [stderr]    Compiling object v0.35.0
[INFO] [stderr]    Compiling num-traits v0.2.19
[INFO] [stderr]    Compiling backtrace v0.3.72
[INFO] [stderr]    Compiling bitflags v1.3.2
[INFO] [stderr]    Compiling colorchoice v1.0.1
[INFO] [stderr]    Compiling anstyle v1.0.7
[INFO] [stderr]    Compiling anstyle-query v1.0.3
[INFO] [stderr]    Compiling is_terminal_polyfill v1.70.0
[INFO] [stderr]    Compiling log v0.4.21
[INFO] [stderr]    Compiling rustc-demangle v0.1.24
[INFO] [stderr]    Compiling serde v0.8.23
[INFO] [stderr]    Compiling lexical-core v0.7.6
[INFO] [stderr]    Compiling anstream v0.6.14
[INFO] [stderr]    Compiling regex-automata v0.4.6
[INFO] [stderr]    Compiling addr2line v0.22.0
[INFO] [stderr]    Compiling toml_datetime v0.6.6
[INFO] [stderr]    Compiling serde_test v0.8.23
[INFO] [stderr]    Compiling serde_spanned v0.6.6
[INFO] [stderr]    Compiling crossbeam-utils v0.8.20
[INFO] [stderr]    Compiling tracing-core v0.1.32
[INFO] [stderr]    Compiling arrayvec v0.5.2
[INFO] [stderr]    Compiling static_assertions v1.1.0
[INFO] [stderr]    Compiling itoa v1.0.11
[INFO] [stderr]    Compiling serde_json v1.0.117
[INFO] [stderr]    Compiling num-traits v0.1.43
[INFO] [stderr]    Compiling linked-hash-map v0.3.0
[INFO] [stderr]    Compiling toml_edit v0.22.14
[INFO] [stderr]    Compiling nom v5.1.3
[INFO] [stderr]    Compiling regex v1.10.4
[INFO] [stderr]    Compiling clicolors-control v1.0.1
[INFO] [stderr]    Compiling termios v0.3.3
[INFO] [stderr]    Compiling getrandom v0.2.15
[INFO] [stderr]    Compiling clap_lex v0.7.0
[INFO] [stderr]    Compiling strsim v0.11.1
[INFO] [stderr]    Compiling linked-hash-map v0.5.6
[INFO] [stderr]    Compiling overload v0.1.1
[INFO] [stderr]    Compiling nu-ansi-term v0.46.0
[INFO] [stderr]    Compiling yaml-rust v0.4.5
[INFO] [stderr]    Compiling clap_builder v4.5.2
[INFO] [stderr]    Compiling uuid v1.8.0
[INFO] [stderr]    Compiling console v0.9.2
[INFO] [stderr]    Compiling toml v0.8.14
[INFO] [stderr]    Compiling serde-hjson v0.9.1
[INFO] [stderr]    Compiling crossbeam-epoch v0.9.18
[INFO] [stderr]    Compiling tracing-log v0.2.0
[INFO] [stderr]    Compiling toml v0.5.11
[INFO] [stderr]    Compiling os_info v3.8.2
[INFO] [stderr]    Compiling thread_local v1.1.8
[INFO] [stderr]    Compiling sharded-slab v0.1.7
[INFO] [stderr]    Compiling pin-project-lite v0.2.14
[INFO] [stderr]    Compiling rust-ini v0.13.0
[INFO] [stderr]    Compiling smallvec v1.13.2
[INFO] [stderr]    Compiling config v0.10.1
[INFO] [stderr]    Compiling tracing-subscriber v0.3.18
[INFO] [stderr]    Compiling rayon-core v1.12.1
[INFO] [stderr]    Compiling tracing v0.1.40
[INFO] [stderr]    Compiling human-panic v1.2.3
[INFO] [stderr]    Compiling failure v0.1.8
[INFO] [stderr]    Compiling crossbeam-deque v0.8.5
[INFO] [stderr]    Compiling clap v4.5.4
[INFO] [stderr]    Compiling better-panic v0.2.0
[INFO] [stderr]    Compiling alsa-sys v0.3.1
[INFO] [stderr]    Compiling either v1.12.0
[INFO] [stderr]    Compiling bitflags v2.5.0
[INFO] [stderr]    Compiling alsa v0.9.0
[INFO] [stderr]    Compiling rayon v1.10.0
[INFO] [stderr]    Compiling utils v0.0.1 (/opt/rustwide/workdir/utils)
[INFO] [stderr]    Compiling byteorder v1.5.0
[INFO] [stderr]    Compiling fxhash v0.2.1
[INFO] [stderr]    Compiling midir v0.10.0
[INFO] [stderr]    Compiling itertools v0.13.0
[INFO] [stderr]    Compiling unsafe-libyaml v0.2.11
[INFO] [stderr]    Compiling midly v0.5.3
[INFO] [stderr]    Compiling serde_yaml v0.9.34+deprecated
[INFO] [stderr]    Compiling midi_mapper v0.0.1 (/opt/rustwide/workdir/lib)
[INFO] [stderr]    Compiling chordifier v0.1.0 (/opt/rustwide/workdir/exe)
[INFO] [stdout] warning: fields `roots` and `chord_types` are never read
[INFO] [stdout]   --> exe/src/midi_mapper/main.rs:40:3
[INFO] [stdout]    |
[INFO] [stdout] 39 | pub struct Profile {
[INFO] [stdout]    |            ------- fields in this struct
[INFO] [stdout] 40 |   roots: HashMap<Note, Note>,
[INFO] [stdout]    |   ^^^^^
[INFO] [stdout] 41 |   chord_types: HashMap<Note, ChordType>,
[INFO] [stdout]    |   ^^^^^^^^^^^
[INFO] [stdout]    |
[INFO] [stdout]    = note: `Profile` has derived impls for the traits `Clone` and `Debug`, but these are intentionally ignored during dead code analysis
[INFO] [stdout]    = note: `#[warn(dead_code)]` on by default
[INFO] [stdout] 
[INFO] [stdout] 
[INFO] [stdout] warning: function `run` is never used
[INFO] [stdout]   --> exe/src/midi_mapper/main.rs:89:4
[INFO] [stdout]    |
[INFO] [stdout] 89 | fn run(config: AppConfig) -> Result<(), Box<dyn Error>> {
[INFO] [stdout]    |    ^^^
[INFO] [stdout] 
[INFO] [stdout] 
[INFO] [stdout] warning: function `main` is never used
[INFO] [stdout]   --> exe/src/midi_mapper/main.rs:96:4
[INFO] [stdout]    |
[INFO] [stdout] 96 | fn main() -> Result<(), Box<dyn Error>> {
[INFO] [stdout]    |    ^^^^
[INFO] [stdout] 
[INFO] [stdout] 
[INFO] [stderr]    Compiling midi_mapper-tests v0.0.1 (/opt/rustwide/workdir/test)
[INFO] [stdout] warning: unused imports: `ConfigFile` and `Profiles`
[INFO] [stdout]  --> test/src/lib.rs:5:61
[INFO] [stdout]   |
[INFO] [stdout] 5 |   use chordifier::midi_mapper::main::{run_cli_parsing, Cli, ConfigFile, Profiles};
[INFO] [stdout]   |                                                             ^^^^^^^^^^  ^^^^^^^^
[INFO] [stdout]   |
[INFO] [stdout]   = note: `#[warn(unused_imports)]` on by default
[INFO] [stdout] 
[INFO] [stdout] 
[INFO] [stdout] warning: fields `roots` and `chord_types` are never read
[INFO] [stdout]   --> exe/src/midi_mapper/main.rs:40:3
[INFO] [stdout]    |
[INFO] [stdout] 39 | pub struct Profile {
[INFO] [stdout]    |            ------- fields in this struct
[INFO] [stdout] 40 |   roots: HashMap<Note, Note>,
[INFO] [stdout]    |   ^^^^^
[INFO] [stdout] 41 |   chord_types: HashMap<Note, ChordType>,
[INFO] [stdout]    |   ^^^^^^^^^^^
[INFO] [stdout]    |
[INFO] [stdout]    = note: `Profile` has derived impls for the traits `Clone` and `Debug`, but these are intentionally ignored during dead code analysis
[INFO] [stdout]    = note: `#[warn(dead_code)]` on by default
[INFO] [stdout] 
[INFO] [stdout] 
[INFO] [stdout] warning: function `run` is never used
[INFO] [stdout]   --> exe/src/midi_mapper/main.rs:89:4
[INFO] [stdout]    |
[INFO] [stdout] 89 | fn run(config: AppConfig) -> Result<(), Box<dyn Error>> {
[INFO] [stdout]    |    ^^^
[INFO] [stdout] 
[INFO] [stdout] 
[INFO] [stdout] warning: function `main` is never used
[INFO] [stdout]   --> exe/src/midi_mapper/main.rs:96:4
[INFO] [stdout]    |
[INFO] [stdout] 96 | fn main() -> Result<(), Box<dyn Error>> {
[INFO] [stdout]    |    ^^^^
[INFO] [stdout] 
[INFO] [stdout] 
[INFO] [stderr]     Finished `test` profile [optimized + debuginfo] target(s) in 2m 56s
[INFO] running `Command { std: "docker" "inspect" "c887bddf6c32c923118489d4ba670f88264f7233e139462c4e701d503ada5e69", kill_on_drop: false }`
[INFO] running `Command { std: "docker" "rm" "-f" "c887bddf6c32c923118489d4ba670f88264f7233e139462c4e701d503ada5e69", kill_on_drop: false }`
[INFO] [stdout] c887bddf6c32c923118489d4ba670f88264f7233e139462c4e701d503ada5e69
[INFO] running `Command { std: "docker" "create" "-v" "/var/lib/crater-agent-workspace/builds/worker-0-tc2/target:/opt/rustwide/target:rw,Z" "-v" "/var/lib/crater-agent-workspace/builds/worker-0-tc2/source:/opt/rustwide/workdir:ro,Z" "-v" "/var/lib/crater-agent-workspace/cargo-home:/opt/rustwide/cargo-home:ro,Z" "-v" "/var/lib/crater-agent-workspace/rustup-home:/opt/rustwide/rustup-home:ro,Z" "-e" "SOURCE_DIR=/opt/rustwide/workdir" "-e" "CARGO_TARGET_DIR=/opt/rustwide/target" "-e" "CARGO_INCREMENTAL=0" "-e" "RUST_BACKTRACE=full" "-e" "RUSTFLAGS=--cap-lints=forbid -Zrandomize-layout" "-e" "RUSTDOCFLAGS=--cap-lints=forbid" "-e" "CARGO_HOME=/opt/rustwide/cargo-home" "-e" "RUSTUP_HOME=/opt/rustwide/rustup-home" "-w" "/opt/rustwide/workdir" "-m" "1610612736" "--user" "0:0" "--network" "none" "ghcr.io/rust-lang/crates-build-env/linux@sha256:819108c5571ea2e421544af4d832f968d213c87fbe3707a016657f43d2f853bc" "/opt/rustwide/cargo-home/bin/cargo" "+nightly-2025-01-18" "test" "--frozen", kill_on_drop: false }`
[INFO] [stdout] a5e1ac889a043f6f8b8a33ba16948844f5d32e8851905e58321fdb396bb8a28e
[INFO] running `Command { std: "docker" "start" "-a" "a5e1ac889a043f6f8b8a33ba16948844f5d32e8851905e58321fdb396bb8a28e", kill_on_drop: false }`
[INFO] [stderr] warning: /opt/rustwide/workdir/exe/Cargo.toml: version requirement `0.9.34+deprecated` for dependency `serde_yaml` includes semver metadata which will be ignored, removing the metadata is recommended to avoid confusion
[INFO] [stderr] warning: fields `roots` and `chord_types` are never read
[INFO] [stderr]   --> exe/src/midi_mapper/main.rs:40:3
[INFO] [stderr]    |
[INFO] [stderr] 39 | pub struct Profile {
[INFO] [stderr]    |            ------- fields in this struct
[INFO] [stderr] 40 |   roots: HashMap<Note, Note>,
[INFO] [stderr]    |   ^^^^^
[INFO] [stderr] 41 |   chord_types: HashMap<Note, ChordType>,
[INFO] [stderr]    |   ^^^^^^^^^^^
[INFO] [stderr]    |
[INFO] [stderr]    = note: `Profile` has derived impls for the traits `Clone` and `Debug`, but these are intentionally ignored during dead code analysis
[INFO] [stderr]    = note: `#[warn(dead_code)]` on by default
[INFO] [stderr] 
[INFO] [stderr] warning: function `run` is never used
[INFO] [stderr]   --> exe/src/midi_mapper/main.rs:89:4
[INFO] [stderr]    |
[INFO] [stderr] 89 | fn run(config: AppConfig) -> Result<(), Box<dyn Error>> {
[INFO] [stderr]    |    ^^^
[INFO] [stderr] 
[INFO] [stderr] warning: function `main` is never used
[INFO] [stderr]   --> exe/src/midi_mapper/main.rs:96:4
[INFO] [stderr]    |
[INFO] [stderr] 96 | fn main() -> Result<(), Box<dyn Error>> {
[INFO] [stderr]    |    ^^^^
[INFO] [stderr] 
[INFO] [stderr] warning: `chordifier` (lib) generated 3 warnings
[INFO] [stderr] warning: `chordifier` (lib test) generated 3 warnings (3 duplicates)
[INFO] [stderr] warning: unused imports: `ConfigFile` and `Profiles`
[INFO] [stderr]  --> test/src/lib.rs:5:61
[INFO] [stderr]   |
[INFO] [stderr] 5 |   use chordifier::midi_mapper::main::{run_cli_parsing, Cli, ConfigFile, Profiles};
[INFO] [stderr]   |                                                             ^^^^^^^^^^  ^^^^^^^^
[INFO] [stderr]   |
[INFO] [stderr]   = note: `#[warn(unused_imports)]` on by default
[INFO] [stderr] 
[INFO] [stderr] warning: `midi_mapper-tests` (lib test) generated 1 warning (run `cargo fix --lib -p midi_mapper-tests --tests` to apply 1 suggestion)
[INFO] [stderr]     Finished `test` profile [optimized + debuginfo] target(s) in 0.22s
[INFO] [stderr]      Running unittests src/lib.rs (/opt/rustwide/target/debug/deps/chordifier-9fd45ddc36dc45d3)
[INFO] [stdout] 
[INFO] [stdout] running 1 test
[INFO] [stdout] test midi_mapper::main::verify_cli ... ok
[INFO] [stdout] 
[INFO] [stdout] test result: ok. 1 passed; 0 failed; 0 ignored; 0 measured; 0 filtered out; finished in 0.00s
[INFO] [stdout] 
[INFO] [stderr]      Running unittests src/midi_mapper/main.rs (/opt/rustwide/target/debug/deps/midi_mapper-1930adbe4a888619)
[INFO] [stdout] 
[INFO] [stdout] running 1 test
[INFO] [stdout] test verify_cli ... ok
[INFO] [stdout] 
[INFO] [stdout] test result: ok. 1 passed; 0 failed; 0 ignored; 0 measured; 0 filtered out; finished in 0.01s
[INFO] [stdout] 
[INFO] [stderr]      Running unittests src/midi_printer/main.rs (/opt/rustwide/target/debug/deps/midi_printer-0777334ea6c1d6a1)
[INFO] [stdout] 
[INFO] [stdout] running 1 test
[INFO] [stdout] test verify_cli ... ok
[INFO] [stdout] 
[INFO] [stdout] test result: ok. 1 passed; 0 failed; 0 ignored; 0 measured; 0 filtered out; finished in 0.00s
[INFO] [stdout] 
[INFO] [stderr]      Running unittests src/lib.rs (/opt/rustwide/target/debug/deps/midi_mapper-bbfc399e3edd83e1)
[INFO] [stdout] 
[INFO] [stdout] running 0 tests
[INFO] [stdout] 
[INFO] [stdout] test result: ok. 0 passed; 0 failed; 0 ignored; 0 measured; 0 filtered out; finished in 0.00s
[INFO] [stdout] 
[INFO] [stderr]      Running unittests src/lib.rs (/opt/rustwide/target/debug/deps/midi_mapper_tests-643367b06fa3551b)
[INFO] [stdout] 
[INFO] [stdout] running 2 tests
[INFO] [stdout] test tests::parse_config_default_yaml ... ok
[INFO] [stdout] test tests::parse_config_default_dhall ... FAILED
[INFO] [stdout] 
[INFO] [stdout] failures:
[INFO] [stdout] 
[INFO] [stdout] ---- tests::parse_config_default_dhall stdout ----
[INFO] [stdout] 
[INFO] [stdout] thread 'tests::parse_config_default_dhall' panicked at test/src/lib.rs:27:5:
[INFO] [stdout] parse_config_default_dhall failed Err("ProcessIo(Os { code: 2, kind: NotFound, message: \"No such file or directory\" })") "/opt/rustwide/workdir/test/../exe/src/midi_mapper/resources/default_config.dhall"
[INFO] [stdout] stack backtrace:
[INFO] [stdout]    0:     0x604f229ea93a - std::backtrace_rs::backtrace::libunwind::trace::hb059275cfc8d6126
[INFO] [stdout]                                at /rustc/6067b36314ab5eb2eb47cecc464545ba58e1ad24/library/std/src/../../backtrace/src/backtrace/libunwind.rs:116:5
[INFO] [stdout]    1:     0x604f229ea93a - std::backtrace_rs::backtrace::trace_unsynchronized::h2da071e4327ce3ee
[INFO] [stdout]                                at /rustc/6067b36314ab5eb2eb47cecc464545ba58e1ad24/library/std/src/../../backtrace/src/backtrace/mod.rs:66:5
[INFO] [stdout]    2:     0x604f229ea93a - std::sys::backtrace::_print_fmt::h842a1474e6f8d23f
[INFO] [stdout]                                at /rustc/6067b36314ab5eb2eb47cecc464545ba58e1ad24/library/std/src/sys/backtrace.rs:66:9
[INFO] [stdout]    3:     0x604f229ea93a - <std::sys::backtrace::BacktraceLock::print::DisplayBacktrace as core::fmt::Display>::fmt::h71a62eb3b9696b12
[INFO] [stdout]                                at /rustc/6067b36314ab5eb2eb47cecc464545ba58e1ad24/library/std/src/sys/backtrace.rs:39:26
[INFO] [stdout]    4:     0x604f22a139c3 - core::fmt::rt::Argument::fmt::hdb6b616786b41dc1
[INFO] [stdout]                                at /rustc/6067b36314ab5eb2eb47cecc464545ba58e1ad24/library/core/src/fmt/rt.rs:177:76
[INFO] [stdout]    5:     0x604f22a139c3 - core::fmt::write::h2cc1698af7e2d686
[INFO] [stdout]                                at /rustc/6067b36314ab5eb2eb47cecc464545ba58e1ad24/library/core/src/fmt/mod.rs:1440:21
[INFO] [stdout]    6:     0x604f229e7093 - std::io::Write::write_fmt::hab1b4cd059a79022
[INFO] [stdout]                                at /rustc/6067b36314ab5eb2eb47cecc464545ba58e1ad24/library/std/src/io/mod.rs:1887:15
[INFO] [stdout]    7:     0x604f229ea782 - std::sys::backtrace::BacktraceLock::print::h147fe35b4ea13b08
[INFO] [stdout]                                at /rustc/6067b36314ab5eb2eb47cecc464545ba58e1ad24/library/std/src/sys/backtrace.rs:42:9
[INFO] [stdout]    8:     0x604f229ebd5f - std::panicking::default_hook::{{closure}}::hbd44223dbdc0d208
[INFO] [stdout]                                at /rustc/6067b36314ab5eb2eb47cecc464545ba58e1ad24/library/std/src/panicking.rs:298:22
[INFO] [stdout]    9:     0x604f229ebb78 - std::panicking::default_hook::h20f81eb0576efcec
[INFO] [stdout]                                at /rustc/6067b36314ab5eb2eb47cecc464545ba58e1ad24/library/std/src/panicking.rs:322:9
[INFO] [stdout]   10:     0x604f22982223 - <alloc::boxed::Box<F,A> as core::ops::function::Fn<Args>>::call::hdb53814c496a4d34
[INFO] [stdout]                                at /rustc/6067b36314ab5eb2eb47cecc464545ba58e1ad24/library/alloc/src/boxed.rs:2027:9
[INFO] [stdout]   11:     0x604f22982223 - test::test_main::{{closure}}::hc0a4963c59427c24
[INFO] [stdout]                                at /rustc/6067b36314ab5eb2eb47cecc464545ba58e1ad24/library/test/src/lib.rs:134:21
[INFO] [stdout]   12:     0x604f229ec853 - <alloc::boxed::Box<F,A> as core::ops::function::Fn<Args>>::call::h591b2225413a77e9
[INFO] [stdout]                                at /rustc/6067b36314ab5eb2eb47cecc464545ba58e1ad24/library/alloc/src/boxed.rs:2027:9
[INFO] [stdout]   13:     0x604f229ec853 - std::panicking::rust_panic_with_hook::h625eea43051b2edc
[INFO] [stdout]                                at /rustc/6067b36314ab5eb2eb47cecc464545ba58e1ad24/library/std/src/panicking.rs:839:13
[INFO] [stdout]   14:     0x604f229ec50a - std::panicking::begin_panic_handler::{{closure}}::h4f9159cfbc3f6bd3
[INFO] [stdout]                                at /rustc/6067b36314ab5eb2eb47cecc464545ba58e1ad24/library/std/src/panicking.rs:704:13
[INFO] [stdout]   15:     0x604f229eae39 - std::sys::backtrace::__rust_end_short_backtrace::h0390abce48353151
[INFO] [stdout]                                at /rustc/6067b36314ab5eb2eb47cecc464545ba58e1ad24/library/std/src/sys/backtrace.rs:168:18
[INFO] [stdout]   16:     0x604f229ec19d - rust_begin_unwind
[INFO] [stdout]                                at /rustc/6067b36314ab5eb2eb47cecc464545ba58e1ad24/library/std/src/panicking.rs:695:5
[INFO] [stdout]   17:     0x604f22a11b70 - core::panicking::panic_fmt::h9e7c637e9e5f29c9
[INFO] [stdout]                                at /rustc/6067b36314ab5eb2eb47cecc464545ba58e1ad24/library/core/src/panicking.rs:75:14
[INFO] [stdout]   18:     0x604f22947911 - midi_mapper_tests::tests::parse_config_default_dhall::h9e6a6a0113d79f7b
[INFO] [stdout]                                at /opt/rustwide/workdir/test/src/lib.rs:27:5
[INFO] [stdout]   19:     0x604f22947cd9 - midi_mapper_tests::tests::parse_config_default_dhall::{{closure}}::hf12171cf06810588
[INFO] [stdout]                                at /opt/rustwide/workdir/test/src/lib.rs:19:34
[INFO] [stdout]   20:     0x604f22947cd9 - core::ops::function::FnOnce::call_once::h9bcde5bc9b639198
[INFO] [stdout]                                at /rustc/6067b36314ab5eb2eb47cecc464545ba58e1ad24/library/core/src/ops/function.rs:250:5
[INFO] [stdout]   21:     0x604f2298797b - core::ops::function::FnOnce::call_once::he27718dfdd183f43
[INFO] [stdout]                                at /rustc/6067b36314ab5eb2eb47cecc464545ba58e1ad24/library/core/src/ops/function.rs:250:5
[INFO] [stdout]   22:     0x604f2298797b - test::__rust_begin_short_backtrace::h4e84902998457a5d
[INFO] [stdout]                                at /rustc/6067b36314ab5eb2eb47cecc464545ba58e1ad24/library/test/src/lib.rs:632:18
[INFO] [stdout]   23:     0x604f229868b3 - test::run_test_in_process::{{closure}}::h7176fd18fc1feca0
[INFO] [stdout]                                at /rustc/6067b36314ab5eb2eb47cecc464545ba58e1ad24/library/test/src/lib.rs:655:60
[INFO] [stdout]   24:     0x604f229868b3 - <core::panic::unwind_safe::AssertUnwindSafe<F> as core::ops::function::FnOnce<()>>::call_once::hf79cff2a624d8cf7
[INFO] [stdout]                                at /rustc/6067b36314ab5eb2eb47cecc464545ba58e1ad24/library/core/src/panic/unwind_safe.rs:272:9
[INFO] [stdout]   25:     0x604f229868b3 - std::panicking::try::do_call::h3da0561d9ab99c25
[INFO] [stdout]                                at /rustc/6067b36314ab5eb2eb47cecc464545ba58e1ad24/library/std/src/panicking.rs:587:40
[INFO] [stdout]   26:     0x604f229868b3 - std::panicking::try::h41c9fa508bc61df6
[INFO] [stdout]                                at /rustc/6067b36314ab5eb2eb47cecc464545ba58e1ad24/library/std/src/panicking.rs:550:19
[INFO] [stdout]   27:     0x604f229868b3 - std::panic::catch_unwind::h6b3ff07bb5afad93
[INFO] [stdout]                                at /rustc/6067b36314ab5eb2eb47cecc464545ba58e1ad24/library/std/src/panic.rs:358:14
[INFO] [stdout]   28:     0x604f229868b3 - test::run_test_in_process::hc7253dd11b39b9f4
[INFO] [stdout]                                at /rustc/6067b36314ab5eb2eb47cecc464545ba58e1ad24/library/test/src/lib.rs:655:27
[INFO] [stdout]   29:     0x604f229868b3 - test::run_test::{{closure}}::hfb2007f8649c30bb
[INFO] [stdout]                                at /rustc/6067b36314ab5eb2eb47cecc464545ba58e1ad24/library/test/src/lib.rs:576:43
[INFO] [stdout]   30:     0x604f22949995 - test::run_test::{{closure}}::h56a17aa7a282a9f4
[INFO] [stdout]                                at /rustc/6067b36314ab5eb2eb47cecc464545ba58e1ad24/library/test/src/lib.rs:606:41
[INFO] [stdout]   31:     0x604f22949995 - std::sys::backtrace::__rust_begin_short_backtrace::hd2d2d2fb8e8c6aac
[INFO] [stdout]                                at /rustc/6067b36314ab5eb2eb47cecc464545ba58e1ad24/library/std/src/sys/backtrace.rs:152:18
[INFO] [stdout]   32:     0x604f2294d27a - std::thread::Builder::spawn_unchecked_::{{closure}}::{{closure}}::h4faa3f9db6133423
[INFO] [stdout]                                at /rustc/6067b36314ab5eb2eb47cecc464545ba58e1ad24/library/std/src/thread/mod.rs:559:17
[INFO] [stdout]   33:     0x604f2294d27a - <core::panic::unwind_safe::AssertUnwindSafe<F> as core::ops::function::FnOnce<()>>::call_once::hf2e855a36a4ea846
[INFO] [stdout]                                at /rustc/6067b36314ab5eb2eb47cecc464545ba58e1ad24/library/core/src/panic/unwind_safe.rs:272:9
[INFO] [stdout]   34:     0x604f2294d27a - std::panicking::try::do_call::h2f73af3616c35465
[INFO] [stdout]                                at /rustc/6067b36314ab5eb2eb47cecc464545ba58e1ad24/library/std/src/panicking.rs:587:40
[INFO] [stdout]   35:     0x604f2294d27a - std::panicking::try::hd1660ce9efadef5a
[INFO] [stdout]                                at /rustc/6067b36314ab5eb2eb47cecc464545ba58e1ad24/library/std/src/panicking.rs:550:19
[INFO] [stdout]   36:     0x604f2294d27a - std::panic::catch_unwind::h5ee8d7823b8ca744
[INFO] [stdout]                                at /rustc/6067b36314ab5eb2eb47cecc464545ba58e1ad24/library/std/src/panic.rs:358:14
[INFO] [stdout]   37:     0x604f2294d27a - std::thread::Builder::spawn_unchecked_::{{closure}}::h53c3a1894dce8407
[INFO] [stdout]                                at /rustc/6067b36314ab5eb2eb47cecc464545ba58e1ad24/library/std/src/thread/mod.rs:557:30
[INFO] [stdout]   38:     0x604f2294d27a - core::ops::function::FnOnce::call_once{{vtable.shim}}::h048ce291ad4f62bf
[INFO] [stdout]                                at /rustc/6067b36314ab5eb2eb47cecc464545ba58e1ad24/library/core/src/ops/function.rs:250:5
[INFO] [stdout]   39:     0x604f229f07db - <alloc::boxed::Box<F,A> as core::ops::function::FnOnce<Args>>::call_once::ha52bedf99a3b4981
[INFO] [stdout]                                at /rustc/6067b36314ab5eb2eb47cecc464545ba58e1ad24/library/alloc/src/boxed.rs:2013:9
[INFO] [stdout]   40:     0x604f229f07db - <alloc::boxed::Box<F,A> as core::ops::function::FnOnce<Args>>::call_once::h567748934d80ccf8
[INFO] [stdout]                                at /rustc/6067b36314ab5eb2eb47cecc464545ba58e1ad24/library/alloc/src/boxed.rs:2013:9
[INFO] [stdout]   41:     0x604f229f07db - std::sys::pal::unix::thread::Thread::new::thread_start::h2d970728ae887adc
[INFO] [stdout]                                at /rustc/6067b36314ab5eb2eb47cecc464545ba58e1ad24/library/std/src/sys/pal/unix/thread.rs:106:17
[INFO] [stdout]   42:     0x710640015ac3 - <unknown>
[INFO] [stdout]   43:     0x7106400a6a04 - clone
[INFO] [stdout]   44:                0x0 - <unknown>
[INFO] [stdout] 
[INFO] [stdout] 
[INFO] [stdout] failures:
[INFO] [stdout]     tests::parse_config_default_dhall
[INFO] [stdout] 
[INFO] [stdout] test result: FAILED. 1 passed; 1 failed; 0 ignored; 0 measured; 0 filtered out; finished in 0.09s
[INFO] [stdout] 
[INFO] [stderr] error: test failed, to rerun pass `-p midi_mapper-tests --lib`
[INFO] running `Command { std: "docker" "inspect" "a5e1ac889a043f6f8b8a33ba16948844f5d32e8851905e58321fdb396bb8a28e", kill_on_drop: false }`
[INFO] running `Command { std: "docker" "rm" "-f" "a5e1ac889a043f6f8b8a33ba16948844f5d32e8851905e58321fdb396bb8a28e", kill_on_drop: false }`
[INFO] [stdout] a5e1ac889a043f6f8b8a33ba16948844f5d32e8851905e58321fdb396bb8a28e
