[INFO] cloning repository https://github.com/ziriuz84/AoC-2024
[INFO] running `Command { std: "git" "-c" "credential.helper=" "-c" "credential.helper=/workspace/cargo-home/bin/git-credential-null" "clone" "--bare" "https://github.com/ziriuz84/AoC-2024" "/workspace/cache/git-repos/https%3A%2F%2Fgithub.com%2Fziriuz84%2FAoC-2024", kill_on_drop: false }`
[INFO] [stderr] Cloning into bare repository '/workspace/cache/git-repos/https%3A%2F%2Fgithub.com%2Fziriuz84%2FAoC-2024'...
[INFO] running `Command { std: "git" "rev-parse" "HEAD", kill_on_drop: false }`
[INFO] [stdout] bd250c42af083a36ca0961f48bcabeff7418f17d
[INFO] testing ziriuz84/AoC-2024 against nightly-2025-01-18 for randomize-layout-2
[INFO] running `Command { std: "git" "clone" "/workspace/cache/git-repos/https%3A%2F%2Fgithub.com%2Fziriuz84%2FAoC-2024" "/workspace/builds/worker-3-tc1/source", kill_on_drop: false }`
[INFO] [stderr] Cloning into '/workspace/builds/worker-3-tc1/source'...
[INFO] [stderr] done.
[INFO] validating manifest of git repo https://github.com/ziriuz84/AoC-2024 on toolchain nightly-2025-01-18
[INFO] running `Command { std: CARGO_HOME="/workspace/cargo-home" RUSTUP_HOME="/workspace/rustup-home" "/workspace/cargo-home/bin/cargo" "+nightly-2025-01-18" "metadata" "--manifest-path" "Cargo.toml" "--no-deps", kill_on_drop: false }`
[INFO] removed /workspace/builds/worker-3-tc1/source/.cargo/config.toml
[INFO] started tweaking git repo https://github.com/ziriuz84/AoC-2024
[INFO] finished tweaking git repo https://github.com/ziriuz84/AoC-2024
[INFO] tweaked toml for git repo https://github.com/ziriuz84/AoC-2024 written to /workspace/builds/worker-3-tc1/source/Cargo.toml
[INFO] crate git repo https://github.com/ziriuz84/AoC-2024 already has a lockfile, it will not be regenerated
[INFO] running `Command { std: CARGO_HOME="/workspace/cargo-home" RUSTUP_HOME="/workspace/rustup-home" "/workspace/cargo-home/bin/cargo" "+nightly-2025-01-18" "fetch" "--manifest-path" "Cargo.toml", kill_on_drop: false }`
[INFO] [stderr]     Blocking waiting for file lock on package cache
[INFO] [stderr]     Blocking waiting for file lock on package cache
[INFO] running `Command { std: "docker" "create" "-v" "/var/lib/crater-agent-workspace/builds/worker-3-tc1/target:/opt/rustwide/target:rw,Z" "-v" "/var/lib/crater-agent-workspace/builds/worker-3-tc1/source:/opt/rustwide/workdir:ro,Z" "-v" "/var/lib/crater-agent-workspace/cargo-home:/opt/rustwide/cargo-home:ro,Z" "-v" "/var/lib/crater-agent-workspace/rustup-home:/opt/rustwide/rustup-home:ro,Z" "-e" "SOURCE_DIR=/opt/rustwide/workdir" "-e" "CARGO_TARGET_DIR=/opt/rustwide/target" "-e" "CARGO_HOME=/opt/rustwide/cargo-home" "-e" "RUSTUP_HOME=/opt/rustwide/rustup-home" "-w" "/opt/rustwide/workdir" "-m" "1610612736" "--user" "0:0" "--network" "none" "ghcr.io/rust-lang/crates-build-env/linux@sha256:819108c5571ea2e421544af4d832f968d213c87fbe3707a016657f43d2f853bc" "/opt/rustwide/cargo-home/bin/cargo" "+nightly-2025-01-18" "metadata" "--no-deps" "--format-version=1", kill_on_drop: false }`
[INFO] [stdout] 6dee2f04f3a14a31d0f1e3722cdb0dd87c32a715a6e9b9206f3ed19ebabec2fc
[INFO] running `Command { std: "docker" "start" "-a" "6dee2f04f3a14a31d0f1e3722cdb0dd87c32a715a6e9b9206f3ed19ebabec2fc", kill_on_drop: false }`
[INFO] running `Command { std: "docker" "inspect" "6dee2f04f3a14a31d0f1e3722cdb0dd87c32a715a6e9b9206f3ed19ebabec2fc", kill_on_drop: false }`
[INFO] running `Command { std: "docker" "rm" "-f" "6dee2f04f3a14a31d0f1e3722cdb0dd87c32a715a6e9b9206f3ed19ebabec2fc", kill_on_drop: false }`
[INFO] [stdout] 6dee2f04f3a14a31d0f1e3722cdb0dd87c32a715a6e9b9206f3ed19ebabec2fc
[INFO] running `Command { std: "docker" "create" "-v" "/var/lib/crater-agent-workspace/builds/worker-3-tc1/target:/opt/rustwide/target:rw,Z" "-v" "/var/lib/crater-agent-workspace/builds/worker-3-tc1/source:/opt/rustwide/workdir:ro,Z" "-v" "/var/lib/crater-agent-workspace/cargo-home:/opt/rustwide/cargo-home:ro,Z" "-v" "/var/lib/crater-agent-workspace/rustup-home:/opt/rustwide/rustup-home:ro,Z" "-e" "SOURCE_DIR=/opt/rustwide/workdir" "-e" "CARGO_TARGET_DIR=/opt/rustwide/target" "-e" "CARGO_INCREMENTAL=0" "-e" "RUST_BACKTRACE=full" "-e" "RUSTFLAGS=--cap-lints=forbid" "-e" "RUSTDOCFLAGS=--cap-lints=forbid" "-e" "CARGO_HOME=/opt/rustwide/cargo-home" "-e" "RUSTUP_HOME=/opt/rustwide/rustup-home" "-w" "/opt/rustwide/workdir" "-m" "1610612736" "--user" "0:0" "--network" "none" "ghcr.io/rust-lang/crates-build-env/linux@sha256:819108c5571ea2e421544af4d832f968d213c87fbe3707a016657f43d2f853bc" "/opt/rustwide/cargo-home/bin/cargo" "+nightly-2025-01-18" "build" "--frozen" "--message-format=json", kill_on_drop: false }`
[INFO] [stdout] ca67600b1d9e2b27533b2c8c4352ef1609ced1138fa83cca955ef2aecd42ea18
[INFO] running `Command { std: "docker" "start" "-a" "ca67600b1d9e2b27533b2c8c4352ef1609ced1138fa83cca955ef2aecd42ea18", kill_on_drop: false }`
[INFO] [stderr]    Compiling proc-macro2 v1.0.70
[INFO] [stderr]    Compiling unicode-ident v1.0.12
[INFO] [stderr]    Compiling libc v0.2.168
[INFO] [stderr]    Compiling byteorder v1.5.0
[INFO] [stderr]    Compiling cfg-if v1.0.0
[INFO] [stderr]    Compiling memchr v2.6.4
[INFO] [stderr]    Compiling regex-syntax v0.8.5
[INFO] [stderr]    Compiling pico-args v0.5.0
[INFO] [stderr]    Compiling tinyjson v2.5.1
[INFO] [stderr]    Compiling aho-corasick v1.1.3
[INFO] [stderr]    Compiling quote v1.0.33
[INFO] [stderr]    Compiling syn v2.0.39
[INFO] [stderr]    Compiling getrandom v0.2.15
[INFO] [stderr]    Compiling rand_core v0.6.4
[INFO] [stderr]    Compiling regex-automata v0.4.9
[INFO] [stderr]    Compiling zerocopy-derive v0.7.35
[INFO] [stderr]    Compiling zerocopy v0.7.35
[INFO] [stderr]    Compiling ppv-lite86 v0.2.20
[INFO] [stderr]    Compiling regex v1.11.1
[INFO] [stderr]    Compiling rand_chacha v0.3.1
[INFO] [stderr]    Compiling rand v0.8.5
[INFO] [stderr]    Compiling advent_of_code v0.11.0 (/opt/rustwide/workdir)
[INFO] [stdout] warning: unused variable: `points`
[INFO] [stdout]   --> src/bin/10.rs:82:13
[INFO] [stdout]    |
[INFO] [stdout] 82 |     let mut points: Vec<Point> = Vec::new();
[INFO] [stdout]    |             ^^^^^^ help: if this is intentional, prefix it with an underscore: `_points`
[INFO] [stdout]    |
[INFO] [stdout]    = note: `#[warn(unused_variables)]` on by default
[INFO] [stdout] 
[INFO] [stdout] 
[INFO] [stdout] warning: variable does not need to be mutable
[INFO] [stdout]   --> src/bin/10.rs:82:9
[INFO] [stdout]    |
[INFO] [stdout] 82 |     let mut points: Vec<Point> = Vec::new();
[INFO] [stdout]    |         ----^^^^^^
[INFO] [stdout]    |         |
[INFO] [stdout]    |         help: remove this `mut`
[INFO] [stdout]    |
[INFO] [stdout]    = note: `#[warn(unused_mut)]` on by default
[INFO] [stdout] 
[INFO] [stdout] 
[INFO] [stdout] warning: unused variable: `input`
[INFO] [stdout]   --> src/bin/10.rs:96:17
[INFO] [stdout]    |
[INFO] [stdout] 96 | pub fn part_two(input: &str) -> Option<u32> {
[INFO] [stdout]    |                 ^^^^^ help: if this is intentional, prefix it with an underscore: `_input`
[INFO] [stdout] 
[INFO] [stdout] 
[INFO] [stdout] warning: fields `x`, `y`, and `value` are never read
[INFO] [stdout]   --> src/bin/10.rs:16:5
[INFO] [stdout]    |
[INFO] [stdout] 15 | struct Point {
[INFO] [stdout]    |        ----- fields in this struct
[INFO] [stdout] 16 |     x: u32,
[INFO] [stdout]    |     ^
[INFO] [stdout] 17 |     y: u32,
[INFO] [stdout]    |     ^
[INFO] [stdout] 18 |     value: u32,
[INFO] [stdout]    |     ^^^^^
[INFO] [stdout]    |
[INFO] [stdout]    = note: `Point` has a derived impl for the trait `Debug`, but this is intentionally ignored during dead code analysis
[INFO] [stdout]    = note: `#[warn(dead_code)]` on by default
[INFO] [stdout] 
[INFO] [stdout] 
[INFO] [stdout] warning: function `search_word` is never used
[INFO] [stdout]   --> src/bin/10.rs:21:4
[INFO] [stdout]    |
[INFO] [stdout] 21 | fn search_word(matrix: Vec<Vec<char>>, word: &str) -> i32 {
[INFO] [stdout]    |    ^^^^^^^^^^^
[INFO] [stdout] 
[INFO] [stdout] 
[INFO] [stdout] warning: function `test_next_point` is never used
[INFO] [stdout]   --> src/bin/10.rs:69:4
[INFO] [stdout]    |
[INFO] [stdout] 69 | fn test_next_point(point: Point, other_point: Point) -> bool {
[INFO] [stdout]    |    ^^^^^^^^^^^^^^^
[INFO] [stdout] 
[INFO] [stdout] 
[INFO] [stdout] warning: value assigned to `new_result` is never read
[INFO] [stdout]   --> src/bin/07.rs:13:13
[INFO] [stdout]    |
[INFO] [stdout] 13 |     let mut new_result: u64 = 0;
[INFO] [stdout]    |             ^^^^^^^^^^
[INFO] [stdout]    |
[INFO] [stdout]    = help: maybe it is overwritten before being read?
[INFO] [stdout]    = note: `#[warn(unused_assignments)]` on by default
[INFO] [stdout] 
[INFO] [stdout] 
[INFO] [stdout] warning: unused variable: `input`
[INFO] [stdout]   --> src/bin/07.rs:49:17
[INFO] [stdout]    |
[INFO] [stdout] 49 | pub fn part_two(input: &str) -> Option<u64> {
[INFO] [stdout]    |                 ^^^^^ help: if this is intentional, prefix it with an underscore: `_input`
[INFO] [stdout]    |
[INFO] [stdout]    = note: `#[warn(unused_variables)]` on by default
[INFO] [stdout] 
[INFO] [stdout] 
[INFO] [stdout] warning: unused variable: `element`
[INFO] [stdout]   --> src/bin/02.rs:36:17
[INFO] [stdout]    |
[INFO] [stdout] 36 |         for (i, element) in data.clone().into_iter().enumerate() {
[INFO] [stdout]    |                 ^^^^^^^ help: if this is intentional, prefix it with an underscore: `_element`
[INFO] [stdout]    |
[INFO] [stdout]    = note: `#[warn(unused_variables)]` on by default
[INFO] [stdout] 
[INFO] [stdout] 
[INFO] [stdout] warning: unused import: `std::collections::HashSet`
[INFO] [stdout]  --> src/bin/04.rs:3:5
[INFO] [stdout]   |
[INFO] [stdout] 3 | use std::collections::HashSet;
[INFO] [stdout]   |     ^^^^^^^^^^^^^^^^^^^^^^^^^
[INFO] [stdout]   |
[INFO] [stdout]   = note: `#[warn(unused_imports)]` on by default
[INFO] [stdout] 
[INFO] [stdout] 
[INFO] [stdout] warning: unused import: `regex::Regex`
[INFO] [stdout]  --> src/bin/03.rs:3:5
[INFO] [stdout]   |
[INFO] [stdout] 3 | use regex::Regex;
[INFO] [stdout]   |     ^^^^^^^^^^^^
[INFO] [stdout]   |
[INFO] [stdout]   = note: `#[warn(unused_imports)]` on by default
[INFO] [stdout] 
[INFO] [stdout] 
[INFO] [stdout] warning: unused variable: `input`
[INFO] [stdout]   --> src/bin/09.rs:54:17
[INFO] [stdout]    |
[INFO] [stdout] 54 | pub fn part_two(input: &str) -> Option<u32> {
[INFO] [stdout]    |                 ^^^^^ help: if this is intentional, prefix it with an underscore: `_input`
[INFO] [stdout]    |
[INFO] [stdout]    = note: `#[warn(unused_variables)]` on by default
[INFO] [stdout] 
[INFO] [stdout] 
[INFO] [stdout] warning: value assigned to `height` is never read
[INFO] [stdout]  --> src/bin/06.rs:9:13
[INFO] [stdout]   |
[INFO] [stdout] 9 |     let mut height: isize = 0;
[INFO] [stdout]   |             ^^^^^^
[INFO] [stdout]   |
[INFO] [stdout]   = help: maybe it is overwritten before being read?
[INFO] [stdout]   = note: `#[warn(unused_assignments)]` on by default
[INFO] [stdout] 
[INFO] [stdout] 
[INFO] [stdout] warning: unused variable: `temp`
[INFO] [stdout]   --> src/bin/05.rs:11:17
[INFO] [stdout]    |
[INFO] [stdout] 11 |             let temp = line.replace(['(', ')'], "");
[INFO] [stdout]    |                 ^^^^ help: if this is intentional, prefix it with an underscore: `_temp`
[INFO] [stdout]    |
[INFO] [stdout]    = note: `#[warn(unused_variables)]` on by default
[INFO] [stdout] 
[INFO] [stdout] 
[INFO] [stdout] warning: unused variable: `temp`
[INFO] [stdout]   --> src/bin/05.rs:49:17
[INFO] [stdout]    |
[INFO] [stdout] 49 |             let temp = line.replace(['(', ')'], "");
[INFO] [stdout]    |                 ^^^^ help: if this is intentional, prefix it with an underscore: `_temp`
[INFO] [stdout] 
[INFO] [stdout] 
[INFO] [stdout] warning: unused variable: `re`
[INFO] [stdout]   --> src/bin/03.rs:23:9
[INFO] [stdout]    |
[INFO] [stdout] 23 |     let re = regex::Regex::new(r"(don't\(\))|(do\(\))|mul\(\d+,\d+\)").unwrap();
[INFO] [stdout]    |         ^^ help: if this is intentional, prefix it with an underscore: `_re`
[INFO] [stdout]    |
[INFO] [stdout]    = note: `#[warn(unused_variables)]` on by default
[INFO] [stdout] 
[INFO] [stdout] 
[INFO] [stdout] warning: unused variable: `input`
[INFO] [stdout]   --> src/bin/06.rs:78:17
[INFO] [stdout]    |
[INFO] [stdout] 78 | pub fn part_two(input: &str) -> Option<u32> {
[INFO] [stdout]    |                 ^^^^^ help: if this is intentional, prefix it with an underscore: `_input`
[INFO] [stdout]    |
[INFO] [stdout]    = note: `#[warn(unused_variables)]` on by default
[INFO] [stdout] 
[INFO] [stdout] 
[INFO] [stdout] warning: variable does not need to be mutable
[INFO] [stdout]   --> src/bin/05.rs:60:30
[INFO] [stdout]    |
[INFO] [stdout] 60 |     updates.iter().for_each(|mut update| {
[INFO] [stdout]    |                              ----^^^^^^
[INFO] [stdout]    |                              |
[INFO] [stdout]    |                              help: remove this `mut`
[INFO] [stdout]    |
[INFO] [stdout]    = note: `#[warn(unused_mut)]` on by default
[INFO] [stdout] 
[INFO] [stdout] 
[INFO] [stdout] warning: constant `DIRECTIONS` is never used
[INFO] [stdout]  --> src/bin/06.rs:3:7
[INFO] [stdout]   |
[INFO] [stdout] 3 | const DIRECTIONS: [(isize, isize); 4] = [(0, 1), (1, 0), (0, -1), (-1, 0)];
[INFO] [stdout]   |       ^^^^^^^^^^
[INFO] [stdout]   |
[INFO] [stdout]   = note: `#[warn(dead_code)]` on by default
[INFO] [stdout] 
[INFO] [stdout] 
[INFO] [stderr]     Finished `dev` profile [unoptimized + debuginfo] target(s) in 15.03s
[INFO] running `Command { std: "docker" "inspect" "ca67600b1d9e2b27533b2c8c4352ef1609ced1138fa83cca955ef2aecd42ea18", kill_on_drop: false }`
[INFO] running `Command { std: "docker" "rm" "-f" "ca67600b1d9e2b27533b2c8c4352ef1609ced1138fa83cca955ef2aecd42ea18", kill_on_drop: false }`
[INFO] [stdout] ca67600b1d9e2b27533b2c8c4352ef1609ced1138fa83cca955ef2aecd42ea18
[INFO] running `Command { std: "docker" "create" "-v" "/var/lib/crater-agent-workspace/builds/worker-3-tc1/target:/opt/rustwide/target:rw,Z" "-v" "/var/lib/crater-agent-workspace/builds/worker-3-tc1/source:/opt/rustwide/workdir:ro,Z" "-v" "/var/lib/crater-agent-workspace/cargo-home:/opt/rustwide/cargo-home:ro,Z" "-v" "/var/lib/crater-agent-workspace/rustup-home:/opt/rustwide/rustup-home:ro,Z" "-e" "SOURCE_DIR=/opt/rustwide/workdir" "-e" "CARGO_TARGET_DIR=/opt/rustwide/target" "-e" "CARGO_INCREMENTAL=0" "-e" "RUST_BACKTRACE=full" "-e" "RUSTFLAGS=--cap-lints=forbid" "-e" "RUSTDOCFLAGS=--cap-lints=forbid" "-e" "CARGO_HOME=/opt/rustwide/cargo-home" "-e" "RUSTUP_HOME=/opt/rustwide/rustup-home" "-w" "/opt/rustwide/workdir" "-m" "1610612736" "--user" "0:0" "--network" "none" "ghcr.io/rust-lang/crates-build-env/linux@sha256:819108c5571ea2e421544af4d832f968d213c87fbe3707a016657f43d2f853bc" "/opt/rustwide/cargo-home/bin/cargo" "+nightly-2025-01-18" "test" "--frozen" "--no-run" "--message-format=json", kill_on_drop: false }`
[INFO] [stdout] 57bb17a04bc477957b6d262bdc89ffccc046d9593518589b97a82a08ee6ce112
[INFO] running `Command { std: "docker" "start" "-a" "57bb17a04bc477957b6d262bdc89ffccc046d9593518589b97a82a08ee6ce112", kill_on_drop: false }`
[INFO] [stderr]    Compiling advent_of_code v0.11.0 (/opt/rustwide/workdir)
[INFO] [stdout] warning: unused import: `regex::Regex`
[INFO] [stdout]  --> src/bin/03.rs:3:5
[INFO] [stdout]   |
[INFO] [stdout] 3 | use regex::Regex;
[INFO] [stdout]   |     ^^^^^^^^^^^^
[INFO] [stdout]   |
[INFO] [stdout]   = note: `#[warn(unused_imports)]` on by default
[INFO] [stdout] 
[INFO] [stdout] 
[INFO] [stdout] warning: unused variable: `re`
[INFO] [stdout]   --> src/bin/03.rs:23:9
[INFO] [stdout]    |
[INFO] [stdout] 23 |     let re = regex::Regex::new(r"(don't\(\))|(do\(\))|mul\(\d+,\d+\)").unwrap();
[INFO] [stdout]    |         ^^ help: if this is intentional, prefix it with an underscore: `_re`
[INFO] [stdout]    |
[INFO] [stdout]    = note: `#[warn(unused_variables)]` on by default
[INFO] [stdout] 
[INFO] [stdout] 
[INFO] [stdout] warning: value assigned to `new_result` is never read
[INFO] [stdout]   --> src/bin/07.rs:13:13
[INFO] [stdout]    |
[INFO] [stdout] 13 |     let mut new_result: u64 = 0;
[INFO] [stdout]    |             ^^^^^^^^^^
[INFO] [stdout]    |
[INFO] [stdout]    = help: maybe it is overwritten before being read?
[INFO] [stdout]    = note: `#[warn(unused_assignments)]` on by default
[INFO] [stdout] 
[INFO] [stdout] 
[INFO] [stdout] warning: unused variable: `input`
[INFO] [stdout]   --> src/bin/07.rs:49:17
[INFO] [stdout]    |
[INFO] [stdout] 49 | pub fn part_two(input: &str) -> Option<u64> {
[INFO] [stdout]    |                 ^^^^^ help: if this is intentional, prefix it with an underscore: `_input`
[INFO] [stdout]    |
[INFO] [stdout]    = note: `#[warn(unused_variables)]` on by default
[INFO] [stdout] 
[INFO] [stdout] 
[INFO] [stdout] warning: unused import: `std::collections::HashSet`
[INFO] [stdout]  --> src/bin/04.rs:3:5
[INFO] [stdout]   |
[INFO] [stdout] 3 | use std::collections::HashSet;
[INFO] [stdout]   |     ^^^^^^^^^^^^^^^^^^^^^^^^^
[INFO] [stdout]   |
[INFO] [stdout]   = note: `#[warn(unused_imports)]` on by default
[INFO] [stdout] 
[INFO] [stdout] 
[INFO] [stdout] warning: unused variable: `temp`
[INFO] [stdout]   --> src/bin/05.rs:11:17
[INFO] [stdout]    |
[INFO] [stdout] 11 |             let temp = line.replace(['(', ')'], "");
[INFO] [stdout]    |                 ^^^^ help: if this is intentional, prefix it with an underscore: `_temp`
[INFO] [stdout]    |
[INFO] [stdout]    = note: `#[warn(unused_variables)]` on by default
[INFO] [stdout] 
[INFO] [stdout] 
[INFO] [stdout] warning: unused variable: `input`
[INFO] [stdout]   --> src/bin/09.rs:54:17
[INFO] [stdout]    |
[INFO] [stdout] 54 | pub fn part_two(input: &str) -> Option<u32> {
[INFO] [stdout]    |                 ^^^^^ help: if this is intentional, prefix it with an underscore: `_input`
[INFO] [stdout]    |
[INFO] [stdout]    = note: `#[warn(unused_variables)]` on by default
[INFO] [stdout] 
[INFO] [stdout] 
[INFO] [stdout] warning: value assigned to `height` is never read
[INFO] [stdout]  --> src/bin/06.rs:9:13
[INFO] [stdout]   |
[INFO] [stdout] 9 |     let mut height: isize = 0;
[INFO] [stdout]   |             ^^^^^^
[INFO] [stdout]   |
[INFO] [stdout]   = help: maybe it is overwritten before being read?
[INFO] [stdout]   = note: `#[warn(unused_assignments)]` on by default
[INFO] [stdout] 
[INFO] [stdout] 
[INFO] [stdout] warning: unused variable: `temp`
[INFO] [stdout]   --> src/bin/05.rs:49:17
[INFO] [stdout]    |
[INFO] [stdout] 49 |             let temp = line.replace(['(', ')'], "");
[INFO] [stdout]    |                 ^^^^ help: if this is intentional, prefix it with an underscore: `_temp`
[INFO] [stdout] 
[INFO] [stdout] 
[INFO] [stdout] warning: variable does not need to be mutable
[INFO] [stdout]   --> src/bin/05.rs:60:30
[INFO] [stdout]    |
[INFO] [stdout] 60 |     updates.iter().for_each(|mut update| {
[INFO] [stdout]    |                              ----^^^^^^
[INFO] [stdout]    |                              |
[INFO] [stdout]    |                              help: remove this `mut`
[INFO] [stdout]    |
[INFO] [stdout]    = note: `#[warn(unused_mut)]` on by default
[INFO] [stdout] 
[INFO] [stdout] 
[INFO] [stdout] warning: unused variable: `points`
[INFO] [stdout]   --> src/bin/10.rs:82:13
[INFO] [stdout]    |
[INFO] [stdout] 82 |     let mut points: Vec<Point> = Vec::new();
[INFO] [stdout]    |             ^^^^^^ help: if this is intentional, prefix it with an underscore: `_points`
[INFO] [stdout]    |
[INFO] [stdout]    = note: `#[warn(unused_variables)]` on by default
[INFO] [stdout] 
[INFO] [stdout] 
[INFO] [stdout] warning: variable does not need to be mutable
[INFO] [stdout]   --> src/bin/10.rs:82:9
[INFO] [stdout]    |
[INFO] [stdout] 82 |     let mut points: Vec<Point> = Vec::new();
[INFO] [stdout]    |         ----^^^^^^
[INFO] [stdout]    |         |
[INFO] [stdout]    |         help: remove this `mut`
[INFO] [stdout]    |
[INFO] [stdout]    = note: `#[warn(unused_mut)]` on by default
[INFO] [stdout] 
[INFO] [stdout] 
[INFO] [stdout] warning: unused variable: `input`
[INFO] [stdout]   --> src/bin/10.rs:96:17
[INFO] [stdout]    |
[INFO] [stdout] 96 | pub fn part_two(input: &str) -> Option<u32> {
[INFO] [stdout]    |                 ^^^^^ help: if this is intentional, prefix it with an underscore: `_input`
[INFO] [stdout] 
[INFO] [stdout] 
[INFO] [stdout] warning: unused variable: `input`
[INFO] [stdout]   --> src/bin/06.rs:78:17
[INFO] [stdout]    |
[INFO] [stdout] 78 | pub fn part_two(input: &str) -> Option<u32> {
[INFO] [stdout]    |                 ^^^^^ help: if this is intentional, prefix it with an underscore: `_input`
[INFO] [stdout]    |
[INFO] [stdout]    = note: `#[warn(unused_variables)]` on by default
[INFO] [stdout] 
[INFO] [stdout] 
[INFO] [stdout] warning: unused variable: `element`
[INFO] [stdout]   --> src/bin/02.rs:36:17
[INFO] [stdout]    |
[INFO] [stdout] 36 |         for (i, element) in data.clone().into_iter().enumerate() {
[INFO] [stdout]    |                 ^^^^^^^ help: if this is intentional, prefix it with an underscore: `_element`
[INFO] [stdout]    |
[INFO] [stdout]    = note: `#[warn(unused_variables)]` on by default
[INFO] [stdout] 
[INFO] [stdout] 
[INFO] [stdout] warning: fields `x`, `y`, and `value` are never read
[INFO] [stdout]   --> src/bin/10.rs:16:5
[INFO] [stdout]    |
[INFO] [stdout] 15 | struct Point {
[INFO] [stdout]    |        ----- fields in this struct
[INFO] [stdout] 16 |     x: u32,
[INFO] [stdout]    |     ^
[INFO] [stdout] 17 |     y: u32,
[INFO] [stdout]    |     ^
[INFO] [stdout] 18 |     value: u32,
[INFO] [stdout]    |     ^^^^^
[INFO] [stdout]    |
[INFO] [stdout]    = note: `Point` has a derived impl for the trait `Debug`, but this is intentionally ignored during dead code analysis
[INFO] [stdout]    = note: `#[warn(dead_code)]` on by default
[INFO] [stdout] 
[INFO] [stdout] 
[INFO] [stdout] warning: function `search_word` is never used
[INFO] [stdout]   --> src/bin/10.rs:21:4
[INFO] [stdout]    |
[INFO] [stdout] 21 | fn search_word(matrix: Vec<Vec<char>>, word: &str) -> i32 {
[INFO] [stdout]    |    ^^^^^^^^^^^
[INFO] [stdout] 
[INFO] [stdout] 
[INFO] [stdout] warning: function `test_next_point` is never used
[INFO] [stdout]   --> src/bin/10.rs:69:4
[INFO] [stdout]    |
[INFO] [stdout] 69 | fn test_next_point(point: Point, other_point: Point) -> bool {
[INFO] [stdout]    |    ^^^^^^^^^^^^^^^
[INFO] [stdout] 
[INFO] [stdout] 
[INFO] [stdout] warning: constant `DIRECTIONS` is never used
[INFO] [stdout]  --> src/bin/06.rs:3:7
[INFO] [stdout]   |
[INFO] [stdout] 3 | const DIRECTIONS: [(isize, isize); 4] = [(0, 1), (1, 0), (0, -1), (-1, 0)];
[INFO] [stdout]   |       ^^^^^^^^^^
[INFO] [stdout]   |
[INFO] [stdout]   = note: `#[warn(dead_code)]` on by default
[INFO] [stdout] 
[INFO] [stdout] 
[INFO] [stderr]     Finished `test` profile [unoptimized + debuginfo] target(s) in 1.71s
[INFO] running `Command { std: "docker" "inspect" "57bb17a04bc477957b6d262bdc89ffccc046d9593518589b97a82a08ee6ce112", kill_on_drop: false }`
[INFO] running `Command { std: "docker" "rm" "-f" "57bb17a04bc477957b6d262bdc89ffccc046d9593518589b97a82a08ee6ce112", kill_on_drop: false }`
[INFO] [stdout] 57bb17a04bc477957b6d262bdc89ffccc046d9593518589b97a82a08ee6ce112
[INFO] running `Command { std: "docker" "create" "-v" "/var/lib/crater-agent-workspace/builds/worker-3-tc1/target:/opt/rustwide/target:rw,Z" "-v" "/var/lib/crater-agent-workspace/builds/worker-3-tc1/source:/opt/rustwide/workdir:ro,Z" "-v" "/var/lib/crater-agent-workspace/cargo-home:/opt/rustwide/cargo-home:ro,Z" "-v" "/var/lib/crater-agent-workspace/rustup-home:/opt/rustwide/rustup-home:ro,Z" "-e" "SOURCE_DIR=/opt/rustwide/workdir" "-e" "CARGO_TARGET_DIR=/opt/rustwide/target" "-e" "CARGO_INCREMENTAL=0" "-e" "RUST_BACKTRACE=full" "-e" "RUSTFLAGS=--cap-lints=forbid" "-e" "RUSTDOCFLAGS=--cap-lints=forbid" "-e" "CARGO_HOME=/opt/rustwide/cargo-home" "-e" "RUSTUP_HOME=/opt/rustwide/rustup-home" "-w" "/opt/rustwide/workdir" "-m" "1610612736" "--user" "0:0" "--network" "none" "ghcr.io/rust-lang/crates-build-env/linux@sha256:819108c5571ea2e421544af4d832f968d213c87fbe3707a016657f43d2f853bc" "/opt/rustwide/cargo-home/bin/cargo" "+nightly-2025-01-18" "test" "--frozen", kill_on_drop: false }`
[INFO] [stdout] bc5886a60cd66ca250ad4d3c628fdb5ef30e0243d22b06032394df6e65576e7d
[INFO] running `Command { std: "docker" "start" "-a" "bc5886a60cd66ca250ad4d3c628fdb5ef30e0243d22b06032394df6e65576e7d", kill_on_drop: false }`
[INFO] [stderr] warning: unused variable: `temp`
[INFO] [stderr]   --> src/bin/05.rs:11:17
[INFO] [stderr]    |
[INFO] [stderr] 11 |             let temp = line.replace(['(', ')'], "");
[INFO] [stderr]    |                 ^^^^ help: if this is intentional, prefix it with an underscore: `_temp`
[INFO] [stderr]    |
[INFO] [stderr]    = note: `#[warn(unused_variables)]` on by default
[INFO] [stderr] 
[INFO] [stderr] warning: unused variable: `temp`
[INFO] [stderr]   --> src/bin/05.rs:49:17
[INFO] [stderr]    |
[INFO] [stderr] 49 |             let temp = line.replace(['(', ')'], "");
[INFO] [stderr]    |                 ^^^^ help: if this is intentional, prefix it with an underscore: `_temp`
[INFO] [stderr] 
[INFO] [stderr] warning: variable does not need to be mutable
[INFO] [stderr]   --> src/bin/05.rs:60:30
[INFO] [stderr]    |
[INFO] [stderr] 60 |     updates.iter().for_each(|mut update| {
[INFO] [stderr]    |                              ----^^^^^^
[INFO] [stderr]    |                              |
[INFO] [stderr]    |                              help: remove this `mut`
[INFO] [stderr]    |
[INFO] [stderr]    = note: `#[warn(unused_mut)]` on by default
[INFO] [stderr] 
[INFO] [stderr] warning: `advent_of_code` (bin "05" test) generated 3 warnings (run `cargo fix --bin "05" --tests` to apply 1 suggestion)
[INFO] [stderr] warning: value assigned to `new_result` is never read
[INFO] [stderr]   --> src/bin/07.rs:13:13
[INFO] [stderr]    |
[INFO] [stderr] 13 |     let mut new_result: u64 = 0;
[INFO] [stderr]    |             ^^^^^^^^^^
[INFO] [stderr]    |
[INFO] [stderr]    = help: maybe it is overwritten before being read?
[INFO] [stderr]    = note: `#[warn(unused_assignments)]` on by default
[INFO] [stderr] 
[INFO] [stderr] warning: unused variable: `input`
[INFO] [stderr]   --> src/bin/07.rs:49:17
[INFO] [stderr]    |
[INFO] [stderr] 49 | pub fn part_two(input: &str) -> Option<u64> {
[INFO] [stderr]    |                 ^^^^^ help: if this is intentional, prefix it with an underscore: `_input`
[INFO] [stderr]    |
[INFO] [stderr]    = note: `#[warn(unused_variables)]` on by default
[INFO] [stderr] 
[INFO] [stderr] warning: `advent_of_code` (bin "07" test) generated 2 warnings
[INFO] [stderr] warning: unused variable: `input`
[INFO] [stderr]   --> src/bin/09.rs:54:17
[INFO] [stderr]    |
[INFO] [stderr] 54 | pub fn part_two(input: &str) -> Option<u32> {
[INFO] [stderr]    |                 ^^^^^ help: if this is intentional, prefix it with an underscore: `_input`
[INFO] [stderr]    |
[INFO] [stderr]    = note: `#[warn(unused_variables)]` on by default
[INFO] [stderr] 
[INFO] [stderr] warning: `advent_of_code` (bin "09" test) generated 1 warning
[INFO] [stderr] warning: unused variable: `points`
[INFO] [stderr]   --> src/bin/10.rs:82:13
[INFO] [stderr]    |
[INFO] [stderr] 82 |     let mut points: Vec<Point> = Vec::new();
[INFO] [stderr]    |             ^^^^^^ help: if this is intentional, prefix it with an underscore: `_points`
[INFO] [stderr]    |
[INFO] [stderr]    = note: `#[warn(unused_variables)]` on by default
[INFO] [stderr] 
[INFO] [stderr] warning: variable does not need to be mutable
[INFO] [stderr]   --> src/bin/10.rs:82:9
[INFO] [stderr]    |
[INFO] [stderr] 82 |     let mut points: Vec<Point> = Vec::new();
[INFO] [stderr]    |         ----^^^^^^
[INFO] [stderr]    |         |
[INFO] [stderr]    |         help: remove this `mut`
[INFO] [stderr]    |
[INFO] [stderr]    = note: `#[warn(unused_mut)]` on by default
[INFO] [stderr] 
[INFO] [stderr] warning: unused variable: `input`
[INFO] [stderr]   --> src/bin/10.rs:96:17
[INFO] [stderr]    |
[INFO] [stderr] 96 | pub fn part_two(input: &str) -> Option<u32> {
[INFO] [stderr]    |                 ^^^^^ help: if this is intentional, prefix it with an underscore: `_input`
[INFO] [stderr] 
[INFO] [stderr] warning: fields `x`, `y`, and `value` are never read
[INFO] [stderr]   --> src/bin/10.rs:16:5
[INFO] [stderr]    |
[INFO] [stderr] 15 | struct Point {
[INFO] [stderr]    |        ----- fields in this struct
[INFO] [stderr] 16 |     x: u32,
[INFO] [stderr]    |     ^
[INFO] [stderr] 17 |     y: u32,
[INFO] [stderr]    |     ^
[INFO] [stderr] 18 |     value: u32,
[INFO] [stderr]    |     ^^^^^
[INFO] [stderr]    |
[INFO] [stderr]    = note: `Point` has a derived impl for the trait `Debug`, but this is intentionally ignored during dead code analysis
[INFO] [stderr]    = note: `#[warn(dead_code)]` on by default
[INFO] [stderr] 
[INFO] [stderr] warning: function `search_word` is never used
[INFO] [stderr]   --> src/bin/10.rs:21:4
[INFO] [stderr]    |
[INFO] [stderr] 21 | fn search_word(matrix: Vec<Vec<char>>, word: &str) -> i32 {
[INFO] [stderr]    |    ^^^^^^^^^^^
[INFO] [stderr] 
[INFO] [stderr] warning: function `test_next_point` is never used
[INFO] [stderr]   --> src/bin/10.rs:69:4
[INFO] [stderr]    |
[INFO] [stderr] 69 | fn test_next_point(point: Point, other_point: Point) -> bool {
[INFO] [stderr]    |    ^^^^^^^^^^^^^^^
[INFO] [stderr] 
[INFO] [stderr] warning: `advent_of_code` (bin "10" test) generated 6 warnings (run `cargo fix --bin "10" --tests` to apply 1 suggestion)
[INFO] [stderr] warning: unused import: `std::collections::HashSet`
[INFO] [stderr]  --> src/bin/04.rs:3:5
[INFO] [stderr]   |
[INFO] [stderr] 3 | use std::collections::HashSet;
[INFO] [stderr]   |     ^^^^^^^^^^^^^^^^^^^^^^^^^
[INFO] [stderr]   |
[INFO] [stderr]   = note: `#[warn(unused_imports)]` on by default
[INFO] [stderr] 
[INFO] [stderr] warning: `advent_of_code` (bin "04" test) generated 1 warning (run `cargo fix --bin "04" --tests` to apply 1 suggestion)
[INFO] [stderr] warning: value assigned to `height` is never read
[INFO] [stderr]  --> src/bin/06.rs:9:13
[INFO] [stderr]   |
[INFO] [stderr] 9 |     let mut height: isize = 0;
[INFO] [stderr]   |             ^^^^^^
[INFO] [stderr]   |
[INFO] [stderr]   = help: maybe it is overwritten before being read?
[INFO] [stderr]   = note: `#[warn(unused_assignments)]` on by default
[INFO] [stderr] 
[INFO] [stderr] warning: unused variable: `input`
[INFO] [stderr]   --> src/bin/06.rs:78:17
[INFO] [stderr]    |
[INFO] [stderr] 78 | pub fn part_two(input: &str) -> Option<u32> {
[INFO] [stderr]    |                 ^^^^^ help: if this is intentional, prefix it with an underscore: `_input`
[INFO] [stderr]    |
[INFO] [stderr]    = note: `#[warn(unused_variables)]` on by default
[INFO] [stderr] 
[INFO] [stderr] warning: constant `DIRECTIONS` is never used
[INFO] [stderr]  --> src/bin/06.rs:3:7
[INFO] [stderr]   |
[INFO] [stderr] 3 | const DIRECTIONS: [(isize, isize); 4] = [(0, 1), (1, 0), (0, -1), (-1, 0)];
[INFO] [stderr]   |       ^^^^^^^^^^
[INFO] [stderr]   |
[INFO] [stderr]   = note: `#[warn(dead_code)]` on by default
[INFO] [stderr] 
[INFO] [stderr] warning: `advent_of_code` (bin "06" test) generated 3 warnings
[INFO] [stderr] warning: unused import: `regex::Regex`
[INFO] [stderr]  --> src/bin/03.rs:3:5
[INFO] [stderr]   |
[INFO] [stderr] 3 | use regex::Regex;
[INFO] [stderr]   |     ^^^^^^^^^^^^
[INFO] [stderr]   |
[INFO] [stderr]   = note: `#[warn(unused_imports)]` on by default
[INFO] [stderr] 
[INFO] [stderr] warning: unused variable: `re`
[INFO] [stderr]   --> src/bin/03.rs:23:9
[INFO] [stderr]    |
[INFO] [stderr] 23 |     let re = regex::Regex::new(r"(don't\(\))|(do\(\))|mul\(\d+,\d+\)").unwrap();
[INFO] [stderr]    |         ^^ help: if this is intentional, prefix it with an underscore: `_re`
[INFO] [stderr]    |
[INFO] [stderr]    = note: `#[warn(unused_variables)]` on by default
[INFO] [stderr] 
[INFO] [stderr] warning: `advent_of_code` (bin "03" test) generated 2 warnings (run `cargo fix --bin "03" --tests` to apply 1 suggestion)
[INFO] [stderr] warning: unused variable: `element`
[INFO] [stderr]   --> src/bin/02.rs:36:17
[INFO] [stderr]    |
[INFO] [stderr] 36 |         for (i, element) in data.clone().into_iter().enumerate() {
[INFO] [stderr]    |                 ^^^^^^^ help: if this is intentional, prefix it with an underscore: `_element`
[INFO] [stderr]    |
[INFO] [stderr]    = note: `#[warn(unused_variables)]` on by default
[INFO] [stderr] 
[INFO] [stderr] warning: `advent_of_code` (bin "02" test) generated 1 warning
[INFO] [stderr]     Finished `test` profile [unoptimized + debuginfo] target(s) in 0.05s
[INFO] [stderr]      Running unittests src/lib.rs (/opt/rustwide/target/debug/deps/advent_of_code-ee596e07154d3aac)
[INFO] [stdout] 
[INFO] [stdout] running 0 tests
[INFO] [stdout] 
[INFO] [stdout] test result: ok. 0 passed; 0 failed; 0 ignored; 0 measured; 0 filtered out; finished in 0.00s
[INFO] [stdout] 
[INFO] [stderr]      Running unittests src/bin/01.rs (/opt/rustwide/target/debug/deps/01-21b6ec72d14ec027)
[INFO] [stdout] 
[INFO] [stdout] running 2 tests
[INFO] [stdout] test tests::test_part_two ... ok
[INFO] [stdout] test tests::test_part_one ... ok
[INFO] [stdout] 
[INFO] [stdout] test result: ok. 2 passed; 0 failed; 0 ignored; 0 measured; 0 filtered out; finished in 0.00s
[INFO] [stdout] 
[INFO] [stderr]      Running unittests src/bin/02.rs (/opt/rustwide/target/debug/deps/02-0ffe11b9324e2d99)
[INFO] [stdout] 
[INFO] [stdout] running 4 tests
[INFO] [stdout] test tests::test_part_one ... ok
[INFO] [stdout] test tests::test_part_two2 ... ok
[INFO] [stdout] test tests::test_part_one2 ... ok
[INFO] [stdout] test tests::test_part_two ... ok
[INFO] [stdout] 
[INFO] [stdout] test result: ok. 4 passed; 0 failed; 0 ignored; 0 measured; 0 filtered out; finished in 0.01s
[INFO] [stdout] 
[INFO] [stderr]      Running unittests src/bin/03.rs (/opt/rustwide/target/debug/deps/03-0af23865066e896a)
[INFO] [stdout] 
[INFO] [stdout] running 2 tests
[INFO] [stdout] test tests::test_part_one ... ok
[INFO] [stdout] test tests::test_part_two ... ok
[INFO] [stdout] 
[INFO] [stdout] test result: ok. 2 passed; 0 failed; 0 ignored; 0 measured; 0 filtered out; finished in 0.02s
[INFO] [stdout] 
[INFO] [stderr]      Running unittests src/bin/04.rs (/opt/rustwide/target/debug/deps/04-05b54ff95cb285e3)
[INFO] [stdout] 
[INFO] [stdout] running 2 tests
[INFO] [stdout] test tests::test_part_one ... ok
[INFO] [stdout] test tests::test_part_two ... ok
[INFO] [stdout] 
[INFO] [stdout] test result: ok. 2 passed; 0 failed; 0 ignored; 0 measured; 0 filtered out; finished in 0.00s
[INFO] [stdout] 
[INFO] [stderr]      Running unittests src/bin/05.rs (/opt/rustwide/target/debug/deps/05-3c656a5d6bf6824a)
[INFO] [stdout] 
[INFO] [stderr]      Running unittests src/bin/06.rs (/opt/rustwide/target/debug/deps/06-ddb8c2379e1a167e)
[INFO] [stdout] running 2 tests
[INFO] [stdout] test tests::test_part_two ... ok
[INFO] [stdout] test tests::test_part_one ... ok
[INFO] [stdout] 
[INFO] [stdout] test result: ok. 2 passed; 0 failed; 0 ignored; 0 measured; 0 filtered out; finished in 0.00s
[INFO] [stdout] 
[INFO] [stdout] 
[INFO] [stdout] running 2 tests
[INFO] [stdout] test tests::test_part_two ... ok
[INFO] [stdout] test tests::test_part_one ... ok
[INFO] [stdout] 
[INFO] [stdout] test result: ok. 2 passed; 0 failed; 0 ignored; 0 measured; 0 filtered out; finished in 0.00s
[INFO] [stdout] 
[INFO] [stderr]      Running unittests src/bin/07.rs (/opt/rustwide/target/debug/deps/07-59f700767be5e66d)
[INFO] [stdout] 
[INFO] [stdout] running 2 tests
[INFO] [stdout] test tests::test_part_two ... ok
[INFO] [stdout] test tests::test_part_one ... ok
[INFO] [stdout] 
[INFO] [stdout] test result: ok. 2 passed; 0 failed; 0 ignored; 0 measured; 0 filtered out; finished in 0.92s
[INFO] [stdout] 
[INFO] [stderr]      Running unittests src/bin/08.rs (/opt/rustwide/target/debug/deps/08-0aafda504fd15bde)
[INFO] [stdout] 
[INFO] [stdout] running 2 tests
[INFO] [stdout] test tests::test_part_one ... ok
[INFO] [stdout] test tests::test_part_two ... FAILED
[INFO] [stdout] 
[INFO] [stdout] failures:
[INFO] [stdout] 
[INFO] [stdout] ---- tests::test_part_two stdout ----
[INFO] [stdout] width: 12, height: 12
[INFO] [stdout] antenna: Antenna { x: 8, y: 1, value: '0' }
[INFO] [stdout] antenna2: Antenna { x: 5, y: 2, value: '0' }
[INFO] [stdout] 8 1 -3 1
[INFO] [stdout] 11 0
[INFO] [stdout] 14 -1
[INFO] [stdout] 5 2 -3 1
[INFO] [stdout] 2 3
[INFO] [stdout] -1 4
[INFO] [stdout] antenna: Antenna { x: 8, y: 1, value: '0' }
[INFO] [stdout] antenna2: Antenna { x: 7, y: 3, value: '0' }
[INFO] [stdout] 8 1 -1 2
[INFO] [stdout] 9 -1
[INFO] [stdout] 7 3 -1 2
[INFO] [stdout] 6 5
[INFO] [stdout] 5 7
[INFO] [stdout] 4 9
[INFO] [stdout] 3 11
[INFO] [stdout] 2 13
[INFO] [stdout] antenna: Antenna { x: 8, y: 1, value: '0' }
[INFO] [stdout] antenna2: Antenna { x: 4, y: 4, value: '0' }
[INFO] [stdout] 8 1 -4 3
[INFO] [stdout] 12 -2
[INFO] [stdout] 4 4 -4 3
[INFO] [stdout] 0 7
[INFO] [stdout] -4 10
[INFO] [stdout] antenna: Antenna { x: 5, y: 2, value: '0' }
[INFO] [stdout] antenna2: Antenna { x: 7, y: 3, value: '0' }
[INFO] [stdout] 5 2 2 1
[INFO] [stdout] 3 1
[INFO] [stdout] 1 0
[INFO] [stdout] -1 -1
[INFO] [stdout] 7 3 2 1
[INFO] [stdout] 9 4
[INFO] [stdout] 11 5
[INFO] [stdout] 13 6
[INFO] [stdout] antenna: Antenna { x: 5, y: 2, value: '0' }
[INFO] [stdout] antenna2: Antenna { x: 4, y: 4, value: '0' }
[INFO] [stdout] 5 2 -1 2
[INFO] [stdout] 6 0
[INFO] [stdout] 7 -2
[INFO] [stdout] 4 4 -1 2
[INFO] [stdout] 3 6
[INFO] [stdout] 2 8
[INFO] [stdout] 1 10
[INFO] [stdout] 0 12
[INFO] [stdout] antenna: Antenna { x: 7, y: 3, value: '0' }
[INFO] [stdout] antenna2: Antenna { x: 4, y: 4, value: '0' }
[INFO] [stdout] 7 3 -3 1
[INFO] [stdout] 10 2
[INFO] [stdout] 13 1
[INFO] [stdout] 4 4 -3 1
[INFO] [stdout] 1 5
[INFO] [stdout] -2 6
[INFO] [stdout] antenna: Antenna { x: 6, y: 5, value: 'A' }
[INFO] [stdout] antenna2: Antenna { x: 8, y: 8, value: 'A' }
[INFO] [stdout] 6 5 2 3
[INFO] [stdout] 4 2
[INFO] [stdout] 2 -1
[INFO] [stdout] 8 8 2 3
[INFO] [stdout] 10 11
[INFO] [stdout] 12 14
[INFO] [stdout] antenna: Antenna { x: 6, y: 5, value: 'A' }
[INFO] [stdout] antenna2: Antenna { x: 9, y: 9, value: 'A' }
[INFO] [stdout] 6 5 3 4
[INFO] [stdout] 3 1
[INFO] [stdout] 0 -3
[INFO] [stdout] 9 9 3 4
[INFO] [stdout] 12 13
[INFO] [stdout] antenna: Antenna { x: 8, y: 8, value: 'A' }
[INFO] [stdout] antenna2: Antenna { x: 9, y: 9, value: 'A' }
[INFO] [stdout] 8 8 1 1
[INFO] [stdout] 7 7
[INFO] [stdout] 6 6
[INFO] [stdout] 5 5
[INFO] [stdout] 4 4
[INFO] [stdout] 3 3
[INFO] [stdout] 2 2
[INFO] [stdout] 1 1
[INFO] [stdout] 0 0
[INFO] [stdout] -1 -1
[INFO] [stdout] 9 9 1 1
[INFO] [stdout] 10 10
[INFO] [stdout] 11 11
[INFO] [stdout] 12 12
[INFO] [stdout] antinodes: [Antinode { x: 11, y: 0 }, Antinode { x: 14, y: -1 }, Antinode { x: 2, y: 3 }, Antinode { x: -1, y: 4 }, Antinode { x: 9, y: -1 }, Antinode { x: 6, y: 5 }, Antinode { x: 5, y: 7 }, Antinode { x: 4, y: 9 }, Antinode { x: 3, y: 11 }, Antinode { x: 2, y: 13 }, Antinode { x: 12, y: -2 }, Antinode { x: 0, y: 7 }, Antinode { x: -4, y: 10 }, Antinode { x: 3, y: 1 }, Antinode { x: 1, y: 0 }, Antinode { x: -1, y: -1 }, Antinode { x: 9, y: 4 }, Antinode { x: 11, y: 5 }, Antinode { x: 13, y: 6 }, Antinode { x: 6, y: 0 }, Antinode { x: 7, y: -2 }, Antinode { x: 3, y: 6 }, Antinode { x: 2, y: 8 }, Antinode { x: 1, y: 10 }, Antinode { x: 0, y: 12 }, Antinode { x: 10, y: 2 }, Antinode { x: 13, y: 1 }, Antinode { x: 1, y: 5 }, Antinode { x: -2, y: 6 }, Antinode { x: 4, y: 2 }, Antinode { x: 2, y: -1 }, Antinode { x: 10, y: 11 }, Antinode { x: 12, y: 14 }, Antinode { x: 3, y: 1 }, Antinode { x: 0, y: -3 }, Antinode { x: 12, y: 13 }, Antinode { x: 7, y: 7 }, Antinode { x: 6, y: 6 }, Antinode { x: 5, y: 5 }, Antinode { x: 4, y: 4 }, Antinode { x: 3, y: 3 }, Antinode { x: 2, y: 2 }, Antinode { x: 1, y: 1 }, Antinode { x: 0, y: 0 }, Antinode { x: -1, y: -1 }, Antinode { x: 10, y: 10 }, Antinode { x: 11, y: 11 }, Antinode { x: 12, y: 12 }]
[INFO] [stdout] 
[INFO] [stdout] thread 'tests::test_part_two' panicked at src/bin/08.rs:196:9:
[INFO] [stdout] assertion `left == right` failed
[INFO] [stdout]   left: Some(30)
[INFO] [stdout]  right: Some(34)
[INFO] [stdout] stack backtrace:
[INFO] [stdout]    0:     0x63d784d4251a - std::backtrace_rs::backtrace::libunwind::trace::hb059275cfc8d6126
[INFO] [stdout]                                at /rustc/6067b36314ab5eb2eb47cecc464545ba58e1ad24/library/std/src/../../backtrace/src/backtrace/libunwind.rs:116:5
[INFO] [stdout]    1:     0x63d784d4251a - std::backtrace_rs::backtrace::trace_unsynchronized::h2da071e4327ce3ee
[INFO] [stdout]                                at /rustc/6067b36314ab5eb2eb47cecc464545ba58e1ad24/library/std/src/../../backtrace/src/backtrace/mod.rs:66:5
[INFO] [stdout]    2:     0x63d784d4251a - std::sys::backtrace::_print_fmt::h842a1474e6f8d23f
[INFO] [stdout]                                at /rustc/6067b36314ab5eb2eb47cecc464545ba58e1ad24/library/std/src/sys/backtrace.rs:66:9
[INFO] [stdout]    3:     0x63d784d4251a - <std::sys::backtrace::BacktraceLock::print::DisplayBacktrace as core::fmt::Display>::fmt::h71a62eb3b9696b12
[INFO] [stdout]                                at /rustc/6067b36314ab5eb2eb47cecc464545ba58e1ad24/library/std/src/sys/backtrace.rs:39:26
[INFO] [stdout]    4:     0x63d784d69b53 - core::fmt::rt::Argument::fmt::hdb6b616786b41dc1
[INFO] [stdout]                                at /rustc/6067b36314ab5eb2eb47cecc464545ba58e1ad24/library/core/src/fmt/rt.rs:177:76
[INFO] [stdout]    5:     0x63d784d69b53 - core::fmt::write::h2cc1698af7e2d686
[INFO] [stdout]                                at /rustc/6067b36314ab5eb2eb47cecc464545ba58e1ad24/library/core/src/fmt/mod.rs:1440:21
[INFO] [stdout]    6:     0x63d784d3eed3 - std::io::Write::write_fmt::hab1b4cd059a79022
[INFO] [stdout]                                at /rustc/6067b36314ab5eb2eb47cecc464545ba58e1ad24/library/std/src/io/mod.rs:1887:15
[INFO] [stdout]    7:     0x63d784d42362 - std::sys::backtrace::BacktraceLock::print::h147fe35b4ea13b08
[INFO] [stdout]                                at /rustc/6067b36314ab5eb2eb47cecc464545ba58e1ad24/library/std/src/sys/backtrace.rs:42:9
[INFO] [stdout]    8:     0x63d784d4393f - std::panicking::default_hook::{{closure}}::hbd44223dbdc0d208
[INFO] [stdout]                                at /rustc/6067b36314ab5eb2eb47cecc464545ba58e1ad24/library/std/src/panicking.rs:298:22
[INFO] [stdout]    9:     0x63d784d43758 - std::panicking::default_hook::h20f81eb0576efcec
[INFO] [stdout]                                at /rustc/6067b36314ab5eb2eb47cecc464545ba58e1ad24/library/std/src/panicking.rs:322:9
[INFO] [stdout]   10:     0x63d784d08db3 - <alloc::boxed::Box<F,A> as core::ops::function::Fn<Args>>::call::hdb53814c496a4d34
[INFO] [stdout]                                at /rustc/6067b36314ab5eb2eb47cecc464545ba58e1ad24/library/alloc/src/boxed.rs:2027:9
[INFO] [stdout]   11:     0x63d784d08db3 - test::test_main::{{closure}}::hc0a4963c59427c24
[INFO] [stdout]                                at /rustc/6067b36314ab5eb2eb47cecc464545ba58e1ad24/library/test/src/lib.rs:134:21
[INFO] [stdout]   12:     0x63d784d44433 - <alloc::boxed::Box<F,A> as core::ops::function::Fn<Args>>::call::h591b2225413a77e9
[INFO] [stdout]                                at /rustc/6067b36314ab5eb2eb47cecc464545ba58e1ad24/library/alloc/src/boxed.rs:2027:9
[INFO] [stdout]   13:     0x63d784d44433 - std::panicking::rust_panic_with_hook::h625eea43051b2edc
[INFO] [stdout]                                at /rustc/6067b36314ab5eb2eb47cecc464545ba58e1ad24/library/std/src/panicking.rs:839:13
[INFO] [stdout]   14:     0x63d784d440ea - std::panicking::begin_panic_handler::{{closure}}::h4f9159cfbc3f6bd3
[INFO] [stdout]                                at /rustc/6067b36314ab5eb2eb47cecc464545ba58e1ad24/library/std/src/panicking.rs:704:13
[INFO] [stdout]   15:     0x63d784d42a19 - std::sys::backtrace::__rust_end_short_backtrace::h0390abce48353151
[INFO] [stdout]                                at /rustc/6067b36314ab5eb2eb47cecc464545ba58e1ad24/library/std/src/sys/backtrace.rs:168:18
[INFO] [stdout]   16:     0x63d784d43d7d - rust_begin_unwind
[INFO] [stdout]                                at /rustc/6067b36314ab5eb2eb47cecc464545ba58e1ad24/library/std/src/panicking.rs:695:5
[INFO] [stdout]   17:     0x63d784d68600 - core::panicking::panic_fmt::h9e7c637e9e5f29c9
[INFO] [stdout]                                at /rustc/6067b36314ab5eb2eb47cecc464545ba58e1ad24/library/core/src/panicking.rs:75:14
[INFO] [stdout]   18:     0x63d784d68922 - core::panicking::assert_failed_inner::h538bec7c1374cd9c
[INFO] [stdout]   19:     0x63d784ccba1c - core::panicking::assert_failed::h743a84930419848d
[INFO] [stdout]                                at /rustc/6067b36314ab5eb2eb47cecc464545ba58e1ad24/library/core/src/panicking.rs:364:5
[INFO] [stdout]   20:     0x63d784ccec8a - _08::tests::test_part_two::h44cad7308e9cea0d
[INFO] [stdout]                                at /opt/rustwide/workdir/src/bin/08.rs:196:9
[INFO] [stdout]   21:     0x63d784cceb77 - _08::tests::test_part_two::{{closure}}::h12f29000485660f5
[INFO] [stdout]                                at /opt/rustwide/workdir/src/bin/08.rs:194:23
[INFO] [stdout]   22:     0x63d784ccad46 - core::ops::function::FnOnce::call_once::hddc9a69921baa24d
[INFO] [stdout]                                at /rustc/6067b36314ab5eb2eb47cecc464545ba58e1ad24/library/core/src/ops/function.rs:250:5
[INFO] [stdout]   23:     0x63d784d0e50b - core::ops::function::FnOnce::call_once::he27718dfdd183f43
[INFO] [stdout]                                at /rustc/6067b36314ab5eb2eb47cecc464545ba58e1ad24/library/core/src/ops/function.rs:250:5
[INFO] [stdout]   24:     0x63d784d0e50b - test::__rust_begin_short_backtrace::h4e84902998457a5d
[INFO] [stdout]                                at /rustc/6067b36314ab5eb2eb47cecc464545ba58e1ad24/library/test/src/lib.rs:632:18
[INFO] [stdout]   25:     0x63d784d0d443 - test::run_test_in_process::{{closure}}::h7176fd18fc1feca0
[INFO] [stdout]                                at /rustc/6067b36314ab5eb2eb47cecc464545ba58e1ad24/library/test/src/lib.rs:655:60
[INFO] [stdout]   26:     0x63d784d0d443 - <core::panic::unwind_safe::AssertUnwindSafe<F> as core::ops::function::FnOnce<()>>::call_once::hf79cff2a624d8cf7
[INFO] [stdout]                                at /rustc/6067b36314ab5eb2eb47cecc464545ba58e1ad24/library/core/src/panic/unwind_safe.rs:272:9
[INFO] [stdout]   27:     0x63d784d0d443 - std::panicking::try::do_call::h3da0561d9ab99c25
[INFO] [stdout]                                at /rustc/6067b36314ab5eb2eb47cecc464545ba58e1ad24/library/std/src/panicking.rs:587:40
[INFO] [stdout]   28:     0x63d784d0d443 - std::panicking::try::h41c9fa508bc61df6
[INFO] [stdout]                                at /rustc/6067b36314ab5eb2eb47cecc464545ba58e1ad24/library/std/src/panicking.rs:550:19
[INFO] [stdout]   29:     0x63d784d0d443 - std::panic::catch_unwind::h6b3ff07bb5afad93
[INFO] [stdout]                                at /rustc/6067b36314ab5eb2eb47cecc464545ba58e1ad24/library/std/src/panic.rs:358:14
[INFO] [stdout]   30:     0x63d784d0d443 - test::run_test_in_process::hc7253dd11b39b9f4
[INFO] [stdout]                                at /rustc/6067b36314ab5eb2eb47cecc464545ba58e1ad24/library/test/src/lib.rs:655:27
[INFO] [stdout]   31:     0x63d784d0d443 - test::run_test::{{closure}}::hfb2007f8649c30bb
[INFO] [stdout]                                at /rustc/6067b36314ab5eb2eb47cecc464545ba58e1ad24/library/test/src/lib.rs:576:43
[INFO] [stdout]   32:     0x63d784cd0525 - test::run_test::{{closure}}::h56a17aa7a282a9f4
[INFO] [stdout]                                at /rustc/6067b36314ab5eb2eb47cecc464545ba58e1ad24/library/test/src/lib.rs:606:41
[INFO] [stdout]   33:     0x63d784cd0525 - std::sys::backtrace::__rust_begin_short_backtrace::hd2d2d2fb8e8c6aac
[INFO] [stdout]                                at /rustc/6067b36314ab5eb2eb47cecc464545ba58e1ad24/library/std/src/sys/backtrace.rs:152:18
[INFO] [stdout]   34:     0x63d784cd3e0a - std::thread::Builder::spawn_unchecked_::{{closure}}::{{closure}}::h4faa3f9db6133423
[INFO] [stdout]                                at /rustc/6067b36314ab5eb2eb47cecc464545ba58e1ad24/library/std/src/thread/mod.rs:559:17
[INFO] [stdout]   35:     0x63d784cd3e0a - <core::panic::unwind_safe::AssertUnwindSafe<F> as core::ops::function::FnOnce<()>>::call_once::hf2e855a36a4ea846
[INFO] [stdout]                                at /rustc/6067b36314ab5eb2eb47cecc464545ba58e1ad24/library/core/src/panic/unwind_safe.rs:272:9
[INFO] [stdout]   36:     0x63d784cd3e0a - std::panicking::try::do_call::h2f73af3616c35465
[INFO] [stdout]                                at /rustc/6067b36314ab5eb2eb47cecc464545ba58e1ad24/library/std/src/panicking.rs:587:40
[INFO] [stdout]   37:     0x63d784cd3e0a - std::panicking::try::hd1660ce9efadef5a
[INFO] [stdout]                                at /rustc/6067b36314ab5eb2eb47cecc464545ba58e1ad24/library/std/src/panicking.rs:550:19
[INFO] [stdout]   38:     0x63d784cd3e0a - std::panic::catch_unwind::h5ee8d7823b8ca744
[INFO] [stdout]                                at /rustc/6067b36314ab5eb2eb47cecc464545ba58e1ad24/library/std/src/panic.rs:358:14
[INFO] [stdout]   39:     0x63d784cd3e0a - std::thread::Builder::spawn_unchecked_::{{closure}}::h53c3a1894dce8407
[INFO] [stdout]                                at /rustc/6067b36314ab5eb2eb47cecc464545ba58e1ad24/library/std/src/thread/mod.rs:557:30
[INFO] [stdout]   40:     0x63d784cd3e0a - core::ops::function::FnOnce::call_once{{vtable.shim}}::h048ce291ad4f62bf
[INFO] [stdout]                                at /rustc/6067b36314ab5eb2eb47cecc464545ba58e1ad24/library/core/src/ops/function.rs:250:5
[INFO] [stdout]   41:     0x63d784d4836b - <alloc::boxed::Box<F,A> as core::ops::function::FnOnce<Args>>::call_once::ha52bedf99a3b4981
[INFO] [stdout]                                at /rustc/6067b36314ab5eb2eb47cecc464545ba58e1ad24/library/alloc/src/boxed.rs:2013:9
[INFO] [stdout]   42:     0x63d784d4836b - <alloc::boxed::Box<F,A> as core::ops::function::FnOnce<Args>>::call_once::h567748934d80ccf8
[INFO] [stdout]                                at /rustc/6067b36314ab5eb2eb47cecc464545ba58e1ad24/library/alloc/src/boxed.rs:2013:9
[INFO] [stdout]   43:     0x63d784d4836b - std::sys::pal::unix::thread::Thread::new::thread_start::h2d970728ae887adc
[INFO] [stdout]                                at /rustc/6067b36314ab5eb2eb47cecc464545ba58e1ad24/library/std/src/sys/pal/unix/thread.rs:106:17
[INFO] [stdout]   44:     0x7c2a30db2ac3 - <unknown>
[INFO] [stdout]   45:     0x7c2a30e43a04 - clone
[INFO] [stdout]   46:                0x0 - <unknown>
[INFO] [stdout] 
[INFO] [stdout] 
[INFO] [stdout] failures:
[INFO] [stdout]     tests::test_part_two
[INFO] [stdout] 
[INFO] [stdout] test result: FAILED. 1 passed; 1 failed; 0 ignored; 0 measured; 0 filtered out; finished in 0.03s
[INFO] [stdout] 
[INFO] [stderr] error: test failed, to rerun pass `--bin 08`
[INFO] running `Command { std: "docker" "inspect" "bc5886a60cd66ca250ad4d3c628fdb5ef30e0243d22b06032394df6e65576e7d", kill_on_drop: false }`
[INFO] running `Command { std: "docker" "rm" "-f" "bc5886a60cd66ca250ad4d3c628fdb5ef30e0243d22b06032394df6e65576e7d", kill_on_drop: false }`
[INFO] [stdout] bc5886a60cd66ca250ad4d3c628fdb5ef30e0243d22b06032394df6e65576e7d
