[INFO] cloning repository https://github.com/zhangzqs/mysh-rs
[INFO] running `Command { std: "git" "-c" "credential.helper=" "-c" "credential.helper=/workspace/cargo-home/bin/git-credential-null" "clone" "--bare" "https://github.com/zhangzqs/mysh-rs" "/workspace/cache/git-repos/https%3A%2F%2Fgithub.com%2Fzhangzqs%2Fmysh-rs", kill_on_drop: false }`
[INFO] [stderr] Cloning into bare repository '/workspace/cache/git-repos/https%3A%2F%2Fgithub.com%2Fzhangzqs%2Fmysh-rs'...
[INFO] running `Command { std: "git" "rev-parse" "HEAD", kill_on_drop: false }`
[INFO] [stdout] e870863aaa973207070bf122075781f380a0f93e
[INFO] testing zhangzqs/mysh-rs against nightly-2025-01-18 for randomize-layout-2
[INFO] running `Command { std: "git" "clone" "/workspace/cache/git-repos/https%3A%2F%2Fgithub.com%2Fzhangzqs%2Fmysh-rs" "/workspace/builds/worker-5-tc1/source", kill_on_drop: false }`
[INFO] [stderr] Cloning into '/workspace/builds/worker-5-tc1/source'...
[INFO] [stderr] done.
[INFO] validating manifest of git repo https://github.com/zhangzqs/mysh-rs on toolchain nightly-2025-01-18
[INFO] running `Command { std: CARGO_HOME="/workspace/cargo-home" RUSTUP_HOME="/workspace/rustup-home" "/workspace/cargo-home/bin/cargo" "+nightly-2025-01-18" "metadata" "--manifest-path" "Cargo.toml" "--no-deps", kill_on_drop: false }`
[INFO] started tweaking git repo https://github.com/zhangzqs/mysh-rs
[INFO] finished tweaking git repo https://github.com/zhangzqs/mysh-rs
[INFO] tweaked toml for git repo https://github.com/zhangzqs/mysh-rs written to /workspace/builds/worker-5-tc1/source/Cargo.toml
[INFO] crate git repo https://github.com/zhangzqs/mysh-rs already has a lockfile, it will not be regenerated
[INFO] running `Command { std: CARGO_HOME="/workspace/cargo-home" RUSTUP_HOME="/workspace/rustup-home" "/workspace/cargo-home/bin/cargo" "+nightly-2025-01-18" "fetch" "--manifest-path" "Cargo.toml", kill_on_drop: false }`
[INFO] running `Command { std: "docker" "create" "-v" "/var/lib/crater-agent-workspace/builds/worker-5-tc1/target:/opt/rustwide/target:rw,Z" "-v" "/var/lib/crater-agent-workspace/builds/worker-5-tc1/source:/opt/rustwide/workdir:ro,Z" "-v" "/var/lib/crater-agent-workspace/cargo-home:/opt/rustwide/cargo-home:ro,Z" "-v" "/var/lib/crater-agent-workspace/rustup-home:/opt/rustwide/rustup-home:ro,Z" "-e" "SOURCE_DIR=/opt/rustwide/workdir" "-e" "CARGO_TARGET_DIR=/opt/rustwide/target" "-e" "CARGO_HOME=/opt/rustwide/cargo-home" "-e" "RUSTUP_HOME=/opt/rustwide/rustup-home" "-w" "/opt/rustwide/workdir" "-m" "1610612736" "--user" "0:0" "--network" "none" "ghcr.io/rust-lang/crates-build-env/linux@sha256:819108c5571ea2e421544af4d832f968d213c87fbe3707a016657f43d2f853bc" "/opt/rustwide/cargo-home/bin/cargo" "+nightly-2025-01-18" "metadata" "--no-deps" "--format-version=1", kill_on_drop: false }`
[INFO] [stdout] 82af5780a93dfcf867c7889b0f0787880697197c672c80b1de484f5a11c4eee9
[INFO] running `Command { std: "docker" "start" "-a" "82af5780a93dfcf867c7889b0f0787880697197c672c80b1de484f5a11c4eee9", kill_on_drop: false }`
[INFO] running `Command { std: "docker" "inspect" "82af5780a93dfcf867c7889b0f0787880697197c672c80b1de484f5a11c4eee9", kill_on_drop: false }`
[INFO] running `Command { std: "docker" "rm" "-f" "82af5780a93dfcf867c7889b0f0787880697197c672c80b1de484f5a11c4eee9", kill_on_drop: false }`
[INFO] [stdout] 82af5780a93dfcf867c7889b0f0787880697197c672c80b1de484f5a11c4eee9
[INFO] running `Command { std: "docker" "create" "-v" "/var/lib/crater-agent-workspace/builds/worker-5-tc1/target:/opt/rustwide/target:rw,Z" "-v" "/var/lib/crater-agent-workspace/builds/worker-5-tc1/source:/opt/rustwide/workdir:ro,Z" "-v" "/var/lib/crater-agent-workspace/cargo-home:/opt/rustwide/cargo-home:ro,Z" "-v" "/var/lib/crater-agent-workspace/rustup-home:/opt/rustwide/rustup-home:ro,Z" "-e" "SOURCE_DIR=/opt/rustwide/workdir" "-e" "CARGO_TARGET_DIR=/opt/rustwide/target" "-e" "CARGO_INCREMENTAL=0" "-e" "RUST_BACKTRACE=full" "-e" "RUSTFLAGS=--cap-lints=forbid" "-e" "RUSTDOCFLAGS=--cap-lints=forbid" "-e" "CARGO_HOME=/opt/rustwide/cargo-home" "-e" "RUSTUP_HOME=/opt/rustwide/rustup-home" "-w" "/opt/rustwide/workdir" "-m" "1610612736" "--user" "0:0" "--network" "none" "ghcr.io/rust-lang/crates-build-env/linux@sha256:819108c5571ea2e421544af4d832f968d213c87fbe3707a016657f43d2f853bc" "/opt/rustwide/cargo-home/bin/cargo" "+nightly-2025-01-18" "build" "--frozen" "--message-format=json", kill_on_drop: false }`
[INFO] [stdout] 58349e68b8c6b568b0a940e6be10b06a431ebf34529deb0d8836bf3a3ca1bdf7
[INFO] running `Command { std: "docker" "start" "-a" "58349e68b8c6b568b0a940e6be10b06a431ebf34529deb0d8836bf3a3ca1bdf7", kill_on_drop: false }`
[INFO] [stderr]    Compiling proc-macro2 v1.0.92
[INFO] [stderr]    Compiling unicode-ident v1.0.14
[INFO] [stderr]    Compiling libc v0.2.167
[INFO] [stderr]    Compiling memchr v2.7.4
[INFO] [stderr]    Compiling autocfg v1.4.0
[INFO] [stderr]    Compiling cfg-if v1.0.0
[INFO] [stderr]    Compiling byteorder v1.5.0
[INFO] [stderr]    Compiling futures-sink v0.3.31
[INFO] [stderr]    Compiling serde v1.0.215
[INFO] [stderr]    Compiling futures-core v0.3.31
[INFO] [stderr]    Compiling pin-utils v0.1.0
[INFO] [stderr]    Compiling futures-task v0.3.31
[INFO] [stderr]    Compiling pin-project-lite v0.2.15
[INFO] [stderr]    Compiling futures-io v0.3.31
[INFO] [stderr]    Compiling thiserror v2.0.3
[INFO] [stderr]    Compiling serde_json v1.0.133
[INFO] [stderr]    Compiling regex-syntax v0.8.5
[INFO] [stderr]    Compiling itoa v1.0.14
[INFO] [stderr]    Compiling ryu v1.0.18
[INFO] [stderr]    Compiling log v0.4.22
[INFO] [stderr]    Compiling once_cell v1.20.2
[INFO] [stderr]    Compiling futures-channel v0.3.31
[INFO] [stderr]    Compiling slab v0.4.9
[INFO] [stderr]    Compiling aho-corasick v1.1.3
[INFO] [stderr]    Compiling quote v1.0.37
[INFO] [stderr]    Compiling syn v2.0.90
[INFO] [stderr]    Compiling getrandom v0.2.15
[INFO] [stderr]    Compiling rand_core v0.6.4
[INFO] [stderr]    Compiling regex-automata v0.4.9
[INFO] [stderr]    Compiling zerocopy-derive v0.7.35
[INFO] [stderr]    Compiling futures-macro v0.3.31
[INFO] [stderr]    Compiling serde_derive v1.0.215
[INFO] [stderr]    Compiling thiserror-impl v2.0.3
[INFO] [stderr]    Compiling futures-util v0.3.31
[INFO] [stderr]    Compiling zerocopy v0.7.35
[INFO] [stderr]    Compiling regex v1.11.1
[INFO] [stderr]    Compiling ppv-lite86 v0.2.20
[INFO] [stderr]    Compiling rand_chacha v0.3.1
[INFO] [stderr]    Compiling rand v0.8.5
[INFO] [stderr]    Compiling uuid v1.11.0
[INFO] [stderr]    Compiling futures-executor v0.3.31
[INFO] [stderr]    Compiling futures v0.3.31
[INFO] [stderr]    Compiling bincode v1.3.3
[INFO] [stderr]    Compiling core v0.1.0 (/opt/rustwide/workdir/core)
[INFO] [stderr]     Finished `dev` profile [unoptimized + debuginfo] target(s) in 18.58s
[INFO] running `Command { std: "docker" "inspect" "58349e68b8c6b568b0a940e6be10b06a431ebf34529deb0d8836bf3a3ca1bdf7", kill_on_drop: false }`
[INFO] running `Command { std: "docker" "rm" "-f" "58349e68b8c6b568b0a940e6be10b06a431ebf34529deb0d8836bf3a3ca1bdf7", kill_on_drop: false }`
[INFO] [stdout] 58349e68b8c6b568b0a940e6be10b06a431ebf34529deb0d8836bf3a3ca1bdf7
[INFO] running `Command { std: "docker" "create" "-v" "/var/lib/crater-agent-workspace/builds/worker-5-tc1/target:/opt/rustwide/target:rw,Z" "-v" "/var/lib/crater-agent-workspace/builds/worker-5-tc1/source:/opt/rustwide/workdir:ro,Z" "-v" "/var/lib/crater-agent-workspace/cargo-home:/opt/rustwide/cargo-home:ro,Z" "-v" "/var/lib/crater-agent-workspace/rustup-home:/opt/rustwide/rustup-home:ro,Z" "-e" "SOURCE_DIR=/opt/rustwide/workdir" "-e" "CARGO_TARGET_DIR=/opt/rustwide/target" "-e" "CARGO_INCREMENTAL=0" "-e" "RUST_BACKTRACE=full" "-e" "RUSTFLAGS=--cap-lints=forbid" "-e" "RUSTDOCFLAGS=--cap-lints=forbid" "-e" "CARGO_HOME=/opt/rustwide/cargo-home" "-e" "RUSTUP_HOME=/opt/rustwide/rustup-home" "-w" "/opt/rustwide/workdir" "-m" "1610612736" "--user" "0:0" "--network" "none" "ghcr.io/rust-lang/crates-build-env/linux@sha256:819108c5571ea2e421544af4d832f968d213c87fbe3707a016657f43d2f853bc" "/opt/rustwide/cargo-home/bin/cargo" "+nightly-2025-01-18" "test" "--frozen" "--no-run" "--message-format=json", kill_on_drop: false }`
[INFO] [stdout] 264990b2639aeafe6b5810636a60f2500dfb1d3e129ee22db4059e170668ed22
[INFO] running `Command { std: "docker" "start" "-a" "264990b2639aeafe6b5810636a60f2500dfb1d3e129ee22db4059e170668ed22", kill_on_drop: false }`
[INFO] [stderr]    Compiling core v0.1.0 (/opt/rustwide/workdir/core)
[INFO] [stderr]     Finished `test` profile [unoptimized + debuginfo] target(s) in 1.04s
[INFO] running `Command { std: "docker" "inspect" "264990b2639aeafe6b5810636a60f2500dfb1d3e129ee22db4059e170668ed22", kill_on_drop: false }`
[INFO] running `Command { std: "docker" "rm" "-f" "264990b2639aeafe6b5810636a60f2500dfb1d3e129ee22db4059e170668ed22", kill_on_drop: false }`
[INFO] [stdout] 264990b2639aeafe6b5810636a60f2500dfb1d3e129ee22db4059e170668ed22
[INFO] running `Command { std: "docker" "create" "-v" "/var/lib/crater-agent-workspace/builds/worker-5-tc1/target:/opt/rustwide/target:rw,Z" "-v" "/var/lib/crater-agent-workspace/builds/worker-5-tc1/source:/opt/rustwide/workdir:ro,Z" "-v" "/var/lib/crater-agent-workspace/cargo-home:/opt/rustwide/cargo-home:ro,Z" "-v" "/var/lib/crater-agent-workspace/rustup-home:/opt/rustwide/rustup-home:ro,Z" "-e" "SOURCE_DIR=/opt/rustwide/workdir" "-e" "CARGO_TARGET_DIR=/opt/rustwide/target" "-e" "CARGO_INCREMENTAL=0" "-e" "RUST_BACKTRACE=full" "-e" "RUSTFLAGS=--cap-lints=forbid" "-e" "RUSTDOCFLAGS=--cap-lints=forbid" "-e" "CARGO_HOME=/opt/rustwide/cargo-home" "-e" "RUSTUP_HOME=/opt/rustwide/rustup-home" "-w" "/opt/rustwide/workdir" "-m" "1610612736" "--user" "0:0" "--network" "none" "ghcr.io/rust-lang/crates-build-env/linux@sha256:819108c5571ea2e421544af4d832f968d213c87fbe3707a016657f43d2f853bc" "/opt/rustwide/cargo-home/bin/cargo" "+nightly-2025-01-18" "test" "--frozen", kill_on_drop: false }`
[INFO] [stdout] 8d5ae16b28eeb210d9dbb02a65cf7841ba0f105955b4ebf39c16e3605e0e5852
[INFO] running `Command { std: "docker" "start" "-a" "8d5ae16b28eeb210d9dbb02a65cf7841ba0f105955b4ebf39c16e3605e0e5852", kill_on_drop: false }`
[INFO] [stderr]     Finished `test` profile [unoptimized + debuginfo] target(s) in 0.06s
[INFO] [stderr]      Running unittests src/lib.rs (/opt/rustwide/target/debug/deps/core-44b9cd4f4a043e49)
[INFO] [stdout] 
[INFO] [stdout] running 1 test
[INFO] [stdout] test local_single_scheduler::tests::test_ping ... ok
[INFO] [stderr]    Doc-tests core
[INFO] [stdout] 
[INFO] [stdout] test result: ok. 1 passed; 0 failed; 0 ignored; 0 measured; 0 filtered out; finished in 0.01s
[INFO] [stdout] 
[INFO] [stderr] error[E0433]: failed to resolve: could not find `write` in `core`
[INFO] [stderr]   --> core/src/node.rs:83:10
[INFO] [stderr]    |
[INFO] [stderr] 83 | #[derive(thiserror::Error, Debug)]
[INFO] [stderr]    |          ^^^^^^^^^^^^^^^^ could not find `write` in `core`
[INFO] [stderr]    |
[INFO] [stderr]    = note: this error originates in the derive macro `thiserror::Error` (in Nightly builds, run with -Z macro-backtrace for more info)
[INFO] [stderr] 
[INFO] [stderr] error[E0433]: failed to resolve: could not find `write` in `core`
[INFO] [stderr]  --> core/src/payload.rs:5:10
[INFO] [stderr]   |
[INFO] [stderr] 5 | #[derive(thiserror::Error, Debug)]
[INFO] [stderr]   |          ^^^^^^^^^^^^^^^^ could not find `write` in `core`
[INFO] [stderr]   |
[INFO] [stderr]   = note: this error originates in the derive macro `thiserror::Error` (in Nightly builds, run with -Z macro-backtrace for more info)
[INFO] [stderr] 
[INFO] [stderr] error[E0433]: failed to resolve: could not find `option` in `core`
[INFO] [stderr]   --> core/src/node.rs:83:10
[INFO] [stderr]    |
[INFO] [stderr] 83 | #[derive(thiserror::Error, Debug)]
[INFO] [stderr]    |          ^^^^^^^^^^^^^^^^ could not find `option` in `core`
[INFO] [stderr]    |
[INFO] [stderr]    = note: this error originates in the derive macro `thiserror::Error` (in Nightly builds, run with -Z macro-backtrace for more info)
[INFO] [stderr] help: consider importing this module
[INFO] [stderr]    |
[INFO] [stderr] 1  + use std::option;
[INFO] [stderr]    |
[INFO] [stderr] 
[INFO] [stderr] error[E0433]: failed to resolve: could not find `fmt` in `core`
[INFO] [stderr]   --> core/src/node.rs:83:10
[INFO] [stderr]    |
[INFO] [stderr] 83 | #[derive(thiserror::Error, Debug)]
[INFO] [stderr]    |          ^^^^^^^^^^^^^^^^ could not find `fmt` in `core`
[INFO] [stderr]    |
[INFO] [stderr]    = note: this error originates in the derive macro `thiserror::Error` (in Nightly builds, run with -Z macro-backtrace for more info)
[INFO] [stderr] help: consider importing this module
[INFO] [stderr]    |
[INFO] [stderr] 1  + use std::fmt;
[INFO] [stderr]    |
[INFO] [stderr] 
[INFO] [stderr] error[E0433]: failed to resolve: could not find `convert` in `core`
[INFO] [stderr]   --> core/src/node.rs:96:18
[INFO] [stderr]    |
[INFO] [stderr] 96 |     PayloadError(#[from] payload::Error),
[INFO] [stderr]    |                  ^^^^^^^ could not find `convert` in `core`
[INFO] [stderr]    |
[INFO] [stderr] help: consider importing this module
[INFO] [stderr]    |
[INFO] [stderr] 1  + use std::convert;
[INFO] [stderr]    |
[INFO] [stderr] 
[INFO] [stderr] error[E0433]: failed to resolve: could not find `fmt` in `core`
[INFO] [stderr]  --> core/src/payload.rs:5:10
[INFO] [stderr]   |
[INFO] [stderr] 5 | #[derive(thiserror::Error, Debug)]
[INFO] [stderr]   |          ^^^^^^^^^^^^^^^^ could not find `fmt` in `core`
[INFO] [stderr]   |
[INFO] [stderr]   = note: this error originates in the derive macro `thiserror::Error` (in Nightly builds, run with -Z macro-backtrace for more info)
[INFO] [stderr] help: consider importing this module
[INFO] [stderr]   |
[INFO] [stderr] 1 + use std::fmt;
[INFO] [stderr]   |
[INFO] [stderr] 
[INFO] [stderr] error: aborting due to 6 previous errors
[INFO] [stderr] 
[INFO] [stderr] For more information about this error, try `rustc --explain E0433`.
[INFO] [stderr] error: doctest failed, to rerun pass `--doc`
[INFO] [stderr] 
[INFO] [stderr] Caused by:
[INFO] [stderr]   process didn't exit successfully: `/opt/rustwide/rustup-home/toolchains/nightly-2025-01-18-x86_64-unknown-linux-gnu/bin/rustdoc --edition=2021 --crate-type lib --color auto --crate-name core --test core/src/lib.rs --test-run-directory /opt/rustwide/workdir/core -L dependency=/opt/rustwide/target/debug/deps -L dependency=/opt/rustwide/target/debug/deps --extern bincode=/opt/rustwide/target/debug/deps/libbincode-7b67c621fdd82d0b.rlib --extern core=/opt/rustwide/target/debug/deps/libcore-80cbd9706e9bc9dc.rlib --extern futures=/opt/rustwide/target/debug/deps/libfutures-2a8763f13884528c.rlib --extern log=/opt/rustwide/target/debug/deps/liblog-5fb51f756c1191b0.rlib --extern once_cell=/opt/rustwide/target/debug/deps/libonce_cell-debe7c411cf97340.rlib --extern regex=/opt/rustwide/target/debug/deps/libregex-07d59f3792584a21.rlib --extern serde=/opt/rustwide/target/debug/deps/libserde-2f3ac3ac00cd89f9.rlib --extern serde_json=/opt/rustwide/target/debug/deps/libserde_json-e3e2b03721d5fe59.rlib --extern thiserror=/opt/rustwide/target/debug/deps/libthiserror-09fd1fd242fccc15.rlib --extern uuid=/opt/rustwide/target/debug/deps/libuuid-78d38bad3bf0d28d.rlib -C embed-bitcode=no --check-cfg 'cfg(docsrs,test)' --check-cfg 'cfg(feature, values())' --cap-lints=forbid --error-format human` (exit status: 1)
[INFO] [stderr] note: test exited abnormally; to see the full output pass --nocapture to the harness.
[INFO] running `Command { std: "docker" "inspect" "8d5ae16b28eeb210d9dbb02a65cf7841ba0f105955b4ebf39c16e3605e0e5852", kill_on_drop: false }`
[INFO] running `Command { std: "docker" "rm" "-f" "8d5ae16b28eeb210d9dbb02a65cf7841ba0f105955b4ebf39c16e3605e0e5852", kill_on_drop: false }`
[INFO] [stdout] 8d5ae16b28eeb210d9dbb02a65cf7841ba0f105955b4ebf39c16e3605e0e5852
