[INFO] cloning repository https://github.com/zhangmingyuan666/async_import_plugin
[INFO] running `Command { std: "git" "-c" "credential.helper=" "-c" "credential.helper=/workspace/cargo-home/bin/git-credential-null" "clone" "--bare" "https://github.com/zhangmingyuan666/async_import_plugin" "/workspace/cache/git-repos/https%3A%2F%2Fgithub.com%2Fzhangmingyuan666%2Fasync_import_plugin", kill_on_drop: false }`
[INFO] [stderr] Cloning into bare repository '/workspace/cache/git-repos/https%3A%2F%2Fgithub.com%2Fzhangmingyuan666%2Fasync_import_plugin'...
[INFO] running `Command { std: "git" "rev-parse" "HEAD", kill_on_drop: false }`
[INFO] [stdout] a0f3438e185764c44b57fef5c8df7b16b180a669
[INFO] testing zhangmingyuan666/async_import_plugin against nightly-2025-01-18 for randomize-layout-2
[INFO] running `Command { std: "git" "clone" "/workspace/cache/git-repos/https%3A%2F%2Fgithub.com%2Fzhangmingyuan666%2Fasync_import_plugin" "/workspace/builds/worker-7-tc1/source", kill_on_drop: false }`
[INFO] [stderr] Cloning into '/workspace/builds/worker-7-tc1/source'...
[INFO] [stderr] done.
[INFO] validating manifest of git repo https://github.com/zhangmingyuan666/async_import_plugin on toolchain nightly-2025-01-18
[INFO] running `Command { std: CARGO_HOME="/workspace/cargo-home" RUSTUP_HOME="/workspace/rustup-home" "/workspace/cargo-home/bin/cargo" "+nightly-2025-01-18" "metadata" "--manifest-path" "Cargo.toml" "--no-deps", kill_on_drop: false }`
[INFO] removed /workspace/builds/worker-7-tc1/source/.cargo/config
[INFO] started tweaking git repo https://github.com/zhangmingyuan666/async_import_plugin
[INFO] finished tweaking git repo https://github.com/zhangmingyuan666/async_import_plugin
[INFO] tweaked toml for git repo https://github.com/zhangmingyuan666/async_import_plugin written to /workspace/builds/worker-7-tc1/source/Cargo.toml
[INFO] crate git repo https://github.com/zhangmingyuan666/async_import_plugin already has a lockfile, it will not be regenerated
[INFO] running `Command { std: CARGO_HOME="/workspace/cargo-home" RUSTUP_HOME="/workspace/rustup-home" "/workspace/cargo-home/bin/cargo" "+nightly-2025-01-18" "fetch" "--manifest-path" "Cargo.toml", kill_on_drop: false }`
[INFO] [stderr]     Updating crates.io index
[INFO] [stderr]  Downloading crates ...
[INFO] [stderr]   Downloaded testing_macros v0.2.14
[INFO] [stderr]   Downloaded swc_eq_ignore_macros v0.1.4
[INFO] [stderr]   Downloaded swc_visit v0.5.14
[INFO] [stderr]   Downloaded swc_common v0.33.26
[INFO] [stderr]   Downloaded swc_cached v0.3.20
[INFO] [stderr]   Downloaded is-macro v0.3.6
[INFO] [stderr]   Downloaded swc_ecma_parser v0.144.3
[INFO] [stderr]   Downloaded unicode-id-start v1.2.0
[INFO] [stderr]   Downloaded sourcemap v8.0.1
[INFO] [stderr]   Downloaded hstr v0.2.12
[INFO] [stderr]   Downloaded swc_atoms v0.6.7
[INFO] [stderr]   Downloaded swc_plugin v0.90.2
[INFO] [stderr]   Downloaded swc_ecma_codegen_macros v0.7.7
[INFO] [stderr]   Downloaded string_enum v0.4.4
[INFO] [stderr]   Downloaded swc_ecma_visit v0.99.1
[INFO] [stderr]   Downloaded swc_plugin_macro v0.9.16
[INFO] [stderr]   Downloaded ast_node v0.9.9
[INFO] [stderr]   Downloaded from_variant v0.1.9
[INFO] [stderr]   Downloaded triomphe v0.1.13
[INFO] [stderr]   Downloaded swc_macros_common v0.3.13
[INFO] [stderr]   Downloaded swc_visit_macros v0.5.13
[INFO] [stderr]   Downloaded swc_error_reporters v0.17.20
[INFO] [stderr]   Downloaded swc_core v0.91.4
[INFO] [stderr]   Downloaded swc_plugin_proxy v0.42.1
[INFO] [stderr]   Downloaded swc_ecma_testing v0.22.23
[INFO] [stderr]   Downloaded swc_ecma_transforms_testing v0.141.1
[INFO] [stderr]   Downloaded swc_ecma_utils v0.128.3
[INFO] [stderr]   Downloaded testing v0.35.25
[INFO] [stderr]   Downloaded swc_ecma_codegen v0.149.3
[INFO] [stderr]   Downloaded swc_ecma_transforms_base v0.138.4
[INFO] [stderr]   Downloaded swc_ecma_ast v0.113.2
[INFO] running `Command { std: "docker" "create" "-v" "/var/lib/crater-agent-workspace/builds/worker-7-tc1/target:/opt/rustwide/target:rw,Z" "-v" "/var/lib/crater-agent-workspace/builds/worker-7-tc1/source:/opt/rustwide/workdir:ro,Z" "-v" "/var/lib/crater-agent-workspace/cargo-home:/opt/rustwide/cargo-home:ro,Z" "-v" "/var/lib/crater-agent-workspace/rustup-home:/opt/rustwide/rustup-home:ro,Z" "-e" "SOURCE_DIR=/opt/rustwide/workdir" "-e" "CARGO_TARGET_DIR=/opt/rustwide/target" "-e" "CARGO_HOME=/opt/rustwide/cargo-home" "-e" "RUSTUP_HOME=/opt/rustwide/rustup-home" "-w" "/opt/rustwide/workdir" "-m" "1610612736" "--user" "0:0" "--network" "none" "ghcr.io/rust-lang/crates-build-env/linux@sha256:819108c5571ea2e421544af4d832f968d213c87fbe3707a016657f43d2f853bc" "/opt/rustwide/cargo-home/bin/cargo" "+nightly-2025-01-18" "metadata" "--no-deps" "--format-version=1", kill_on_drop: false }`
[INFO] [stdout] 94de43e6165e3575a46e7e2869c5cbb75cb139c39e43ffe0d543d369f0215934
[INFO] running `Command { std: "docker" "start" "-a" "94de43e6165e3575a46e7e2869c5cbb75cb139c39e43ffe0d543d369f0215934", kill_on_drop: false }`
[INFO] running `Command { std: "docker" "inspect" "94de43e6165e3575a46e7e2869c5cbb75cb139c39e43ffe0d543d369f0215934", kill_on_drop: false }`
[INFO] running `Command { std: "docker" "rm" "-f" "94de43e6165e3575a46e7e2869c5cbb75cb139c39e43ffe0d543d369f0215934", kill_on_drop: false }`
[INFO] [stdout] 94de43e6165e3575a46e7e2869c5cbb75cb139c39e43ffe0d543d369f0215934
[INFO] running `Command { std: "docker" "create" "-v" "/var/lib/crater-agent-workspace/builds/worker-7-tc1/target:/opt/rustwide/target:rw,Z" "-v" "/var/lib/crater-agent-workspace/builds/worker-7-tc1/source:/opt/rustwide/workdir:ro,Z" "-v" "/var/lib/crater-agent-workspace/cargo-home:/opt/rustwide/cargo-home:ro,Z" "-v" "/var/lib/crater-agent-workspace/rustup-home:/opt/rustwide/rustup-home:ro,Z" "-e" "SOURCE_DIR=/opt/rustwide/workdir" "-e" "CARGO_TARGET_DIR=/opt/rustwide/target" "-e" "CARGO_INCREMENTAL=0" "-e" "RUST_BACKTRACE=full" "-e" "RUSTFLAGS=--cap-lints=forbid" "-e" "RUSTDOCFLAGS=--cap-lints=forbid" "-e" "CARGO_HOME=/opt/rustwide/cargo-home" "-e" "RUSTUP_HOME=/opt/rustwide/rustup-home" "-w" "/opt/rustwide/workdir" "-m" "1610612736" "--user" "0:0" "--network" "none" "ghcr.io/rust-lang/crates-build-env/linux@sha256:819108c5571ea2e421544af4d832f968d213c87fbe3707a016657f43d2f853bc" "/opt/rustwide/cargo-home/bin/cargo" "+nightly-2025-01-18" "build" "--frozen" "--message-format=json", kill_on_drop: false }`
[INFO] [stdout] b5a80a433ff0699e1b6670a4a55047223760e810af82de18462fdfa8d06ab3a7
[INFO] running `Command { std: "docker" "start" "-a" "b5a80a433ff0699e1b6670a4a55047223760e810af82de18462fdfa8d06ab3a7", kill_on_drop: false }`
[INFO] [stderr]    Compiling syn v2.0.72
[INFO] [stderr]    Compiling serde v1.0.205
[INFO] [stderr]    Compiling regex-syntax v0.8.4
[INFO] [stderr]    Compiling memchr v2.7.4
[INFO] [stderr]    Compiling syn v1.0.109
[INFO] [stderr]    Compiling serde_json v1.0.124
[INFO] [stderr]    Compiling ryu v1.0.18
[INFO] [stderr]    Compiling siphasher v0.3.11
[INFO] [stderr]    Compiling rand_core v0.6.4
[INFO] [stderr]    Compiling ahash v0.7.8
[INFO] [stderr]    Compiling getrandom v0.2.15
[INFO] [stderr]    Compiling bytecheck v0.6.12
[INFO] [stderr]    Compiling smallvec v1.13.2
[INFO] [stderr]    Compiling atty v0.2.14
[INFO] [stderr]    Compiling tinyvec v1.8.0
[INFO] [stderr]    Compiling num-traits v0.2.19
[INFO] [stderr]    Compiling simdutf8 v0.1.4
[INFO] [stderr]    Compiling rand v0.8.5
[INFO] [stderr]    Compiling rend v0.4.2
[INFO] [stderr]    Compiling phf_shared v0.11.2
[INFO] [stderr]    Compiling radium v0.7.0
[INFO] [stderr]    Compiling cc v1.1.10
[INFO] [stderr]    Compiling parking_lot_core v0.9.10
[INFO] [stderr]    Compiling tracing-core v0.1.32
[INFO] [stderr]    Compiling rkyv v0.7.44
[INFO] [stderr]    Compiling tap v1.0.1
[INFO] [stderr]    Compiling stable_deref_trait v1.2.0
[INFO] [stderr]    Compiling unicode-bidi v0.3.15
[INFO] [stderr]    Compiling outref v0.1.0
[INFO] [stderr]    Compiling wyz v0.5.1
[INFO] [stderr]    Compiling simd-abstraction v0.7.1
[INFO] [stderr]    Compiling hashbrown v0.12.3
[INFO] [stderr]    Compiling form_urlencoded v1.2.1
[INFO] [stderr]    Compiling seahash v4.1.0
[INFO] [stderr]    Compiling unicode-width v0.1.13
[INFO] [stderr]    Compiling aho-corasick v1.1.3
[INFO] [stderr]    Compiling funty v2.0.0
[INFO] [stderr]    Compiling new_debug_unreachable v1.0.6
[INFO] [stderr]    Compiling uuid v1.10.0
[INFO] [stderr]    Compiling base64-simd v0.7.0
[INFO] [stderr]    Compiling unicode-id-start v1.2.0
[INFO] [stderr]    Compiling scoped-tls v1.0.1
[INFO] [stderr]    Compiling phf_generator v0.11.2
[INFO] [stderr]    Compiling if_chain v1.0.2
[INFO] [stderr]    Compiling better_scoped_tls v0.1.1
[INFO] [stderr]    Compiling parking_lot v0.12.3
[INFO] [stderr]    Compiling thiserror v1.0.63
[INFO] [stderr]    Compiling bitflags v2.6.0
[INFO] [stderr]    Compiling unicode-normalization v0.1.23
[INFO] [stderr]    Compiling semver v1.0.23
[INFO] [stderr]    Compiling camino v1.1.7
[INFO] [stderr]    Compiling typenum v1.17.0
[INFO] [stderr]    Compiling generic-array v0.14.7
[INFO] [stderr]    Compiling gimli v0.29.0
[INFO] [stderr]    Compiling adler v1.0.2
[INFO] [stderr]    Compiling idna v0.5.0
[INFO] [stderr]    Compiling num-integer v0.1.46
[INFO] [stderr]    Compiling miniz_oxide v0.7.4
[INFO] [stderr]    Compiling object v0.36.3
[INFO] [stderr]    Compiling smawk v0.3.2
[INFO] [stderr]    Compiling is_ci v1.2.0
[INFO] [stderr]    Compiling bitvec v1.0.1
[INFO] [stderr]    Compiling unicode-linebreak v0.1.5
[INFO] [stderr]    Compiling rustc-demangle v0.1.24
[INFO] [stderr]    Compiling supports-color v1.3.1
[INFO] [stderr]    Compiling textwrap v0.15.2
[INFO] [stderr]    Compiling regex-automata v0.1.10
[INFO] [stderr]    Compiling supports-hyperlinks v1.2.0
[INFO] [stderr]    Compiling supports-unicode v1.0.2
[INFO] [stderr]    Compiling terminal_size v0.1.17
[INFO] [stderr]    Compiling smartstring v1.0.1
[INFO] [stderr]    Compiling backtrace v0.3.73
[INFO] [stderr]    Compiling psm v0.1.21
[INFO] [stderr]    Compiling stacker v0.1.15
[INFO] [stderr]    Compiling url v2.5.2
[INFO] [stderr]    Compiling owo-colors v3.5.0
[INFO] [stderr]    Compiling overload v0.1.1
[INFO] [stderr]    Compiling tracing-log v0.2.0
[INFO] [stderr]    Compiling nu-ansi-term v0.46.0
[INFO] [stderr]    Compiling vergen v8.3.2
[INFO] [stderr]    Compiling sharded-slab v0.1.7
[INFO] [stderr]    Compiling thread_local v1.1.8
[INFO] [stderr]    Compiling regex-automata v0.4.7
[INFO] [stderr]    Compiling yansi v0.5.1
[INFO] [stderr]    Compiling matchers v0.1.0
[INFO] [stderr]    Compiling glob v0.3.1
[INFO] [stderr]    Compiling diff v0.1.13
[INFO] [stderr]    Compiling block-buffer v0.10.4
[INFO] [stderr]    Compiling crypto-common v0.1.6
[INFO] [stderr]    Compiling relative-path v1.9.3
[INFO] [stderr]    Compiling digest v0.10.7
[INFO] [stderr]    Compiling rustix v0.38.34
[INFO] [stderr]    Compiling pretty_assertions v1.4.0
[INFO] [stderr]    Compiling num_cpus v1.16.0
[INFO] [stderr]    Compiling cpufeatures v0.2.13
[INFO] [stderr]    Compiling difference v2.0.0
[INFO] [stderr]    Compiling unicode-id v0.3.4
[INFO] [stderr]    Compiling typed-arena v2.0.2
[INFO] [stderr]    Compiling ryu-js v1.0.1
[INFO] [stderr]    Compiling ansi_term v0.12.1
[INFO] [stderr]    Compiling sha2 v0.10.8
[INFO] [stderr]    Compiling ahash v0.8.11
[INFO] [stderr]    Compiling fastrand v2.1.0
[INFO] [stderr]    Compiling zerocopy v0.7.35
[INFO] [stderr]    Compiling dashmap v5.5.3
[INFO] [stderr]    Compiling swc_plugin v0.90.2
[INFO] [stderr]    Compiling ptr_meta_derive v0.1.4
[INFO] [stderr]    Compiling bytecheck_derive v0.6.12
[INFO] [stderr]    Compiling rkyv_derive v0.7.44
[INFO] [stderr]    Compiling miette-derive v4.7.1
[INFO] [stderr]    Compiling addr2line v0.22.0
[INFO] [stderr]    Compiling ptr_meta v0.1.4
[INFO] [stderr]    Compiling swc_macros_common v0.3.13
[INFO] [stderr]    Compiling regex v1.10.6
[INFO] [stderr]    Compiling tempfile v3.12.0
[INFO] [stderr]    Compiling serde_derive v1.0.205
[INFO] [stderr]    Compiling phf_macros v0.11.2
[INFO] [stderr]    Compiling tracing-attributes v0.1.27
[INFO] [stderr]    Compiling ast_node v0.9.9
[INFO] [stderr]    Compiling Inflector v0.11.4
[INFO] [stderr]    Compiling swc_eq_ignore_macros v0.1.4
[INFO] [stderr]    Compiling from_variant v0.1.9
[INFO] [stderr]    Compiling thiserror-impl v1.0.63
[INFO] [stderr]    Compiling string_enum v0.4.4
[INFO] [stderr]    Compiling swc_ecma_codegen_macros v0.7.7
[INFO] [stderr]    Compiling swc_trace_macro v0.1.3
[INFO] [stderr]    Compiling swc_plugin_macro v0.9.16
[INFO] [stderr]    Compiling phf v0.11.2
[INFO] [stderr]    Compiling swc_visit_macros v0.5.13
[INFO] [stderr]    Compiling is-macro v0.3.6
[INFO] [stderr]    Compiling testing_macros v0.2.14
[INFO] [stderr]    Compiling tracing v0.1.40
[INFO] [stderr]    Compiling miette v4.7.1
[INFO] [stderr]    Compiling tracing-subscriber v0.3.18
[INFO] [stderr]    Compiling swc_visit v0.5.14
[INFO] [stderr]    Compiling triomphe v0.1.13
[INFO] [stderr]    Compiling debugid v0.8.0
[INFO] [stderr]    Compiling num-bigint v0.4.6
[INFO] [stderr]    Compiling cargo-platform v0.1.8
[INFO] [stderr]    Compiling swc_cached v0.3.20
[INFO] [stderr]    Compiling hstr v0.2.12
[INFO] [stderr]    Compiling swc_atoms v0.6.7
[INFO] [stderr]    Compiling sourcemap v8.0.1
[INFO] [stderr]    Compiling cargo_metadata v0.15.4
[INFO] [stderr]    Compiling cargo_metadata v0.18.1
[INFO] [stderr]    Compiling swc_common v0.33.26
[INFO] [stderr]    Compiling swc_core v0.91.4
[INFO] [stderr]    Compiling swc_ecma_ast v0.113.2
[INFO] [stderr]    Compiling swc_error_reporters v0.17.20
[INFO] [stderr]    Compiling testing v0.35.25
[INFO] [stderr]    Compiling swc_ecma_testing v0.22.23
[INFO] [stderr]    Compiling swc_ecma_visit v0.99.1
[INFO] [stderr]    Compiling swc_ecma_parser v0.144.3
[INFO] [stderr]    Compiling swc_ecma_codegen v0.149.3
[INFO] [stderr]    Compiling swc_plugin_proxy v0.42.1
[INFO] [stderr]    Compiling swc_ecma_utils v0.128.3
[INFO] [stderr]    Compiling swc_ecma_transforms_base v0.138.4
[INFO] [stderr]    Compiling swc_ecma_transforms_testing v0.141.1
[INFO] [stderr]    Compiling s1s_async_import_plugin v0.1.0 (/opt/rustwide/workdir)
[INFO] [stdout] warning: unused imports: `FoldWith`, `as_folder`, and `transforms::testing::test_inline`
[INFO] [stdout]  --> src/lib.rs:3:5
[INFO] [stdout]   |
[INFO] [stdout] 3 |     transforms::testing::test_inline,
[INFO] [stdout]   |     ^^^^^^^^^^^^^^^^^^^^^^^^^^^^^^^^
[INFO] [stdout] 4 |     visit::{as_folder, FoldWith, VisitMut},
[INFO] [stdout]   |             ^^^^^^^^^  ^^^^^^^^
[INFO] [stdout]   |
[INFO] [stdout]   = note: `#[warn(unused_imports)]` on by default
[INFO] [stdout] 
[INFO] [stdout] 
[INFO] [stdout] warning: unused imports: `BytePos`, `SourceMapperDyn`, `SyntaxContext`, and `plugin::metadata`
[INFO] [stdout]   --> src/lib.rs:11:5
[INFO] [stdout]    |
[INFO] [stdout] 11 |     BytePos, SourceMapperDyn, Spanned, DUMMY_SP, Span, SyntaxContext,
[INFO] [stdout]    |     ^^^^^^^  ^^^^^^^^^^^^^^^                           ^^^^^^^^^^^^^
[INFO] [stdout] 12 |     comments::{Comment, CommentKind, Comments},
[INFO] [stdout] 13 |     plugin::metadata
[INFO] [stdout]    |     ^^^^^^^^^^^^^^^^
[INFO] [stdout] 
[INFO] [stdout] 
[INFO] [stdout] warning: unused import: `de::value`
[INFO] [stdout]   --> src/lib.rs:19:13
[INFO] [stdout]    |
[INFO] [stdout] 19 | use serde::{de::value, Deserialize};
[INFO] [stdout]    |             ^^^^^^^^^
[INFO] [stdout] 
[INFO] [stdout] 
[INFO] [stdout] warning: unused imports: `Map`, `from_str`, and `to_string_pretty`
[INFO] [stdout]   --> src/lib.rs:20:25
[INFO] [stdout]    |
[INFO] [stdout] 20 | use serde_json::{Value, to_string_pretty, from_str, Map};
[INFO] [stdout]    |                         ^^^^^^^^^^^^^^^^  ^^^^^^^^  ^^^
[INFO] [stdout] 
[INFO] [stdout] 
[INFO] [stdout] warning: unused import: `fmt::format`
[INFO] [stdout]   --> src/lib.rs:23:5
[INFO] [stdout]    |
[INFO] [stdout] 23 |     fmt::format, io::{Read, Write}, path::Path, fs::OpenOptions, env,
[INFO] [stdout]    |     ^^^^^^^^^^^
[INFO] [stdout] 
[INFO] [stdout] 
[INFO] [stdout] warning: unused import: `swc_common::plugin::metadata`
[INFO] [stdout]  --> src/shared/structs.rs:1:5
[INFO] [stdout]   |
[INFO] [stdout] 1 | use swc_common::plugin::metadata;
[INFO] [stdout]   |     ^^^^^^^^^^^^^^^^^^^^^^^^^^^^
[INFO] [stdout] 
[INFO] [stdout] 
[INFO] [stdout] warning: unused imports: `FoldWith`, `VisitMut`, `as_folder`, `ast::*`, and `transforms::testing::test_inline`
[INFO] [stdout]  --> src/shared/structs.rs:3:5
[INFO] [stdout]   |
[INFO] [stdout] 3 |     ast::*,
[INFO] [stdout]   |     ^^^^^^
[INFO] [stdout] 4 |     transforms::testing::test_inline,
[INFO] [stdout]   |     ^^^^^^^^^^^^^^^^^^^^^^^^^^^^^^^^
[INFO] [stdout] 5 |     visit::{as_folder, FoldWith, VisitMut},
[INFO] [stdout]   |             ^^^^^^^^^  ^^^^^^^^  ^^^^^^^^
[INFO] [stdout] 
[INFO] [stdout] 
[INFO] [stdout] warning: unused imports: `BytePos`, `CommentKind`, `Comment`, `DUMMY_SP`, `SourceMapperDyn`, `Span`, and `Spanned`
[INFO] [stdout]  --> src/shared/structs.rs:8:5
[INFO] [stdout]   |
[INFO] [stdout] 8 |     BytePos, SourceMapperDyn, Spanned, DUMMY_SP, Span,
[INFO] [stdout]   |     ^^^^^^^  ^^^^^^^^^^^^^^^  ^^^^^^^  ^^^^^^^^  ^^^^
[INFO] [stdout] 9 |     comments::{Comment, CommentKind, Comments}
[INFO] [stdout]   |                ^^^^^^^  ^^^^^^^^^^^
[INFO] [stdout] 
[INFO] [stdout] 
[INFO] [stdout] warning: unused imports: `PluginCommentsProxy`, `TransformPluginProgramMetadata`, and `plugin_transform`
[INFO] [stdout]   --> src/shared/structs.rs:11:24
[INFO] [stdout]    |
[INFO] [stdout] 11 | use swc_core::plugin::{plugin_transform, proxies::{TransformPluginProgramMetadata, PluginCommentsProxy}};
[INFO] [stdout]    |                        ^^^^^^^^^^^^^^^^            ^^^^^^^^^^^^^^^^^^^^^^^^^^^^^^  ^^^^^^^^^^^^^^^^^^^
[INFO] [stdout] 
[INFO] [stdout] 
[INFO] [stdout] warning: unused import: `serde_json::Value`
[INFO] [stdout]   --> src/shared/structs.rs:12:5
[INFO] [stdout]    |
[INFO] [stdout] 12 | use serde_json::Value;
[INFO] [stdout]    |     ^^^^^^^^^^^^^^^^^
[INFO] [stdout] 
[INFO] [stdout] 
[INFO] [stdout] warning: unnecessary parentheses around function argument
[INFO] [stdout]    --> src/lib.rs:185:55
[INFO] [stdout]     |
[INFO] [stdout] 185 |                     expr: Box::new(Expr::Lit(Lit::Str((Str {
[INFO] [stdout]     |                                                       ^
[INFO] [stdout] ...
[INFO] [stdout] 190 |                     }))))
[INFO] [stdout]     |                      ^
[INFO] [stdout]     |
[INFO] [stdout]     = note: `#[warn(unused_parens)]` on by default
[INFO] [stdout] help: remove these parentheses
[INFO] [stdout]     |
[INFO] [stdout] 185 ~                     expr: Box::new(Expr::Lit(Lit::Str(Str {
[INFO] [stdout] 186 |                         // dummy_with_cmt 包含上下文信息的 Dummy Span
[INFO] [stdout] ...
[INFO] [stdout] 189 |                         raw: None
[INFO] [stdout] 190 ~                     })))
[INFO] [stdout]     |
[INFO] [stdout] 
[INFO] [stdout] 
[INFO] [stdout] warning: unused import: `Read`
[INFO] [stdout]   --> src/lib.rs:23:23
[INFO] [stdout]    |
[INFO] [stdout] 23 |     fmt::format, io::{Read, Write}, path::Path, fs::OpenOptions, env,
[INFO] [stdout]    |                       ^^^^
[INFO] [stdout] 
[INFO] [stdout] 
[INFO] [stdout] warning: unused variable: `span`
[INFO] [stdout]   --> src/lib.rs:95:29
[INFO] [stdout]    |
[INFO] [stdout] 95 | ...                   span,
[INFO] [stdout]    |                       ^^^^ help: try ignoring the field: `span: _`
[INFO] [stdout]    |
[INFO] [stdout]    = note: `#[warn(unused_variables)]` on by default
[INFO] [stdout] 
[INFO] [stdout] 
[INFO] [stdout] warning: value assigned to `v` is never read
[INFO] [stdout]    --> src/lib.rs:113:45
[INFO] [stdout]     |
[INFO] [stdout] 113 | ...                   let mut v: serde_json::Value = Value::Null;
[INFO] [stdout]     |                               ^
[INFO] [stdout]     |
[INFO] [stdout]     = help: maybe it is overwritten before being read?
[INFO] [stdout]     = note: `#[warn(unused_assignments)]` on by default
[INFO] [stdout] 
[INFO] [stdout] 
[INFO] [stdout] warning: value assigned to `max_value` is never read
[INFO] [stdout]    --> src/lib.rs:149:61
[INFO] [stdout]     |
[INFO] [stdout] 149 | ...                   let mut max_value = 0 as i64;
[INFO] [stdout]     |                               ^^^^^^^^^
[INFO] [stdout]     |
[INFO] [stdout]     = help: maybe it is overwritten before being read?
[INFO] [stdout] 
[INFO] [stdout] 
[INFO] [stdout] warning: creating a mutable reference to mutable static is discouraged
[INFO] [stdout]   --> src/lib.rs:46:14
[INFO] [stdout]    |
[INFO] [stdout] 46 |             *STD_ONCE_COUNTER.borrow_mut() = Some(Mutex::new(0));
[INFO] [stdout]    |              ^^^^^^^^^^^^^^^^^^^^^^^^^^^^^ mutable reference to mutable static
[INFO] [stdout]    |
[INFO] [stdout]    = note: for more information, see <https://doc.rust-lang.org/nightly/edition-guide/rust-2024/static-mut-references.html>
[INFO] [stdout]    = note: mutable references to mutable statics are dangerous; it's undefined behavior if any other pointer to the static is used or if any other reference is created for the static while the mutable reference lives
[INFO] [stdout]    = note: `#[warn(static_mut_refs)]` on by default
[INFO] [stdout] 
[INFO] [stdout] 
[INFO] [stdout] warning: creating a shared reference to mutable static is discouraged
[INFO] [stdout]   --> src/lib.rs:49:14
[INFO] [stdout]    |
[INFO] [stdout] 49 |     unsafe { STD_ONCE_COUNTER.as_ref().unwrap() }
[INFO] [stdout]    |              ^^^^^^^^^^^^^^^^^^^^^^^^^ shared reference to mutable static
[INFO] [stdout]    |
[INFO] [stdout]    = note: for more information, see <https://doc.rust-lang.org/nightly/edition-guide/rust-2024/static-mut-references.html>
[INFO] [stdout]    = note: shared references to mutable statics are dangerous; it's undefined behavior if the static is mutated or if a mutable reference is created for it while the shared reference lives
[INFO] [stdout] 
[INFO] [stdout] 
[INFO] [stdout] warning: creating a mutable reference to mutable static is discouraged
[INFO] [stdout]   --> src/lib.rs:55:14
[INFO] [stdout]    |
[INFO] [stdout] 55 |             *JSON_VALUE.borrow_mut() = Some(Mutex::new(Value::Null));
[INFO] [stdout]    |              ^^^^^^^^^^^^^^^^^^^^^^^ mutable reference to mutable static
[INFO] [stdout]    |
[INFO] [stdout]    = note: for more information, see <https://doc.rust-lang.org/nightly/edition-guide/rust-2024/static-mut-references.html>
[INFO] [stdout]    = note: mutable references to mutable statics are dangerous; it's undefined behavior if any other pointer to the static is used or if any other reference is created for the static while the mutable reference lives
[INFO] [stdout] 
[INFO] [stdout] 
[INFO] [stdout] warning: creating a shared reference to mutable static is discouraged
[INFO] [stdout]   --> src/lib.rs:58:14
[INFO] [stdout]    |
[INFO] [stdout] 58 |     unsafe { JSON_VALUE.as_ref().unwrap() }
[INFO] [stdout]    |              ^^^^^^^^^^^^^^^^^^^ shared reference to mutable static
[INFO] [stdout]    |
[INFO] [stdout]    = note: for more information, see <https://doc.rust-lang.org/nightly/edition-guide/rust-2024/static-mut-references.html>
[INFO] [stdout]    = note: shared references to mutable statics are dangerous; it's undefined behavior if the static is mutated or if a mutable reference is created for it while the shared reference lives
[INFO] [stdout] 
[INFO] [stdout] 
[INFO] [stdout] warning: variable `jsChunkPos` should have a snake case name
[INFO] [stdout]    --> src/lib.rs:124:49
[INFO] [stdout]     |
[INFO] [stdout] 124 | ...                   if let Some(jsChunkPos) = v.get("jsChunkPos") {
[INFO] [stdout]     |                                   ^^^^^^^^^^ help: convert the identifier to snake case: `js_chunk_pos`
[INFO] [stdout]     |
[INFO] [stdout]     = note: `#[warn(non_snake_case)]` on by default
[INFO] [stdout] 
[INFO] [stdout] 
[INFO] [stdout] warning: unused `Result` that must be used
[INFO] [stdout]    --> src/lib.rs:162:53
[INFO] [stdout]     |
[INFO] [stdout] 162 | ...                   write!(file, "{}", file_insert_string.as_str());
[INFO] [stdout]     |                       ^^^^^^^^^^^^^^^^^^^^^^^^^^^^^^^^^^^^^^^^^^^^^^^
[INFO] [stdout]     |
[INFO] [stdout]     = note: this `Result` may be an `Err` variant, which should be handled
[INFO] [stdout]     = note: `#[warn(unused_must_use)]` on by default
[INFO] [stdout]     = note: this warning originates in the macro `write` (in Nightly builds, run with -Z macro-backtrace for more info)
[INFO] [stdout] 
[INFO] [stdout] 
[INFO] [stderr]     Finished `dev` profile [unoptimized + debuginfo] target(s) in 1m 42s
[INFO] running `Command { std: "docker" "inspect" "b5a80a433ff0699e1b6670a4a55047223760e810af82de18462fdfa8d06ab3a7", kill_on_drop: false }`
[INFO] running `Command { std: "docker" "rm" "-f" "b5a80a433ff0699e1b6670a4a55047223760e810af82de18462fdfa8d06ab3a7", kill_on_drop: false }`
[INFO] [stdout] b5a80a433ff0699e1b6670a4a55047223760e810af82de18462fdfa8d06ab3a7
[INFO] running `Command { std: "docker" "create" "-v" "/var/lib/crater-agent-workspace/builds/worker-7-tc1/target:/opt/rustwide/target:rw,Z" "-v" "/var/lib/crater-agent-workspace/builds/worker-7-tc1/source:/opt/rustwide/workdir:ro,Z" "-v" "/var/lib/crater-agent-workspace/cargo-home:/opt/rustwide/cargo-home:ro,Z" "-v" "/var/lib/crater-agent-workspace/rustup-home:/opt/rustwide/rustup-home:ro,Z" "-e" "SOURCE_DIR=/opt/rustwide/workdir" "-e" "CARGO_TARGET_DIR=/opt/rustwide/target" "-e" "CARGO_INCREMENTAL=0" "-e" "RUST_BACKTRACE=full" "-e" "RUSTFLAGS=--cap-lints=forbid" "-e" "RUSTDOCFLAGS=--cap-lints=forbid" "-e" "CARGO_HOME=/opt/rustwide/cargo-home" "-e" "RUSTUP_HOME=/opt/rustwide/rustup-home" "-w" "/opt/rustwide/workdir" "-m" "1610612736" "--user" "0:0" "--network" "none" "ghcr.io/rust-lang/crates-build-env/linux@sha256:819108c5571ea2e421544af4d832f968d213c87fbe3707a016657f43d2f853bc" "/opt/rustwide/cargo-home/bin/cargo" "+nightly-2025-01-18" "test" "--frozen" "--no-run" "--message-format=json", kill_on_drop: false }`
[INFO] [stdout] 8abd5b06dbc2cc7048a3428e1ff065f74e60b33c7fbbde7cd9c33376b42231f6
[INFO] running `Command { std: "docker" "start" "-a" "8abd5b06dbc2cc7048a3428e1ff065f74e60b33c7fbbde7cd9c33376b42231f6", kill_on_drop: false }`
[INFO] [stderr]    Compiling s1s_async_import_plugin v0.1.0 (/opt/rustwide/workdir)
[INFO] [stdout] warning: unused imports: `FoldWith`, `as_folder`, and `transforms::testing::test_inline`
[INFO] [stdout]  --> src/lib.rs:3:5
[INFO] [stdout]   |
[INFO] [stdout] 3 |     transforms::testing::test_inline,
[INFO] [stdout]   |     ^^^^^^^^^^^^^^^^^^^^^^^^^^^^^^^^
[INFO] [stdout] 4 |     visit::{as_folder, FoldWith, VisitMut},
[INFO] [stdout]   |             ^^^^^^^^^  ^^^^^^^^
[INFO] [stdout]   |
[INFO] [stdout]   = note: `#[warn(unused_imports)]` on by default
[INFO] [stdout] 
[INFO] [stdout] 
[INFO] [stdout] warning: unused imports: `BytePos`, `SourceMapperDyn`, `SyntaxContext`, and `plugin::metadata`
[INFO] [stdout]   --> src/lib.rs:11:5
[INFO] [stdout]    |
[INFO] [stdout] 11 |     BytePos, SourceMapperDyn, Spanned, DUMMY_SP, Span, SyntaxContext,
[INFO] [stdout]    |     ^^^^^^^  ^^^^^^^^^^^^^^^                           ^^^^^^^^^^^^^
[INFO] [stdout] 12 |     comments::{Comment, CommentKind, Comments},
[INFO] [stdout] 13 |     plugin::metadata
[INFO] [stdout]    |     ^^^^^^^^^^^^^^^^
[INFO] [stdout] 
[INFO] [stdout] 
[INFO] [stdout] warning: unused import: `de::value`
[INFO] [stdout]   --> src/lib.rs:19:13
[INFO] [stdout]    |
[INFO] [stdout] 19 | use serde::{de::value, Deserialize};
[INFO] [stdout]    |             ^^^^^^^^^
[INFO] [stdout] 
[INFO] [stdout] 
[INFO] [stdout] warning: unused imports: `Map`, `from_str`, and `to_string_pretty`
[INFO] [stdout]   --> src/lib.rs:20:25
[INFO] [stdout]    |
[INFO] [stdout] 20 | use serde_json::{Value, to_string_pretty, from_str, Map};
[INFO] [stdout]    |                         ^^^^^^^^^^^^^^^^  ^^^^^^^^  ^^^
[INFO] [stdout] 
[INFO] [stdout] 
[INFO] [stdout] warning: unused import: `fmt::format`
[INFO] [stdout]   --> src/lib.rs:23:5
[INFO] [stdout]    |
[INFO] [stdout] 23 |     fmt::format, io::{Read, Write}, path::Path, fs::OpenOptions, env,
[INFO] [stdout]    |     ^^^^^^^^^^^
[INFO] [stdout] 
[INFO] [stdout] 
[INFO] [stdout] warning: unused import: `swc_common::plugin::metadata`
[INFO] [stdout]  --> src/shared/structs.rs:1:5
[INFO] [stdout]   |
[INFO] [stdout] 1 | use swc_common::plugin::metadata;
[INFO] [stdout]   |     ^^^^^^^^^^^^^^^^^^^^^^^^^^^^
[INFO] [stdout] 
[INFO] [stdout] 
[INFO] [stdout] warning: unused imports: `FoldWith`, `VisitMut`, `as_folder`, `ast::*`, and `transforms::testing::test_inline`
[INFO] [stdout]  --> src/shared/structs.rs:3:5
[INFO] [stdout]   |
[INFO] [stdout] 3 |     ast::*,
[INFO] [stdout]   |     ^^^^^^
[INFO] [stdout] 4 |     transforms::testing::test_inline,
[INFO] [stdout]   |     ^^^^^^^^^^^^^^^^^^^^^^^^^^^^^^^^
[INFO] [stdout] 5 |     visit::{as_folder, FoldWith, VisitMut},
[INFO] [stdout]   |             ^^^^^^^^^  ^^^^^^^^  ^^^^^^^^
[INFO] [stdout] 
[INFO] [stdout] 
[INFO] [stdout] warning: unused imports: `BytePos`, `CommentKind`, `Comment`, `DUMMY_SP`, `SourceMapperDyn`, `Span`, and `Spanned`
[INFO] [stdout]  --> src/shared/structs.rs:8:5
[INFO] [stdout]   |
[INFO] [stdout] 8 |     BytePos, SourceMapperDyn, Spanned, DUMMY_SP, Span,
[INFO] [stdout]   |     ^^^^^^^  ^^^^^^^^^^^^^^^  ^^^^^^^  ^^^^^^^^  ^^^^
[INFO] [stdout] 9 |     comments::{Comment, CommentKind, Comments}
[INFO] [stdout]   |                ^^^^^^^  ^^^^^^^^^^^
[INFO] [stdout] 
[INFO] [stdout] 
[INFO] [stdout] warning: unused imports: `PluginCommentsProxy`, `TransformPluginProgramMetadata`, and `plugin_transform`
[INFO] [stdout]   --> src/shared/structs.rs:11:24
[INFO] [stdout]    |
[INFO] [stdout] 11 | use swc_core::plugin::{plugin_transform, proxies::{TransformPluginProgramMetadata, PluginCommentsProxy}};
[INFO] [stdout]    |                        ^^^^^^^^^^^^^^^^            ^^^^^^^^^^^^^^^^^^^^^^^^^^^^^^  ^^^^^^^^^^^^^^^^^^^
[INFO] [stdout] 
[INFO] [stdout] 
[INFO] [stdout] warning: unused import: `serde_json::Value`
[INFO] [stdout]   --> src/shared/structs.rs:12:5
[INFO] [stdout]    |
[INFO] [stdout] 12 | use serde_json::Value;
[INFO] [stdout]    |     ^^^^^^^^^^^^^^^^^
[INFO] [stdout] 
[INFO] [stdout] 
[INFO] [stdout] warning: unnecessary parentheses around function argument
[INFO] [stdout]    --> src/lib.rs:185:55
[INFO] [stdout]     |
[INFO] [stdout] 185 |                     expr: Box::new(Expr::Lit(Lit::Str((Str {
[INFO] [stdout]     |                                                       ^
[INFO] [stdout] ...
[INFO] [stdout] 190 |                     }))))
[INFO] [stdout]     |                      ^
[INFO] [stdout]     |
[INFO] [stdout]     = note: `#[warn(unused_parens)]` on by default
[INFO] [stdout] help: remove these parentheses
[INFO] [stdout]     |
[INFO] [stdout] 185 ~                     expr: Box::new(Expr::Lit(Lit::Str(Str {
[INFO] [stdout] 186 |                         // dummy_with_cmt 包含上下文信息的 Dummy Span
[INFO] [stdout] ...
[INFO] [stdout] 189 |                         raw: None
[INFO] [stdout] 190 ~                     })))
[INFO] [stdout]     |
[INFO] [stdout] 
[INFO] [stdout] 
[INFO] [stdout] warning: unused import: `Read`
[INFO] [stdout]   --> src/lib.rs:23:23
[INFO] [stdout]    |
[INFO] [stdout] 23 |     fmt::format, io::{Read, Write}, path::Path, fs::OpenOptions, env,
[INFO] [stdout]    |                       ^^^^
[INFO] [stdout] 
[INFO] [stdout] 
[INFO] [stdout] warning: unused variable: `span`
[INFO] [stdout]   --> src/lib.rs:95:29
[INFO] [stdout]    |
[INFO] [stdout] 95 | ...                   span,
[INFO] [stdout]    |                       ^^^^ help: try ignoring the field: `span: _`
[INFO] [stdout]    |
[INFO] [stdout]    = note: `#[warn(unused_variables)]` on by default
[INFO] [stdout] 
[INFO] [stdout] 
[INFO] [stdout] warning: value assigned to `v` is never read
[INFO] [stdout]    --> src/lib.rs:113:45
[INFO] [stdout]     |
[INFO] [stdout] 113 | ...                   let mut v: serde_json::Value = Value::Null;
[INFO] [stdout]     |                               ^
[INFO] [stdout]     |
[INFO] [stdout]     = help: maybe it is overwritten before being read?
[INFO] [stdout]     = note: `#[warn(unused_assignments)]` on by default
[INFO] [stdout] 
[INFO] [stdout] 
[INFO] [stdout] warning: value assigned to `max_value` is never read
[INFO] [stdout]    --> src/lib.rs:149:61
[INFO] [stdout]     |
[INFO] [stdout] 149 | ...                   let mut max_value = 0 as i64;
[INFO] [stdout]     |                               ^^^^^^^^^
[INFO] [stdout]     |
[INFO] [stdout]     = help: maybe it is overwritten before being read?
[INFO] [stdout] 
[INFO] [stdout] 
[INFO] [stdout] warning: creating a mutable reference to mutable static is discouraged
[INFO] [stdout]   --> src/lib.rs:46:14
[INFO] [stdout]    |
[INFO] [stdout] 46 |             *STD_ONCE_COUNTER.borrow_mut() = Some(Mutex::new(0));
[INFO] [stdout]    |              ^^^^^^^^^^^^^^^^^^^^^^^^^^^^^ mutable reference to mutable static
[INFO] [stdout]    |
[INFO] [stdout]    = note: for more information, see <https://doc.rust-lang.org/nightly/edition-guide/rust-2024/static-mut-references.html>
[INFO] [stdout]    = note: mutable references to mutable statics are dangerous; it's undefined behavior if any other pointer to the static is used or if any other reference is created for the static while the mutable reference lives
[INFO] [stdout]    = note: `#[warn(static_mut_refs)]` on by default
[INFO] [stdout] 
[INFO] [stdout] 
[INFO] [stdout] warning: creating a shared reference to mutable static is discouraged
[INFO] [stdout]   --> src/lib.rs:49:14
[INFO] [stdout]    |
[INFO] [stdout] 49 |     unsafe { STD_ONCE_COUNTER.as_ref().unwrap() }
[INFO] [stdout]    |              ^^^^^^^^^^^^^^^^^^^^^^^^^ shared reference to mutable static
[INFO] [stdout]    |
[INFO] [stdout]    = note: for more information, see <https://doc.rust-lang.org/nightly/edition-guide/rust-2024/static-mut-references.html>
[INFO] [stdout]    = note: shared references to mutable statics are dangerous; it's undefined behavior if the static is mutated or if a mutable reference is created for it while the shared reference lives
[INFO] [stdout] 
[INFO] [stdout] 
[INFO] [stdout] warning: creating a mutable reference to mutable static is discouraged
[INFO] [stdout]   --> src/lib.rs:55:14
[INFO] [stdout]    |
[INFO] [stdout] 55 |             *JSON_VALUE.borrow_mut() = Some(Mutex::new(Value::Null));
[INFO] [stdout]    |              ^^^^^^^^^^^^^^^^^^^^^^^ mutable reference to mutable static
[INFO] [stdout]    |
[INFO] [stdout]    = note: for more information, see <https://doc.rust-lang.org/nightly/edition-guide/rust-2024/static-mut-references.html>
[INFO] [stdout]    = note: mutable references to mutable statics are dangerous; it's undefined behavior if any other pointer to the static is used or if any other reference is created for the static while the mutable reference lives
[INFO] [stdout] 
[INFO] [stdout] 
[INFO] [stdout] warning: creating a shared reference to mutable static is discouraged
[INFO] [stdout]   --> src/lib.rs:58:14
[INFO] [stdout]    |
[INFO] [stdout] 58 |     unsafe { JSON_VALUE.as_ref().unwrap() }
[INFO] [stdout]    |              ^^^^^^^^^^^^^^^^^^^ shared reference to mutable static
[INFO] [stdout]    |
[INFO] [stdout]    = note: for more information, see <https://doc.rust-lang.org/nightly/edition-guide/rust-2024/static-mut-references.html>
[INFO] [stdout]    = note: shared references to mutable statics are dangerous; it's undefined behavior if the static is mutated or if a mutable reference is created for it while the shared reference lives
[INFO] [stdout] 
[INFO] [stdout] 
[INFO] [stdout] warning: variable `jsChunkPos` should have a snake case name
[INFO] [stdout]    --> src/lib.rs:124:49
[INFO] [stdout]     |
[INFO] [stdout] 124 | ...                   if let Some(jsChunkPos) = v.get("jsChunkPos") {
[INFO] [stdout]     |                                   ^^^^^^^^^^ help: convert the identifier to snake case: `js_chunk_pos`
[INFO] [stdout]     |
[INFO] [stdout]     = note: `#[warn(non_snake_case)]` on by default
[INFO] [stdout] 
[INFO] [stdout] 
[INFO] [stdout] warning: unused `Result` that must be used
[INFO] [stdout]    --> src/lib.rs:162:53
[INFO] [stdout]     |
[INFO] [stdout] 162 | ...                   write!(file, "{}", file_insert_string.as_str());
[INFO] [stdout]     |                       ^^^^^^^^^^^^^^^^^^^^^^^^^^^^^^^^^^^^^^^^^^^^^^^
[INFO] [stdout]     |
[INFO] [stdout]     = note: this `Result` may be an `Err` variant, which should be handled
[INFO] [stdout]     = note: `#[warn(unused_must_use)]` on by default
[INFO] [stdout]     = note: this warning originates in the macro `write` (in Nightly builds, run with -Z macro-backtrace for more info)
[INFO] [stdout] 
[INFO] [stdout] 
[INFO] [stdout] warning: unused import: `FixtureTestConfig`
[INFO] [stdout]  --> tests/fixture.rs:7:49
[INFO] [stdout]   |
[INFO] [stdout] 7 | use swc_ecma_transforms_testing::{test_fixture, FixtureTestConfig};
[INFO] [stdout]   |                                                 ^^^^^^^^^^^^^^^^^
[INFO] [stdout]   |
[INFO] [stdout]   = note: `#[warn(unused_imports)]` on by default
[INFO] [stdout] 
[INFO] [stdout] 
[INFO] [stdout] warning: unused imports: `FoldWith`, `as_folder`, and `transforms::testing::test_inline`
[INFO] [stdout]  --> src/lib.rs:3:5
[INFO] [stdout]   |
[INFO] [stdout] 3 |     transforms::testing::test_inline,
[INFO] [stdout]   |     ^^^^^^^^^^^^^^^^^^^^^^^^^^^^^^^^
[INFO] [stdout] 4 |     visit::{as_folder, FoldWith, VisitMut},
[INFO] [stdout]   |             ^^^^^^^^^  ^^^^^^^^
[INFO] [stdout]   |
[INFO] [stdout]   = note: `#[warn(unused_imports)]` on by default
[INFO] [stdout] 
[INFO] [stdout] 
[INFO] [stdout] warning: unused imports: `BytePos`, `SourceMapperDyn`, `SyntaxContext`, and `plugin::metadata`
[INFO] [stdout]   --> src/lib.rs:11:5
[INFO] [stdout]    |
[INFO] [stdout] 11 |     BytePos, SourceMapperDyn, Spanned, DUMMY_SP, Span, SyntaxContext,
[INFO] [stdout]    |     ^^^^^^^  ^^^^^^^^^^^^^^^                           ^^^^^^^^^^^^^
[INFO] [stdout] 12 |     comments::{Comment, CommentKind, Comments},
[INFO] [stdout] 13 |     plugin::metadata
[INFO] [stdout]    |     ^^^^^^^^^^^^^^^^
[INFO] [stdout] 
[INFO] [stdout] 
[INFO] [stdout] warning: unused import: `de::value`
[INFO] [stdout]   --> src/lib.rs:19:13
[INFO] [stdout]    |
[INFO] [stdout] 19 | use serde::{de::value, Deserialize};
[INFO] [stdout]    |             ^^^^^^^^^
[INFO] [stdout] 
[INFO] [stdout] 
[INFO] [stdout] warning: unused imports: `Map`, `from_str`, and `to_string_pretty`
[INFO] [stdout]   --> src/lib.rs:20:25
[INFO] [stdout]    |
[INFO] [stdout] 20 | use serde_json::{Value, to_string_pretty, from_str, Map};
[INFO] [stdout]    |                         ^^^^^^^^^^^^^^^^  ^^^^^^^^  ^^^
[INFO] [stdout] 
[INFO] [stdout] 
[INFO] [stdout] warning: unused import: `fmt::format`
[INFO] [stdout]   --> src/lib.rs:23:5
[INFO] [stdout]    |
[INFO] [stdout] 23 |     fmt::format, io::{Read, Write}, path::Path, fs::OpenOptions, env,
[INFO] [stdout]    |     ^^^^^^^^^^^
[INFO] [stdout] 
[INFO] [stdout] 
[INFO] [stdout] warning: unused import: `swc_common::plugin::metadata`
[INFO] [stdout]  --> src/shared/structs.rs:1:5
[INFO] [stdout]   |
[INFO] [stdout] 1 | use swc_common::plugin::metadata;
[INFO] [stdout]   |     ^^^^^^^^^^^^^^^^^^^^^^^^^^^^
[INFO] [stdout] 
[INFO] [stdout] 
[INFO] [stdout] warning: unused imports: `FoldWith`, `VisitMut`, `as_folder`, `ast::*`, and `transforms::testing::test_inline`
[INFO] [stdout]  --> src/shared/structs.rs:3:5
[INFO] [stdout]   |
[INFO] [stdout] 3 |     ast::*,
[INFO] [stdout]   |     ^^^^^^
[INFO] [stdout] 4 |     transforms::testing::test_inline,
[INFO] [stdout]   |     ^^^^^^^^^^^^^^^^^^^^^^^^^^^^^^^^
[INFO] [stdout] 5 |     visit::{as_folder, FoldWith, VisitMut},
[INFO] [stdout]   |             ^^^^^^^^^  ^^^^^^^^  ^^^^^^^^
[INFO] [stdout] 
[INFO] [stdout] 
[INFO] [stdout] warning: unused imports: `BytePos`, `CommentKind`, `Comment`, `DUMMY_SP`, `SourceMapperDyn`, `Span`, and `Spanned`
[INFO] [stdout]  --> src/shared/structs.rs:8:5
[INFO] [stdout]   |
[INFO] [stdout] 8 |     BytePos, SourceMapperDyn, Spanned, DUMMY_SP, Span,
[INFO] [stdout]   |     ^^^^^^^  ^^^^^^^^^^^^^^^  ^^^^^^^  ^^^^^^^^  ^^^^
[INFO] [stdout] 9 |     comments::{Comment, CommentKind, Comments}
[INFO] [stdout]   |                ^^^^^^^  ^^^^^^^^^^^
[INFO] [stdout] 
[INFO] [stdout] 
[INFO] [stdout] warning: unused imports: `PluginCommentsProxy`, `TransformPluginProgramMetadata`, and `plugin_transform`
[INFO] [stdout]   --> src/shared/structs.rs:11:24
[INFO] [stdout]    |
[INFO] [stdout] 11 | use swc_core::plugin::{plugin_transform, proxies::{TransformPluginProgramMetadata, PluginCommentsProxy}};
[INFO] [stdout]    |                        ^^^^^^^^^^^^^^^^            ^^^^^^^^^^^^^^^^^^^^^^^^^^^^^^  ^^^^^^^^^^^^^^^^^^^
[INFO] [stdout] 
[INFO] [stdout] 
[INFO] [stdout] warning: unused import: `serde_json::Value`
[INFO] [stdout]   --> src/shared/structs.rs:12:5
[INFO] [stdout]    |
[INFO] [stdout] 12 | use serde_json::Value;
[INFO] [stdout]    |     ^^^^^^^^^^^^^^^^^
[INFO] [stdout] 
[INFO] [stdout] 
[INFO] [stdout] warning: unnecessary parentheses around function argument
[INFO] [stdout]    --> src/lib.rs:185:55
[INFO] [stdout]     |
[INFO] [stdout] 185 |                     expr: Box::new(Expr::Lit(Lit::Str((Str {
[INFO] [stdout]     |                                                       ^
[INFO] [stdout] ...
[INFO] [stdout] 190 |                     }))))
[INFO] [stdout]     |                      ^
[INFO] [stdout]     |
[INFO] [stdout]     = note: `#[warn(unused_parens)]` on by default
[INFO] [stdout] help: remove these parentheses
[INFO] [stdout]     |
[INFO] [stdout] 185 ~                     expr: Box::new(Expr::Lit(Lit::Str(Str {
[INFO] [stdout] 186 |                         // dummy_with_cmt 包含上下文信息的 Dummy Span
[INFO] [stdout] ...
[INFO] [stdout] 189 |                         raw: None
[INFO] [stdout] 190 ~                     })))
[INFO] [stdout]     |
[INFO] [stdout] 
[INFO] [stdout] 
[INFO] [stdout] warning: unused import: `Read`
[INFO] [stdout]   --> src/lib.rs:23:23
[INFO] [stdout]    |
[INFO] [stdout] 23 |     fmt::format, io::{Read, Write}, path::Path, fs::OpenOptions, env,
[INFO] [stdout]    |                       ^^^^
[INFO] [stdout] 
[INFO] [stdout] 
[INFO] [stdout] warning: unused variable: `span`
[INFO] [stdout]   --> src/lib.rs:95:29
[INFO] [stdout]    |
[INFO] [stdout] 95 | ...                   span,
[INFO] [stdout]    |                       ^^^^ help: try ignoring the field: `span: _`
[INFO] [stdout]    |
[INFO] [stdout]    = note: `#[warn(unused_variables)]` on by default
[INFO] [stdout] 
[INFO] [stdout] 
[INFO] [stdout] warning: value assigned to `v` is never read
[INFO] [stdout]    --> src/lib.rs:113:45
[INFO] [stdout]     |
[INFO] [stdout] 113 | ...                   let mut v: serde_json::Value = Value::Null;
[INFO] [stdout]     |                               ^
[INFO] [stdout]     |
[INFO] [stdout]     = help: maybe it is overwritten before being read?
[INFO] [stdout]     = note: `#[warn(unused_assignments)]` on by default
[INFO] [stdout] 
[INFO] [stdout] 
[INFO] [stdout] warning: value assigned to `max_value` is never read
[INFO] [stdout]    --> src/lib.rs:149:61
[INFO] [stdout]     |
[INFO] [stdout] 149 | ...                   let mut max_value = 0 as i64;
[INFO] [stdout]     |                               ^^^^^^^^^
[INFO] [stdout]     |
[INFO] [stdout]     = help: maybe it is overwritten before being read?
[INFO] [stdout] 
[INFO] [stdout] 
[INFO] [stdout] warning: creating a mutable reference to mutable static is discouraged
[INFO] [stdout]   --> src/lib.rs:46:14
[INFO] [stdout]    |
[INFO] [stdout] 46 |             *STD_ONCE_COUNTER.borrow_mut() = Some(Mutex::new(0));
[INFO] [stdout]    |              ^^^^^^^^^^^^^^^^^^^^^^^^^^^^^ mutable reference to mutable static
[INFO] [stdout]    |
[INFO] [stdout]    = note: for more information, see <https://doc.rust-lang.org/nightly/edition-guide/rust-2024/static-mut-references.html>
[INFO] [stdout]    = note: mutable references to mutable statics are dangerous; it's undefined behavior if any other pointer to the static is used or if any other reference is created for the static while the mutable reference lives
[INFO] [stdout]    = note: `#[warn(static_mut_refs)]` on by default
[INFO] [stdout] 
[INFO] [stdout] 
[INFO] [stdout] warning: creating a shared reference to mutable static is discouraged
[INFO] [stdout]   --> src/lib.rs:49:14
[INFO] [stdout]    |
[INFO] [stdout] 49 |     unsafe { STD_ONCE_COUNTER.as_ref().unwrap() }
[INFO] [stdout]    |              ^^^^^^^^^^^^^^^^^^^^^^^^^ shared reference to mutable static
[INFO] [stdout]    |
[INFO] [stdout]    = note: for more information, see <https://doc.rust-lang.org/nightly/edition-guide/rust-2024/static-mut-references.html>
[INFO] [stdout]    = note: shared references to mutable statics are dangerous; it's undefined behavior if the static is mutated or if a mutable reference is created for it while the shared reference lives
[INFO] [stdout] 
[INFO] [stdout] 
[INFO] [stdout] warning: creating a mutable reference to mutable static is discouraged
[INFO] [stdout]   --> src/lib.rs:55:14
[INFO] [stdout]    |
[INFO] [stdout] 55 |             *JSON_VALUE.borrow_mut() = Some(Mutex::new(Value::Null));
[INFO] [stdout]    |              ^^^^^^^^^^^^^^^^^^^^^^^ mutable reference to mutable static
[INFO] [stdout]    |
[INFO] [stdout]    = note: for more information, see <https://doc.rust-lang.org/nightly/edition-guide/rust-2024/static-mut-references.html>
[INFO] [stdout]    = note: mutable references to mutable statics are dangerous; it's undefined behavior if any other pointer to the static is used or if any other reference is created for the static while the mutable reference lives
[INFO] [stdout] 
[INFO] [stdout] 
[INFO] [stdout] warning: creating a shared reference to mutable static is discouraged
[INFO] [stdout]   --> src/lib.rs:58:14
[INFO] [stdout]    |
[INFO] [stdout] 58 |     unsafe { JSON_VALUE.as_ref().unwrap() }
[INFO] [stdout]    |              ^^^^^^^^^^^^^^^^^^^ shared reference to mutable static
[INFO] [stdout]    |
[INFO] [stdout]    = note: for more information, see <https://doc.rust-lang.org/nightly/edition-guide/rust-2024/static-mut-references.html>
[INFO] [stdout]    = note: shared references to mutable statics are dangerous; it's undefined behavior if the static is mutated or if a mutable reference is created for it while the shared reference lives
[INFO] [stdout] 
[INFO] [stdout] 
[INFO] [stdout] warning: variable `jsChunkPos` should have a snake case name
[INFO] [stdout]    --> src/lib.rs:124:49
[INFO] [stdout]     |
[INFO] [stdout] 124 | ...                   if let Some(jsChunkPos) = v.get("jsChunkPos") {
[INFO] [stdout]     |                                   ^^^^^^^^^^ help: convert the identifier to snake case: `js_chunk_pos`
[INFO] [stdout]     |
[INFO] [stdout]     = note: `#[warn(non_snake_case)]` on by default
[INFO] [stdout] 
[INFO] [stdout] 
[INFO] [stdout] warning: unused `Result` that must be used
[INFO] [stdout]    --> src/lib.rs:162:53
[INFO] [stdout]     |
[INFO] [stdout] 162 | ...                   write!(file, "{}", file_insert_string.as_str());
[INFO] [stdout]     |                       ^^^^^^^^^^^^^^^^^^^^^^^^^^^^^^^^^^^^^^^^^^^^^^^
[INFO] [stdout]     |
[INFO] [stdout]     = note: this `Result` may be an `Err` variant, which should be handled
[INFO] [stdout]     = note: `#[warn(unused_must_use)]` on by default
[INFO] [stdout]     = note: this warning originates in the macro `write` (in Nightly builds, run with -Z macro-backtrace for more info)
[INFO] [stdout] 
[INFO] [stdout] 
[INFO] [stderr]     Finished `test` profile [unoptimized + debuginfo] target(s) in 5.03s
[INFO] running `Command { std: "docker" "inspect" "8abd5b06dbc2cc7048a3428e1ff065f74e60b33c7fbbde7cd9c33376b42231f6", kill_on_drop: false }`
[INFO] running `Command { std: "docker" "rm" "-f" "8abd5b06dbc2cc7048a3428e1ff065f74e60b33c7fbbde7cd9c33376b42231f6", kill_on_drop: false }`
[INFO] [stdout] 8abd5b06dbc2cc7048a3428e1ff065f74e60b33c7fbbde7cd9c33376b42231f6
[INFO] running `Command { std: "docker" "create" "-v" "/var/lib/crater-agent-workspace/builds/worker-7-tc1/target:/opt/rustwide/target:rw,Z" "-v" "/var/lib/crater-agent-workspace/builds/worker-7-tc1/source:/opt/rustwide/workdir:ro,Z" "-v" "/var/lib/crater-agent-workspace/cargo-home:/opt/rustwide/cargo-home:ro,Z" "-v" "/var/lib/crater-agent-workspace/rustup-home:/opt/rustwide/rustup-home:ro,Z" "-e" "SOURCE_DIR=/opt/rustwide/workdir" "-e" "CARGO_TARGET_DIR=/opt/rustwide/target" "-e" "CARGO_INCREMENTAL=0" "-e" "RUST_BACKTRACE=full" "-e" "RUSTFLAGS=--cap-lints=forbid" "-e" "RUSTDOCFLAGS=--cap-lints=forbid" "-e" "CARGO_HOME=/opt/rustwide/cargo-home" "-e" "RUSTUP_HOME=/opt/rustwide/rustup-home" "-w" "/opt/rustwide/workdir" "-m" "1610612736" "--user" "0:0" "--network" "none" "ghcr.io/rust-lang/crates-build-env/linux@sha256:819108c5571ea2e421544af4d832f968d213c87fbe3707a016657f43d2f853bc" "/opt/rustwide/cargo-home/bin/cargo" "+nightly-2025-01-18" "test" "--frozen", kill_on_drop: false }`
[INFO] [stdout] 7f784cfa46bb8694d727b72aab9700126b1cd7e318355c3d38847d408e21414a
[INFO] running `Command { std: "docker" "start" "-a" "7f784cfa46bb8694d727b72aab9700126b1cd7e318355c3d38847d408e21414a", kill_on_drop: false }`
[INFO] [stderr] warning: unused imports: `FoldWith`, `as_folder`, and `transforms::testing::test_inline`
[INFO] [stderr]  --> src/lib.rs:3:5
[INFO] [stderr]   |
[INFO] [stderr] 3 |     transforms::testing::test_inline,
[INFO] [stderr]   |     ^^^^^^^^^^^^^^^^^^^^^^^^^^^^^^^^
[INFO] [stderr] 4 |     visit::{as_folder, FoldWith, VisitMut},
[INFO] [stderr]   |             ^^^^^^^^^  ^^^^^^^^
[INFO] [stderr]   |
[INFO] [stderr]   = note: `#[warn(unused_imports)]` on by default
[INFO] [stderr] 
[INFO] [stderr] warning: unused imports: `BytePos`, `SourceMapperDyn`, `SyntaxContext`, and `plugin::metadata`
[INFO] [stderr]   --> src/lib.rs:11:5
[INFO] [stderr]    |
[INFO] [stderr] 11 |     BytePos, SourceMapperDyn, Spanned, DUMMY_SP, Span, SyntaxContext,
[INFO] [stderr]    |     ^^^^^^^  ^^^^^^^^^^^^^^^                           ^^^^^^^^^^^^^
[INFO] [stderr] 12 |     comments::{Comment, CommentKind, Comments},
[INFO] [stderr] 13 |     plugin::metadata
[INFO] [stderr]    |     ^^^^^^^^^^^^^^^^
[INFO] [stderr] 
[INFO] [stderr] warning: unused import: `de::value`
[INFO] [stderr]   --> src/lib.rs:19:13
[INFO] [stderr]    |
[INFO] [stderr] 19 | use serde::{de::value, Deserialize};
[INFO] [stderr]    |             ^^^^^^^^^
[INFO] [stderr] 
[INFO] [stderr] warning: unused imports: `Map`, `from_str`, and `to_string_pretty`
[INFO] [stderr]   --> src/lib.rs:20:25
[INFO] [stderr]    |
[INFO] [stderr] 20 | use serde_json::{Value, to_string_pretty, from_str, Map};
[INFO] [stderr]    |                         ^^^^^^^^^^^^^^^^  ^^^^^^^^  ^^^
[INFO] [stderr] 
[INFO] [stderr] warning: unused import: `fmt::format`
[INFO] [stderr]   --> src/lib.rs:23:5
[INFO] [stderr]    |
[INFO] [stderr] 23 |     fmt::format, io::{Read, Write}, path::Path, fs::OpenOptions, env,
[INFO] [stderr]    |     ^^^^^^^^^^^
[INFO] [stderr] 
[INFO] [stderr] warning: unused import: `swc_common::plugin::metadata`
[INFO] [stderr]  --> src/shared/structs.rs:1:5
[INFO] [stderr]   |
[INFO] [stderr] 1 | use swc_common::plugin::metadata;
[INFO] [stderr]   |     ^^^^^^^^^^^^^^^^^^^^^^^^^^^^
[INFO] [stderr] 
[INFO] [stderr] warning: unused imports: `FoldWith`, `VisitMut`, `as_folder`, `ast::*`, and `transforms::testing::test_inline`
[INFO] [stderr]  --> src/shared/structs.rs:3:5
[INFO] [stderr]   |
[INFO] [stderr] 3 |     ast::*,
[INFO] [stderr]   |     ^^^^^^
[INFO] [stderr] 4 |     transforms::testing::test_inline,
[INFO] [stderr]   |     ^^^^^^^^^^^^^^^^^^^^^^^^^^^^^^^^
[INFO] [stderr] 5 |     visit::{as_folder, FoldWith, VisitMut},
[INFO] [stderr]   |             ^^^^^^^^^  ^^^^^^^^  ^^^^^^^^
[INFO] [stderr] 
[INFO] [stderr] warning: unused imports: `BytePos`, `CommentKind`, `Comment`, `DUMMY_SP`, `SourceMapperDyn`, `Span`, and `Spanned`
[INFO] [stderr]  --> src/shared/structs.rs:8:5
[INFO] [stderr]   |
[INFO] [stderr] 8 |     BytePos, SourceMapperDyn, Spanned, DUMMY_SP, Span,
[INFO] [stderr]   |     ^^^^^^^  ^^^^^^^^^^^^^^^  ^^^^^^^  ^^^^^^^^  ^^^^
[INFO] [stderr] 9 |     comments::{Comment, CommentKind, Comments}
[INFO] [stderr]   |                ^^^^^^^  ^^^^^^^^^^^
[INFO] [stderr] 
[INFO] [stderr] warning: unused imports: `PluginCommentsProxy`, `TransformPluginProgramMetadata`, and `plugin_transform`
[INFO] [stderr]   --> src/shared/structs.rs:11:24
[INFO] [stderr]    |
[INFO] [stderr] 11 | use swc_core::plugin::{plugin_transform, proxies::{TransformPluginProgramMetadata, PluginCommentsProxy}};
[INFO] [stderr]    |                        ^^^^^^^^^^^^^^^^            ^^^^^^^^^^^^^^^^^^^^^^^^^^^^^^  ^^^^^^^^^^^^^^^^^^^
[INFO] [stderr] 
[INFO] [stderr] warning: unused import: `serde_json::Value`
[INFO] [stderr]   --> src/shared/structs.rs:12:5
[INFO] [stderr]    |
[INFO] [stderr] 12 | use serde_json::Value;
[INFO] [stderr]    |     ^^^^^^^^^^^^^^^^^
[INFO] [stderr] 
[INFO] [stderr] warning: unnecessary parentheses around function argument
[INFO] [stderr]    --> src/lib.rs:185:55
[INFO] [stderr]     |
[INFO] [stderr] 185 |                     expr: Box::new(Expr::Lit(Lit::Str((Str {
[INFO] [stderr]     |                                                       ^
[INFO] [stderr] ...
[INFO] [stderr] 190 |                     }))))
[INFO] [stderr]     |                      ^
[INFO] [stderr]     |
[INFO] [stderr]     = note: `#[warn(unused_parens)]` on by default
[INFO] [stderr] help: remove these parentheses
[INFO] [stderr]     |
[INFO] [stderr] 185 ~                     expr: Box::new(Expr::Lit(Lit::Str(Str {
[INFO] [stderr] 186 |                         // dummy_with_cmt 包含上下文信息的 Dummy Span
[INFO] [stderr] ...
[INFO] [stderr] 189 |                         raw: None
[INFO] [stderr] 190 ~                     })))
[INFO] [stderr]     |
[INFO] [stderr] 
[INFO] [stderr] warning: unused import: `Read`
[INFO] [stderr]   --> src/lib.rs:23:23
[INFO] [stderr]    |
[INFO] [stderr] 23 |     fmt::format, io::{Read, Write}, path::Path, fs::OpenOptions, env,
[INFO] [stderr]    |                       ^^^^
[INFO] [stderr] 
[INFO] [stderr] warning: unused variable: `span`
[INFO] [stderr]   --> src/lib.rs:95:29
[INFO] [stderr]    |
[INFO] [stderr] 95 | ...                   span,
[INFO] [stderr]    |                       ^^^^ help: try ignoring the field: `span: _`
[INFO] [stderr]    |
[INFO] [stderr]    = note: `#[warn(unused_variables)]` on by default
[INFO] [stderr] 
[INFO] [stderr] warning: value assigned to `v` is never read
[INFO] [stderr]    --> src/lib.rs:113:45
[INFO] [stderr]     |
[INFO] [stderr] 113 | ...                   let mut v: serde_json::Value = Value::Null;
[INFO] [stderr]     |                               ^
[INFO] [stderr]     |
[INFO] [stderr]     = help: maybe it is overwritten before being read?
[INFO] [stderr]     = note: `#[warn(unused_assignments)]` on by default
[INFO] [stderr] 
[INFO] [stderr] warning: value assigned to `max_value` is never read
[INFO] [stderr]    --> src/lib.rs:149:61
[INFO] [stderr]     |
[INFO] [stderr] 149 | ...                   let mut max_value = 0 as i64;
[INFO] [stderr]     |                               ^^^^^^^^^
[INFO] [stderr]     |
[INFO] [stderr]     = help: maybe it is overwritten before being read?
[INFO] [stderr] 
[INFO] [stderr] warning: creating a mutable reference to mutable static is discouraged
[INFO] [stderr]   --> src/lib.rs:46:14
[INFO] [stderr]    |
[INFO] [stderr] 46 |             *STD_ONCE_COUNTER.borrow_mut() = Some(Mutex::new(0));
[INFO] [stderr]    |              ^^^^^^^^^^^^^^^^^^^^^^^^^^^^^ mutable reference to mutable static
[INFO] [stderr]    |
[INFO] [stderr]    = note: for more information, see <https://doc.rust-lang.org/nightly/edition-guide/rust-2024/static-mut-references.html>
[INFO] [stderr]    = note: mutable references to mutable statics are dangerous; it's undefined behavior if any other pointer to the static is used or if any other reference is created for the static while the mutable reference lives
[INFO] [stderr]    = note: `#[warn(static_mut_refs)]` on by default
[INFO] [stderr] 
[INFO] [stderr] warning: creating a shared reference to mutable static is discouraged
[INFO] [stderr]   --> src/lib.rs:49:14
[INFO] [stderr]    |
[INFO] [stderr] 49 |     unsafe { STD_ONCE_COUNTER.as_ref().unwrap() }
[INFO] [stderr]    |              ^^^^^^^^^^^^^^^^^^^^^^^^^ shared reference to mutable static
[INFO] [stderr]    |
[INFO] [stderr]    = note: for more information, see <https://doc.rust-lang.org/nightly/edition-guide/rust-2024/static-mut-references.html>
[INFO] [stderr]    = note: shared references to mutable statics are dangerous; it's undefined behavior if the static is mutated or if a mutable reference is created for it while the shared reference lives
[INFO] [stderr] 
[INFO] [stderr] warning: creating a mutable reference to mutable static is discouraged
[INFO] [stderr]   --> src/lib.rs:55:14
[INFO] [stderr]    |
[INFO] [stderr] 55 |             *JSON_VALUE.borrow_mut() = Some(Mutex::new(Value::Null));
[INFO] [stderr]    |              ^^^^^^^^^^^^^^^^^^^^^^^ mutable reference to mutable static
[INFO] [stderr]    |
[INFO] [stderr]    = note: for more information, see <https://doc.rust-lang.org/nightly/edition-guide/rust-2024/static-mut-references.html>
[INFO] [stderr]    = note: mutable references to mutable statics are dangerous; it's undefined behavior if any other pointer to the static is used or if any other reference is created for the static while the mutable reference lives
[INFO] [stderr] 
[INFO] [stderr] warning: creating a shared reference to mutable static is discouraged
[INFO] [stderr]   --> src/lib.rs:58:14
[INFO] [stderr]    |
[INFO] [stderr] 58 |     unsafe { JSON_VALUE.as_ref().unwrap() }
[INFO] [stderr]    |              ^^^^^^^^^^^^^^^^^^^ shared reference to mutable static
[INFO] [stderr]    |
[INFO] [stderr]    = note: for more information, see <https://doc.rust-lang.org/nightly/edition-guide/rust-2024/static-mut-references.html>
[INFO] [stderr]    = note: shared references to mutable statics are dangerous; it's undefined behavior if the static is mutated or if a mutable reference is created for it while the shared reference lives
[INFO] [stderr] 
[INFO] [stderr] warning: variable `jsChunkPos` should have a snake case name
[INFO] [stderr]    --> src/lib.rs:124:49
[INFO] [stderr]     |
[INFO] [stderr] 124 | ...                   if let Some(jsChunkPos) = v.get("jsChunkPos") {
[INFO] [stderr]     |                                   ^^^^^^^^^^ help: convert the identifier to snake case: `js_chunk_pos`
[INFO] [stderr]     |
[INFO] [stderr]     = note: `#[warn(non_snake_case)]` on by default
[INFO] [stderr] 
[INFO] [stderr] warning: unused `Result` that must be used
[INFO] [stderr]    --> src/lib.rs:162:53
[INFO] [stderr]     |
[INFO] [stderr] 162 | ...                   write!(file, "{}", file_insert_string.as_str());
[INFO] [stderr]     |                       ^^^^^^^^^^^^^^^^^^^^^^^^^^^^^^^^^^^^^^^^^^^^^^^
[INFO] [stderr]     |
[INFO] [stderr]     = note: this `Result` may be an `Err` variant, which should be handled
[INFO] [stderr]     = note: `#[warn(unused_must_use)]` on by default
[INFO] [stderr]     = note: this warning originates in the macro `write` (in Nightly builds, run with -Z macro-backtrace for more info)
[INFO] [stderr] 
[INFO] [stderr] warning: `s1s_async_import_plugin` (lib) generated 21 warnings (run `cargo fix --lib -p s1s_async_import_plugin` to apply 11 suggestions)
[INFO] [stderr] warning: `s1s_async_import_plugin` (lib test) generated 21 warnings (21 duplicates)
[INFO] [stderr] warning: unused import: `FixtureTestConfig`
[INFO] [stderr]  --> tests/fixture.rs:7:49
[INFO] [stderr]   |
[INFO] [stderr] 7 | use swc_ecma_transforms_testing::{test_fixture, FixtureTestConfig};
[INFO] [stderr]   |                                                 ^^^^^^^^^^^^^^^^^
[INFO] [stderr]   |
[INFO] [stderr]   = note: `#[warn(unused_imports)]` on by default
[INFO] [stderr] 
[INFO] [stderr] warning: `s1s_async_import_plugin` (test "fixture") generated 1 warning (run `cargo fix --test "fixture"` to apply 1 suggestion)
[INFO] [stderr]     Finished `test` profile [unoptimized + debuginfo] target(s) in 0.27s
[INFO] [stderr]      Running unittests src/lib.rs (/opt/rustwide/target/debug/deps/s1s_async_import_plugin-1a9c613fac844f8f)
[INFO] [stdout] 
[INFO] [stdout] running 0 tests
[INFO] [stdout] 
[INFO] [stdout] test result: ok. 0 passed; 0 failed; 0 ignored; 0 measured; 0 filtered out; finished in 0.00s
[INFO] [stdout] 
[INFO] [stderr]      Running tests/fixture.rs (/opt/rustwide/target/debug/deps/fixture-be8ffd401cf28e17)
[INFO] [stdout] 
[INFO] [stdout] running 1 test
[INFO] [stdout] test fixture_tests__fixture__mixed__input_tsx ... FAILED
[INFO] [stdout] 
[INFO] [stdout] failures:
[INFO] [stdout] 
[INFO] [stdout] ---- fixture_tests__fixture__mixed__input_tsx stdout ----
[INFO] [stdout] Input: /opt/rustwide/workdir/tests/fixture/mixed/input.tsx
[INFO] [stdout] File contents: {
[INFO] [stdout]     "jsChunkPos": {
[INFO] [stdout]       "dep": {
[INFO] [stdout]         "activity-compact": 0,
[INFO] [stdout]         "auction-zone": 0,
[INFO] [stdout]         "lite": 0,
[INFO] [stdout]         "title-hd": 0,
[INFO] [stdout]         "basic": 1,
[INFO] [stdout]         "mini-prgm-list": 1,
[INFO] [stdout]         "more-friends": 1,
[INFO] [stdout]         "notice": 1,
[INFO] [stdout]         "pro": 1,
[INFO] [stdout]         "article": 47,
[INFO] [stdout]         "block-header": 10,
[INFO] [stdout]         "blur-ver-slide-one": 10,
[INFO] [stdout]         "blur-ver-slide-one~11-product-zone~14-cards~30-slideVideoAcc~49-slide-video~6-hor-slide-one~7-ver~07abb48f": 10,
[INFO] [stdout]         "red-pocket": 10,
[INFO] [stdout]         "sougou": 10,
[INFO] [stdout]         "calendar": 11,
[INFO] [stdout]         "moment": 11,
[INFO] [stdout]         "product-zone": 11,
[INFO] [stdout]         "rich-hd": 11,
[INFO] [stdout]         "service": 11,
[INFO] [stdout]         "calendar-superior": 12,
[INFO] [stdout]         "commodity": 3,
[INFO] [stdout]         "index": 39,
[INFO] [stdout]         "oz-action": 12,
[INFO] [stdout]         "weapp": 12,
[INFO] [stdout]         "account": 13,
[INFO] [stdout]         "articles": 13,
[INFO] [stdout]         "covid-service": 13,
[INFO] [stdout]         "service_recommend": 13,
[INFO] [stdout]         "stickersAlbum": 13,
[INFO] [stdout]         "cards": 14,
[INFO] [stdout]         "covid19-risk-area": 14,
[INFO] [stdout]         "finder-live": 14,
[INFO] [stdout]         "music": 14,
[INFO] [stdout]         "pedia": 42,
[INFO] [stdout]         "adjust-accounts": 15,
[INFO] [stdout]         "consult": 15,
[INFO] [stdout]         "date-info": 15,
[INFO] [stdout]         "fiction": 15,
[INFO] [stdout]         "more-service": 15,
[INFO] [stdout]         "description": 16,
[INFO] [stdout]         "news": 16,
[INFO] [stdout]         "qc-bar": 16,
[INFO] [stdout]         "rich-text": 16,
[INFO] [stdout]         "swiper": 16,
[INFO] [stdout]         "detail-with-image": 17,
[INFO] [stdout]         "qr-code-hidden": 17,
[INFO] [stdout]         "same-query-bar": 17,
[INFO] [stdout]         "video": 17,
[INFO] [stdout]         "vote": 17,
[INFO] [stdout]         "child-vaccine": 18,
[INFO] [stdout]         "episodes": 18,
[INFO] [stdout]         "exchange-rate": 18,
[INFO] [stdout]         "long-distance-bus": 18,
[INFO] [stdout]         "medical-news": 18,
[INFO] [stdout]         "expansion-panel": 19,
[INFO] [stdout]         "game": 19,
[INFO] [stdout]         "unified-account": 19,
[INFO] [stdout]         "vote-with-rate": 19,
[INFO] [stdout]         "waterfall": 19,
[INFO] [stdout]         "adv": 2,
[INFO] [stdout]         "single-module-service": 2,
[INFO] [stdout]         "time-line": 2,
[INFO] [stdout]         "universal": 2,
[INFO] [stdout]         "compact-menu": 20,
[INFO] [stdout]         "image-search-finder": 20,
[INFO] [stdout]         "lazy-loading": 20,
[INFO] [stdout]         "lottery": 34,
[INFO] [stdout]         "hot-topic": 21,
[INFO] [stdout]         "no-result": 21,
[INFO] [stdout]         "qa": 21,
[INFO] [stdout]         "traffic": 57,
[INFO] [stdout]         "archive-video": 22,
[INFO] [stdout]         "game-ranking": 22,
[INFO] [stdout]         "littleGameCard": 22,
[INFO] [stdout]         "refresh": 22,
[INFO] [stdout]         "tab-panel": 22,
[INFO] [stdout]         "finder-account": 23,
[INFO] [stdout]         "game-box": 23,
[INFO] [stdout]         "multi-specific-qa": 23,
[INFO] [stdout]         "square-division": 23,
[INFO] [stdout]         "topic": 23,
[INFO] [stdout]         "accounts": 24,
[INFO] [stdout]         "brand-activity": 24,
[INFO] [stdout]         "festival": 24,
[INFO] [stdout]         "hd": 24,
[INFO] [stdout]         "video-player-header": 24,
[INFO] [stdout]         "image-gallery": 25,
[INFO] [stdout]         "medical-encyclopedia": 25,
[INFO] [stdout]         "schedule": 25,
[INFO] [stdout]         "source-panel": 25,
[INFO] [stdout]         "hospital": 26,
[INFO] [stdout]         "image-info": 26,
[INFO] [stdout]         "multi-schedule": 26,
[INFO] [stdout]         "search-bar-panel": 26,
[INFO] [stdout]         "stickers-all": 26,
[INFO] [stdout]         "avatar-comment": 27,
[INFO] [stdout]         "link-block": 27,
[INFO] [stdout]         "pc-game": 27,
[INFO] [stdout]         "single-search-box": 27,
[INFO] [stdout]         "stickersSingle": 27,
[INFO] [stdout]         "acc": 28,
[INFO] [stdout]         "live": 8,
[INFO] [stdout]         "olympic-score": 28,
[INFO] [stdout]         "website": 28,
[INFO] [stdout]         "accAction": 29,
[INFO] [stdout]         "country-ranking": 29,
[INFO] [stdout]         "good": 29,
[INFO] [stdout]         "live-single": 29,
[INFO] [stdout]         "trending-topics": 29,
[INFO] [stdout]         "adjust-banner-box": 3,
[INFO] [stdout]         "adjust-banner-box~4-opac~6-banner~7-commodity-banner": 3,
[INFO] [stdout]         "lite-pro": 3,
[INFO] [stdout]         "panel": 3,
[INFO] [stdout]         "suicide": 3,
[INFO] [stdout]         "action": 30,
[INFO] [stdout]         "empty": 30,
[INFO] [stdout]         "pedia-links": 30,
[INFO] [stdout]         "slideVideoAcc": 30,
[INFO] [stdout]         "weibo": 30,
[INFO] [stdout]         "activity-entry": 31,
[INFO] [stdout]         "auth": 31,
[INFO] [stdout]         "inline-modal": 31,
[INFO] [stdout]         "programme-list": 31
[INFO] [stdout]       },
[INFO] [stdout]       "max": 31
[INFO] [stdout]     }
[INFO] [stdout]   }
[INFO] [stdout]   [32m INFO[0m  [32mDiagnostics will be printed to stderr as logging level is trace or debug[0m
[INFO] [stdout]     [2;3mat[0m /opt/rustwide/cargo-home/registry/src/index.crates.io-1949cf8c6b5b557f/testing-0.35.25/src/errors/stderr.rs:17
[INFO] [stdout] 
[INFO] [stdout] ----- [32mExpected[0m -----
[INFO] [stdout] 
[INFO] [stdout]   [32m INFO[0m  [32mDiagnostics will be printed to stderr as logging level is trace or debug[0m
[INFO] [stdout]     [2;3mat[0m /opt/rustwide/cargo-home/registry/src/index.crates.io-1949cf8c6b5b557f/testing-0.35.25/src/errors/stderr.rs:17
[INFO] [stdout] 
[INFO] [stdout] ----- [32mInput[0m -----
[INFO] [stdout] const c = s1sAsyncImport("@/components/async-component.vue")
[INFO] [stdout] ----- [32mActual[0m -----
[INFO] [stdout] 
[INFO] [stdout] thread 'fixture_tests__fixture__mixed__input_tsx' panicked at /opt/rustwide/workdir/src/lib.rs:145:54:
[INFO] [stdout] Failed to open or create the file: Os { code: 30, kind: ReadOnlyFilesystem, message: "Read-only file system" }
[INFO] [stdout] stack backtrace:
[INFO] [stdout]    0:     0x6281eba4bb1a - std::backtrace_rs::backtrace::libunwind::trace::hb059275cfc8d6126
[INFO] [stdout]                                at /rustc/6067b36314ab5eb2eb47cecc464545ba58e1ad24/library/std/src/../../backtrace/src/backtrace/libunwind.rs:116:5
[INFO] [stdout]    1:     0x6281eba4bb1a - std::backtrace_rs::backtrace::trace_unsynchronized::h2da071e4327ce3ee
[INFO] [stdout]                                at /rustc/6067b36314ab5eb2eb47cecc464545ba58e1ad24/library/std/src/../../backtrace/src/backtrace/mod.rs:66:5
[INFO] [stdout]    2:     0x6281eba4bb1a - std::sys::backtrace::_print_fmt::h842a1474e6f8d23f
[INFO] [stdout]                                at /rustc/6067b36314ab5eb2eb47cecc464545ba58e1ad24/library/std/src/sys/backtrace.rs:66:9
[INFO] [stdout]    3:     0x6281eba4bb1a - <std::sys::backtrace::BacktraceLock::print::DisplayBacktrace as core::fmt::Display>::fmt::h71a62eb3b9696b12
[INFO] [stdout]                                at /rustc/6067b36314ab5eb2eb47cecc464545ba58e1ad24/library/std/src/sys/backtrace.rs:39:26
[INFO] [stdout]    4:     0x6281eba75da3 - core::fmt::rt::Argument::fmt::hdb6b616786b41dc1
[INFO] [stdout]                                at /rustc/6067b36314ab5eb2eb47cecc464545ba58e1ad24/library/core/src/fmt/rt.rs:177:76
[INFO] [stdout]    5:     0x6281eba75da3 - core::fmt::write::h2cc1698af7e2d686
[INFO] [stdout]                                at /rustc/6067b36314ab5eb2eb47cecc464545ba58e1ad24/library/core/src/fmt/mod.rs:1440:21
[INFO] [stdout]    6:     0x6281eba47d93 - std::io::Write::write_fmt::hab1b4cd059a79022
[INFO] [stdout]                                at /rustc/6067b36314ab5eb2eb47cecc464545ba58e1ad24/library/std/src/io/mod.rs:1887:15
[INFO] [stdout]    7:     0x6281eba4b962 - std::sys::backtrace::BacktraceLock::print::h147fe35b4ea13b08
[INFO] [stdout]                                at /rustc/6067b36314ab5eb2eb47cecc464545ba58e1ad24/library/std/src/sys/backtrace.rs:42:9
[INFO] [stdout]    8:     0x6281eba4cf3f - std::panicking::default_hook::{{closure}}::hbd44223dbdc0d208
[INFO] [stdout]                                at /rustc/6067b36314ab5eb2eb47cecc464545ba58e1ad24/library/std/src/panicking.rs:298:22
[INFO] [stdout]    9:     0x6281eba4cd58 - std::panicking::default_hook::h20f81eb0576efcec
[INFO] [stdout]                                at /rustc/6067b36314ab5eb2eb47cecc464545ba58e1ad24/library/std/src/panicking.rs:322:9
[INFO] [stdout]   10:     0x6281eb0e55a3 - <alloc::boxed::Box<F,A> as core::ops::function::Fn<Args>>::call::hdb53814c496a4d34
[INFO] [stdout]                                at /rustc/6067b36314ab5eb2eb47cecc464545ba58e1ad24/library/alloc/src/boxed.rs:2027:9
[INFO] [stdout]   11:     0x6281eb0e55a3 - test::test_main::{{closure}}::hc0a4963c59427c24
[INFO] [stdout]                                at /rustc/6067b36314ab5eb2eb47cecc464545ba58e1ad24/library/test/src/lib.rs:134:21
[INFO] [stdout]   12:     0x6281eba4da33 - <alloc::boxed::Box<F,A> as core::ops::function::Fn<Args>>::call::h591b2225413a77e9
[INFO] [stdout]                                at /rustc/6067b36314ab5eb2eb47cecc464545ba58e1ad24/library/alloc/src/boxed.rs:2027:9
[INFO] [stdout]   13:     0x6281eba4da33 - std::panicking::rust_panic_with_hook::h625eea43051b2edc
[INFO] [stdout]                                at /rustc/6067b36314ab5eb2eb47cecc464545ba58e1ad24/library/std/src/panicking.rs:839:13
[INFO] [stdout]   14:     0x6281eba4d6ea - std::panicking::begin_panic_handler::{{closure}}::h4f9159cfbc3f6bd3
[INFO] [stdout]                                at /rustc/6067b36314ab5eb2eb47cecc464545ba58e1ad24/library/std/src/panicking.rs:704:13
[INFO] [stdout]   15:     0x6281eba4c019 - std::sys::backtrace::__rust_end_short_backtrace::h0390abce48353151
[INFO] [stdout]                                at /rustc/6067b36314ab5eb2eb47cecc464545ba58e1ad24/library/std/src/sys/backtrace.rs:168:18
[INFO] [stdout]   16:     0x6281eba4d37d - rust_begin_unwind
[INFO] [stdout]                                at /rustc/6067b36314ab5eb2eb47cecc464545ba58e1ad24/library/std/src/panicking.rs:695:5
[INFO] [stdout]   17:     0x6281eba73a90 - core::panicking::panic_fmt::h9e7c637e9e5f29c9
[INFO] [stdout]                                at /rustc/6067b36314ab5eb2eb47cecc464545ba58e1ad24/library/core/src/panicking.rs:75:14
[INFO] [stdout]   18:     0x6281eba73f66 - core::result::unwrap_failed::h7979f09313fe1849
[INFO] [stdout]                                at /rustc/6067b36314ab5eb2eb47cecc464545ba58e1ad24/library/core/src/result.rs:1704:5
[INFO] [stdout]   19:     0x6281eb1dfc9d - core::result::Result<T,E>::expect::he179222fa9d08c10
[INFO] [stdout]                                at /rustc/6067b36314ab5eb2eb47cecc464545ba58e1ad24/library/core/src/result.rs:1061:23
[INFO] [stdout]   20:     0x6281eb09f578 - s1s_async_import_plugin::<impl swc_ecma_visit::VisitMut for s1s_async_import_plugin::shared::structs::MarkExpression<C>>::visit_mut_var_declarator::ha352de68f7c97eea
[INFO] [stdout]                                at /opt/rustwide/workdir/src/lib.rs:139:64
[INFO] [stdout]   21:     0x6281eb092766 - swc_ecma_visit::visit_mut_var_declarators::{{closure}}::h055d5f8c56bbed20
[INFO] [stdout]                                at /opt/rustwide/cargo-home/registry/src/index.crates.io-1949cf8c6b5b557f/swc_ecma_visit-0.99.1/src/lib.rs:540:1
[INFO] [stdout]   22:     0x6281eb0a351a - <core::slice::iter::IterMut<T> as core::iter::traits::iterator::Iterator>::for_each::h1b2dd74eca835c3b
[INFO] [stdout]                                at /rustc/6067b36314ab5eb2eb47cecc464545ba58e1ad24/library/core/src/slice/iter/macros.rs:254:21
[INFO] [stdout]   23:     0x6281eb092742 - swc_ecma_visit::visit_mut_var_declarators::hbc8e68afdfc6d59b
[INFO] [stdout]                                at /opt/rustwide/cargo-home/registry/src/index.crates.io-1949cf8c6b5b557f/swc_ecma_visit-0.99.1/src/lib.rs:540:1
[INFO] [stdout]   24:     0x6281eb09d313 - swc_ecma_visit::VisitMut::visit_mut_var_declarators::h56083222ed683756
[INFO] [stdout]                                at /opt/rustwide/cargo-home/registry/src/index.crates.io-1949cf8c6b5b557f/swc_ecma_visit-0.99.1/src/lib.rs:540:1
[INFO] [stdout]   25:     0x6281eb08332a - swc_ecma_visit::visit_mut_var_decl::h138a737897681547
[INFO] [stdout]                                at /opt/rustwide/cargo-home/registry/src/index.crates.io-1949cf8c6b5b557f/swc_ecma_visit-0.99.1/src/lib.rs:540:1
[INFO] [stdout]   26:     0x6281eb09c1f3 - swc_ecma_visit::VisitMut::visit_mut_var_decl::hffba0577e40d6feb
[INFO] [stdout]                                at /opt/rustwide/cargo-home/registry/src/index.crates.io-1949cf8c6b5b557f/swc_ecma_visit-0.99.1/src/lib.rs:540:1
[INFO] [stdout]   27:     0x6281eb0748bc - swc_ecma_visit::visit_mut_decl::h26794bf3212625b4
[INFO] [stdout]                                at /opt/rustwide/cargo-home/registry/src/index.crates.io-1949cf8c6b5b557f/swc_ecma_visit-0.99.1/src/lib.rs:540:1
[INFO] [stdout]   28:     0x6281eb09bbf3 - swc_ecma_visit::VisitMut::visit_mut_decl::ha99326cb24e8b03f
[INFO] [stdout]                                at /opt/rustwide/cargo-home/registry/src/index.crates.io-1949cf8c6b5b557f/swc_ecma_visit-0.99.1/src/lib.rs:540:1
[INFO] [stdout]   29:     0x6281eb075215 - swc_ecma_visit::visit_mut_stmt::h463b91f288a65342
[INFO] [stdout]                                at /opt/rustwide/cargo-home/registry/src/index.crates.io-1949cf8c6b5b557f/swc_ecma_visit-0.99.1/src/lib.rs:540:1
[INFO] [stdout]   30:     0x6281eb09bcb3 - swc_ecma_visit::VisitMut::visit_mut_stmt::hcd7bf84c2ca1560b
[INFO] [stdout]                                at /opt/rustwide/cargo-home/registry/src/index.crates.io-1949cf8c6b5b557f/swc_ecma_visit-0.99.1/src/lib.rs:540:1
[INFO] [stdout]   31:     0x6281eb089d6b - swc_ecma_visit::visit_mut_module_item::h354b3924d4a6948e
[INFO] [stdout]                                at /opt/rustwide/cargo-home/registry/src/index.crates.io-1949cf8c6b5b557f/swc_ecma_visit-0.99.1/src/lib.rs:540:1
[INFO] [stdout]   32:     0x6281eb09c873 - swc_ecma_visit::VisitMut::visit_mut_module_item::hc11deecf3f117e5a
[INFO] [stdout]                                at /opt/rustwide/cargo-home/registry/src/index.crates.io-1949cf8c6b5b557f/swc_ecma_visit-0.99.1/src/lib.rs:540:1
[INFO] [stdout]   33:     0x6281eb08c526 - swc_ecma_visit::visit_mut_module_items::{{closure}}::h7f6b3c8a19a0cdee
[INFO] [stdout]                                at /opt/rustwide/cargo-home/registry/src/index.crates.io-1949cf8c6b5b557f/swc_ecma_visit-0.99.1/src/lib.rs:540:1
[INFO] [stdout]   34:     0x6281eb0a3d8a - <core::slice::iter::IterMut<T> as core::iter::traits::iterator::Iterator>::for_each::ha12cfce0e3aac487
[INFO] [stdout]                                at /rustc/6067b36314ab5eb2eb47cecc464545ba58e1ad24/library/core/src/slice/iter/macros.rs:254:21
[INFO] [stdout]   35:     0x6281eb08c502 - swc_ecma_visit::visit_mut_module_items::h46b86c261df3f06a
[INFO] [stdout]                                at /opt/rustwide/cargo-home/registry/src/index.crates.io-1949cf8c6b5b557f/swc_ecma_visit-0.99.1/src/lib.rs:540:1
[INFO] [stdout]   36:     0x6281eb09caf3 - swc_ecma_visit::VisitMut::visit_mut_module_items::h44bf42719e994593
[INFO] [stdout]                                at /opt/rustwide/cargo-home/registry/src/index.crates.io-1949cf8c6b5b557f/swc_ecma_visit-0.99.1/src/lib.rs:540:1
[INFO] [stdout]   37:     0x6281eb07deee - swc_ecma_visit::visit_mut_module::h6dd0885e9d957c16
[INFO] [stdout]                                at /opt/rustwide/cargo-home/registry/src/index.crates.io-1949cf8c6b5b557f/swc_ecma_visit-0.99.1/src/lib.rs:540:1
[INFO] [stdout]   38:     0x6281eb09bdf3 - swc_ecma_visit::VisitMut::visit_mut_module::h43d0d4d03fb67527
[INFO] [stdout]                                at /opt/rustwide/cargo-home/registry/src/index.crates.io-1949cf8c6b5b557f/swc_ecma_visit-0.99.1/src/lib.rs:540:1
[INFO] [stdout]   39:     0x6281eb080956 - swc_ecma_visit::visit_mut_program::hfa3621de6c3de8ec
[INFO] [stdout]                                at /opt/rustwide/cargo-home/registry/src/index.crates.io-1949cf8c6b5b557f/swc_ecma_visit-0.99.1/src/lib.rs:540:1
[INFO] [stdout]   40:     0x6281eb09bf73 - swc_ecma_visit::VisitMut::visit_mut_program::h26e6ec286a53dd19
[INFO] [stdout]                                at /opt/rustwide/cargo-home/registry/src/index.crates.io-1949cf8c6b5b557f/swc_ecma_visit-0.99.1/src/lib.rs:540:1
[INFO] [stdout]   41:     0x6281eb0a32ae - <swc_ecma_ast::module::Program as swc_ecma_visit::VisitMutWith<V>>::visit_mut_with::h4aabcb0097ec48b8
[INFO] [stdout]                                at /opt/rustwide/cargo-home/registry/src/index.crates.io-1949cf8c6b5b557f/swc_ecma_visit-0.99.1/src/lib.rs:540:1
[INFO] [stdout]   42:     0x6281eb09af15 - <swc_ecma_visit::Folder<V> as swc_ecma_visit::Fold>::fold_program::h07af8a1afbdb35ff
[INFO] [stdout]                                at /opt/rustwide/cargo-home/registry/src/index.crates.io-1949cf8c6b5b557f/swc_ecma_visit-0.99.1/src/lib.rs:291:13
[INFO] [stdout]   43:     0x6281eb1fa1c1 - <alloc::boxed::Box<V> as swc_ecma_visit::Fold>::fold_program::h8e3d09722e7104c7
[INFO] [stdout]                                at /opt/rustwide/cargo-home/registry/src/index.crates.io-1949cf8c6b5b557f/swc_ecma_visit-0.99.1/src/lib.rs:540:1
[INFO] [stdout]   44:     0x6281eb1fcec2 - <swc_ecma_ast::module::Program as swc_ecma_visit::FoldWith<V>>::fold_with::hdc0ffe4ba306864a
[INFO] [stdout]                                at /opt/rustwide/cargo-home/registry/src/index.crates.io-1949cf8c6b5b557f/swc_ecma_visit-0.99.1/src/lib.rs:540:1
[INFO] [stdout]   45:     0x6281eb13de0c - swc_ecma_transforms_testing::Tester::apply_transform::h51988d9738bbe6bd
[INFO] [stdout]                                at /opt/rustwide/cargo-home/registry/src/index.crates.io-1949cf8c6b5b557f/swc_ecma_transforms_testing-0.141.1/src/lib.rs:185:22
[INFO] [stdout]   46:     0x6281eb13ffad - swc_ecma_transforms_testing::test_fixture_inner::{{closure}}::h6ff6c802e6f75775
[INFO] [stdout]                                at /opt/rustwide/cargo-home/registry/src/index.crates.io-1949cf8c6b5b557f/swc_ecma_transforms_testing-0.141.1/src/lib.rs:891:22
[INFO] [stdout]   47:     0x6281eb13ce6a - swc_ecma_transforms_testing::Tester::run_captured::{{closure}}::{{closure}}::{{closure}}::hcdbde6e6530ebb98
[INFO] [stdout]                                at /opt/rustwide/cargo-home/registry/src/index.crates.io-1949cf8c6b5b557f/swc_ecma_transforms_testing-0.141.1/src/lib.rs:92:34
[INFO] [stdout]   48:     0x6281eb1e0d38 - scoped_tls::ScopedKey<T>::set::h347c24932894f31b
[INFO] [stdout]                                at /opt/rustwide/cargo-home/registry/src/index.crates.io-1949cf8c6b5b557f/scoped-tls-1.0.1/src/lib.rs:137:9
[INFO] [stdout]   49:     0x6281eb214037 - better_scoped_tls::ScopedKey<T>::set::h88e5df4c4f9f1cdc
[INFO] [stdout]                                at /opt/rustwide/cargo-home/registry/src/index.crates.io-1949cf8c6b5b557f/better_scoped_tls-0.1.1/src/lib.rs:55:9
[INFO] [stdout]   50:     0x6281eb13cd4a - swc_ecma_transforms_testing::Tester::run_captured::{{closure}}::{{closure}}::h1c75ec3a5b1352d2
[INFO] [stdout]                                at /opt/rustwide/cargo-home/registry/src/index.crates.io-1949cf8c6b5b557f/swc_ecma_transforms_testing-0.141.1/src/lib.rs:91:17
[INFO] [stdout]   51:     0x6281eb1e0be8 - scoped_tls::ScopedKey<T>::set::h31e19575ad2ee1de
[INFO] [stdout]                                at /opt/rustwide/cargo-home/registry/src/index.crates.io-1949cf8c6b5b557f/scoped-tls-1.0.1/src/lib.rs:137:9
[INFO] [stdout]   52:     0x6281eb214017 - better_scoped_tls::ScopedKey<T>::set::h4019d61e05e57821
[INFO] [stdout]                                at /opt/rustwide/cargo-home/registry/src/index.crates.io-1949cf8c6b5b557f/better_scoped_tls-0.1.1/src/lib.rs:55:9
[INFO] [stdout]   53:     0x6281eb13cc10 - swc_ecma_transforms_testing::Tester::run_captured::{{closure}}::h7a9929c9c1900f47
[INFO] [stdout]                                at /opt/rustwide/cargo-home/registry/src/index.crates.io-1949cf8c6b5b557f/swc_ecma_transforms_testing-0.141.1/src/lib.rs:90:13
[INFO] [stdout]   54:     0x6281eb20901a - testing::Tester::print_errors::{{closure}}::h109bdefe9412abe0
[INFO] [stdout]                                at /opt/rustwide/cargo-home/registry/src/index.crates.io-1949cf8c6b5b557f/testing-0.35.25/src/lib.rs:173:64
[INFO] [stdout]   55:     0x6281eb1e10af - scoped_tls::ScopedKey<T>::set::hb12e3eeb1e63f1b9
[INFO] [stdout]                                at /opt/rustwide/cargo-home/registry/src/index.crates.io-1949cf8c6b5b557f/scoped-tls-1.0.1/src/lib.rs:137:9
[INFO] [stdout]   56:     0x6281eb213ff7 - better_scoped_tls::ScopedKey<T>::set::h1511df12c9e9f477
[INFO] [stdout]                                at /opt/rustwide/cargo-home/registry/src/index.crates.io-1949cf8c6b5b557f/better_scoped_tls-0.1.1/src/lib.rs:55:9
[INFO] [stdout]   57:     0x6281eb208d96 - testing::Tester::print_errors::h7da0a8dc58bb8345
[INFO] [stdout]                                at /opt/rustwide/cargo-home/registry/src/index.crates.io-1949cf8c6b5b557f/testing-0.35.25/src/lib.rs:173:22
[INFO] [stdout]   58:     0x6281eb13ca0c - swc_ecma_transforms_testing::Tester::run_captured::h56bf681e0248166e
[INFO] [stdout]                                at /opt/rustwide/cargo-home/registry/src/index.crates.io-1949cf8c6b5b557f/swc_ecma_transforms_testing-0.141.1/src/lib.rs:89:22
[INFO] [stdout]   59:     0x6281eb13ea10 - swc_ecma_transforms_testing::test_fixture_inner::h04d82d6d79644cc6
[INFO] [stdout]                                at /opt/rustwide/cargo-home/registry/src/index.crates.io-1949cf8c6b5b557f/swc_ecma_transforms_testing-0.141.1/src/lib.rs:884:32
[INFO] [stdout]   60:     0x6281eb0a4e34 - swc_ecma_transforms_testing::test_fixture::h39427b5a7a95b2ff
[INFO] [stdout]                                at /opt/rustwide/cargo-home/registry/src/index.crates.io-1949cf8c6b5b557f/swc_ecma_transforms_testing-0.141.1/src/lib.rs:844:5
[INFO] [stdout]   61:     0x6281eb0ab2e8 - fixture::fixture::h739672228e2ab327
[INFO] [stdout]                                at /opt/rustwide/workdir/tests/fixture.rs:64:5
[INFO] [stdout]   62:     0x6281eb0ab48c - fixture::fixture_tests__fixture__mixed__input_tsx::hb9f68b02593bceb0
[INFO] [stdout]                                at /opt/rustwide/workdir/tests/fixture.rs:30:1
[INFO] [stdout]   63:     0x6281eb0ab427 - fixture::fixture_tests__fixture__mixed__input_tsx::{{closure}}::h3dbf857a359f90a5
[INFO] [stdout]                                at /opt/rustwide/workdir/tests/fixture.rs:30:48
[INFO] [stdout]   64:     0x6281eb0a53d6 - core::ops::function::FnOnce::call_once::hd40245b50609fdef
[INFO] [stdout]                                at /rustc/6067b36314ab5eb2eb47cecc464545ba58e1ad24/library/core/src/ops/function.rs:250:5
[INFO] [stdout]   65:     0x6281eb0eacfb - core::ops::function::FnOnce::call_once::he27718dfdd183f43
[INFO] [stdout]                                at /rustc/6067b36314ab5eb2eb47cecc464545ba58e1ad24/library/core/src/ops/function.rs:250:5
[INFO] [stdout]   66:     0x6281eb0eacfb - test::__rust_begin_short_backtrace::h4e84902998457a5d
[INFO] [stdout]                                at /rustc/6067b36314ab5eb2eb47cecc464545ba58e1ad24/library/test/src/lib.rs:632:18
[INFO] [stdout]   67:     0x6281eb0e9c33 - test::run_test_in_process::{{closure}}::h7176fd18fc1feca0
[INFO] [stdout]                                at /rustc/6067b36314ab5eb2eb47cecc464545ba58e1ad24/library/test/src/lib.rs:655:60
[INFO] [stdout]   68:     0x6281eb0e9c33 - <core::panic::unwind_safe::AssertUnwindSafe<F> as core::ops::function::FnOnce<()>>::call_once::hf79cff2a624d8cf7
[INFO] [stdout]                                at /rustc/6067b36314ab5eb2eb47cecc464545ba58e1ad24/library/core/src/panic/unwind_safe.rs:272:9
[INFO] [stdout]   69:     0x6281eb0e9c33 - std::panicking::try::do_call::h3da0561d9ab99c25
[INFO] [stdout]                                at /rustc/6067b36314ab5eb2eb47cecc464545ba58e1ad24/library/std/src/panicking.rs:587:40
[INFO] [stdout]   70:     0x6281eb0e9c33 - std::panicking::try::h41c9fa508bc61df6
[INFO] [stdout]                                at /rustc/6067b36314ab5eb2eb47cecc464545ba58e1ad24/library/std/src/panicking.rs:550:19
[INFO] [stdout]   71:     0x6281eb0e9c33 - std::panic::catch_unwind::h6b3ff07bb5afad93
[INFO] [stdout]                                at /rustc/6067b36314ab5eb2eb47cecc464545ba58e1ad24/library/std/src/panic.rs:358:14
[INFO] [stdout]   72:     0x6281eb0e9c33 - test::run_test_in_process::hc7253dd11b39b9f4
[INFO] [stdout]                                at /rustc/6067b36314ab5eb2eb47cecc464545ba58e1ad24/library/test/src/lib.rs:655:27
[INFO] [stdout]   73:     0x6281eb0e9c33 - test::run_test::{{closure}}::hfb2007f8649c30bb
[INFO] [stdout]                                at /rustc/6067b36314ab5eb2eb47cecc464545ba58e1ad24/library/test/src/lib.rs:576:43
[INFO] [stdout]   74:     0x6281eb0acd15 - test::run_test::{{closure}}::h56a17aa7a282a9f4
[INFO] [stdout]                                at /rustc/6067b36314ab5eb2eb47cecc464545ba58e1ad24/library/test/src/lib.rs:606:41
[INFO] [stdout]   75:     0x6281eb0acd15 - std::sys::backtrace::__rust_begin_short_backtrace::hd2d2d2fb8e8c6aac
[INFO] [stdout]                                at /rustc/6067b36314ab5eb2eb47cecc464545ba58e1ad24/library/std/src/sys/backtrace.rs:152:18
[INFO] [stdout]   76:     0x6281eb0b05fa - std::thread::Builder::spawn_unchecked_::{{closure}}::{{closure}}::h4faa3f9db6133423
[INFO] [stdout]                                at /rustc/6067b36314ab5eb2eb47cecc464545ba58e1ad24/library/std/src/thread/mod.rs:559:17
[INFO] [stdout]   77:     0x6281eb0b05fa - <core::panic::unwind_safe::AssertUnwindSafe<F> as core::ops::function::FnOnce<()>>::call_once::hf2e855a36a4ea846
[INFO] [stdout]                                at /rustc/6067b36314ab5eb2eb47cecc464545ba58e1ad24/library/core/src/panic/unwind_safe.rs:272:9
[INFO] [stdout]   78:     0x6281eb0b05fa - std::panicking::try::do_call::h2f73af3616c35465
[INFO] [stdout]                                at /rustc/6067b36314ab5eb2eb47cecc464545ba58e1ad24/library/std/src/panicking.rs:587:40
[INFO] [stdout]   79:     0x6281eb0b05fa - std::panicking::try::hd1660ce9efadef5a
[INFO] [stdout]                                at /rustc/6067b36314ab5eb2eb47cecc464545ba58e1ad24/library/std/src/panicking.rs:550:19
[INFO] [stdout]   80:     0x6281eb0b05fa - std::panic::catch_unwind::h5ee8d7823b8ca744
[INFO] [stdout]                                at /rustc/6067b36314ab5eb2eb47cecc464545ba58e1ad24/library/std/src/panic.rs:358:14
[INFO] [stdout]   81:     0x6281eb0b05fa - std::thread::Builder::spawn_unchecked_::{{closure}}::h53c3a1894dce8407
[INFO] [stdout]                                at /rustc/6067b36314ab5eb2eb47cecc464545ba58e1ad24/library/std/src/thread/mod.rs:557:30
[INFO] [stdout]   82:     0x6281eb0b05fa - core::ops::function::FnOnce::call_once{{vtable.shim}}::h048ce291ad4f62bf
[INFO] [stdout]                                at /rustc/6067b36314ab5eb2eb47cecc464545ba58e1ad24/library/core/src/ops/function.rs:250:5
[INFO] [stdout]   83:     0x6281eba51b3b - <alloc::boxed::Box<F,A> as core::ops::function::FnOnce<Args>>::call_once::ha52bedf99a3b4981
[INFO] [stdout]                                at /rustc/6067b36314ab5eb2eb47cecc464545ba58e1ad24/library/alloc/src/boxed.rs:2013:9
[INFO] [stdout]   84:     0x6281eba51b3b - <alloc::boxed::Box<F,A> as core::ops::function::FnOnce<Args>>::call_once::h567748934d80ccf8
[INFO] [stdout]                                at /rustc/6067b36314ab5eb2eb47cecc464545ba58e1ad24/library/alloc/src/boxed.rs:2013:9
[INFO] [stdout]   85:     0x6281eba51b3b - std::sys::pal::unix::thread::Thread::new::thread_start::h2d970728ae887adc
[INFO] [stdout]                                at /rustc/6067b36314ab5eb2eb47cecc464545ba58e1ad24/library/std/src/sys/pal/unix/thread.rs:106:17
[INFO] [stdout]   86:     0x7a5cd30cbac3 - <unknown>
[INFO] [stdout]   87:     0x7a5cd315ca04 - clone
[INFO] [stdout]   88:                0x0 - <unknown>
[INFO] [stdout] 
[INFO] [stdout] 
[INFO] [stdout] failures:
[INFO] [stdout]     fixture_tests__fixture__mixed__input_tsx
[INFO] [stdout] 
[INFO] [stdout] test result: FAILED. 0 passed; 1 failed; 0 ignored; 0 measured; 0 filtered out; finished in 0.13s
[INFO] [stdout] 
[INFO] [stderr] error: test failed, to rerun pass `--test fixture`
[INFO] running `Command { std: "docker" "inspect" "7f784cfa46bb8694d727b72aab9700126b1cd7e318355c3d38847d408e21414a", kill_on_drop: false }`
[INFO] running `Command { std: "docker" "rm" "-f" "7f784cfa46bb8694d727b72aab9700126b1cd7e318355c3d38847d408e21414a", kill_on_drop: false }`
[INFO] [stdout] 7f784cfa46bb8694d727b72aab9700126b1cd7e318355c3d38847d408e21414a
