[INFO] cloning repository https://github.com/zenria/binrep
[INFO] running `Command { std: "git" "-c" "credential.helper=" "-c" "credential.helper=/workspace/cargo-home/bin/git-credential-null" "clone" "--bare" "https://github.com/zenria/binrep" "/workspace/cache/git-repos/https%3A%2F%2Fgithub.com%2Fzenria%2Fbinrep", kill_on_drop: false }`
[INFO] [stderr] Cloning into bare repository '/workspace/cache/git-repos/https%3A%2F%2Fgithub.com%2Fzenria%2Fbinrep'...
[INFO] running `Command { std: "git" "rev-parse" "HEAD", kill_on_drop: false }`
[INFO] [stdout] 3de40bd9f12da3da147c18e8fb699607865eafc8
[INFO] testing zenria/binrep against nightly-2025-01-18 for randomize-layout-2
[INFO] running `Command { std: "git" "clone" "/workspace/cache/git-repos/https%3A%2F%2Fgithub.com%2Fzenria%2Fbinrep" "/workspace/builds/worker-5-tc1/source", kill_on_drop: false }`
[INFO] [stderr] Cloning into '/workspace/builds/worker-5-tc1/source'...
[INFO] [stderr] done.
[INFO] validating manifest of git repo https://github.com/zenria/binrep on toolchain nightly-2025-01-18
[INFO] running `Command { std: CARGO_HOME="/workspace/cargo-home" RUSTUP_HOME="/workspace/rustup-home" "/workspace/cargo-home/bin/cargo" "+nightly-2025-01-18" "metadata" "--manifest-path" "Cargo.toml" "--no-deps", kill_on_drop: false }`
[INFO] started tweaking git repo https://github.com/zenria/binrep
[INFO] finished tweaking git repo https://github.com/zenria/binrep
[INFO] tweaked toml for git repo https://github.com/zenria/binrep written to /workspace/builds/worker-5-tc1/source/Cargo.toml
[INFO] crate git repo https://github.com/zenria/binrep already has a lockfile, it will not be regenerated
[INFO] running `Command { std: CARGO_HOME="/workspace/cargo-home" RUSTUP_HOME="/workspace/rustup-home" "/workspace/cargo-home/bin/cargo" "+nightly-2025-01-18" "fetch" "--manifest-path" "Cargo.toml", kill_on_drop: false }`
[INFO] [stderr]     Updating crates.io index
[INFO] [stderr]     Blocking waiting for file lock on package cache
[INFO] [stderr]  Downloading crates ...
[INFO] [stderr]   Downloaded slack-hook3 v0.11.0
[INFO] [stderr]   Downloaded rusoto_signature v0.48.0
[INFO] [stderr]   Downloaded rusoto_credential v0.48.0
[INFO] [stderr]   Downloaded sane v0.2.1
[INFO] [stderr]   Downloaded rusoto_core v0.48.0
[INFO] [stderr]   Downloaded rusoto_s3 v0.48.0
[INFO] [stderr]   Downloaded openssl-src v300.2.3+3.2.1
[INFO] running `Command { std: "docker" "create" "-v" "/var/lib/crater-agent-workspace/builds/worker-5-tc1/target:/opt/rustwide/target:rw,Z" "-v" "/var/lib/crater-agent-workspace/builds/worker-5-tc1/source:/opt/rustwide/workdir:ro,Z" "-v" "/var/lib/crater-agent-workspace/cargo-home:/opt/rustwide/cargo-home:ro,Z" "-v" "/var/lib/crater-agent-workspace/rustup-home:/opt/rustwide/rustup-home:ro,Z" "-e" "SOURCE_DIR=/opt/rustwide/workdir" "-e" "CARGO_TARGET_DIR=/opt/rustwide/target" "-e" "CARGO_HOME=/opt/rustwide/cargo-home" "-e" "RUSTUP_HOME=/opt/rustwide/rustup-home" "-w" "/opt/rustwide/workdir" "-m" "1610612736" "--user" "0:0" "--network" "none" "ghcr.io/rust-lang/crates-build-env/linux@sha256:819108c5571ea2e421544af4d832f968d213c87fbe3707a016657f43d2f853bc" "/opt/rustwide/cargo-home/bin/cargo" "+nightly-2025-01-18" "metadata" "--no-deps" "--format-version=1", kill_on_drop: false }`
[INFO] [stdout] 9739b13bca9e8c225114b246ecf35185e6f55158a9c6453818482c9e16c7d7ef
[INFO] running `Command { std: "docker" "start" "-a" "9739b13bca9e8c225114b246ecf35185e6f55158a9c6453818482c9e16c7d7ef", kill_on_drop: false }`
[INFO] running `Command { std: "docker" "inspect" "9739b13bca9e8c225114b246ecf35185e6f55158a9c6453818482c9e16c7d7ef", kill_on_drop: false }`
[INFO] running `Command { std: "docker" "rm" "-f" "9739b13bca9e8c225114b246ecf35185e6f55158a9c6453818482c9e16c7d7ef", kill_on_drop: false }`
[INFO] [stdout] 9739b13bca9e8c225114b246ecf35185e6f55158a9c6453818482c9e16c7d7ef
[INFO] running `Command { std: "docker" "create" "-v" "/var/lib/crater-agent-workspace/builds/worker-5-tc1/target:/opt/rustwide/target:rw,Z" "-v" "/var/lib/crater-agent-workspace/builds/worker-5-tc1/source:/opt/rustwide/workdir:ro,Z" "-v" "/var/lib/crater-agent-workspace/cargo-home:/opt/rustwide/cargo-home:ro,Z" "-v" "/var/lib/crater-agent-workspace/rustup-home:/opt/rustwide/rustup-home:ro,Z" "-e" "SOURCE_DIR=/opt/rustwide/workdir" "-e" "CARGO_TARGET_DIR=/opt/rustwide/target" "-e" "CARGO_INCREMENTAL=0" "-e" "RUST_BACKTRACE=full" "-e" "RUSTFLAGS=--cap-lints=forbid" "-e" "RUSTDOCFLAGS=--cap-lints=forbid" "-e" "CARGO_HOME=/opt/rustwide/cargo-home" "-e" "RUSTUP_HOME=/opt/rustwide/rustup-home" "-w" "/opt/rustwide/workdir" "-m" "1610612736" "--user" "0:0" "--network" "none" "ghcr.io/rust-lang/crates-build-env/linux@sha256:819108c5571ea2e421544af4d832f968d213c87fbe3707a016657f43d2f853bc" "/opt/rustwide/cargo-home/bin/cargo" "+nightly-2025-01-18" "build" "--frozen" "--message-format=json", kill_on_drop: false }`
[INFO] [stdout] daf6fe707936eb00e35c0b674e82a403be77780469516f9d067c9692ad70289d
[INFO] running `Command { std: "docker" "start" "-a" "daf6fe707936eb00e35c0b674e82a403be77780469516f9d067c9692ad70289d", kill_on_drop: false }`
[INFO] [stderr]    Compiling proc-macro2 v1.0.79
[INFO] [stderr]    Compiling libc v0.2.153
[INFO] [stderr]    Compiling autocfg v1.2.0
[INFO] [stderr]    Compiling memchr v2.7.2
[INFO] [stderr]    Compiling pin-project-lite v0.2.14
[INFO] [stderr]    Compiling cc v1.0.90
[INFO] [stderr]    Compiling serde v1.0.197
[INFO] [stderr]    Compiling once_cell v1.19.0
[INFO] [stderr]    Compiling bytes v1.6.0
[INFO] [stderr]    Compiling futures-core v0.3.30
[INFO] [stderr]    Compiling futures-sink v0.3.30
[INFO] [stderr]    Compiling pkg-config v0.3.30
[INFO] [stderr]    Compiling vcpkg v0.2.15
[INFO] [stderr]    Compiling itoa v1.0.11
[INFO] [stderr]    Compiling futures-task v0.3.30
[INFO] [stderr]    Compiling futures-io v0.3.30
[INFO] [stderr]    Compiling typenum v1.17.0
[INFO] [stderr]    Compiling generic-array v0.14.7
[INFO] [stderr]    Compiling futures-channel v0.3.30
[INFO] [stderr]    Compiling log v0.4.21
[INFO] [stderr]    Compiling hashbrown v0.14.3
[INFO] [stderr]    Compiling equivalent v1.0.1
[INFO] [stderr]    Compiling bitflags v2.5.0
[INFO] [stderr]    Compiling openssl v0.10.64
[INFO] [stderr]    Compiling foreign-types-shared v0.1.1
[INFO] [stderr]    Compiling tracing-core v0.1.32
[INFO] [stderr]    Compiling try-lock v0.2.5
[INFO] [stderr]    Compiling foreign-types v0.3.2
[INFO] [stderr]    Compiling want v0.3.1
[INFO] [stderr]    Compiling httpdate v1.0.3
[INFO] [stderr]    Compiling serde_json v1.0.115
[INFO] [stderr]    Compiling percent-encoding v2.3.1
[INFO] [stderr]    Compiling slab v0.4.9
[INFO] [stderr]    Compiling http v0.2.12
[INFO] [stderr]    Compiling num-traits v0.2.18
[INFO] [stderr]    Compiling native-tls v0.2.11
[INFO] [stderr]    Compiling indexmap v2.2.6
[INFO] [stderr]    Compiling ryu v1.0.17
[INFO] [stderr]    Compiling crossbeam-utils v0.8.19
[INFO] [stderr]    Compiling semver v1.0.22
[INFO] [stderr]    Compiling iana-time-zone v0.1.60
[INFO] [stderr]    Compiling async-trait v0.1.79
[INFO] [stderr]    Compiling subtle v2.4.1
[INFO] [stderr]    Compiling quote v1.0.35
[INFO] [stderr]    Compiling opaque-debug v0.3.1
[INFO] [stderr]    Compiling http-body v0.4.6
[INFO] [stderr]    Compiling tracing v0.1.40
[INFO] [stderr]    Compiling syn v2.0.58
[INFO] [stderr]    Compiling unicode-width v0.1.11
[INFO] [stderr]    Compiling openssl-src v300.2.3+3.2.1
[INFO] [stderr]    Compiling unicode-normalization v0.1.23
[INFO] [stderr]    Compiling aho-corasick v1.1.3
[INFO] [stderr]    Compiling form_urlencoded v1.2.1
[INFO] [stderr]    Compiling unicode-bidi v0.3.15
[INFO] [stderr]    Compiling zeroize v1.7.0
[INFO] [stderr]    Compiling cpufeatures v0.2.12
[INFO] [stderr]    Compiling regex-syntax v0.8.3
[INFO] [stderr]    Compiling hex v0.4.3
[INFO] [stderr]    Compiling shlex v1.3.0
[INFO] [stderr]    Compiling crc32fast v1.4.0
[INFO] [stderr]    Compiling thiserror v1.0.58
[INFO] [stderr]    Compiling rustix v0.38.32
[INFO] [stderr]    Compiling portable-atomic v1.6.0
[INFO] [stderr]    Compiling base64 v0.21.7
[INFO] [stderr]    Compiling proc-macro-error-attr v1.0.4
[INFO] [stderr]    Compiling syn v1.0.109
[INFO] [stderr]    Compiling encoding_rs v0.8.33
[INFO] [stderr]    Compiling num_cpus v1.16.0
[INFO] [stderr]    Compiling signal-hook-registry v1.4.1
[INFO] [stderr]    Compiling mio v0.8.11
[INFO] [stderr]    Compiling socket2 v0.5.6
[INFO] [stderr]    Compiling openssl-sys v0.9.102
[INFO] [stderr]    Compiling dirs-sys-next v0.1.2
[INFO] [stderr]    Compiling idna v0.5.0
[INFO] [stderr]    Compiling dirs-next v2.0.0
[INFO] [stderr]    Compiling digest v0.9.0
[INFO] [stderr]    Compiling block-buffer v0.9.0
[INFO] [stderr]    Compiling crypto-mac v0.11.1
[INFO] [stderr]    Compiling ring v0.17.8
[INFO] [stderr]    Compiling md-5 v0.9.1
[INFO] [stderr]    Compiling sha2 v0.9.9
[INFO] [stderr]    Compiling crossbeam-epoch v0.9.18
[INFO] [stderr]    Compiling hmac v0.11.0
[INFO] [stderr]    Compiling atty v0.2.14
[INFO] [stderr]    Compiling dirs-sys v0.3.7
[INFO] [stderr]    Compiling rustls-pemfile v1.0.4
[INFO] [stderr]    Compiling linux-raw-sys v0.4.13
[INFO] [stderr]    Compiling xml-rs v0.8.20
[INFO] [stderr]    Compiling mime v0.3.17
[INFO] [stderr]    Compiling anyhow v1.0.81
[INFO] [stderr]    Compiling regex-automata v0.4.6
[INFO] [stderr]    Compiling unicode-segmentation v1.11.0
[INFO] [stderr]    Compiling ipnet v2.9.0
[INFO] [stderr]    Compiling sync_wrapper v0.1.2
[INFO] [stderr]    Compiling dirs v4.0.0
[INFO] [stderr]    Compiling crossbeam-deque v0.8.5
[INFO] [stderr]    Compiling crossbeam-queue v0.3.11
[INFO] [stderr]    Compiling crossbeam-channel v0.5.12
[INFO] [stderr]    Compiling getrandom v0.2.12
[INFO] [stderr]    Compiling console v0.15.8
[INFO] [stderr]    Compiling heck v0.3.3
[INFO] [stderr]    Compiling textwrap v0.11.0
[INFO] [stderr]    Compiling humantime v2.1.0
[INFO] [stderr]    Compiling spin v0.9.8
[INFO] [stderr]    Compiling fastrand v2.0.2
[INFO] [stderr]    Compiling strsim v0.8.0
[INFO] [stderr]    Compiling number_prefix v0.4.0
[INFO] [stderr]    Compiling untrusted v0.9.0
[INFO] [stderr]    Compiling vec_map v0.8.2
[INFO] [stderr]    Compiling utf8parse v0.2.1
[INFO] [stderr]    Compiling bitflags v1.3.2
[INFO] [stderr]    Compiling ansi_term v0.12.1
[INFO] [stderr]    Compiling crossbeam v0.8.4
[INFO] [stderr]    Compiling anstyle-parse v0.2.3
[INFO] [stderr]    Compiling shellexpand v2.1.2
[INFO] [stderr]    Compiling fs2 v0.4.3
[INFO] [stderr]    Compiling data-encoding v2.5.0
[INFO] [stderr]    Compiling clap v2.34.0
[INFO] [stderr]    Compiling indicatif v0.17.8
[INFO] [stderr]    Compiling colorchoice v1.0.0
[INFO] [stderr]    Compiling anstyle v1.0.6
[INFO] [stderr]    Compiling anstyle-query v1.0.2
[INFO] [stderr]    Compiling is-terminal v0.4.12
[INFO] [stderr]    Compiling anstream v0.6.13
[INFO] [stderr]    Compiling termcolor v1.4.1
[INFO] [stderr]    Compiling hostname v0.4.0
[INFO] [stderr]    Compiling glob v0.3.1
[INFO] [stderr]    Compiling serde_derive v1.0.197
[INFO] [stderr]    Compiling tokio-macros v2.2.0
[INFO] [stderr]    Compiling futures-macro v0.3.30
[INFO] [stderr]    Compiling openssl-macros v0.1.1
[INFO] [stderr]    Compiling thiserror-impl v1.0.58
[INFO] [stderr]    Compiling pin-project-internal v1.1.5
[INFO] [stderr]    Compiling proc-macro-error v1.0.4
[INFO] [stderr]    Compiling tempfile v3.10.1
[INFO] [stderr]    Compiling tokio v1.37.0
[INFO] [stderr]    Compiling regex v1.10.4
[INFO] [stderr]    Compiling pin-project v1.1.5
[INFO] [stderr]    Compiling env_filter v0.1.0
[INFO] [stderr]    Compiling env_logger v0.10.2
[INFO] [stderr]    Compiling env_logger v0.11.3
[INFO] [stderr]    Compiling structopt-derive v0.4.18
[INFO] [stderr]    Compiling futures-util v0.3.30
[INFO] [stderr]    Compiling structopt v0.3.26
[INFO] [stderr]    Compiling futures-executor v0.3.30
[INFO] [stderr]    Compiling futures v0.3.30
[INFO] [stderr]    Compiling tokio-util v0.7.10
[INFO] [stderr]    Compiling tokio-io-timeout v1.2.0
[INFO] [stderr]    Compiling h2 v0.3.26
[INFO] [stderr]    Compiling chrono v0.4.37
[INFO] [stderr]    Compiling serde_urlencoded v0.7.1
[INFO] [stderr]    Compiling url v2.5.0
[INFO] [stderr]    Compiling sane v0.2.1
[INFO] [stderr]    Compiling rustc_version v0.4.0
[INFO] [stderr]    Compiling rusoto_core v0.48.0
[INFO] [stderr]    Compiling hyper v0.14.28
[INFO] [stderr]    Compiling rusoto_credential v0.48.0
[INFO] [stderr]    Compiling rusoto_signature v0.48.0
[INFO] [stderr]    Compiling tokio-native-tls v0.3.1
[INFO] [stderr]    Compiling hyper-tls v0.5.0
[INFO] [stderr]    Compiling reqwest v0.11.27
[INFO] [stderr]    Compiling rusoto_s3 v0.48.0
[INFO] [stderr]    Compiling slack-hook3 v0.11.0
[INFO] [stderr]    Compiling binrep-core v0.15.3 (/opt/rustwide/workdir/binrep-core)
[INFO] [stdout] warning: a method with this name may be added to the standard library in the future
[INFO] [stdout]   --> binrep-core/src/file_utils.rs:33:24
[INFO] [stdout]    |
[INFO] [stdout] 33 |         self.lock_file.unlock();
[INFO] [stdout]    |                        ^^^^^^
[INFO] [stdout]    |
[INFO] [stdout]    = warning: once this associated item is added to the standard library, the ambiguity may cause an error or change in behavior!
[INFO] [stdout]    = note: for more information, see issue #48919 <https://github.com/rust-lang/rust/issues/48919>
[INFO] [stdout]    = help: call with fully qualified syntax `unlock(...)` to keep using the current method
[INFO] [stdout]    = note: `#[warn(unstable_name_collisions)]` on by default
[INFO] [stdout] help: add `#![feature(file_lock)]` to the crate attributes to enable `std::fs::File::unlock`
[INFO] [stdout]   --> binrep-core/src/lib.rs:6:1
[INFO] [stdout]    |
[INFO] [stdout] 6  + #![feature(file_lock)]
[INFO] [stdout]    |
[INFO] [stdout] 
[INFO] [stdout] 
[INFO] [stderr]    Compiling binrep-batch v0.15.3 (/opt/rustwide/workdir/binrep-batch)
[INFO] [stderr]    Compiling binrep v0.15.3 (/opt/rustwide/workdir/binrep)
[INFO] [stderr]     Finished `dev` profile [unoptimized + debuginfo] target(s) in 2m 25s
[INFO] running `Command { std: "docker" "inspect" "daf6fe707936eb00e35c0b674e82a403be77780469516f9d067c9692ad70289d", kill_on_drop: false }`
[INFO] running `Command { std: "docker" "rm" "-f" "daf6fe707936eb00e35c0b674e82a403be77780469516f9d067c9692ad70289d", kill_on_drop: false }`
[INFO] [stdout] daf6fe707936eb00e35c0b674e82a403be77780469516f9d067c9692ad70289d
[INFO] running `Command { std: "docker" "create" "-v" "/var/lib/crater-agent-workspace/builds/worker-5-tc1/target:/opt/rustwide/target:rw,Z" "-v" "/var/lib/crater-agent-workspace/builds/worker-5-tc1/source:/opt/rustwide/workdir:ro,Z" "-v" "/var/lib/crater-agent-workspace/cargo-home:/opt/rustwide/cargo-home:ro,Z" "-v" "/var/lib/crater-agent-workspace/rustup-home:/opt/rustwide/rustup-home:ro,Z" "-e" "SOURCE_DIR=/opt/rustwide/workdir" "-e" "CARGO_TARGET_DIR=/opt/rustwide/target" "-e" "CARGO_INCREMENTAL=0" "-e" "RUST_BACKTRACE=full" "-e" "RUSTFLAGS=--cap-lints=forbid" "-e" "RUSTDOCFLAGS=--cap-lints=forbid" "-e" "CARGO_HOME=/opt/rustwide/cargo-home" "-e" "RUSTUP_HOME=/opt/rustwide/rustup-home" "-w" "/opt/rustwide/workdir" "-m" "1610612736" "--user" "0:0" "--network" "none" "ghcr.io/rust-lang/crates-build-env/linux@sha256:819108c5571ea2e421544af4d832f968d213c87fbe3707a016657f43d2f853bc" "/opt/rustwide/cargo-home/bin/cargo" "+nightly-2025-01-18" "test" "--frozen" "--no-run" "--message-format=json", kill_on_drop: false }`
[INFO] [stdout] 83f7b24ad4ef78df6bb8a672503f34f9954a622c319aff755329c2cfea42bc33
[INFO] running `Command { std: "docker" "start" "-a" "83f7b24ad4ef78df6bb8a672503f34f9954a622c319aff755329c2cfea42bc33", kill_on_drop: false }`
[INFO] [stdout] warning: a method with this name may be added to the standard library in the future
[INFO] [stdout]   --> binrep-core/src/file_utils.rs:33:24
[INFO] [stdout]    |
[INFO] [stdout] 33 |         self.lock_file.unlock();
[INFO] [stdout]    |                        ^^^^^^
[INFO] [stdout]    |
[INFO] [stdout]    = warning: once this associated item is added to the standard library, the ambiguity may cause an error or change in behavior!
[INFO] [stdout]    = note: for more information, see issue #48919 <https://github.com/rust-lang/rust/issues/48919>
[INFO] [stdout]    = help: call with fully qualified syntax `unlock(...)` to keep using the current method
[INFO] [stdout]    = note: `#[warn(unstable_name_collisions)]` on by default
[INFO] [stdout] help: add `#![feature(file_lock)]` to the crate attributes to enable `std::fs::File::unlock`
[INFO] [stdout]   --> binrep-core/src/lib.rs:6:1
[INFO] [stdout]    |
[INFO] [stdout] 6  + #![feature(file_lock)]
[INFO] [stdout]    |
[INFO] [stdout] 
[INFO] [stdout] 
[INFO] [stderr]    Compiling binrep-core v0.15.3 (/opt/rustwide/workdir/binrep-core)
[INFO] [stderr]    Compiling binrep v0.15.3 (/opt/rustwide/workdir/binrep)
[INFO] [stderr]    Compiling binrep-batch v0.15.3 (/opt/rustwide/workdir/binrep-batch)
[INFO] [stdout] warning: a method with this name may be added to the standard library in the future
[INFO] [stdout]   --> binrep-core/src/file_utils.rs:33:24
[INFO] [stdout]    |
[INFO] [stdout] 33 |         self.lock_file.unlock();
[INFO] [stdout]    |                        ^^^^^^
[INFO] [stdout]    |
[INFO] [stdout]    = warning: once this associated item is added to the standard library, the ambiguity may cause an error or change in behavior!
[INFO] [stdout]    = note: for more information, see issue #48919 <https://github.com/rust-lang/rust/issues/48919>
[INFO] [stdout]    = help: call with fully qualified syntax `unlock(...)` to keep using the current method
[INFO] [stdout]    = note: `#[warn(unstable_name_collisions)]` on by default
[INFO] [stdout] help: add `#![feature(file_lock)]` to the crate attributes to enable `std::fs::File::unlock`
[INFO] [stdout]   --> binrep-core/src/lib.rs:6:1
[INFO] [stdout]    |
[INFO] [stdout] 6  + #![feature(file_lock)]
[INFO] [stdout]    |
[INFO] [stdout] 
[INFO] [stdout] 
[INFO] [stderr]     Finished `test` profile [unoptimized + debuginfo] target(s) in 8.10s
[INFO] running `Command { std: "docker" "inspect" "83f7b24ad4ef78df6bb8a672503f34f9954a622c319aff755329c2cfea42bc33", kill_on_drop: false }`
[INFO] running `Command { std: "docker" "rm" "-f" "83f7b24ad4ef78df6bb8a672503f34f9954a622c319aff755329c2cfea42bc33", kill_on_drop: false }`
[INFO] [stdout] 83f7b24ad4ef78df6bb8a672503f34f9954a622c319aff755329c2cfea42bc33
[INFO] running `Command { std: "docker" "create" "-v" "/var/lib/crater-agent-workspace/builds/worker-5-tc1/target:/opt/rustwide/target:rw,Z" "-v" "/var/lib/crater-agent-workspace/builds/worker-5-tc1/source:/opt/rustwide/workdir:ro,Z" "-v" "/var/lib/crater-agent-workspace/cargo-home:/opt/rustwide/cargo-home:ro,Z" "-v" "/var/lib/crater-agent-workspace/rustup-home:/opt/rustwide/rustup-home:ro,Z" "-e" "SOURCE_DIR=/opt/rustwide/workdir" "-e" "CARGO_TARGET_DIR=/opt/rustwide/target" "-e" "CARGO_INCREMENTAL=0" "-e" "RUST_BACKTRACE=full" "-e" "RUSTFLAGS=--cap-lints=forbid" "-e" "RUSTDOCFLAGS=--cap-lints=forbid" "-e" "CARGO_HOME=/opt/rustwide/cargo-home" "-e" "RUSTUP_HOME=/opt/rustwide/rustup-home" "-w" "/opt/rustwide/workdir" "-m" "1610612736" "--user" "0:0" "--network" "none" "ghcr.io/rust-lang/crates-build-env/linux@sha256:819108c5571ea2e421544af4d832f968d213c87fbe3707a016657f43d2f853bc" "/opt/rustwide/cargo-home/bin/cargo" "+nightly-2025-01-18" "test" "--frozen", kill_on_drop: false }`
[INFO] [stdout] 78fd14e6e3e8c3783e678970f722168c46460bd2d90598b0b659f5f73b1144e7
[INFO] running `Command { std: "docker" "start" "-a" "78fd14e6e3e8c3783e678970f722168c46460bd2d90598b0b659f5f73b1144e7", kill_on_drop: false }`
[INFO] [stderr] warning: a method with this name may be added to the standard library in the future
[INFO] [stderr]   --> binrep-core/src/file_utils.rs:33:24
[INFO] [stderr]    |
[INFO] [stderr] 33 |         self.lock_file.unlock();
[INFO] [stderr]    |                        ^^^^^^
[INFO] [stderr]    |
[INFO] [stderr]    = warning: once this associated item is added to the standard library, the ambiguity may cause an error or change in behavior!
[INFO] [stderr]    = note: for more information, see issue #48919 <https://github.com/rust-lang/rust/issues/48919>
[INFO] [stderr]    = help: call with fully qualified syntax `unlock(...)` to keep using the current method
[INFO] [stderr]    = note: `#[warn(unstable_name_collisions)]` on by default
[INFO] [stderr] help: add `#![feature(file_lock)]` to the crate attributes to enable `std::fs::File::unlock`
[INFO] [stderr]   --> binrep-core/src/lib.rs:6:1
[INFO] [stderr]    |
[INFO] [stderr] 6  + #![feature(file_lock)]
[INFO] [stderr]    |
[INFO] [stderr] 
[INFO] [stderr] warning: `binrep-core` (lib) generated 1 warning
[INFO] [stderr] warning: `binrep-core` (lib test) generated 1 warning (1 duplicate)
[INFO] [stderr]     Finished `test` profile [unoptimized + debuginfo] target(s) in 0.25s
[INFO] [stderr]      Running unittests src/main.rs (/opt/rustwide/target/debug/deps/binrep-1682d46e4004035f)
[INFO] [stderr]      Running unittests src/main.rs (/opt/rustwide/target/debug/deps/binrep_batch-8449c290ea588fae)
[INFO] [stdout] 
[INFO] [stdout] running 0 tests
[INFO] [stdout] 
[INFO] [stdout] test result: ok. 0 passed; 0 failed; 0 ignored; 0 measured; 0 filtered out; finished in 0.00s
[INFO] [stdout] 
[INFO] [stdout] 
[INFO] [stdout] running 1 test
[INFO] [stdout] test test::test_config ... ok
[INFO] [stdout] 
[INFO] [stdout] test result: ok. 1 passed; 0 failed; 0 ignored; 0 measured; 0 filtered out; finished in 0.00s
[INFO] [stdout] 
[INFO] [stderr]      Running unittests src/lib.rs (/opt/rustwide/target/debug/deps/binrep_core-66f157d3157ccc0f)
[INFO] [stdout] 
[INFO] [stdout] running 11 tests
[INFO] [stdout] test config::test::parse_sample_config ... ok
[INFO] [stdout] test backend::file_backend::test::test_get_path ... ok
[INFO] [stdout] test backend::file_backend::test::test_backend ... ok
[INFO] [stdout] test repository::test::validate_artifact_name ... ok
[INFO] [stdout] test binrep::test::test_alpha ... ok
[INFO] [stdout] test binrep::test::test_binrep ... ok
[INFO] [stdout] test repository::test::integration_test_file_backend ... ok
[INFO] [stdout] test binrep::test::test_sync_file_presence ... ok
[INFO] [stdout] test extended_exec::tests::stdout ... ok
[INFO] [stdout] foo
[INFO] [stdout] test extended_exec::tests::stderr ... ok
[INFO] [stderr] coucou
[INFO] [stderr] coucou
[INFO] [stdout] bar
[INFO] [stdout] test extended_exec::tests::stderrnout ... ok
[INFO] [stdout] 
[INFO] [stdout] test result: ok. 11 passed; 0 failed; 0 ignored; 0 measured; 0 filtered out; finished in 4.11s
[INFO] [stdout] 
[INFO] [stdout] 
[INFO] [stdout] running 2 tests
[INFO] [stdout] test parse_config ... ok
[INFO] [stderr]      Running tests/ed25519_signing.rs (/opt/rustwide/target/debug/deps/ed25519_signing-3d2a5ff321d6ae37)
[INFO] [stdout] test full_test ... ok
[INFO] [stdout] 
[INFO] [stderr]      Running tests/s3.rs (/opt/rustwide/target/debug/deps/s3-8fa14749fe708fee)
[INFO] [stdout] test result: ok. 2 passed; 0 failed; 0 ignored; 0 measured; 0 filtered out; finished in 0.02s
[INFO] [stdout] 
[INFO] [stdout] 
[INFO] [stdout] running 1 test
[INFO] [stdout] test test_with_current_config ... FAILED
[INFO] [stdout] 
[INFO] [stdout] failures:
[INFO] [stdout] 
[INFO] [stdout] ---- test_with_current_config stdout ----
[INFO] [stdout] 
[INFO] [stdout] thread 'test_with_current_config' panicked at binrep-core/tests/s3.rs:6:64:
[INFO] [stdout] called `Result::unwrap()` on an `Err` value: No config file provided nor config.sane file found in default locations
[INFO] [stdout] 
[INFO] [stdout] Stack backtrace:
[INFO] [stdout]    0: anyhow::error::<impl core::convert::From<E> for anyhow::Error>::from
[INFO] [stdout]              at /opt/rustwide/cargo-home/registry/src/index.crates.io-1949cf8c6b5b557f/anyhow-1.0.81/src/backtrace.rs:27:14
[INFO] [stdout]    1: <T as core::convert::Into<U>>::into
[INFO] [stdout]              at /rustc/6067b36314ab5eb2eb47cecc464545ba58e1ad24/library/core/src/convert/mod.rs:761:9
[INFO] [stdout]    2: binrep_core::config_resolver::resolve_config
[INFO] [stdout]              at ./src/config_resolver.rs:31:24
[INFO] [stdout]    3: binrep_core::binrep::resolve_config
[INFO] [stdout]              at ./src/binrep.rs:44:5
[INFO] [stdout]    4: binrep_core::binrep::Binrep<T>::new
[INFO] [stdout]              at ./src/binrep.rs:53:30
[INFO] [stdout]    5: s3::test_with_current_config
[INFO] [stdout]              at ./tests/s3.rs:6:19
[INFO] [stdout]    6: s3::test_with_current_config::{{closure}}
[INFO] [stdout]              at ./tests/s3.rs:5:30
[INFO] [stdout]    7: core::ops::function::FnOnce::call_once
[INFO] [stdout]              at /rustc/6067b36314ab5eb2eb47cecc464545ba58e1ad24/library/core/src/ops/function.rs:250:5
[INFO] [stdout]    8: core::ops::function::FnOnce::call_once
[INFO] [stdout]              at /rustc/6067b36314ab5eb2eb47cecc464545ba58e1ad24/library/core/src/ops/function.rs:250:5
[INFO] [stdout]    9: test::__rust_begin_short_backtrace
[INFO] [stdout]              at /rustc/6067b36314ab5eb2eb47cecc464545ba58e1ad24/library/test/src/lib.rs:632:18
[INFO] [stdout]   10: test::run_test_in_process::{{closure}}
[INFO] [stdout]              at /rustc/6067b36314ab5eb2eb47cecc464545ba58e1ad24/library/test/src/lib.rs:655:60
[INFO] [stdout]   11: <core::panic::unwind_safe::AssertUnwindSafe<F> as core::ops::function::FnOnce<()>>::call_once
[INFO] [stdout]              at /rustc/6067b36314ab5eb2eb47cecc464545ba58e1ad24/library/core/src/panic/unwind_safe.rs:272:9
[INFO] [stdout]   12: std::panicking::try::do_call
[INFO] [stdout]              at /rustc/6067b36314ab5eb2eb47cecc464545ba58e1ad24/library/std/src/panicking.rs:587:40
[INFO] [stdout]   13: std::panicking::try
[INFO] [stdout]              at /rustc/6067b36314ab5eb2eb47cecc464545ba58e1ad24/library/std/src/panicking.rs:550:19
[INFO] [stdout]   14: std::panic::catch_unwind
[INFO] [stdout]              at /rustc/6067b36314ab5eb2eb47cecc464545ba58e1ad24/library/std/src/panic.rs:358:14
[INFO] [stdout]   15: test::run_test_in_process
[INFO] [stdout]              at /rustc/6067b36314ab5eb2eb47cecc464545ba58e1ad24/library/test/src/lib.rs:655:27
[INFO] [stdout]   16: test::run_test::{{closure}}
[INFO] [stdout]              at /rustc/6067b36314ab5eb2eb47cecc464545ba58e1ad24/library/test/src/lib.rs:576:43
[INFO] [stdout]   17: test::run_test::{{closure}}
[INFO] [stdout]              at /rustc/6067b36314ab5eb2eb47cecc464545ba58e1ad24/library/test/src/lib.rs:606:41
[INFO] [stdout]   18: std::sys::backtrace::__rust_begin_short_backtrace
[INFO] [stdout]              at /rustc/6067b36314ab5eb2eb47cecc464545ba58e1ad24/library/std/src/sys/backtrace.rs:152:18
[INFO] [stdout]   19: std::thread::Builder::spawn_unchecked_::{{closure}}::{{closure}}
[INFO] [stdout]              at /rustc/6067b36314ab5eb2eb47cecc464545ba58e1ad24/library/std/src/thread/mod.rs:559:17
[INFO] [stdout]   20: <core::panic::unwind_safe::AssertUnwindSafe<F> as core::ops::function::FnOnce<()>>::call_once
[INFO] [stdout]              at /rustc/6067b36314ab5eb2eb47cecc464545ba58e1ad24/library/core/src/panic/unwind_safe.rs:272:9
[INFO] [stdout]   21: std::panicking::try::do_call
[INFO] [stdout]              at /rustc/6067b36314ab5eb2eb47cecc464545ba58e1ad24/library/std/src/panicking.rs:587:40
[INFO] [stdout]   22: std::panicking::try
[INFO] [stdout]              at /rustc/6067b36314ab5eb2eb47cecc464545ba58e1ad24/library/std/src/panicking.rs:550:19
[INFO] [stdout]   23: std::panic::catch_unwind
[INFO] [stdout]              at /rustc/6067b36314ab5eb2eb47cecc464545ba58e1ad24/library/std/src/panic.rs:358:14
[INFO] [stdout]   24: std::thread::Builder::spawn_unchecked_::{{closure}}
[INFO] [stdout]              at /rustc/6067b36314ab5eb2eb47cecc464545ba58e1ad24/library/std/src/thread/mod.rs:557:30
[INFO] [stdout]   25: core::ops::function::FnOnce::call_once{{vtable.shim}}
[INFO] [stdout]              at /rustc/6067b36314ab5eb2eb47cecc464545ba58e1ad24/library/core/src/ops/function.rs:250:5
[INFO] [stdout]   26: <alloc::boxed::Box<F,A> as core::ops::function::FnOnce<Args>>::call_once
[INFO] [stdout]              at /rustc/6067b36314ab5eb2eb47cecc464545ba58e1ad24/library/alloc/src/boxed.rs:2013:9
[INFO] [stdout]   27: <alloc::boxed::Box<F,A> as core::ops::function::FnOnce<Args>>::call_once
[INFO] [stdout]              at /rustc/6067b36314ab5eb2eb47cecc464545ba58e1ad24/library/alloc/src/boxed.rs:2013:9
[INFO] [stdout]   28: std::sys::pal::unix::thread::Thread::new::thread_start
[INFO] [stdout]              at /rustc/6067b36314ab5eb2eb47cecc464545ba58e1ad24/library/std/src/sys/pal/unix/thread.rs:106:17
[INFO] [stdout]   29: <unknown>
[INFO] [stdout]   30: clone
[INFO] [stdout] stack backtrace:
[INFO] [stdout]    0:     0x62142690b58a - std::backtrace_rs::backtrace::libunwind::trace::hb059275cfc8d6126
[INFO] [stdout]                                at /rustc/6067b36314ab5eb2eb47cecc464545ba58e1ad24/library/std/src/../../backtrace/src/backtrace/libunwind.rs:116:5
[INFO] [stdout]    1:     0x62142690b58a - std::backtrace_rs::backtrace::trace_unsynchronized::h2da071e4327ce3ee
[INFO] [stdout]                                at /rustc/6067b36314ab5eb2eb47cecc464545ba58e1ad24/library/std/src/../../backtrace/src/backtrace/mod.rs:66:5
[INFO] [stdout]    2:     0x62142690b58a - std::sys::backtrace::_print_fmt::h842a1474e6f8d23f
[INFO] [stdout]                                at /rustc/6067b36314ab5eb2eb47cecc464545ba58e1ad24/library/std/src/sys/backtrace.rs:66:9
[INFO] [stdout]    3:     0x62142690b58a - <std::sys::backtrace::BacktraceLock::print::DisplayBacktrace as core::fmt::Display>::fmt::h71a62eb3b9696b12
[INFO] [stdout]                                at /rustc/6067b36314ab5eb2eb47cecc464545ba58e1ad24/library/std/src/sys/backtrace.rs:39:26
[INFO] [stdout]    4:     0x621426939113 - core::fmt::rt::Argument::fmt::hdb6b616786b41dc1
[INFO] [stdout]                                at /rustc/6067b36314ab5eb2eb47cecc464545ba58e1ad24/library/core/src/fmt/rt.rs:177:76
[INFO] [stdout]    5:     0x621426939113 - core::fmt::write::h2cc1698af7e2d686
[INFO] [stdout]                                at /rustc/6067b36314ab5eb2eb47cecc464545ba58e1ad24/library/core/src/fmt/mod.rs:1440:21
[INFO] [stdout]    6:     0x621426907093 - std::io::Write::write_fmt::hab1b4cd059a79022
[INFO] [stdout]                                at /rustc/6067b36314ab5eb2eb47cecc464545ba58e1ad24/library/std/src/io/mod.rs:1887:15
[INFO] [stdout]    7:     0x62142690b3d2 - std::sys::backtrace::BacktraceLock::print::h147fe35b4ea13b08
[INFO] [stdout]                                at /rustc/6067b36314ab5eb2eb47cecc464545ba58e1ad24/library/std/src/sys/backtrace.rs:42:9
[INFO] [stdout]    8:     0x62142690c9af - std::panicking::default_hook::{{closure}}::hbd44223dbdc0d208
[INFO] [stdout]                                at /rustc/6067b36314ab5eb2eb47cecc464545ba58e1ad24/library/std/src/panicking.rs:298:22
[INFO] [stdout]    9:     0x62142690c7c8 - std::panicking::default_hook::h20f81eb0576efcec
[INFO] [stdout]                                at /rustc/6067b36314ab5eb2eb47cecc464545ba58e1ad24/library/std/src/panicking.rs:322:9
[INFO] [stdout]   10:     0x621426178e83 - <alloc::boxed::Box<F,A> as core::ops::function::Fn<Args>>::call::hdb53814c496a4d34
[INFO] [stdout]                                at /rustc/6067b36314ab5eb2eb47cecc464545ba58e1ad24/library/alloc/src/boxed.rs:2027:9
[INFO] [stdout]   11:     0x621426178e83 - test::test_main::{{closure}}::hc0a4963c59427c24
[INFO] [stdout]                                at /rustc/6067b36314ab5eb2eb47cecc464545ba58e1ad24/library/test/src/lib.rs:134:21
[INFO] [stdout]   12:     0x62142690d4a3 - <alloc::boxed::Box<F,A> as core::ops::function::Fn<Args>>::call::h591b2225413a77e9
[INFO] [stdout]                                at /rustc/6067b36314ab5eb2eb47cecc464545ba58e1ad24/library/alloc/src/boxed.rs:2027:9
[INFO] [stdout]   13:     0x62142690d4a3 - std::panicking::rust_panic_with_hook::h625eea43051b2edc
[INFO] [stdout]                                at /rustc/6067b36314ab5eb2eb47cecc464545ba58e1ad24/library/std/src/panicking.rs:839:13
[INFO] [stdout]   14:     0x62142690d15a - std::panicking::begin_panic_handler::{{closure}}::h4f9159cfbc3f6bd3
[INFO] [stdout]                                at /rustc/6067b36314ab5eb2eb47cecc464545ba58e1ad24/library/std/src/panicking.rs:704:13
[INFO] [stdout]   15:     0x62142690ba89 - std::sys::backtrace::__rust_end_short_backtrace::h0390abce48353151
[INFO] [stdout]                                at /rustc/6067b36314ab5eb2eb47cecc464545ba58e1ad24/library/std/src/sys/backtrace.rs:168:18
[INFO] [stdout]   16:     0x62142690cded - rust_begin_unwind
[INFO] [stdout]                                at /rustc/6067b36314ab5eb2eb47cecc464545ba58e1ad24/library/std/src/panicking.rs:695:5
[INFO] [stdout]   17:     0x621426937380 - core::panicking::panic_fmt::h9e7c637e9e5f29c9
[INFO] [stdout]                                at /rustc/6067b36314ab5eb2eb47cecc464545ba58e1ad24/library/core/src/panicking.rs:75:14
[INFO] [stdout]   18:     0x6214269377f6 - core::result::unwrap_failed::h7979f09313fe1849
[INFO] [stdout]                                at /rustc/6067b36314ab5eb2eb47cecc464545ba58e1ad24/library/core/src/result.rs:1704:5
[INFO] [stdout]   19:     0x62142612dfb0 - core::result::Result<T,E>::unwrap::hbe9e3f75cb518655
[INFO] [stdout]                                at /rustc/6067b36314ab5eb2eb47cecc464545ba58e1ad24/library/core/src/result.rs:1109:23
[INFO] [stdout]   20:     0x62142612dfb0 - s3::test_with_current_config::hef524679f4d990b6
[INFO] [stdout]                                at /opt/rustwide/workdir/binrep-core/tests/s3.rs:6:19
[INFO] [stdout]   21:     0x62142612df27 - s3::test_with_current_config::{{closure}}::hac95ad4ae19cc949
[INFO] [stdout]                                at /opt/rustwide/workdir/binrep-core/tests/s3.rs:5:30
[INFO] [stdout]   22:     0x621426121d16 - core::ops::function::FnOnce::call_once::h3a61c7ac68c2efc7
[INFO] [stdout]                                at /rustc/6067b36314ab5eb2eb47cecc464545ba58e1ad24/library/core/src/ops/function.rs:250:5
[INFO] [stdout]   23:     0x62142617e5db - core::ops::function::FnOnce::call_once::he27718dfdd183f43
[INFO] [stdout]                                at /rustc/6067b36314ab5eb2eb47cecc464545ba58e1ad24/library/core/src/ops/function.rs:250:5
[INFO] [stdout]   24:     0x62142617e5db - test::__rust_begin_short_backtrace::h4e84902998457a5d
[INFO] [stdout]                                at /rustc/6067b36314ab5eb2eb47cecc464545ba58e1ad24/library/test/src/lib.rs:632:18
[INFO] [stdout]   25:     0x62142617d513 - test::run_test_in_process::{{closure}}::h7176fd18fc1feca0
[INFO] [stdout]                                at /rustc/6067b36314ab5eb2eb47cecc464545ba58e1ad24/library/test/src/lib.rs:655:60
[INFO] [stdout]   26:     0x62142617d513 - <core::panic::unwind_safe::AssertUnwindSafe<F> as core::ops::function::FnOnce<()>>::call_once::hf79cff2a624d8cf7
[INFO] [stdout]                                at /rustc/6067b36314ab5eb2eb47cecc464545ba58e1ad24/library/core/src/panic/unwind_safe.rs:272:9
[INFO] [stdout]   27:     0x62142617d513 - std::panicking::try::do_call::h3da0561d9ab99c25
[INFO] [stdout]                                at /rustc/6067b36314ab5eb2eb47cecc464545ba58e1ad24/library/std/src/panicking.rs:587:40
[INFO] [stdout]   28:     0x62142617d513 - std::panicking::try::h41c9fa508bc61df6
[INFO] [stdout]                                at /rustc/6067b36314ab5eb2eb47cecc464545ba58e1ad24/library/std/src/panicking.rs:550:19
[INFO] [stdout]   29:     0x62142617d513 - std::panic::catch_unwind::h6b3ff07bb5afad93
[INFO] [stdout]                                at /rustc/6067b36314ab5eb2eb47cecc464545ba58e1ad24/library/std/src/panic.rs:358:14
[INFO] [stdout]   30:     0x62142617d513 - test::run_test_in_process::hc7253dd11b39b9f4
[INFO] [stdout]                                at /rustc/6067b36314ab5eb2eb47cecc464545ba58e1ad24/library/test/src/lib.rs:655:27
[INFO] [stdout]   31:     0x62142617d513 - test::run_test::{{closure}}::hfb2007f8649c30bb
[INFO] [stdout]                                at /rustc/6067b36314ab5eb2eb47cecc464545ba58e1ad24/library/test/src/lib.rs:576:43
[INFO] [stdout]   32:     0x6214261405f5 - test::run_test::{{closure}}::h56a17aa7a282a9f4
[INFO] [stdout]                                at /rustc/6067b36314ab5eb2eb47cecc464545ba58e1ad24/library/test/src/lib.rs:606:41
[INFO] [stdout]   33:     0x6214261405f5 - std::sys::backtrace::__rust_begin_short_backtrace::hd2d2d2fb8e8c6aac
[INFO] [stdout]                                at /rustc/6067b36314ab5eb2eb47cecc464545ba58e1ad24/library/std/src/sys/backtrace.rs:152:18
[INFO] [stdout]   34:     0x621426143eda - std::thread::Builder::spawn_unchecked_::{{closure}}::{{closure}}::h4faa3f9db6133423
[INFO] [stdout]                                at /rustc/6067b36314ab5eb2eb47cecc464545ba58e1ad24/library/std/src/thread/mod.rs:559:17
[INFO] [stdout]   35:     0x621426143eda - <core::panic::unwind_safe::AssertUnwindSafe<F> as core::ops::function::FnOnce<()>>::call_once::hf2e855a36a4ea846
[INFO] [stdout]                                at /rustc/6067b36314ab5eb2eb47cecc464545ba58e1ad24/library/core/src/panic/unwind_safe.rs:272:9
[INFO] [stdout]   36:     0x621426143eda - std::panicking::try::do_call::h2f73af3616c35465
[INFO] [stdout]                                at /rustc/6067b36314ab5eb2eb47cecc464545ba58e1ad24/library/std/src/panicking.rs:587:40
[INFO] [stdout]   37:     0x621426143eda - std::panicking::try::hd1660ce9efadef5a
[INFO] [stdout]                                at /rustc/6067b36314ab5eb2eb47cecc464545ba58e1ad24/library/std/src/panicking.rs:550:19
[INFO] [stdout]   38:     0x621426143eda - std::panic::catch_unwind::h5ee8d7823b8ca744
[INFO] [stdout]                                at /rustc/6067b36314ab5eb2eb47cecc464545ba58e1ad24/library/std/src/panic.rs:358:14
[INFO] [stdout]   39:     0x621426143eda - std::thread::Builder::spawn_unchecked_::{{closure}}::h53c3a1894dce8407
[INFO] [stdout]                                at /rustc/6067b36314ab5eb2eb47cecc464545ba58e1ad24/library/std/src/thread/mod.rs:557:30
[INFO] [stdout]   40:     0x621426143eda - core::ops::function::FnOnce::call_once{{vtable.shim}}::h048ce291ad4f62bf
[INFO] [stdout]                                at /rustc/6067b36314ab5eb2eb47cecc464545ba58e1ad24/library/core/src/ops/function.rs:250:5
[INFO] [stdout]   41:     0x62142691262b - <alloc::boxed::Box<F,A> as core::ops::function::FnOnce<Args>>::call_once::ha52bedf99a3b4981
[INFO] [stdout]                                at /rustc/6067b36314ab5eb2eb47cecc464545ba58e1ad24/library/alloc/src/boxed.rs:2013:9
[INFO] [stdout]   42:     0x62142691262b - <alloc::boxed::Box<F,A> as core::ops::function::FnOnce<Args>>::call_once::h567748934d80ccf8
[INFO] [stdout]                                at /rustc/6067b36314ab5eb2eb47cecc464545ba58e1ad24/library/alloc/src/boxed.rs:2013:9
[INFO] [stdout]   43:     0x62142691262b - std::sys::pal::unix::thread::Thread::new::thread_start::h2d970728ae887adc
[INFO] [stdout]                                at /rustc/6067b36314ab5eb2eb47cecc464545ba58e1ad24/library/std/src/sys/pal/unix/thread.rs:106:17
[INFO] [stdout]   44:     0x767895719ac3 - <unknown>
[INFO] [stdout]   45:     0x7678957aaa04 - clone
[INFO] [stdout]   46:                0x0 - <unknown>
[INFO] [stdout] 
[INFO] [stdout] 
[INFO] [stdout] failures:
[INFO] [stdout]     test_with_current_config
[INFO] [stdout] 
[INFO] [stdout] test result: FAILED. 0 passed; 1 failed; 0 ignored; 0 measured; 0 filtered out; finished in 0.12s
[INFO] [stdout] 
[INFO] [stderr] error: test failed, to rerun pass `-p binrep-core --test s3`
[INFO] running `Command { std: "docker" "inspect" "78fd14e6e3e8c3783e678970f722168c46460bd2d90598b0b659f5f73b1144e7", kill_on_drop: false }`
[INFO] running `Command { std: "docker" "rm" "-f" "78fd14e6e3e8c3783e678970f722168c46460bd2d90598b0b659f5f73b1144e7", kill_on_drop: false }`
[INFO] [stdout] 78fd14e6e3e8c3783e678970f722168c46460bd2d90598b0b659f5f73b1144e7
