[INFO] cloning repository https://github.com/zenja/nes
[INFO] running `Command { std: "git" "-c" "credential.helper=" "-c" "credential.helper=/workspace/cargo-home/bin/git-credential-null" "clone" "--bare" "https://github.com/zenja/nes" "/workspace/cache/git-repos/https%3A%2F%2Fgithub.com%2Fzenja%2Fnes", kill_on_drop: false }`
[INFO] [stderr] Cloning into bare repository '/workspace/cache/git-repos/https%3A%2F%2Fgithub.com%2Fzenja%2Fnes'...
[INFO] running `Command { std: "git" "rev-parse" "HEAD", kill_on_drop: false }`
[INFO] [stdout] 6f1eb6ce6ff9969991fdfec4a82dde3f84d1536c
[INFO] testing zenja/nes against nightly-2025-01-18+rustflags=-Zrandomize-layout for randomize-layout-2
[INFO] running `Command { std: "git" "clone" "/workspace/cache/git-repos/https%3A%2F%2Fgithub.com%2Fzenja%2Fnes" "/workspace/builds/worker-5-tc2/source", kill_on_drop: false }`
[INFO] [stderr] Cloning into '/workspace/builds/worker-5-tc2/source'...
[INFO] [stderr] done.
[INFO] validating manifest of git repo https://github.com/zenja/nes on toolchain nightly-2025-01-18
[INFO] running `Command { std: CARGO_HOME="/workspace/cargo-home" RUSTUP_HOME="/workspace/rustup-home" "/workspace/cargo-home/bin/cargo" "+nightly-2025-01-18" "metadata" "--manifest-path" "Cargo.toml" "--no-deps", kill_on_drop: false }`
[INFO] started tweaking git repo https://github.com/zenja/nes
[INFO] finished tweaking git repo https://github.com/zenja/nes
[INFO] tweaked toml for git repo https://github.com/zenja/nes written to /workspace/builds/worker-5-tc2/source/Cargo.toml
[INFO] crate git repo https://github.com/zenja/nes already has a lockfile, it will not be regenerated
[INFO] running `Command { std: CARGO_HOME="/workspace/cargo-home" RUSTUP_HOME="/workspace/rustup-home" "/workspace/cargo-home/bin/cargo" "+nightly-2025-01-18" "fetch" "--manifest-path" "Cargo.toml", kill_on_drop: false }`
[INFO] running `Command { std: "docker" "create" "-v" "/var/lib/crater-agent-workspace/builds/worker-5-tc2/target:/opt/rustwide/target:rw,Z" "-v" "/var/lib/crater-agent-workspace/builds/worker-5-tc2/source:/opt/rustwide/workdir:ro,Z" "-v" "/var/lib/crater-agent-workspace/cargo-home:/opt/rustwide/cargo-home:ro,Z" "-v" "/var/lib/crater-agent-workspace/rustup-home:/opt/rustwide/rustup-home:ro,Z" "-e" "SOURCE_DIR=/opt/rustwide/workdir" "-e" "CARGO_TARGET_DIR=/opt/rustwide/target" "-e" "CARGO_HOME=/opt/rustwide/cargo-home" "-e" "RUSTUP_HOME=/opt/rustwide/rustup-home" "-w" "/opt/rustwide/workdir" "-m" "1610612736" "--user" "0:0" "--network" "none" "ghcr.io/rust-lang/crates-build-env/linux@sha256:819108c5571ea2e421544af4d832f968d213c87fbe3707a016657f43d2f853bc" "/opt/rustwide/cargo-home/bin/cargo" "+nightly-2025-01-18" "metadata" "--no-deps" "--format-version=1", kill_on_drop: false }`
[INFO] [stdout] 588096221d421f910075833c6e9998fb0e7a173b93259742849e4efb615a3112
[INFO] running `Command { std: "docker" "start" "-a" "588096221d421f910075833c6e9998fb0e7a173b93259742849e4efb615a3112", kill_on_drop: false }`
[INFO] running `Command { std: "docker" "inspect" "588096221d421f910075833c6e9998fb0e7a173b93259742849e4efb615a3112", kill_on_drop: false }`
[INFO] running `Command { std: "docker" "rm" "-f" "588096221d421f910075833c6e9998fb0e7a173b93259742849e4efb615a3112", kill_on_drop: false }`
[INFO] [stdout] 588096221d421f910075833c6e9998fb0e7a173b93259742849e4efb615a3112
[INFO] running `Command { std: "docker" "create" "-v" "/var/lib/crater-agent-workspace/builds/worker-5-tc2/target:/opt/rustwide/target:rw,Z" "-v" "/var/lib/crater-agent-workspace/builds/worker-5-tc2/source:/opt/rustwide/workdir:ro,Z" "-v" "/var/lib/crater-agent-workspace/cargo-home:/opt/rustwide/cargo-home:ro,Z" "-v" "/var/lib/crater-agent-workspace/rustup-home:/opt/rustwide/rustup-home:ro,Z" "-e" "SOURCE_DIR=/opt/rustwide/workdir" "-e" "CARGO_TARGET_DIR=/opt/rustwide/target" "-e" "CARGO_INCREMENTAL=0" "-e" "RUST_BACKTRACE=full" "-e" "RUSTFLAGS=--cap-lints=forbid -Zrandomize-layout" "-e" "RUSTDOCFLAGS=--cap-lints=forbid" "-e" "CARGO_HOME=/opt/rustwide/cargo-home" "-e" "RUSTUP_HOME=/opt/rustwide/rustup-home" "-w" "/opt/rustwide/workdir" "-m" "1610612736" "--user" "0:0" "--network" "none" "ghcr.io/rust-lang/crates-build-env/linux@sha256:819108c5571ea2e421544af4d832f968d213c87fbe3707a016657f43d2f853bc" "/opt/rustwide/cargo-home/bin/cargo" "+nightly-2025-01-18" "build" "--frozen" "--message-format=json", kill_on_drop: false }`
[INFO] [stdout] 040f81958707f601ce29b76ea213b87a55831750ff4f4c601267d806cd95a6b5
[INFO] running `Command { std: "docker" "start" "-a" "040f81958707f601ce29b76ea213b87a55831750ff4f4c601267d806cd95a6b5", kill_on_drop: false }`
[INFO] [stderr]    Compiling version-compare v0.1.0
[INFO] [stderr]    Compiling cfg-if v1.0.0
[INFO] [stderr]    Compiling memchr v2.4.0
[INFO] [stderr]    Compiling libc v0.2.109
[INFO] [stderr]    Compiling sdl2 v0.35.1
[INFO] [stderr]    Compiling bitflags v1.3.2
[INFO] [stderr]    Compiling either v1.6.1
[INFO] [stderr]    Compiling regex-syntax v0.6.25
[INFO] [stderr]    Compiling sdl2-sys v0.35.1
[INFO] [stderr]    Compiling itertools v0.10.1
[INFO] [stderr]    Compiling aho-corasick v0.7.18
[INFO] [stderr]    Compiling regex v1.5.4
[INFO] [stderr]    Compiling nes v0.1.0 (/opt/rustwide/workdir)
[INFO] [stdout] warning: method `stack_push_u16` is never used
[INFO] [stdout]    --> src/cpu/mod.rs:892:8
[INFO] [stdout]     |
[INFO] [stdout] 32  | impl CPU<'_> {
[INFO] [stdout]     | ------------ method in this implementation
[INFO] [stdout] ...
[INFO] [stdout] 892 |     fn stack_push_u16(&mut self, data: u16) {
[INFO] [stdout]     |        ^^^^^^^^^^^^^^
[INFO] [stdout]     |
[INFO] [stdout]     = note: `#[warn(dead_code)]` on by default
[INFO] [stdout] 
[INFO] [stdout] 
[INFO] [stdout] warning: method `set_from_bits` is never used
[INFO] [stdout]    --> src/cpu/mod.rs:949:8
[INFO] [stdout]     |
[INFO] [stdout] 940 | impl CPUStatus {
[INFO] [stdout]     | -------------- method in this implementation
[INFO] [stdout] ...
[INFO] [stdout] 949 |     fn set_from_bits(&mut self, bits: u8) {
[INFO] [stdout]     |        ^^^^^^^^^^^^^
[INFO] [stdout] 
[INFO] [stdout] 
[INFO] [stdout] warning: method `fetch` is never used
[INFO] [stdout]   --> src/cpu/addr.rs:53:8
[INFO] [stdout]    |
[INFO] [stdout] 35 | impl AddrMode {
[INFO] [stdout]    | ------------- method in this implementation
[INFO] [stdout] ...
[INFO] [stdout] 53 |     fn fetch<'a, I>(&self, bytes: I) -> Address
[INFO] [stdout]    |        ^^^^^
[INFO] [stdout] 
[INFO] [stdout] 
[INFO] [stdout] warning: function `read_bytes` is never used
[INFO] [stdout]   --> src/cpu/addr.rs:76:4
[INFO] [stdout]    |
[INFO] [stdout] 76 | fn read_bytes<'a, I>(mut bytes: I, num_bytes: u8) -> u16
[INFO] [stdout]    |    ^^^^^^^^^^
[INFO] [stdout] 
[INFO] [stdout] 
[INFO] [stderr]     Finished `dev` profile [unoptimized + debuginfo] target(s) in 7.24s
[INFO] running `Command { std: "docker" "inspect" "040f81958707f601ce29b76ea213b87a55831750ff4f4c601267d806cd95a6b5", kill_on_drop: false }`
[INFO] running `Command { std: "docker" "rm" "-f" "040f81958707f601ce29b76ea213b87a55831750ff4f4c601267d806cd95a6b5", kill_on_drop: false }`
[INFO] [stdout] 040f81958707f601ce29b76ea213b87a55831750ff4f4c601267d806cd95a6b5
[INFO] running `Command { std: "docker" "create" "-v" "/var/lib/crater-agent-workspace/builds/worker-5-tc2/target:/opt/rustwide/target:rw,Z" "-v" "/var/lib/crater-agent-workspace/builds/worker-5-tc2/source:/opt/rustwide/workdir:ro,Z" "-v" "/var/lib/crater-agent-workspace/cargo-home:/opt/rustwide/cargo-home:ro,Z" "-v" "/var/lib/crater-agent-workspace/rustup-home:/opt/rustwide/rustup-home:ro,Z" "-e" "SOURCE_DIR=/opt/rustwide/workdir" "-e" "CARGO_TARGET_DIR=/opt/rustwide/target" "-e" "CARGO_INCREMENTAL=0" "-e" "RUST_BACKTRACE=full" "-e" "RUSTFLAGS=--cap-lints=forbid -Zrandomize-layout" "-e" "RUSTDOCFLAGS=--cap-lints=forbid" "-e" "CARGO_HOME=/opt/rustwide/cargo-home" "-e" "RUSTUP_HOME=/opt/rustwide/rustup-home" "-w" "/opt/rustwide/workdir" "-m" "1610612736" "--user" "0:0" "--network" "none" "ghcr.io/rust-lang/crates-build-env/linux@sha256:819108c5571ea2e421544af4d832f968d213c87fbe3707a016657f43d2f853bc" "/opt/rustwide/cargo-home/bin/cargo" "+nightly-2025-01-18" "test" "--frozen" "--no-run" "--message-format=json", kill_on_drop: false }`
[INFO] [stdout] b60beda6884f1661cb809d1be7ee06d8271523e397369709b866d8202bc02a24
[INFO] running `Command { std: "docker" "start" "-a" "b60beda6884f1661cb809d1be7ee06d8271523e397369709b866d8202bc02a24", kill_on_drop: false }`
[INFO] [stdout] warning: method `stack_push_u16` is never used
[INFO] [stdout]    --> src/cpu/mod.rs:892:8
[INFO] [stdout]     |
[INFO] [stdout] 32  | impl CPU<'_> {
[INFO] [stdout]     | ------------ method in this implementation
[INFO] [stdout] ...
[INFO] [stdout] 892 |     fn stack_push_u16(&mut self, data: u16) {
[INFO] [stdout]     |        ^^^^^^^^^^^^^^
[INFO] [stdout]     |
[INFO] [stdout]     = note: `#[warn(dead_code)]` on by default
[INFO] [stdout] 
[INFO] [stdout] 
[INFO] [stdout] warning: method `set_from_bits` is never used
[INFO] [stdout]    --> src/cpu/mod.rs:949:8
[INFO] [stdout]     |
[INFO] [stdout] 940 | impl CPUStatus {
[INFO] [stdout]     | -------------- method in this implementation
[INFO] [stdout] ...
[INFO] [stdout] 949 |     fn set_from_bits(&mut self, bits: u8) {
[INFO] [stdout]     |        ^^^^^^^^^^^^^
[INFO] [stdout] 
[INFO] [stdout] 
[INFO] [stderr]    Compiling nes v0.1.0 (/opt/rustwide/workdir)
[INFO] [stdout] warning: method `fetch` is never used
[INFO] [stdout]   --> src/cpu/addr.rs:53:8
[INFO] [stdout]    |
[INFO] [stdout] 35 | impl AddrMode {
[INFO] [stdout]    | ------------- method in this implementation
[INFO] [stdout] ...
[INFO] [stdout] 53 |     fn fetch<'a, I>(&self, bytes: I) -> Address
[INFO] [stdout]    |        ^^^^^
[INFO] [stdout] 
[INFO] [stdout] 
[INFO] [stdout] warning: function `read_bytes` is never used
[INFO] [stdout]   --> src/cpu/addr.rs:76:4
[INFO] [stdout]    |
[INFO] [stdout] 76 | fn read_bytes<'a, I>(mut bytes: I, num_bytes: u8) -> u16
[INFO] [stdout]    |    ^^^^^^^^^^
[INFO] [stdout] 
[INFO] [stdout] 
[INFO] [stdout] warning: method `stack_push_u16` is never used
[INFO] [stdout]    --> src/cpu/mod.rs:892:8
[INFO] [stdout]     |
[INFO] [stdout] 32  | impl CPU<'_> {
[INFO] [stdout]     | ------------ method in this implementation
[INFO] [stdout] ...
[INFO] [stdout] 892 |     fn stack_push_u16(&mut self, data: u16) {
[INFO] [stdout]     |        ^^^^^^^^^^^^^^
[INFO] [stdout]     |
[INFO] [stdout]     = note: `#[warn(dead_code)]` on by default
[INFO] [stdout] 
[INFO] [stdout] 
[INFO] [stdout] warning: method `set_from_bits` is never used
[INFO] [stdout]    --> src/cpu/mod.rs:949:8
[INFO] [stdout]     |
[INFO] [stdout] 940 | impl CPUStatus {
[INFO] [stdout]     | -------------- method in this implementation
[INFO] [stdout] ...
[INFO] [stdout] 949 |     fn set_from_bits(&mut self, bits: u8) {
[INFO] [stdout]     |        ^^^^^^^^^^^^^
[INFO] [stdout] 
[INFO] [stdout] 
[INFO] [stderr]     Finished `test` profile [unoptimized + debuginfo] target(s) in 1.41s
[INFO] running `Command { std: "docker" "inspect" "b60beda6884f1661cb809d1be7ee06d8271523e397369709b866d8202bc02a24", kill_on_drop: false }`
[INFO] running `Command { std: "docker" "rm" "-f" "b60beda6884f1661cb809d1be7ee06d8271523e397369709b866d8202bc02a24", kill_on_drop: false }`
[INFO] [stdout] b60beda6884f1661cb809d1be7ee06d8271523e397369709b866d8202bc02a24
[INFO] running `Command { std: "docker" "create" "-v" "/var/lib/crater-agent-workspace/builds/worker-5-tc2/target:/opt/rustwide/target:rw,Z" "-v" "/var/lib/crater-agent-workspace/builds/worker-5-tc2/source:/opt/rustwide/workdir:ro,Z" "-v" "/var/lib/crater-agent-workspace/cargo-home:/opt/rustwide/cargo-home:ro,Z" "-v" "/var/lib/crater-agent-workspace/rustup-home:/opt/rustwide/rustup-home:ro,Z" "-e" "SOURCE_DIR=/opt/rustwide/workdir" "-e" "CARGO_TARGET_DIR=/opt/rustwide/target" "-e" "CARGO_INCREMENTAL=0" "-e" "RUST_BACKTRACE=full" "-e" "RUSTFLAGS=--cap-lints=forbid -Zrandomize-layout" "-e" "RUSTDOCFLAGS=--cap-lints=forbid" "-e" "CARGO_HOME=/opt/rustwide/cargo-home" "-e" "RUSTUP_HOME=/opt/rustwide/rustup-home" "-w" "/opt/rustwide/workdir" "-m" "1610612736" "--user" "0:0" "--network" "none" "ghcr.io/rust-lang/crates-build-env/linux@sha256:819108c5571ea2e421544af4d832f968d213c87fbe3707a016657f43d2f853bc" "/opt/rustwide/cargo-home/bin/cargo" "+nightly-2025-01-18" "test" "--frozen", kill_on_drop: false }`
[INFO] [stdout] d58d36976352c298d3c30f7e7a2614c343fc58f9fa251610a26bf40be71255fb
[INFO] running `Command { std: "docker" "start" "-a" "d58d36976352c298d3c30f7e7a2614c343fc58f9fa251610a26bf40be71255fb", kill_on_drop: false }`
[INFO] [stderr] warning: method `stack_push_u16` is never used
[INFO] [stderr]    --> src/cpu/mod.rs:892:8
[INFO] [stderr]     |
[INFO] [stderr] 32  | impl CPU<'_> {
[INFO] [stderr]     | ------------ method in this implementation
[INFO] [stderr] ...
[INFO] [stderr] 892 |     fn stack_push_u16(&mut self, data: u16) {
[INFO] [stderr]     |        ^^^^^^^^^^^^^^
[INFO] [stderr]     |
[INFO] [stderr]     = note: `#[warn(dead_code)]` on by default
[INFO] [stderr] 
[INFO] [stderr] warning: method `set_from_bits` is never used
[INFO] [stderr]    --> src/cpu/mod.rs:949:8
[INFO] [stderr]     |
[INFO] [stderr] 940 | impl CPUStatus {
[INFO] [stderr]     | -------------- method in this implementation
[INFO] [stderr] ...
[INFO] [stderr] 949 |     fn set_from_bits(&mut self, bits: u8) {
[INFO] [stderr]     |        ^^^^^^^^^^^^^
[INFO] [stderr] 
[INFO] [stderr] warning: method `fetch` is never used
[INFO] [stderr]   --> src/cpu/addr.rs:53:8
[INFO] [stderr]    |
[INFO] [stderr] 35 | impl AddrMode {
[INFO] [stderr]    | ------------- method in this implementation
[INFO] [stderr] ...
[INFO] [stderr] 53 |     fn fetch<'a, I>(&self, bytes: I) -> Address
[INFO] [stderr]    |        ^^^^^
[INFO] [stderr] 
[INFO] [stderr] warning: function `read_bytes` is never used
[INFO] [stderr]   --> src/cpu/addr.rs:76:4
[INFO] [stderr]    |
[INFO] [stderr] 76 | fn read_bytes<'a, I>(mut bytes: I, num_bytes: u8) -> u16
[INFO] [stderr]    |    ^^^^^^^^^^
[INFO] [stderr] 
[INFO] [stderr] warning: `nes` (lib) generated 4 warnings
[INFO] [stderr] warning: `nes` (lib test) generated 2 warnings (2 duplicates)
[INFO] [stderr]     Finished `test` profile [unoptimized + debuginfo] target(s) in 0.03s
[INFO] [stderr]      Running unittests src/lib.rs (/opt/rustwide/target/debug/deps/nes-bd04bd2420ebcf9b)
[INFO] [stdout] 
[INFO] [stdout] running 33 tests
[INFO] [stdout] test cpu::addr::test::test_addr_mode_fetch_multiple_addr ... ok
[INFO] [stdout] test bus::test::test_mem_read_write ... ok
[INFO] [stdout] test cartridge::test::test_load_nes_file ... ok
[INFO] [stdout] test cpu::assembler::tests::test_parse_define_statement ... ok
[INFO] [stdout] test cpu::assembler::tests::test_parse_label_statement ... ok
[INFO] [stdout] test cpu::assembler::tests::test_pre_process ... ok
[INFO] [stdout] test cpu::assembler::tests::test_assemble_addr_mode ... ok
[INFO] [stdout] test joypad::test::test_strobe_mode ... ok
[INFO] [stdout] test cpu::addr::test::test_addr_mode_fetch_single_addr ... ok
[INFO] [stdout] test cpu::test::test_write_and_read_ppu_mem ... ok
[INFO] [stdout] test cpu::test::test_load_program ... ok
[INFO] [stdout] test joypad::test::test_strobe_mode_on_off ... ok
[INFO] [stdout] test cpu::assembler::tests::test_assemble_with_relative_label ... ok
[INFO] [stdout] test ppu::registers::ctrl::test::test_get_base_nametable_addr ... ok
[INFO] [stdout] test ppu::registers::ctrl::test::test_get_vram_addr_inc ... ok
[INFO] [stdout] test ppu::test::test_read_vram_cross_page ... ok
[INFO] [stdout] test ppu::test::test_read_status_resets_vblank ... ok
[INFO] [stdout] test ppu::test::test_vram_mirroring ... ok
[INFO] [stdout] test ppu::registers::addr::test::test_write ... ok
[INFO] [stdout] test ppu::test::test_read_vram ... ok
[INFO] [stdout] test ppu::test::test_write_then_read_vram ... ok
[INFO] [stdout] test ppu::test::test_read_vram_step_32 ... ok
[INFO] [stdout] test cpu::assembler::tests::test_parse_instruction_statement ... ok
[INFO] [stdout] test cpu::assembler::tests::test_parse_addr_mode ... ok
[INFO] [stdout] test ppu::test::test_vram_horizontal_mirror ... ok
[INFO] [stdout] test cpu::test::test_cpu_status ... ok
[INFO] [stdout] test ppu::test::test_write_vram ... ok
[INFO] [stdout] test ppu::test::test_vram_vertical_mirror ... ok
[INFO] [stdout] test cpu::test::test_fetch_oprand_addr ... ok
[INFO] [stdout] test ppu::registers::addr::test::test_inc ... ok
[INFO] [stdout] test cpu::assembler::tests::test_assemble_statement ... ok
[INFO] [stdout] test cpu::assembler::tests::test_assemble_with_define ... ok
[INFO] [stdout] test cpu::assembler::tests::test_assemble_snake_program ... ok
[INFO] [stderr]      Running unittests src/bin/nes.rs (/opt/rustwide/target/debug/deps/nes-3ead7925a6c3d525)
[INFO] [stdout] 
[INFO] [stdout] test result: ok. 33 passed; 0 failed; 0 ignored; 0 measured; 0 filtered out; finished in 0.04s
[INFO] [stdout] 
[INFO] [stdout] 
[INFO] [stdout] running 0 tests
[INFO] [stdout] 
[INFO] [stdout] test result: ok. 0 passed; 0 failed; 0 ignored; 0 measured; 0 filtered out; finished in 0.00s
[INFO] [stdout] 
[INFO] [stderr]      Running tests/nestest.rs (/opt/rustwide/target/debug/deps/nestest-b305c2efabccf8fa)
[INFO] [stdout] 
[INFO] [stdout] running 1 test
[INFO] [stdout] test test_nestest ... FAILED
[INFO] [stdout] 
[INFO] [stdout] failures:
[INFO] [stdout] 
[INFO] [stdout] ---- test_nestest stdout ----
[INFO] [stdout] 
[INFO] [stdout] thread 'test_nestest' panicked at tests/nestest.rs:29:9:
[INFO] [stdout] assertion `left == right` failed
[INFO] [stdout]   left: "C68B  8D 15 40  STA $4015 = 00                  A:02 X:FF Y:15 P:25 SP:FB CYC:26520"
[INFO] [stdout]  right: "C68B  8D 15 40  STA $4015 = FF                  A:02 X:FF Y:15 P:25 SP:FB CYC:26520"
[INFO] [stdout] stack backtrace:
[INFO] [stdout]    0:     0x5913c04d60ea - std::backtrace_rs::backtrace::libunwind::trace::hb059275cfc8d6126
[INFO] [stdout]                                at /rustc/6067b36314ab5eb2eb47cecc464545ba58e1ad24/library/std/src/../../backtrace/src/backtrace/libunwind.rs:116:5
[INFO] [stdout]    1:     0x5913c04d60ea - std::backtrace_rs::backtrace::trace_unsynchronized::h2da071e4327ce3ee
[INFO] [stdout]                                at /rustc/6067b36314ab5eb2eb47cecc464545ba58e1ad24/library/std/src/../../backtrace/src/backtrace/mod.rs:66:5
[INFO] [stdout]    2:     0x5913c04d60ea - std::sys::backtrace::_print_fmt::h842a1474e6f8d23f
[INFO] [stdout]                                at /rustc/6067b36314ab5eb2eb47cecc464545ba58e1ad24/library/std/src/sys/backtrace.rs:66:9
[INFO] [stdout]    3:     0x5913c04d60ea - <std::sys::backtrace::BacktraceLock::print::DisplayBacktrace as core::fmt::Display>::fmt::h71a62eb3b9696b12
[INFO] [stdout]                                at /rustc/6067b36314ab5eb2eb47cecc464545ba58e1ad24/library/std/src/sys/backtrace.rs:39:26
[INFO] [stdout]    4:     0x5913c04fd7e3 - core::fmt::rt::Argument::fmt::hdb6b616786b41dc1
[INFO] [stdout]                                at /rustc/6067b36314ab5eb2eb47cecc464545ba58e1ad24/library/core/src/fmt/rt.rs:177:76
[INFO] [stdout]    5:     0x5913c04fd7e3 - core::fmt::write::h2cc1698af7e2d686
[INFO] [stdout]                                at /rustc/6067b36314ab5eb2eb47cecc464545ba58e1ad24/library/core/src/fmt/mod.rs:1440:21
[INFO] [stdout]    6:     0x5913c04d2c23 - std::io::Write::write_fmt::hab1b4cd059a79022
[INFO] [stdout]                                at /rustc/6067b36314ab5eb2eb47cecc464545ba58e1ad24/library/std/src/io/mod.rs:1887:15
[INFO] [stdout]    7:     0x5913c04d5f32 - std::sys::backtrace::BacktraceLock::print::h147fe35b4ea13b08
[INFO] [stdout]                                at /rustc/6067b36314ab5eb2eb47cecc464545ba58e1ad24/library/std/src/sys/backtrace.rs:42:9
[INFO] [stdout]    8:     0x5913c04d750f - std::panicking::default_hook::{{closure}}::hbd44223dbdc0d208
[INFO] [stdout]                                at /rustc/6067b36314ab5eb2eb47cecc464545ba58e1ad24/library/std/src/panicking.rs:298:22
[INFO] [stdout]    9:     0x5913c04d7328 - std::panicking::default_hook::h20f81eb0576efcec
[INFO] [stdout]                                at /rustc/6067b36314ab5eb2eb47cecc464545ba58e1ad24/library/std/src/panicking.rs:322:9
[INFO] [stdout]   10:     0x5913c0484e63 - <alloc::boxed::Box<F,A> as core::ops::function::Fn<Args>>::call::hdb53814c496a4d34
[INFO] [stdout]                                at /rustc/6067b36314ab5eb2eb47cecc464545ba58e1ad24/library/alloc/src/boxed.rs:2027:9
[INFO] [stdout]   11:     0x5913c0484e63 - test::test_main::{{closure}}::hc0a4963c59427c24
[INFO] [stdout]                                at /rustc/6067b36314ab5eb2eb47cecc464545ba58e1ad24/library/test/src/lib.rs:134:21
[INFO] [stdout]   12:     0x5913c04d8003 - <alloc::boxed::Box<F,A> as core::ops::function::Fn<Args>>::call::h591b2225413a77e9
[INFO] [stdout]                                at /rustc/6067b36314ab5eb2eb47cecc464545ba58e1ad24/library/alloc/src/boxed.rs:2027:9
[INFO] [stdout]   13:     0x5913c04d8003 - std::panicking::rust_panic_with_hook::h625eea43051b2edc
[INFO] [stdout]                                at /rustc/6067b36314ab5eb2eb47cecc464545ba58e1ad24/library/std/src/panicking.rs:839:13
[INFO] [stdout]   14:     0x5913c04d7cba - std::panicking::begin_panic_handler::{{closure}}::h4f9159cfbc3f6bd3
[INFO] [stdout]                                at /rustc/6067b36314ab5eb2eb47cecc464545ba58e1ad24/library/std/src/panicking.rs:704:13
[INFO] [stdout]   15:     0x5913c04d65e9 - std::sys::backtrace::__rust_end_short_backtrace::h0390abce48353151
[INFO] [stdout]                                at /rustc/6067b36314ab5eb2eb47cecc464545ba58e1ad24/library/std/src/sys/backtrace.rs:168:18
[INFO] [stdout]   16:     0x5913c04d794d - rust_begin_unwind
[INFO] [stdout]                                at /rustc/6067b36314ab5eb2eb47cecc464545ba58e1ad24/library/std/src/panicking.rs:695:5
[INFO] [stdout]   17:     0x5913c04fc290 - core::panicking::panic_fmt::h9e7c637e9e5f29c9
[INFO] [stdout]                                at /rustc/6067b36314ab5eb2eb47cecc464545ba58e1ad24/library/core/src/panicking.rs:75:14
[INFO] [stdout]   18:     0x5913c04fc5b2 - core::panicking::assert_failed_inner::h538bec7c1374cd9c
[INFO] [stdout]   19:     0x5913c0449bf3 - core::panicking::assert_failed::h1ac7e13756f4e875
[INFO] [stdout]                                at /rustc/6067b36314ab5eb2eb47cecc464545ba58e1ad24/library/core/src/panicking.rs:364:5
[INFO] [stdout]   20:     0x5913c044acef - nestest::test_nestest::{{closure}}::h2134dc111de3449e
[INFO] [stdout]                                at /opt/rustwide/workdir/tests/nestest.rs:29:9
[INFO] [stdout]   21:     0x5913c0448757 - nes::cpu::CPU::run_with_callback::hb12a48361a9f5d9b
[INFO] [stdout]                                at /opt/rustwide/workdir/src/cpu/mod.rs:92:17
[INFO] [stdout]   22:     0x5913c044ab62 - nestest::test_nestest::h41409e76168b6452
[INFO] [stdout]                                at /opt/rustwide/workdir/tests/nestest.rs:26:5
[INFO] [stdout]   23:     0x5913c044a797 - nestest::test_nestest::{{closure}}::h9580de76a6544f35
[INFO] [stdout]                                at /opt/rustwide/workdir/tests/nestest.rs:9:18
[INFO] [stdout]   24:     0x5913c04494e6 - core::ops::function::FnOnce::call_once::h9a3df2752e43c595
[INFO] [stdout]                                at /rustc/6067b36314ab5eb2eb47cecc464545ba58e1ad24/library/core/src/ops/function.rs:250:5
[INFO] [stdout]   25:     0x5913c048a5bb - core::ops::function::FnOnce::call_once::he27718dfdd183f43
[INFO] [stdout]                                at /rustc/6067b36314ab5eb2eb47cecc464545ba58e1ad24/library/core/src/ops/function.rs:250:5
[INFO] [stdout]   26:     0x5913c048a5bb - test::__rust_begin_short_backtrace::h4e84902998457a5d
[INFO] [stdout]                                at /rustc/6067b36314ab5eb2eb47cecc464545ba58e1ad24/library/test/src/lib.rs:632:18
[INFO] [stdout]   27:     0x5913c04894f3 - test::run_test_in_process::{{closure}}::h7176fd18fc1feca0
[INFO] [stdout]                                at /rustc/6067b36314ab5eb2eb47cecc464545ba58e1ad24/library/test/src/lib.rs:655:60
[INFO] [stdout]   28:     0x5913c04894f3 - <core::panic::unwind_safe::AssertUnwindSafe<F> as core::ops::function::FnOnce<()>>::call_once::hf79cff2a624d8cf7
[INFO] [stdout]                                at /rustc/6067b36314ab5eb2eb47cecc464545ba58e1ad24/library/core/src/panic/unwind_safe.rs:272:9
[INFO] [stdout]   29:     0x5913c04894f3 - std::panicking::try::do_call::h3da0561d9ab99c25
[INFO] [stdout]                                at /rustc/6067b36314ab5eb2eb47cecc464545ba58e1ad24/library/std/src/panicking.rs:587:40
[INFO] [stdout]   30:     0x5913c04894f3 - std::panicking::try::h41c9fa508bc61df6
[INFO] [stdout]                                at /rustc/6067b36314ab5eb2eb47cecc464545ba58e1ad24/library/std/src/panicking.rs:550:19
[INFO] [stdout]   31:     0x5913c04894f3 - std::panic::catch_unwind::h6b3ff07bb5afad93
[INFO] [stdout]                                at /rustc/6067b36314ab5eb2eb47cecc464545ba58e1ad24/library/std/src/panic.rs:358:14
[INFO] [stdout]   32:     0x5913c04894f3 - test::run_test_in_process::hc7253dd11b39b9f4
[INFO] [stdout]                                at /rustc/6067b36314ab5eb2eb47cecc464545ba58e1ad24/library/test/src/lib.rs:655:27
[INFO] [stdout]   33:     0x5913c04894f3 - test::run_test::{{closure}}::hfb2007f8649c30bb
[INFO] [stdout]                                at /rustc/6067b36314ab5eb2eb47cecc464545ba58e1ad24/library/test/src/lib.rs:576:43
[INFO] [stdout]   34:     0x5913c044c5d5 - test::run_test::{{closure}}::h56a17aa7a282a9f4
[INFO] [stdout]                                at /rustc/6067b36314ab5eb2eb47cecc464545ba58e1ad24/library/test/src/lib.rs:606:41
[INFO] [stdout]   35:     0x5913c044c5d5 - std::sys::backtrace::__rust_begin_short_backtrace::hd2d2d2fb8e8c6aac
[INFO] [stdout]                                at /rustc/6067b36314ab5eb2eb47cecc464545ba58e1ad24/library/std/src/sys/backtrace.rs:152:18
[INFO] [stdout]   36:     0x5913c044feba - std::thread::Builder::spawn_unchecked_::{{closure}}::{{closure}}::h4faa3f9db6133423
[INFO] [stdout]                                at /rustc/6067b36314ab5eb2eb47cecc464545ba58e1ad24/library/std/src/thread/mod.rs:559:17
[INFO] [stdout]   37:     0x5913c044feba - <core::panic::unwind_safe::AssertUnwindSafe<F> as core::ops::function::FnOnce<()>>::call_once::hf2e855a36a4ea846
[INFO] [stdout]                                at /rustc/6067b36314ab5eb2eb47cecc464545ba58e1ad24/library/core/src/panic/unwind_safe.rs:272:9
[INFO] [stdout]   38:     0x5913c044feba - std::panicking::try::do_call::h2f73af3616c35465
[INFO] [stdout]                                at /rustc/6067b36314ab5eb2eb47cecc464545ba58e1ad24/library/std/src/panicking.rs:587:40
[INFO] [stdout]   39:     0x5913c044feba - std::panicking::try::hd1660ce9efadef5a
[INFO] [stdout]                                at /rustc/6067b36314ab5eb2eb47cecc464545ba58e1ad24/library/std/src/panicking.rs:550:19
[INFO] [stdout]   40:     0x5913c044feba - std::panic::catch_unwind::h5ee8d7823b8ca744
[INFO] [stdout]                                at /rustc/6067b36314ab5eb2eb47cecc464545ba58e1ad24/library/std/src/panic.rs:358:14
[INFO] [stdout]   41:     0x5913c044feba - std::thread::Builder::spawn_unchecked_::{{closure}}::h53c3a1894dce8407
[INFO] [stdout]                                at /rustc/6067b36314ab5eb2eb47cecc464545ba58e1ad24/library/std/src/thread/mod.rs:557:30
[INFO] [stdout]   42:     0x5913c044feba - core::ops::function::FnOnce::call_once{{vtable.shim}}::h048ce291ad4f62bf
[INFO] [stdout]                                at /rustc/6067b36314ab5eb2eb47cecc464545ba58e1ad24/library/core/src/ops/function.rs:250:5
[INFO] [stdout]   43:     0x5913c04dbf3b - <alloc::boxed::Box<F,A> as core::ops::function::FnOnce<Args>>::call_once::ha52bedf99a3b4981
[INFO] [stdout]                                at /rustc/6067b36314ab5eb2eb47cecc464545ba58e1ad24/library/alloc/src/boxed.rs:2013:9
[INFO] [stdout]   44:     0x5913c04dbf3b - <alloc::boxed::Box<F,A> as core::ops::function::FnOnce<Args>>::call_once::h567748934d80ccf8
[INFO] [stdout]                                at /rustc/6067b36314ab5eb2eb47cecc464545ba58e1ad24/library/alloc/src/boxed.rs:2013:9
[INFO] [stdout]   45:     0x5913c04dbf3b - std::sys::pal::unix::thread::Thread::new::thread_start::h2d970728ae887adc
[INFO] [stdout]                                at /rustc/6067b36314ab5eb2eb47cecc464545ba58e1ad24/library/std/src/sys/pal/unix/thread.rs:106:17
[INFO] [stdout]   46:     0x727c53f12ac3 - <unknown>
[INFO] [stdout]   47:     0x727c53fa3a04 - clone
[INFO] [stdout]   48:                0x0 - <unknown>
[INFO] [stdout] 
[INFO] [stdout] 
[INFO] [stdout] failures:
[INFO] [stdout]     test_nestest
[INFO] [stdout] 
[INFO] [stdout] test result: FAILED. 0 passed; 1 failed; 0 ignored; 0 measured; 0 filtered out; finished in 0.08s
[INFO] [stdout] 
[INFO] [stderr] error: test failed, to rerun pass `--test nestest`
[INFO] running `Command { std: "docker" "inspect" "d58d36976352c298d3c30f7e7a2614c343fc58f9fa251610a26bf40be71255fb", kill_on_drop: false }`
[INFO] running `Command { std: "docker" "rm" "-f" "d58d36976352c298d3c30f7e7a2614c343fc58f9fa251610a26bf40be71255fb", kill_on_drop: false }`
[INFO] [stdout] d58d36976352c298d3c30f7e7a2614c343fc58f9fa251610a26bf40be71255fb
