[INFO] cloning repository https://github.com/zaddle55/rustris
[INFO] running `Command { std: "git" "-c" "credential.helper=" "-c" "credential.helper=/workspace/cargo-home/bin/git-credential-null" "clone" "--bare" "https://github.com/zaddle55/rustris" "/workspace/cache/git-repos/https%3A%2F%2Fgithub.com%2Fzaddle55%2Frustris", kill_on_drop: false }`
[INFO] [stderr] Cloning into bare repository '/workspace/cache/git-repos/https%3A%2F%2Fgithub.com%2Fzaddle55%2Frustris'...
[INFO] running `Command { std: "git" "rev-parse" "HEAD", kill_on_drop: false }`
[INFO] [stdout] 04a74db4c3fe3e64296868e98943334b6ef73afb
[INFO] testing zaddle55/rustris against nightly-2025-01-18+rustflags=-Zrandomize-layout for randomize-layout-2
[INFO] running `Command { std: "git" "clone" "/workspace/cache/git-repos/https%3A%2F%2Fgithub.com%2Fzaddle55%2Frustris" "/workspace/builds/worker-4-tc2/source", kill_on_drop: false }`
[INFO] [stderr] Cloning into '/workspace/builds/worker-4-tc2/source'...
[INFO] [stderr] done.
[INFO] validating manifest of git repo https://github.com/zaddle55/rustris on toolchain nightly-2025-01-18
[INFO] running `Command { std: CARGO_HOME="/workspace/cargo-home" RUSTUP_HOME="/workspace/rustup-home" "/workspace/cargo-home/bin/cargo" "+nightly-2025-01-18" "metadata" "--manifest-path" "Cargo.toml" "--no-deps", kill_on_drop: false }`
[INFO] started tweaking git repo https://github.com/zaddle55/rustris
[INFO] finished tweaking git repo https://github.com/zaddle55/rustris
[INFO] tweaked toml for git repo https://github.com/zaddle55/rustris written to /workspace/builds/worker-4-tc2/source/Cargo.toml
[INFO] crate git repo https://github.com/zaddle55/rustris already has a lockfile, it will not be regenerated
[INFO] running `Command { std: CARGO_HOME="/workspace/cargo-home" RUSTUP_HOME="/workspace/rustup-home" "/workspace/cargo-home/bin/cargo" "+nightly-2025-01-18" "fetch" "--manifest-path" "Cargo.toml", kill_on_drop: false }`
[INFO] running `Command { std: "docker" "create" "-v" "/var/lib/crater-agent-workspace/builds/worker-4-tc2/target:/opt/rustwide/target:rw,Z" "-v" "/var/lib/crater-agent-workspace/builds/worker-4-tc2/source:/opt/rustwide/workdir:ro,Z" "-v" "/var/lib/crater-agent-workspace/cargo-home:/opt/rustwide/cargo-home:ro,Z" "-v" "/var/lib/crater-agent-workspace/rustup-home:/opt/rustwide/rustup-home:ro,Z" "-e" "SOURCE_DIR=/opt/rustwide/workdir" "-e" "CARGO_TARGET_DIR=/opt/rustwide/target" "-e" "CARGO_HOME=/opt/rustwide/cargo-home" "-e" "RUSTUP_HOME=/opt/rustwide/rustup-home" "-w" "/opt/rustwide/workdir" "-m" "1610612736" "--user" "0:0" "--network" "none" "ghcr.io/rust-lang/crates-build-env/linux@sha256:819108c5571ea2e421544af4d832f968d213c87fbe3707a016657f43d2f853bc" "/opt/rustwide/cargo-home/bin/cargo" "+nightly-2025-01-18" "metadata" "--no-deps" "--format-version=1", kill_on_drop: false }`
[INFO] [stdout] 1d7d1cb79cbdf844a314a337db198db7dad407984555db19b1b8a0d36b412786
[INFO] running `Command { std: "docker" "start" "-a" "1d7d1cb79cbdf844a314a337db198db7dad407984555db19b1b8a0d36b412786", kill_on_drop: false }`
[INFO] running `Command { std: "docker" "inspect" "1d7d1cb79cbdf844a314a337db198db7dad407984555db19b1b8a0d36b412786", kill_on_drop: false }`
[INFO] running `Command { std: "docker" "rm" "-f" "1d7d1cb79cbdf844a314a337db198db7dad407984555db19b1b8a0d36b412786", kill_on_drop: false }`
[INFO] [stdout] 1d7d1cb79cbdf844a314a337db198db7dad407984555db19b1b8a0d36b412786
[INFO] running `Command { std: "docker" "create" "-v" "/var/lib/crater-agent-workspace/builds/worker-4-tc2/target:/opt/rustwide/target:rw,Z" "-v" "/var/lib/crater-agent-workspace/builds/worker-4-tc2/source:/opt/rustwide/workdir:ro,Z" "-v" "/var/lib/crater-agent-workspace/cargo-home:/opt/rustwide/cargo-home:ro,Z" "-v" "/var/lib/crater-agent-workspace/rustup-home:/opt/rustwide/rustup-home:ro,Z" "-e" "SOURCE_DIR=/opt/rustwide/workdir" "-e" "CARGO_TARGET_DIR=/opt/rustwide/target" "-e" "CARGO_INCREMENTAL=0" "-e" "RUST_BACKTRACE=full" "-e" "RUSTFLAGS=--cap-lints=forbid -Zrandomize-layout" "-e" "RUSTDOCFLAGS=--cap-lints=forbid" "-e" "CARGO_HOME=/opt/rustwide/cargo-home" "-e" "RUSTUP_HOME=/opt/rustwide/rustup-home" "-w" "/opt/rustwide/workdir" "-m" "1610612736" "--user" "0:0" "--network" "none" "ghcr.io/rust-lang/crates-build-env/linux@sha256:819108c5571ea2e421544af4d832f968d213c87fbe3707a016657f43d2f853bc" "/opt/rustwide/cargo-home/bin/cargo" "+nightly-2025-01-18" "build" "--frozen" "--message-format=json", kill_on_drop: false }`
[INFO] [stdout] 3b89a8a4912c9def32fd6c8adae9ab24d68be263ed38a27cdfc0390d6aae88a4
[INFO] running `Command { std: "docker" "start" "-a" "3b89a8a4912c9def32fd6c8adae9ab24d68be263ed38a27cdfc0390d6aae88a4", kill_on_drop: false }`
[INFO] [stderr]    Compiling proc-macro2 v1.0.86
[INFO] [stderr]    Compiling unicode-ident v1.0.12
[INFO] [stderr]    Compiling libc v0.2.158
[INFO] [stderr]    Compiling byteorder v1.5.0
[INFO] [stderr]    Compiling memchr v2.7.4
[INFO] [stderr]    Compiling syn v1.0.109
[INFO] [stderr]    Compiling unicode-segmentation v1.11.0
[INFO] [stderr]    Compiling regex-syntax v0.8.4
[INFO] [stderr]    Compiling either v1.13.0
[INFO] [stderr]    Compiling strum v0.20.0
[INFO] [stderr]    Compiling itertools v0.10.5
[INFO] [stderr]    Compiling heck v0.3.3
[INFO] [stderr]    Compiling quote v1.0.37
[INFO] [stderr]    Compiling syn v2.0.76
[INFO] [stderr]    Compiling aho-corasick v1.1.3
[INFO] [stderr]    Compiling getrandom v0.2.15
[INFO] [stderr]    Compiling regex-automata v0.4.7
[INFO] [stderr]    Compiling strum_macros v0.20.1
[INFO] [stderr]    Compiling zerocopy-derive v0.7.35
[INFO] [stderr]    Compiling zerocopy v0.7.35
[INFO] [stderr]    Compiling regex v1.10.6
[INFO] [stderr]    Compiling rand_core v0.9.0-alpha.2
[INFO] [stderr]    Compiling ppv-lite86 v0.2.20
[INFO] [stderr]    Compiling rand_chacha v0.9.0-alpha.2
[INFO] [stderr]    Compiling rand v0.9.0-alpha.2
[INFO] [stderr]    Compiling rustris v0.1.0 (/opt/rustwide/workdir)
[INFO] [stdout] warning: unused import: `EnumCount`
[INFO] [stdout]  --> src/game.rs:5:13
[INFO] [stdout]   |
[INFO] [stdout] 5 | use strum::{EnumCount, IntoEnumIterator};
[INFO] [stdout]   |             ^^^^^^^^^
[INFO] [stdout]   |
[INFO] [stdout]   = note: `#[warn(unused_imports)]` on by default
[INFO] [stdout] 
[INFO] [stdout] 
[INFO] [stdout] warning: unused import: `std::any::Any`
[INFO] [stdout]  --> src/game.rs:8:5
[INFO] [stdout]   |
[INFO] [stdout] 8 | use std::any::Any;
[INFO] [stdout]   |     ^^^^^^^^^^^^^
[INFO] [stdout] 
[INFO] [stdout] 
[INFO] [stdout] warning: unused import: `itertools::Itertools`
[INFO] [stdout]   --> src/game.rs:14:5
[INFO] [stdout]    |
[INFO] [stdout] 14 | use itertools::Itertools;
[INFO] [stdout]    |     ^^^^^^^^^^^^^^^^^^^^
[INFO] [stdout] 
[INFO] [stdout] 
[INFO] [stdout] warning: unused imports: `iter` and `vec`
[INFO] [stdout]  --> src/config.rs:3:11
[INFO] [stdout]   |
[INFO] [stdout] 3 | use std::{iter, vec};
[INFO] [stdout]   |           ^^^^  ^^^
[INFO] [stdout] 
[INFO] [stdout] 
[INFO] [stdout] warning: unused import: `IntoEnumIterator`
[INFO] [stdout]  --> src/config.rs:6:24
[INFO] [stdout]   |
[INFO] [stdout] 6 | use strum::{EnumCount, IntoEnumIterator};
[INFO] [stdout]   |                        ^^^^^^^^^^^^^^^^
[INFO] [stdout] 
[INFO] [stdout] 
[INFO] [stdout] warning: trait `Moveable` is never used
[INFO] [stdout]  --> src/lib.rs:5:7
[INFO] [stdout]   |
[INFO] [stdout] 5 | trait Moveable {
[INFO] [stdout]   |       ^^^^^^^^
[INFO] [stdout]   |
[INFO] [stdout]   = note: `#[warn(dead_code)]` on by default
[INFO] [stdout] 
[INFO] [stdout] 
[INFO] [stdout] warning: field `elapsed_time` is never read
[INFO] [stdout]    --> src/game.rs:163:5
[INFO] [stdout]     |
[INFO] [stdout] 162 | pub struct Move {
[INFO] [stdout]     |            ---- field in this struct
[INFO] [stdout] 163 |     elapsed_time: Duration,
[INFO] [stdout]     |     ^^^^^^^^^^^^
[INFO] [stdout] 
[INFO] [stdout] 
[INFO] [stdout] warning: struct `TimeCounter` is never constructed
[INFO] [stdout]    --> src/game.rs:189:8
[INFO] [stdout]     |
[INFO] [stdout] 189 | struct TimeCounter {
[INFO] [stdout]     |        ^^^^^^^^^^^
[INFO] [stdout] 
[INFO] [stdout] 
[INFO] [stdout] warning: field `acc` is never read
[INFO] [stdout]    --> src/game.rs:198:5
[INFO] [stdout]     |
[INFO] [stdout] 194 | pub struct Game {
[INFO] [stdout]     |            ---- field in this struct
[INFO] [stdout] ...
[INFO] [stdout] 198 |     acc: Vec<i32>,
[INFO] [stdout]     |     ^^^
[INFO] [stdout] 
[INFO] [stdout] 
[INFO] [stdout] warning: associated items `MASKED_HEIGHT`, `handle_fusion`, and `handle_eliminate` are never used
[INFO] [stdout]    --> src/game.rs:206:11
[INFO] [stdout]     |
[INFO] [stdout] 204 | impl Game {
[INFO] [stdout]     | --------- associated items in this implementation
[INFO] [stdout] 205 |     /// Mask height is the height of the game board that is invisible to the player from the top.
[INFO] [stdout] 206 |     const MASKED_HEIGHT: i32= 4;
[INFO] [stdout]     |           ^^^^^^^^^^^^^
[INFO] [stdout] ...
[INFO] [stdout] 274 |     fn handle_fusion(&mut self) {
[INFO] [stdout]     |        ^^^^^^^^^^^^^
[INFO] [stdout] ...
[INFO] [stdout] 284 |     fn handle_eliminate() {
[INFO] [stdout]     |        ^^^^^^^^^^^^^^^^
[INFO] [stdout] 
[INFO] [stdout] 
[INFO] [stderr]     Finished `dev` profile [unoptimized + debuginfo] target(s) in 15.38s
[INFO] running `Command { std: "docker" "inspect" "3b89a8a4912c9def32fd6c8adae9ab24d68be263ed38a27cdfc0390d6aae88a4", kill_on_drop: false }`
[INFO] running `Command { std: "docker" "rm" "-f" "3b89a8a4912c9def32fd6c8adae9ab24d68be263ed38a27cdfc0390d6aae88a4", kill_on_drop: false }`
[INFO] [stdout] 3b89a8a4912c9def32fd6c8adae9ab24d68be263ed38a27cdfc0390d6aae88a4
[INFO] running `Command { std: "docker" "create" "-v" "/var/lib/crater-agent-workspace/builds/worker-4-tc2/target:/opt/rustwide/target:rw,Z" "-v" "/var/lib/crater-agent-workspace/builds/worker-4-tc2/source:/opt/rustwide/workdir:ro,Z" "-v" "/var/lib/crater-agent-workspace/cargo-home:/opt/rustwide/cargo-home:ro,Z" "-v" "/var/lib/crater-agent-workspace/rustup-home:/opt/rustwide/rustup-home:ro,Z" "-e" "SOURCE_DIR=/opt/rustwide/workdir" "-e" "CARGO_TARGET_DIR=/opt/rustwide/target" "-e" "CARGO_INCREMENTAL=0" "-e" "RUST_BACKTRACE=full" "-e" "RUSTFLAGS=--cap-lints=forbid -Zrandomize-layout" "-e" "RUSTDOCFLAGS=--cap-lints=forbid" "-e" "CARGO_HOME=/opt/rustwide/cargo-home" "-e" "RUSTUP_HOME=/opt/rustwide/rustup-home" "-w" "/opt/rustwide/workdir" "-m" "1610612736" "--user" "0:0" "--network" "none" "ghcr.io/rust-lang/crates-build-env/linux@sha256:819108c5571ea2e421544af4d832f968d213c87fbe3707a016657f43d2f853bc" "/opt/rustwide/cargo-home/bin/cargo" "+nightly-2025-01-18" "test" "--frozen" "--no-run" "--message-format=json", kill_on_drop: false }`
[INFO] [stdout] f8697dd97f038c7650e2c2decfb844468b4422293f0b976d3fc2cb9db535e7bd
[INFO] running `Command { std: "docker" "start" "-a" "f8697dd97f038c7650e2c2decfb844468b4422293f0b976d3fc2cb9db535e7bd", kill_on_drop: false }`
[INFO] [stdout] warning: unused import: `EnumCount`
[INFO] [stdout]  --> src/game.rs:5:13
[INFO] [stdout]   |
[INFO] [stdout] 5 | use strum::{EnumCount, IntoEnumIterator};
[INFO] [stdout]   |             ^^^^^^^^^
[INFO] [stdout]   |
[INFO] [stdout]   = note: `#[warn(unused_imports)]` on by default
[INFO] [stdout] 
[INFO] [stdout] 
[INFO] [stdout] warning: unused import: `std::any::Any`
[INFO] [stdout]  --> src/game.rs:8:5
[INFO] [stdout]   |
[INFO] [stdout] 8 | use std::any::Any;
[INFO] [stdout]   |     ^^^^^^^^^^^^^
[INFO] [stdout] 
[INFO] [stdout] 
[INFO] [stdout] warning: unused import: `itertools::Itertools`
[INFO] [stdout]   --> src/game.rs:14:5
[INFO] [stdout]    |
[INFO] [stdout] 14 | use itertools::Itertools;
[INFO] [stdout]    |     ^^^^^^^^^^^^^^^^^^^^
[INFO] [stdout] 
[INFO] [stdout] 
[INFO] [stdout] warning: unused imports: `iter` and `vec`
[INFO] [stdout]  --> src/config.rs:3:11
[INFO] [stdout]   |
[INFO] [stdout] 3 | use std::{iter, vec};
[INFO] [stdout]   |           ^^^^  ^^^
[INFO] [stdout] 
[INFO] [stdout] 
[INFO] [stderr]    Compiling rustris v0.1.0 (/opt/rustwide/workdir)
[INFO] [stdout] warning: unused import: `IntoEnumIterator`
[INFO] [stdout]  --> src/config.rs:6:24
[INFO] [stdout]   |
[INFO] [stdout] 6 | use strum::{EnumCount, IntoEnumIterator};
[INFO] [stdout]   |                        ^^^^^^^^^^^^^^^^
[INFO] [stdout] 
[INFO] [stdout] 
[INFO] [stdout] warning: trait `Moveable` is never used
[INFO] [stdout]  --> src/lib.rs:5:7
[INFO] [stdout]   |
[INFO] [stdout] 5 | trait Moveable {
[INFO] [stdout]   |       ^^^^^^^^
[INFO] [stdout]   |
[INFO] [stdout]   = note: `#[warn(dead_code)]` on by default
[INFO] [stdout] 
[INFO] [stdout] 
[INFO] [stdout] warning: field `elapsed_time` is never read
[INFO] [stdout]    --> src/game.rs:163:5
[INFO] [stdout]     |
[INFO] [stdout] 162 | pub struct Move {
[INFO] [stdout]     |            ---- field in this struct
[INFO] [stdout] 163 |     elapsed_time: Duration,
[INFO] [stdout]     |     ^^^^^^^^^^^^
[INFO] [stdout] 
[INFO] [stdout] 
[INFO] [stdout] warning: struct `TimeCounter` is never constructed
[INFO] [stdout]    --> src/game.rs:189:8
[INFO] [stdout]     |
[INFO] [stdout] 189 | struct TimeCounter {
[INFO] [stdout]     |        ^^^^^^^^^^^
[INFO] [stdout] 
[INFO] [stdout] 
[INFO] [stdout] warning: field `acc` is never read
[INFO] [stdout]    --> src/game.rs:198:5
[INFO] [stdout]     |
[INFO] [stdout] 194 | pub struct Game {
[INFO] [stdout]     |            ---- field in this struct
[INFO] [stdout] ...
[INFO] [stdout] 198 |     acc: Vec<i32>,
[INFO] [stdout]     |     ^^^
[INFO] [stdout] 
[INFO] [stdout] 
[INFO] [stdout] warning: associated items `MASKED_HEIGHT`, `handle_fusion`, and `handle_eliminate` are never used
[INFO] [stdout]    --> src/game.rs:206:11
[INFO] [stdout]     |
[INFO] [stdout] 204 | impl Game {
[INFO] [stdout]     | --------- associated items in this implementation
[INFO] [stdout] 205 |     /// Mask height is the height of the game board that is invisible to the player from the top.
[INFO] [stdout] 206 |     const MASKED_HEIGHT: i32= 4;
[INFO] [stdout]     |           ^^^^^^^^^^^^^
[INFO] [stdout] ...
[INFO] [stdout] 274 |     fn handle_fusion(&mut self) {
[INFO] [stdout]     |        ^^^^^^^^^^^^^
[INFO] [stdout] ...
[INFO] [stdout] 284 |     fn handle_eliminate() {
[INFO] [stdout]     |        ^^^^^^^^^^^^^^^^
[INFO] [stdout] 
[INFO] [stdout] 
[INFO] [stdout] warning: unused import: `EnumCount`
[INFO] [stdout]  --> src/game.rs:5:13
[INFO] [stdout]   |
[INFO] [stdout] 5 | use strum::{EnumCount, IntoEnumIterator};
[INFO] [stdout]   |             ^^^^^^^^^
[INFO] [stdout]   |
[INFO] [stdout]   = note: `#[warn(unused_imports)]` on by default
[INFO] [stdout] 
[INFO] [stdout] 
[INFO] [stdout] warning: unused import: `std::any::Any`
[INFO] [stdout]  --> src/game.rs:8:5
[INFO] [stdout]   |
[INFO] [stdout] 8 | use std::any::Any;
[INFO] [stdout]   |     ^^^^^^^^^^^^^
[INFO] [stdout] 
[INFO] [stdout] 
[INFO] [stdout] warning: unused import: `itertools::Itertools`
[INFO] [stdout]   --> src/game.rs:14:5
[INFO] [stdout]    |
[INFO] [stdout] 14 | use itertools::Itertools;
[INFO] [stdout]    |     ^^^^^^^^^^^^^^^^^^^^
[INFO] [stdout] 
[INFO] [stdout] 
[INFO] [stdout] warning: unused import: `iter`
[INFO] [stdout]  --> src/config.rs:3:11
[INFO] [stdout]   |
[INFO] [stdout] 3 | use std::{iter, vec};
[INFO] [stdout]   |           ^^^^
[INFO] [stdout] 
[INFO] [stdout] 
[INFO] [stdout] warning: unused import: `IntoEnumIterator`
[INFO] [stdout]  --> src/config.rs:6:24
[INFO] [stdout]   |
[INFO] [stdout] 6 | use strum::{EnumCount, IntoEnumIterator};
[INFO] [stdout]   |                        ^^^^^^^^^^^^^^^^
[INFO] [stdout] 
[INFO] [stdout] 
[INFO] [stdout] warning: unused variable: `tetromino`
[INFO] [stdout]    --> src/game.rs:351:17
[INFO] [stdout]     |
[INFO] [stdout] 351 |         let mut tetromino = Tetromino {
[INFO] [stdout]     |                 ^^^^^^^^^ help: if this is intentional, prefix it with an underscore: `_tetromino`
[INFO] [stdout]     |
[INFO] [stdout]     = note: `#[warn(unused_variables)]` on by default
[INFO] [stdout] 
[INFO] [stdout] 
[INFO] [stdout] warning: variable does not need to be mutable
[INFO] [stdout]    --> src/game.rs:351:13
[INFO] [stdout]     |
[INFO] [stdout] 351 |         let mut tetromino = Tetromino {
[INFO] [stdout]     |             ----^^^^^^^^^
[INFO] [stdout]     |             |
[INFO] [stdout]     |             help: remove this `mut`
[INFO] [stdout]     |
[INFO] [stdout]     = note: `#[warn(unused_mut)]` on by default
[INFO] [stdout] 
[INFO] [stdout] 
[INFO] [stdout] warning: trait `Moveable` is never used
[INFO] [stdout]  --> src/lib.rs:5:7
[INFO] [stdout]   |
[INFO] [stdout] 5 | trait Moveable {
[INFO] [stdout]   |       ^^^^^^^^
[INFO] [stdout]   |
[INFO] [stdout]   = note: `#[warn(dead_code)]` on by default
[INFO] [stdout] 
[INFO] [stdout] 
[INFO] [stdout] warning: field `elapsed_time` is never read
[INFO] [stdout]    --> src/game.rs:163:5
[INFO] [stdout]     |
[INFO] [stdout] 162 | pub struct Move {
[INFO] [stdout]     |            ---- field in this struct
[INFO] [stdout] 163 |     elapsed_time: Duration,
[INFO] [stdout]     |     ^^^^^^^^^^^^
[INFO] [stdout] 
[INFO] [stdout] 
[INFO] [stdout] warning: struct `TimeCounter` is never constructed
[INFO] [stdout]    --> src/game.rs:189:8
[INFO] [stdout]     |
[INFO] [stdout] 189 | struct TimeCounter {
[INFO] [stdout]     |        ^^^^^^^^^^^
[INFO] [stdout] 
[INFO] [stdout] 
[INFO] [stdout] warning: field `acc` is never read
[INFO] [stdout]    --> src/game.rs:198:5
[INFO] [stdout]     |
[INFO] [stdout] 194 | pub struct Game {
[INFO] [stdout]     |            ---- field in this struct
[INFO] [stdout] ...
[INFO] [stdout] 198 |     acc: Vec<i32>,
[INFO] [stdout]     |     ^^^
[INFO] [stdout] 
[INFO] [stdout] 
[INFO] [stdout] warning: associated items `MASKED_HEIGHT`, `handle_fusion`, and `handle_eliminate` are never used
[INFO] [stdout]    --> src/game.rs:206:11
[INFO] [stdout]     |
[INFO] [stdout] 204 | impl Game {
[INFO] [stdout]     | --------- associated items in this implementation
[INFO] [stdout] 205 |     /// Mask height is the height of the game board that is invisible to the player from the top.
[INFO] [stdout] 206 |     const MASKED_HEIGHT: i32= 4;
[INFO] [stdout]     |           ^^^^^^^^^^^^^
[INFO] [stdout] ...
[INFO] [stdout] 274 |     fn handle_fusion(&mut self) {
[INFO] [stdout]     |        ^^^^^^^^^^^^^
[INFO] [stdout] ...
[INFO] [stdout] 284 |     fn handle_eliminate() {
[INFO] [stdout]     |        ^^^^^^^^^^^^^^^^
[INFO] [stdout] 
[INFO] [stdout] 
[INFO] [stderr]     Finished `test` profile [unoptimized + debuginfo] target(s) in 0.53s
[INFO] running `Command { std: "docker" "inspect" "f8697dd97f038c7650e2c2decfb844468b4422293f0b976d3fc2cb9db535e7bd", kill_on_drop: false }`
[INFO] running `Command { std: "docker" "rm" "-f" "f8697dd97f038c7650e2c2decfb844468b4422293f0b976d3fc2cb9db535e7bd", kill_on_drop: false }`
[INFO] [stdout] f8697dd97f038c7650e2c2decfb844468b4422293f0b976d3fc2cb9db535e7bd
[INFO] running `Command { std: "docker" "create" "-v" "/var/lib/crater-agent-workspace/builds/worker-4-tc2/target:/opt/rustwide/target:rw,Z" "-v" "/var/lib/crater-agent-workspace/builds/worker-4-tc2/source:/opt/rustwide/workdir:ro,Z" "-v" "/var/lib/crater-agent-workspace/cargo-home:/opt/rustwide/cargo-home:ro,Z" "-v" "/var/lib/crater-agent-workspace/rustup-home:/opt/rustwide/rustup-home:ro,Z" "-e" "SOURCE_DIR=/opt/rustwide/workdir" "-e" "CARGO_TARGET_DIR=/opt/rustwide/target" "-e" "CARGO_INCREMENTAL=0" "-e" "RUST_BACKTRACE=full" "-e" "RUSTFLAGS=--cap-lints=forbid -Zrandomize-layout" "-e" "RUSTDOCFLAGS=--cap-lints=forbid" "-e" "CARGO_HOME=/opt/rustwide/cargo-home" "-e" "RUSTUP_HOME=/opt/rustwide/rustup-home" "-w" "/opt/rustwide/workdir" "-m" "1610612736" "--user" "0:0" "--network" "none" "ghcr.io/rust-lang/crates-build-env/linux@sha256:819108c5571ea2e421544af4d832f968d213c87fbe3707a016657f43d2f853bc" "/opt/rustwide/cargo-home/bin/cargo" "+nightly-2025-01-18" "test" "--frozen", kill_on_drop: false }`
[INFO] [stdout] 9416a0d08e36156124516116fe9adb6f92d04b6577e1bd2778ac7293b4f9d41e
[INFO] running `Command { std: "docker" "start" "-a" "9416a0d08e36156124516116fe9adb6f92d04b6577e1bd2778ac7293b4f9d41e", kill_on_drop: false }`
[INFO] [stderr] warning: unused import: `EnumCount`
[INFO] [stderr]  --> src/game.rs:5:13
[INFO] [stderr]   |
[INFO] [stderr] 5 | use strum::{EnumCount, IntoEnumIterator};
[INFO] [stderr]   |             ^^^^^^^^^
[INFO] [stderr]   |
[INFO] [stderr]   = note: `#[warn(unused_imports)]` on by default
[INFO] [stderr] 
[INFO] [stderr] warning: unused import: `std::any::Any`
[INFO] [stderr]  --> src/game.rs:8:5
[INFO] [stderr]   |
[INFO] [stderr] 8 | use std::any::Any;
[INFO] [stderr]   |     ^^^^^^^^^^^^^
[INFO] [stderr] 
[INFO] [stderr] warning: unused import: `itertools::Itertools`
[INFO] [stderr]   --> src/game.rs:14:5
[INFO] [stderr]    |
[INFO] [stderr] 14 | use itertools::Itertools;
[INFO] [stderr]    |     ^^^^^^^^^^^^^^^^^^^^
[INFO] [stderr] 
[INFO] [stderr] warning: unused imports: `iter` and `vec`
[INFO] [stderr]  --> src/config.rs:3:11
[INFO] [stderr]   |
[INFO] [stderr] 3 | use std::{iter, vec};
[INFO] [stderr]   |           ^^^^  ^^^
[INFO] [stderr] 
[INFO] [stderr] warning: unused import: `IntoEnumIterator`
[INFO] [stderr]  --> src/config.rs:6:24
[INFO] [stderr]   |
[INFO] [stderr] 6 | use strum::{EnumCount, IntoEnumIterator};
[INFO] [stderr]   |                        ^^^^^^^^^^^^^^^^
[INFO] [stderr] 
[INFO] [stderr] warning: trait `Moveable` is never used
[INFO] [stderr]  --> src/lib.rs:5:7
[INFO] [stderr]   |
[INFO] [stderr] 5 | trait Moveable {
[INFO] [stderr]   |       ^^^^^^^^
[INFO] [stderr]   |
[INFO] [stderr]   = note: `#[warn(dead_code)]` on by default
[INFO] [stderr] 
[INFO] [stderr] warning: field `elapsed_time` is never read
[INFO] [stderr]    --> src/game.rs:163:5
[INFO] [stderr]     |
[INFO] [stderr] 162 | pub struct Move {
[INFO] [stderr]     |            ---- field in this struct
[INFO] [stderr] 163 |     elapsed_time: Duration,
[INFO] [stderr]     |     ^^^^^^^^^^^^
[INFO] [stderr] 
[INFO] [stderr] warning: struct `TimeCounter` is never constructed
[INFO] [stderr]    --> src/game.rs:189:8
[INFO] [stderr]     |
[INFO] [stderr] 189 | struct TimeCounter {
[INFO] [stderr]     |        ^^^^^^^^^^^
[INFO] [stderr] 
[INFO] [stderr] warning: field `acc` is never read
[INFO] [stderr]    --> src/game.rs:198:5
[INFO] [stderr]     |
[INFO] [stderr] 194 | pub struct Game {
[INFO] [stderr]     |            ---- field in this struct
[INFO] [stderr] ...
[INFO] [stderr] 198 |     acc: Vec<i32>,
[INFO] [stderr]     |     ^^^
[INFO] [stderr] 
[INFO] [stderr] warning: associated items `MASKED_HEIGHT`, `handle_fusion`, and `handle_eliminate` are never used
[INFO] [stderr]    --> src/game.rs:206:11
[INFO] [stderr]     |
[INFO] [stderr] 204 | impl Game {
[INFO] [stderr]     | --------- associated items in this implementation
[INFO] [stderr] 205 |     /// Mask height is the height of the game board that is invisible to the player from the top.
[INFO] [stderr] 206 |     const MASKED_HEIGHT: i32= 4;
[INFO] [stderr]     |           ^^^^^^^^^^^^^
[INFO] [stderr] ...
[INFO] [stderr] 274 |     fn handle_fusion(&mut self) {
[INFO] [stderr]     |        ^^^^^^^^^^^^^
[INFO] [stderr] ...
[INFO] [stderr] 284 |     fn handle_eliminate() {
[INFO] [stderr]     |        ^^^^^^^^^^^^^^^^
[INFO] [stderr] 
[INFO] [stderr] warning: unused import: `iter`
[INFO] [stderr]  --> src/config.rs:3:11
[INFO] [stderr]   |
[INFO] [stderr] 3 | use std::{iter, vec};
[INFO] [stderr]   |           ^^^^
[INFO] [stderr] 
[INFO] [stderr] warning: unused variable: `tetromino`
[INFO] [stderr]    --> src/game.rs:351:17
[INFO] [stderr]     |
[INFO] [stderr] 351 |         let mut tetromino = Tetromino {
[INFO] [stderr]     |                 ^^^^^^^^^ help: if this is intentional, prefix it with an underscore: `_tetromino`
[INFO] [stderr]     |
[INFO] [stderr]     = note: `#[warn(unused_variables)]` on by default
[INFO] [stderr] 
[INFO] [stderr] warning: variable does not need to be mutable
[INFO] [stderr]    --> src/game.rs:351:13
[INFO] [stderr]     |
[INFO] [stderr] 351 |         let mut tetromino = Tetromino {
[INFO] [stderr]     |             ----^^^^^^^^^
[INFO] [stderr]     |             |
[INFO] [stderr]     |             help: remove this `mut`
[INFO] [stderr]     |
[INFO] [stderr]     = note: `#[warn(unused_mut)]` on by default
[INFO] [stderr] 
[INFO] [stderr] warning: `rustris` (lib) generated 10 warnings (run `cargo fix --lib -p rustris` to apply 4 suggestions)
[INFO] [stderr] warning: `rustris` (lib test) generated 12 warnings (9 duplicates) (run `cargo fix --lib -p rustris --tests` to apply 2 suggestions)
[INFO] [stderr]     Finished `test` profile [unoptimized + debuginfo] target(s) in 0.04s
[INFO] [stderr]      Running unittests src/lib.rs (/opt/rustwide/target/debug/deps/rustris-1dc86c32720f490f)
[INFO] [stdout] 
[INFO] [stdout] running 5 tests
[INFO] [stdout] test game::tests::test_tetromino_random ... ok
[INFO] [stdout] test game::tests::test_tetromino_rotate ... ok
[INFO] [stdout] test game::tests::test_tetromino_translate ... ok
[INFO] [stdout] test game::tests::test_shape_from_str ... ok
[INFO] [stdout] test config::test_parse_array ... ok
[INFO] [stdout] 
[INFO] [stdout] test result: ok. 5 passed; 0 failed; 0 ignored; 0 measured; 0 filtered out; finished in 0.00s
[INFO] [stdout] 
[INFO] [stderr]      Running unittests src/main.rs (/opt/rustwide/target/debug/deps/rustris-78826711a5d2922b)
[INFO] [stdout] 
[INFO] [stdout] running 0 tests
[INFO] [stdout] 
[INFO] [stdout] test result: ok. 0 passed; 0 failed; 0 ignored; 0 measured; 0 filtered out; finished in 0.00s
[INFO] [stdout] 
[INFO] [stderr]      Running tests/config.rs (/opt/rustwide/target/debug/deps/config-194ca74bc4746adb)
[INFO] [stdout] 
[INFO] [stdout] running 2 tests
[INFO] [stdout] test test_load_config ... ok
[INFO] [stdout] test test_save_config ... FAILED
[INFO] [stdout] 
[INFO] [stdout] failures:
[INFO] [stdout] 
[INFO] [stdout] ---- test_save_config stdout ----
[INFO] [stdout] 
[INFO] [stdout] thread 'test_save_config' panicked at tests/config.rs:23:5:
[INFO] [stdout] assertion failed: save_config(TEST_CONFIG).is_ok()
[INFO] [stdout] stack backtrace:
[INFO] [stdout]    0:     0x613588dff6fa - std::backtrace_rs::backtrace::libunwind::trace::hb059275cfc8d6126
[INFO] [stdout]                                at /rustc/6067b36314ab5eb2eb47cecc464545ba58e1ad24/library/std/src/../../backtrace/src/backtrace/libunwind.rs:116:5
[INFO] [stdout]    1:     0x613588dff6fa - std::backtrace_rs::backtrace::trace_unsynchronized::h2da071e4327ce3ee
[INFO] [stdout]                                at /rustc/6067b36314ab5eb2eb47cecc464545ba58e1ad24/library/std/src/../../backtrace/src/backtrace/mod.rs:66:5
[INFO] [stdout]    2:     0x613588dff6fa - std::sys::backtrace::_print_fmt::h842a1474e6f8d23f
[INFO] [stdout]                                at /rustc/6067b36314ab5eb2eb47cecc464545ba58e1ad24/library/std/src/sys/backtrace.rs:66:9
[INFO] [stdout]    3:     0x613588dff6fa - <std::sys::backtrace::BacktraceLock::print::DisplayBacktrace as core::fmt::Display>::fmt::h71a62eb3b9696b12
[INFO] [stdout]                                at /rustc/6067b36314ab5eb2eb47cecc464545ba58e1ad24/library/std/src/sys/backtrace.rs:39:26
[INFO] [stdout]    4:     0x613588e28683 - core::fmt::rt::Argument::fmt::hdb6b616786b41dc1
[INFO] [stdout]                                at /rustc/6067b36314ab5eb2eb47cecc464545ba58e1ad24/library/core/src/fmt/rt.rs:177:76
[INFO] [stdout]    5:     0x613588e28683 - core::fmt::write::h2cc1698af7e2d686
[INFO] [stdout]                                at /rustc/6067b36314ab5eb2eb47cecc464545ba58e1ad24/library/core/src/fmt/mod.rs:1440:21
[INFO] [stdout]    6:     0x613588dfc253 - std::io::Write::write_fmt::hab1b4cd059a79022
[INFO] [stdout]                                at /rustc/6067b36314ab5eb2eb47cecc464545ba58e1ad24/library/std/src/io/mod.rs:1887:15
[INFO] [stdout]    7:     0x613588dff542 - std::sys::backtrace::BacktraceLock::print::h147fe35b4ea13b08
[INFO] [stdout]                                at /rustc/6067b36314ab5eb2eb47cecc464545ba58e1ad24/library/std/src/sys/backtrace.rs:42:9
[INFO] [stdout]    8:     0x613588e00b1f - std::panicking::default_hook::{{closure}}::hbd44223dbdc0d208
[INFO] [stdout]                                at /rustc/6067b36314ab5eb2eb47cecc464545ba58e1ad24/library/std/src/panicking.rs:298:22
[INFO] [stdout]    9:     0x613588e00938 - std::panicking::default_hook::h20f81eb0576efcec
[INFO] [stdout]                                at /rustc/6067b36314ab5eb2eb47cecc464545ba58e1ad24/library/std/src/panicking.rs:322:9
[INFO] [stdout]   10:     0x613588dbb1d3 - <alloc::boxed::Box<F,A> as core::ops::function::Fn<Args>>::call::hdb53814c496a4d34
[INFO] [stdout]                                at /rustc/6067b36314ab5eb2eb47cecc464545ba58e1ad24/library/alloc/src/boxed.rs:2027:9
[INFO] [stdout]   11:     0x613588dbb1d3 - test::test_main::{{closure}}::hc0a4963c59427c24
[INFO] [stdout]                                at /rustc/6067b36314ab5eb2eb47cecc464545ba58e1ad24/library/test/src/lib.rs:134:21
[INFO] [stdout]   12:     0x613588e01613 - <alloc::boxed::Box<F,A> as core::ops::function::Fn<Args>>::call::h591b2225413a77e9
[INFO] [stdout]                                at /rustc/6067b36314ab5eb2eb47cecc464545ba58e1ad24/library/alloc/src/boxed.rs:2027:9
[INFO] [stdout]   13:     0x613588e01613 - std::panicking::rust_panic_with_hook::h625eea43051b2edc
[INFO] [stdout]                                at /rustc/6067b36314ab5eb2eb47cecc464545ba58e1ad24/library/std/src/panicking.rs:839:13
[INFO] [stdout]   14:     0x613588e01296 - std::panicking::begin_panic_handler::{{closure}}::h4f9159cfbc3f6bd3
[INFO] [stdout]                                at /rustc/6067b36314ab5eb2eb47cecc464545ba58e1ad24/library/std/src/panicking.rs:697:13
[INFO] [stdout]   15:     0x613588dffbf9 - std::sys::backtrace::__rust_end_short_backtrace::h0390abce48353151
[INFO] [stdout]                                at /rustc/6067b36314ab5eb2eb47cecc464545ba58e1ad24/library/std/src/sys/backtrace.rs:168:18
[INFO] [stdout]   16:     0x613588e00f5d - rust_begin_unwind
[INFO] [stdout]                                at /rustc/6067b36314ab5eb2eb47cecc464545ba58e1ad24/library/std/src/panicking.rs:695:5
[INFO] [stdout]   17:     0x613588e266d0 - core::panicking::panic_fmt::h9e7c637e9e5f29c9
[INFO] [stdout]                                at /rustc/6067b36314ab5eb2eb47cecc464545ba58e1ad24/library/core/src/panicking.rs:75:14
[INFO] [stdout]   18:     0x613588e2675c - core::panicking::panic::haa3255ea20181a33
[INFO] [stdout]                                at /rustc/6067b36314ab5eb2eb47cecc464545ba58e1ad24/library/core/src/panicking.rs:145:5
[INFO] [stdout]   19:     0x613588d80f4f - config::test_save_config::h435f771673373974
[INFO] [stdout]                                at /opt/rustwide/workdir/tests/config.rs:23:5
[INFO] [stdout]   20:     0x613588d80e97 - config::test_save_config::{{closure}}::hb96fe388f15f65b8
[INFO] [stdout]                                at /opt/rustwide/workdir/tests/config.rs:22:22
[INFO] [stdout]   21:     0x613588d80256 - core::ops::function::FnOnce::call_once::hb2038d95c8fe37ae
[INFO] [stdout]                                at /rustc/6067b36314ab5eb2eb47cecc464545ba58e1ad24/library/core/src/ops/function.rs:250:5
[INFO] [stdout]   22:     0x613588dc092b - core::ops::function::FnOnce::call_once::he27718dfdd183f43
[INFO] [stdout]                                at /rustc/6067b36314ab5eb2eb47cecc464545ba58e1ad24/library/core/src/ops/function.rs:250:5
[INFO] [stdout]   23:     0x613588dc092b - test::__rust_begin_short_backtrace::h4e84902998457a5d
[INFO] [stdout]                                at /rustc/6067b36314ab5eb2eb47cecc464545ba58e1ad24/library/test/src/lib.rs:632:18
[INFO] [stdout]   24:     0x613588dbf863 - test::run_test_in_process::{{closure}}::h7176fd18fc1feca0
[INFO] [stdout]                                at /rustc/6067b36314ab5eb2eb47cecc464545ba58e1ad24/library/test/src/lib.rs:655:60
[INFO] [stdout]   25:     0x613588dbf863 - <core::panic::unwind_safe::AssertUnwindSafe<F> as core::ops::function::FnOnce<()>>::call_once::hf79cff2a624d8cf7
[INFO] [stdout]                                at /rustc/6067b36314ab5eb2eb47cecc464545ba58e1ad24/library/core/src/panic/unwind_safe.rs:272:9
[INFO] [stdout]   26:     0x613588dbf863 - std::panicking::try::do_call::h3da0561d9ab99c25
[INFO] [stdout]                                at /rustc/6067b36314ab5eb2eb47cecc464545ba58e1ad24/library/std/src/panicking.rs:587:40
[INFO] [stdout]   27:     0x613588dbf863 - std::panicking::try::h41c9fa508bc61df6
[INFO] [stdout]                                at /rustc/6067b36314ab5eb2eb47cecc464545ba58e1ad24/library/std/src/panicking.rs:550:19
[INFO] [stdout]   28:     0x613588dbf863 - std::panic::catch_unwind::h6b3ff07bb5afad93
[INFO] [stdout]                                at /rustc/6067b36314ab5eb2eb47cecc464545ba58e1ad24/library/std/src/panic.rs:358:14
[INFO] [stdout]   29:     0x613588dbf863 - test::run_test_in_process::hc7253dd11b39b9f4
[INFO] [stdout]                                at /rustc/6067b36314ab5eb2eb47cecc464545ba58e1ad24/library/test/src/lib.rs:655:27
[INFO] [stdout]   30:     0x613588dbf863 - test::run_test::{{closure}}::hfb2007f8649c30bb
[INFO] [stdout]                                at /rustc/6067b36314ab5eb2eb47cecc464545ba58e1ad24/library/test/src/lib.rs:576:43
[INFO] [stdout]   31:     0x613588d82945 - test::run_test::{{closure}}::h56a17aa7a282a9f4
[INFO] [stdout]                                at /rustc/6067b36314ab5eb2eb47cecc464545ba58e1ad24/library/test/src/lib.rs:606:41
[INFO] [stdout]   32:     0x613588d82945 - std::sys::backtrace::__rust_begin_short_backtrace::hd2d2d2fb8e8c6aac
[INFO] [stdout]                                at /rustc/6067b36314ab5eb2eb47cecc464545ba58e1ad24/library/std/src/sys/backtrace.rs:152:18
[INFO] [stdout]   33:     0x613588d8622a - std::thread::Builder::spawn_unchecked_::{{closure}}::{{closure}}::h4faa3f9db6133423
[INFO] [stdout]                                at /rustc/6067b36314ab5eb2eb47cecc464545ba58e1ad24/library/std/src/thread/mod.rs:559:17
[INFO] [stdout]   34:     0x613588d8622a - <core::panic::unwind_safe::AssertUnwindSafe<F> as core::ops::function::FnOnce<()>>::call_once::hf2e855a36a4ea846
[INFO] [stdout]                                at /rustc/6067b36314ab5eb2eb47cecc464545ba58e1ad24/library/core/src/panic/unwind_safe.rs:272:9
[INFO] [stdout]   35:     0x613588d8622a - std::panicking::try::do_call::h2f73af3616c35465
[INFO] [stdout]                                at /rustc/6067b36314ab5eb2eb47cecc464545ba58e1ad24/library/std/src/panicking.rs:587:40
[INFO] [stdout]   36:     0x613588d8622a - std::panicking::try::hd1660ce9efadef5a
[INFO] [stdout]                                at /rustc/6067b36314ab5eb2eb47cecc464545ba58e1ad24/library/std/src/panicking.rs:550:19
[INFO] [stdout]   37:     0x613588d8622a - std::panic::catch_unwind::h5ee8d7823b8ca744
[INFO] [stdout]                                at /rustc/6067b36314ab5eb2eb47cecc464545ba58e1ad24/library/std/src/panic.rs:358:14
[INFO] [stdout]   38:     0x613588d8622a - std::thread::Builder::spawn_unchecked_::{{closure}}::h53c3a1894dce8407
[INFO] [stdout]                                at /rustc/6067b36314ab5eb2eb47cecc464545ba58e1ad24/library/std/src/thread/mod.rs:557:30
[INFO] [stdout]   39:     0x613588d8622a - core::ops::function::FnOnce::call_once{{vtable.shim}}::h048ce291ad4f62bf
[INFO] [stdout]                                at /rustc/6067b36314ab5eb2eb47cecc464545ba58e1ad24/library/core/src/ops/function.rs:250:5
[INFO] [stdout]   40:     0x613588e0555b - <alloc::boxed::Box<F,A> as core::ops::function::FnOnce<Args>>::call_once::ha52bedf99a3b4981
[INFO] [stdout]                                at /rustc/6067b36314ab5eb2eb47cecc464545ba58e1ad24/library/alloc/src/boxed.rs:2013:9
[INFO] [stdout]   41:     0x613588e0555b - <alloc::boxed::Box<F,A> as core::ops::function::FnOnce<Args>>::call_once::h567748934d80ccf8
[INFO] [stdout]                                at /rustc/6067b36314ab5eb2eb47cecc464545ba58e1ad24/library/alloc/src/boxed.rs:2013:9
[INFO] [stdout]   42:     0x613588e0555b - std::sys::pal::unix::thread::Thread::new::thread_start::h2d970728ae887adc
[INFO] [stdout]                                at /rustc/6067b36314ab5eb2eb47cecc464545ba58e1ad24/library/std/src/sys/pal/unix/thread.rs:106:17
[INFO] [stdout]   43:     0x787d9ff3cac3 - <unknown>
[INFO] [stdout]   44:     0x787d9ffcda04 - clone
[INFO] [stdout]   45:                0x0 - <unknown>
[INFO] [stdout] 
[INFO] [stdout] 
[INFO] [stdout] failures:
[INFO] [stdout]     test_save_config
[INFO] [stdout] 
[INFO] [stdout] test result: FAILED. 1 passed; 1 failed; 0 ignored; 0 measured; 0 filtered out; finished in 0.02s
[INFO] [stdout] 
[INFO] [stderr] error: test failed, to rerun pass `--test config`
[INFO] running `Command { std: "docker" "inspect" "9416a0d08e36156124516116fe9adb6f92d04b6577e1bd2778ac7293b4f9d41e", kill_on_drop: false }`
[INFO] running `Command { std: "docker" "rm" "-f" "9416a0d08e36156124516116fe9adb6f92d04b6577e1bd2778ac7293b4f9d41e", kill_on_drop: false }`
[INFO] [stdout] 9416a0d08e36156124516116fe9adb6f92d04b6577e1bd2778ac7293b4f9d41e
