[INFO] cloning repository https://github.com/zachs18/advent-of-code-2023
[INFO] running `Command { std: "git" "-c" "credential.helper=" "-c" "credential.helper=/workspace/cargo-home/bin/git-credential-null" "clone" "--bare" "https://github.com/zachs18/advent-of-code-2023" "/workspace/cache/git-repos/https%3A%2F%2Fgithub.com%2Fzachs18%2Fadvent-of-code-2023", kill_on_drop: false }`
[INFO] [stderr] Cloning into bare repository '/workspace/cache/git-repos/https%3A%2F%2Fgithub.com%2Fzachs18%2Fadvent-of-code-2023'...
[INFO] running `Command { std: "git" "rev-parse" "HEAD", kill_on_drop: false }`
[INFO] [stdout] 6802a35d0b866d96feb0758e067a40c92917d80f
[INFO] testing zachs18/advent-of-code-2023 against nightly-2025-01-18 for randomize-layout-2
[INFO] running `Command { std: "git" "clone" "/workspace/cache/git-repos/https%3A%2F%2Fgithub.com%2Fzachs18%2Fadvent-of-code-2023" "/workspace/builds/worker-0-tc1/source", kill_on_drop: false }`
[INFO] [stderr] Cloning into '/workspace/builds/worker-0-tc1/source'...
[INFO] [stderr] done.
[INFO] validating manifest of git repo https://github.com/zachs18/advent-of-code-2023 on toolchain nightly-2025-01-18
[INFO] running `Command { std: CARGO_HOME="/workspace/cargo-home" RUSTUP_HOME="/workspace/rustup-home" "/workspace/cargo-home/bin/cargo" "+nightly-2025-01-18" "metadata" "--manifest-path" "Cargo.toml" "--no-deps", kill_on_drop: false }`
[INFO] removed /workspace/builds/worker-0-tc1/source/.cargo/config.toml
[INFO] started tweaking git repo https://github.com/zachs18/advent-of-code-2023
[INFO] finished tweaking git repo https://github.com/zachs18/advent-of-code-2023
[INFO] tweaked toml for git repo https://github.com/zachs18/advent-of-code-2023 written to /workspace/builds/worker-0-tc1/source/Cargo.toml
[INFO] crate git repo https://github.com/zachs18/advent-of-code-2023 already has a lockfile, it will not be regenerated
[INFO] running `Command { std: CARGO_HOME="/workspace/cargo-home" RUSTUP_HOME="/workspace/rustup-home" "/workspace/cargo-home/bin/cargo" "+nightly-2025-01-18" "fetch" "--manifest-path" "Cargo.toml", kill_on_drop: false }`
[INFO] [stderr]     Updating crates.io index
[INFO] [stderr]  Downloading crates ...
[INFO] [stderr]   Downloaded scanfmt v0.1.0
[INFO] [stderr]   Downloaded z3 v0.12.1
[INFO] [stderr]   Downloaded aoc_driver v0.3.6
[INFO] [stderr]   Downloaded generic-cursors v0.0.1
[INFO] [stderr]   Downloaded scanfmt_macros v0.1.1
[INFO] [stderr]   Downloaded zachs18-stdx v0.1.1
[INFO] [stderr]   Downloaded z3-sys v0.8.1
[INFO] running `Command { std: "docker" "create" "-v" "/var/lib/crater-agent-workspace/builds/worker-0-tc1/target:/opt/rustwide/target:rw,Z" "-v" "/var/lib/crater-agent-workspace/builds/worker-0-tc1/source:/opt/rustwide/workdir:ro,Z" "-v" "/var/lib/crater-agent-workspace/cargo-home:/opt/rustwide/cargo-home:ro,Z" "-v" "/var/lib/crater-agent-workspace/rustup-home:/opt/rustwide/rustup-home:ro,Z" "-e" "SOURCE_DIR=/opt/rustwide/workdir" "-e" "CARGO_TARGET_DIR=/opt/rustwide/target" "-e" "CARGO_HOME=/opt/rustwide/cargo-home" "-e" "RUSTUP_HOME=/opt/rustwide/rustup-home" "-w" "/opt/rustwide/workdir" "-m" "1610612736" "--user" "0:0" "--network" "none" "ghcr.io/rust-lang/crates-build-env/linux@sha256:819108c5571ea2e421544af4d832f968d213c87fbe3707a016657f43d2f853bc" "/opt/rustwide/cargo-home/bin/cargo" "+nightly-2025-01-18" "metadata" "--no-deps" "--format-version=1", kill_on_drop: false }`
[INFO] [stdout] 24bd396426cb8733b0440b1006fd674e9a34870b10fbc1c8d00a21971369f37d
[INFO] running `Command { std: "docker" "start" "-a" "24bd396426cb8733b0440b1006fd674e9a34870b10fbc1c8d00a21971369f37d", kill_on_drop: false }`
[INFO] running `Command { std: "docker" "inspect" "24bd396426cb8733b0440b1006fd674e9a34870b10fbc1c8d00a21971369f37d", kill_on_drop: false }`
[INFO] running `Command { std: "docker" "rm" "-f" "24bd396426cb8733b0440b1006fd674e9a34870b10fbc1c8d00a21971369f37d", kill_on_drop: false }`
[INFO] [stdout] 24bd396426cb8733b0440b1006fd674e9a34870b10fbc1c8d00a21971369f37d
[INFO] running `Command { std: "docker" "create" "-v" "/var/lib/crater-agent-workspace/builds/worker-0-tc1/target:/opt/rustwide/target:rw,Z" "-v" "/var/lib/crater-agent-workspace/builds/worker-0-tc1/source:/opt/rustwide/workdir:ro,Z" "-v" "/var/lib/crater-agent-workspace/cargo-home:/opt/rustwide/cargo-home:ro,Z" "-v" "/var/lib/crater-agent-workspace/rustup-home:/opt/rustwide/rustup-home:ro,Z" "-e" "SOURCE_DIR=/opt/rustwide/workdir" "-e" "CARGO_TARGET_DIR=/opt/rustwide/target" "-e" "CARGO_INCREMENTAL=0" "-e" "RUST_BACKTRACE=full" "-e" "RUSTFLAGS=--cap-lints=forbid" "-e" "RUSTDOCFLAGS=--cap-lints=forbid" "-e" "CARGO_HOME=/opt/rustwide/cargo-home" "-e" "RUSTUP_HOME=/opt/rustwide/rustup-home" "-w" "/opt/rustwide/workdir" "-m" "1610612736" "--user" "0:0" "--network" "none" "ghcr.io/rust-lang/crates-build-env/linux@sha256:819108c5571ea2e421544af4d832f968d213c87fbe3707a016657f43d2f853bc" "/opt/rustwide/cargo-home/bin/cargo" "+nightly-2025-01-18" "build" "--frozen" "--message-format=json", kill_on_drop: false }`
[INFO] [stdout] c45f32ef79505451ecf80601745668fc6edab4d091c05c15ca9469a74147340a
[INFO] running `Command { std: "docker" "start" "-a" "c45f32ef79505451ecf80601745668fc6edab4d091c05c15ca9469a74147340a", kill_on_drop: false }`
[INFO] [stderr]    Compiling proc-macro2 v1.0.70
[INFO] [stderr]    Compiling unicode-ident v1.0.12
[INFO] [stderr]    Compiling autocfg v1.1.0
[INFO] [stderr]    Compiling cfg-if v1.0.0
[INFO] [stderr]    Compiling libc v0.2.150
[INFO] [stderr]    Compiling tinyvec_macros v0.1.1
[INFO] [stderr]    Compiling crossbeam-utils v0.8.16
[INFO] [stderr]    Compiling spin v0.9.8
[INFO] [stderr]    Compiling untrusted v0.9.0
[INFO] [stderr]    Compiling tinyvec v1.6.0
[INFO] [stderr]    Compiling equivalent v1.0.1
[INFO] [stderr]    Compiling syn v1.0.109
[INFO] [stderr]    Compiling serde v1.0.193
[INFO] [stderr]    Compiling crc32fast v1.3.2
[INFO] [stderr]    Compiling hashbrown v0.14.2
[INFO] [stderr]    Compiling num-traits v0.2.17
[INFO] [stderr]    Compiling memoffset v0.9.0
[INFO] [stderr]    Compiling crossbeam-epoch v0.9.15
[INFO] [stderr]    Compiling unicode-bidi v0.3.13
[INFO] [stderr]    Compiling percent-encoding v2.3.1
[INFO] [stderr]    Compiling toml_datetime v0.6.5
[INFO] [stderr]    Compiling scopeguard v1.2.0
[INFO] [stderr]    Compiling quote v1.0.33
[INFO] [stderr]    Compiling indexmap v2.1.0
[INFO] [stderr]    Compiling getrandom v0.2.11
[INFO] [stderr]    Compiling cc v1.0.83
[INFO] [stderr]    Compiling unicode-normalization v0.1.22
[INFO] [stderr]    Compiling winnow v0.5.19
[INFO] [stderr]    Compiling syn v2.0.39
[INFO] [stderr]    Compiling adler v1.0.2
[INFO] [stderr]    Compiling rustls v0.21.9
[INFO] [stderr]    Compiling miniz_oxide v0.7.1
[INFO] [stderr]    Compiling idna v0.5.0
[INFO] [stderr]    Compiling form_urlencoded v1.2.1
[INFO] [stderr]    Compiling num-integer v0.1.45
[INFO] [stderr]    Compiling thiserror v1.0.50
[INFO] [stderr]    Compiling log v0.4.20
[INFO] [stderr]    Compiling rayon-core v1.12.0
[INFO] [stderr]    Compiling serde_json v1.0.108
[INFO] [stderr]    Compiling memchr v2.6.4
[INFO] [stderr]    Compiling url v2.5.0
[INFO] [stderr]    Compiling ring v0.17.5
[INFO] [stderr]    Compiling flate2 v1.0.28
[INFO] [stderr]    Compiling crossbeam-deque v0.8.3
[INFO] [stderr]    Compiling aho-corasick v1.1.2
[INFO] [stderr]    Compiling rand_core v0.6.4
[INFO] [stderr]    Compiling toml_edit v0.20.7
[INFO] [stderr]    Compiling num-bigint v0.4.4
[INFO] [stderr]    Compiling ryu v1.0.15
[INFO] [stderr]    Compiling base64 v0.21.5
[INFO] [stderr]    Compiling either v1.9.0
[INFO] [stderr]    Compiling ppv-lite86 v0.2.17
[INFO] [stderr]    Compiling iana-time-zone v0.1.58
[INFO] [stderr]    Compiling once_cell v1.18.0
[INFO] [stderr]    Compiling regex-syntax v0.8.2
[INFO] [stderr]    Compiling itoa v1.0.9
[INFO] [stderr]    Compiling webpki-roots v0.25.3
[INFO] [stderr]    Compiling rand_chacha v0.3.1
[INFO] [stderr]    Compiling proc-macro-crate v2.0.0
[INFO] [stderr]    Compiling convert_case v0.4.0
[INFO] [stderr]    Compiling rayon v1.8.0
[INFO] [stderr]    Compiling rand v0.8.5
[INFO] [stderr]    Compiling serde_derive v1.0.193
[INFO] [stderr]    Compiling thiserror-impl v1.0.50
[INFO] [stderr]    Compiling rustls-webpki v0.101.7
[INFO] [stderr]    Compiling sct v0.7.1
[INFO] [stderr]    Compiling scanfmt_macros v0.1.1
[INFO] [stderr]    Compiling num_enum_derive v0.7.1
[INFO] [stderr]    Compiling regex-automata v0.4.3
[INFO] [stderr]    Compiling enumflags2_derive v0.7.8
[INFO] [stderr]    Compiling enum-map-derive v0.17.0
[INFO] [stderr]    Compiling bytemuck_derive v1.5.0
[INFO] [stderr]    Compiling num_enum v0.7.1
[INFO] [stderr]    Compiling scanfmt v0.1.0
[INFO] [stderr]    Compiling derive_more v0.99.17
[INFO] [stderr]    Compiling enumflags2 v0.7.8
[INFO] [stderr]    Compiling itertools v0.12.0
[INFO] [stderr]    Compiling enum-map v2.7.3
[INFO] [stderr]    Compiling float-ord v0.3.2
[INFO] [stderr]    Compiling generic-cursors v0.0.1
[INFO] [stderr]    Compiling zachs18-stdx v0.1.1
[INFO] [stderr]    Compiling replace_with v0.1.7
[INFO] [stderr]    Compiling glam v0.25.0
[INFO] [stderr]    Compiling bytemuck v1.14.0
[INFO] [stderr]    Compiling regex v1.10.2
[INFO] [stderr]    Compiling ureq v2.9.1
[INFO] [stderr]    Compiling chrono v0.4.31
[INFO] [stderr]    Compiling aoc_driver v0.3.6
[INFO] [stderr]    Compiling aoc-2023 v0.1.0 (/opt/rustwide/workdir)
[INFO] [stdout] warning: struct `Cube` is never constructed
[INFO] [stdout]  --> src/bin/day22/main.rs:9:8
[INFO] [stdout]   |
[INFO] [stdout] 9 | struct Cube {
[INFO] [stdout]   |        ^^^^
[INFO] [stdout]   |
[INFO] [stdout]   = note: `#[warn(dead_code)]` on by default
[INFO] [stdout] 
[INFO] [stdout] 
[INFO] [stdout] warning: unused import: `zachs18_stdx`
[INFO] [stdout]  --> src/bin/day12/main.rs:6:5
[INFO] [stdout]   |
[INFO] [stdout] 6 | use zachs18_stdx::*;
[INFO] [stdout]   |     ^^^^^^^^^^^^
[INFO] [stdout]   |
[INFO] [stdout]   = note: `#[warn(unused_imports)]` on by default
[INFO] [stdout] 
[INFO] [stdout] 
[INFO] [stdout] warning: unused variable: `name`
[INFO] [stdout]    --> src/bin/day20/main.rs:104:10
[INFO] [stdout]     |
[INFO] [stdout] 104 |     for (name, module) in &modules {
[INFO] [stdout]     |          ^^^^ help: if this is intentional, prefix it with an underscore: `_name`
[INFO] [stdout]     |
[INFO] [stdout]     = note: `#[warn(unused_variables)]` on by default
[INFO] [stdout] 
[INFO] [stdout] 
[INFO] [stdout] warning: unused variable: `src`
[INFO] [stdout]    --> src/bin/day20/main.rs:128:25
[INFO] [stdout]     |
[INFO] [stdout] 128 |         while let Some((src, dest, idx, high)) = pulses.pop_front() {
[INFO] [stdout]     |                         ^^^ help: if this is intentional, prefix it with an underscore: `_src`
[INFO] [stdout] 
[INFO] [stdout] 
[INFO] [stdout] warning: variable does not need to be mutable
[INFO] [stdout]   --> src/bin/day20/main.rs:72:9
[INFO] [stdout]    |
[INFO] [stdout] 72 |     let mut modules: HashMap<&'input str, RefCell<Module<'input>>> = input
[INFO] [stdout]    |         ----^^^^^^^
[INFO] [stdout]    |         |
[INFO] [stdout]    |         help: remove this `mut`
[INFO] [stdout]    |
[INFO] [stdout]    = note: `#[warn(unused_mut)]` on by default
[INFO] [stdout] 
[INFO] [stdout] 
[INFO] [stdout] warning: unused variable: `name`
[INFO] [stdout]    --> src/bin/day20/main.rs:187:10
[INFO] [stdout]     |
[INFO] [stdout] 187 |     for (name, module) in &modules {
[INFO] [stdout]     |          ^^^^ help: if this is intentional, prefix it with an underscore: `_name`
[INFO] [stdout] 
[INFO] [stdout] 
[INFO] [stdout] warning: unused variable: `src`
[INFO] [stdout]    --> src/bin/day20/main.rs:243:25
[INFO] [stdout]     |
[INFO] [stdout] 243 |         while let Some((src, dest, idx, high)) = pulses.pop_front() {
[INFO] [stdout]     |                         ^^^ help: if this is intentional, prefix it with an underscore: `_src`
[INFO] [stdout] 
[INFO] [stdout] 
[INFO] [stdout] warning: variable does not need to be mutable
[INFO] [stdout]    --> src/bin/day20/main.rs:155:9
[INFO] [stdout]     |
[INFO] [stdout] 155 |     let mut modules: HashMap<&'input str, RefCell<Module<'input>>> = input
[INFO] [stdout]     |         ----^^^^^^^
[INFO] [stdout]     |         |
[INFO] [stdout]     |         help: remove this `mut`
[INFO] [stdout] 
[INFO] [stdout] 
[INFO] [stdout] warning: unused variable: `total_reachable_squares`
[INFO] [stdout]    --> src/bin/day21/main.rs:253:9
[INFO] [stdout]     |
[INFO] [stdout] 253 |     let total_reachable_squares = odd_parity_reachable_squares + even_parity_reachable_squares;
[INFO] [stdout]     |         ^^^^^^^^^^^^^^^^^^^^^^^ help: if this is intentional, prefix it with an underscore: `_total_reachable_squares`
[INFO] [stdout]     |
[INFO] [stdout]     = note: `#[warn(unused_variables)]` on by default
[INFO] [stdout] 
[INFO] [stdout] 
[INFO] [stdout] warning: unused variable: `h`
[INFO] [stdout]    --> src/bin/day21/main.rs:304:9
[INFO] [stdout]     |
[INFO] [stdout] 304 |     let h = data.len();
[INFO] [stdout]     |         ^ help: if this is intentional, prefix it with an underscore: `_h`
[INFO] [stdout] 
[INFO] [stdout] 
[INFO] [stdout] warning: unused variable: `w`
[INFO] [stdout]    --> src/bin/day21/main.rs:305:9
[INFO] [stdout]     |
[INFO] [stdout] 305 |     let w = data[0].len();
[INFO] [stdout]     |         ^ help: if this is intentional, prefix it with an underscore: `_w`
[INFO] [stdout] 
[INFO] [stdout] 
[INFO] [stdout] warning: function `print_universe` is never used
[INFO] [stdout]    --> src/bin/day21/main.rs:217:4
[INFO] [stdout]     |
[INFO] [stdout] 217 | fn print_universe(data: &[&[u8]], uy: isize, ux: isize, universe: &Universe<'_>) {
[INFO] [stdout]     |    ^^^^^^^^^^^^^^
[INFO] [stdout]     |
[INFO] [stdout]     = note: `#[warn(dead_code)]` on by default
[INFO] [stdout] 
[INFO] [stdout] 
[INFO] [stdout] warning: unused variable: `h0`
[INFO] [stdout]    --> src/bin/day24/main.rs:213:15
[INFO] [stdout]     |
[INFO] [stdout] 213 | fn try_solve2(h0: Hailstone2, h1: Hailstone2, h2: Hailstone2) -> Option<Hailstone2> {
[INFO] [stdout]     |               ^^ help: if this is intentional, prefix it with an underscore: `_h0`
[INFO] [stdout]     |
[INFO] [stdout]     = note: `#[warn(unused_variables)]` on by default
[INFO] [stdout] 
[INFO] [stdout] 
[INFO] [stdout] warning: unused variable: `h1`
[INFO] [stdout]    --> src/bin/day24/main.rs:213:31
[INFO] [stdout]     |
[INFO] [stdout] 213 | fn try_solve2(h0: Hailstone2, h1: Hailstone2, h2: Hailstone2) -> Option<Hailstone2> {
[INFO] [stdout]     |                               ^^ help: if this is intentional, prefix it with an underscore: `_h1`
[INFO] [stdout] 
[INFO] [stdout] 
[INFO] [stdout] warning: unused variable: `h2`
[INFO] [stdout]    --> src/bin/day24/main.rs:213:47
[INFO] [stdout]     |
[INFO] [stdout] 213 | fn try_solve2(h0: Hailstone2, h1: Hailstone2, h2: Hailstone2) -> Option<Hailstone2> {
[INFO] [stdout]     |                                               ^^ help: if this is intentional, prefix it with an underscore: `_h2`
[INFO] [stdout] 
[INFO] [stdout] 
[INFO] [stderr]     Finished `dev` profile [unoptimized + debuginfo] target(s) in 1m 50s
[INFO] running `Command { std: "docker" "inspect" "c45f32ef79505451ecf80601745668fc6edab4d091c05c15ca9469a74147340a", kill_on_drop: false }`
[INFO] running `Command { std: "docker" "rm" "-f" "c45f32ef79505451ecf80601745668fc6edab4d091c05c15ca9469a74147340a", kill_on_drop: false }`
[INFO] [stdout] c45f32ef79505451ecf80601745668fc6edab4d091c05c15ca9469a74147340a
[INFO] running `Command { std: "docker" "create" "-v" "/var/lib/crater-agent-workspace/builds/worker-0-tc1/target:/opt/rustwide/target:rw,Z" "-v" "/var/lib/crater-agent-workspace/builds/worker-0-tc1/source:/opt/rustwide/workdir:ro,Z" "-v" "/var/lib/crater-agent-workspace/cargo-home:/opt/rustwide/cargo-home:ro,Z" "-v" "/var/lib/crater-agent-workspace/rustup-home:/opt/rustwide/rustup-home:ro,Z" "-e" "SOURCE_DIR=/opt/rustwide/workdir" "-e" "CARGO_TARGET_DIR=/opt/rustwide/target" "-e" "CARGO_INCREMENTAL=0" "-e" "RUST_BACKTRACE=full" "-e" "RUSTFLAGS=--cap-lints=forbid" "-e" "RUSTDOCFLAGS=--cap-lints=forbid" "-e" "CARGO_HOME=/opt/rustwide/cargo-home" "-e" "RUSTUP_HOME=/opt/rustwide/rustup-home" "-w" "/opt/rustwide/workdir" "-m" "1610612736" "--user" "0:0" "--network" "none" "ghcr.io/rust-lang/crates-build-env/linux@sha256:819108c5571ea2e421544af4d832f968d213c87fbe3707a016657f43d2f853bc" "/opt/rustwide/cargo-home/bin/cargo" "+nightly-2025-01-18" "test" "--frozen" "--no-run" "--message-format=json", kill_on_drop: false }`
[INFO] [stdout] 6d09b003bbeab9d4c59d756be44970cee78103aceafe13732221cf7c18fd5710
[INFO] running `Command { std: "docker" "start" "-a" "6d09b003bbeab9d4c59d756be44970cee78103aceafe13732221cf7c18fd5710", kill_on_drop: false }`
[INFO] [stderr]    Compiling aoc-2023 v0.1.0 (/opt/rustwide/workdir)
[INFO] [stdout] warning: unused variable: `total_reachable_squares`
[INFO] [stdout]    --> src/bin/day21/main.rs:253:9
[INFO] [stdout]     |
[INFO] [stdout] 253 |     let total_reachable_squares = odd_parity_reachable_squares + even_parity_reachable_squares;
[INFO] [stdout]     |         ^^^^^^^^^^^^^^^^^^^^^^^ help: if this is intentional, prefix it with an underscore: `_total_reachable_squares`
[INFO] [stdout]     |
[INFO] [stdout]     = note: `#[warn(unused_variables)]` on by default
[INFO] [stdout] 
[INFO] [stdout] 
[INFO] [stdout] warning: unused variable: `h`
[INFO] [stdout]    --> src/bin/day21/main.rs:304:9
[INFO] [stdout]     |
[INFO] [stdout] 304 |     let h = data.len();
[INFO] [stdout]     |         ^ help: if this is intentional, prefix it with an underscore: `_h`
[INFO] [stdout] 
[INFO] [stdout] 
[INFO] [stdout] warning: unused variable: `w`
[INFO] [stdout]    --> src/bin/day21/main.rs:305:9
[INFO] [stdout]     |
[INFO] [stdout] 305 |     let w = data[0].len();
[INFO] [stdout]     |         ^ help: if this is intentional, prefix it with an underscore: `_w`
[INFO] [stdout] 
[INFO] [stdout] 
[INFO] [stdout] warning: function `print_universe` is never used
[INFO] [stdout]    --> src/bin/day21/main.rs:217:4
[INFO] [stdout]     |
[INFO] [stdout] 217 | fn print_universe(data: &[&[u8]], uy: isize, ux: isize, universe: &Universe<'_>) {
[INFO] [stdout]     |    ^^^^^^^^^^^^^^
[INFO] [stdout]     |
[INFO] [stdout]     = note: `#[warn(dead_code)]` on by default
[INFO] [stdout] 
[INFO] [stdout] 
[INFO] [stdout] warning: unused variable: `h0`
[INFO] [stdout]    --> src/bin/day24/main.rs:213:15
[INFO] [stdout]     |
[INFO] [stdout] 213 | fn try_solve2(h0: Hailstone2, h1: Hailstone2, h2: Hailstone2) -> Option<Hailstone2> {
[INFO] [stdout]     |               ^^ help: if this is intentional, prefix it with an underscore: `_h0`
[INFO] [stdout]     |
[INFO] [stdout]     = note: `#[warn(unused_variables)]` on by default
[INFO] [stdout] 
[INFO] [stdout] 
[INFO] [stdout] warning: unused variable: `h1`
[INFO] [stdout]    --> src/bin/day24/main.rs:213:31
[INFO] [stdout]     |
[INFO] [stdout] 213 | fn try_solve2(h0: Hailstone2, h1: Hailstone2, h2: Hailstone2) -> Option<Hailstone2> {
[INFO] [stdout]     |                               ^^ help: if this is intentional, prefix it with an underscore: `_h1`
[INFO] [stdout] 
[INFO] [stdout] 
[INFO] [stdout] warning: unused variable: `h2`
[INFO] [stdout]    --> src/bin/day24/main.rs:213:47
[INFO] [stdout]     |
[INFO] [stdout] 213 | fn try_solve2(h0: Hailstone2, h1: Hailstone2, h2: Hailstone2) -> Option<Hailstone2> {
[INFO] [stdout]     |                                               ^^ help: if this is intentional, prefix it with an underscore: `_h2`
[INFO] [stdout] 
[INFO] [stdout] 
[INFO] [stdout] warning: unused import: `zachs18_stdx`
[INFO] [stdout]  --> src/bin/day12/main.rs:6:5
[INFO] [stdout]   |
[INFO] [stdout] 6 | use zachs18_stdx::*;
[INFO] [stdout]   |     ^^^^^^^^^^^^
[INFO] [stdout]   |
[INFO] [stdout]   = note: `#[warn(unused_imports)]` on by default
[INFO] [stdout] 
[INFO] [stdout] 
[INFO] [stdout] warning: struct `Cube` is never constructed
[INFO] [stdout]  --> src/bin/day22/main.rs:9:8
[INFO] [stdout]   |
[INFO] [stdout] 9 | struct Cube {
[INFO] [stdout]   |        ^^^^
[INFO] [stdout]   |
[INFO] [stdout]   = note: `#[warn(dead_code)]` on by default
[INFO] [stdout] 
[INFO] [stdout] 
[INFO] [stdout] warning: unused variable: `name`
[INFO] [stdout]    --> src/bin/day20/main.rs:104:10
[INFO] [stdout]     |
[INFO] [stdout] 104 |     for (name, module) in &modules {
[INFO] [stdout]     |          ^^^^ help: if this is intentional, prefix it with an underscore: `_name`
[INFO] [stdout]     |
[INFO] [stdout]     = note: `#[warn(unused_variables)]` on by default
[INFO] [stdout] 
[INFO] [stdout] 
[INFO] [stdout] warning: unused variable: `src`
[INFO] [stdout]    --> src/bin/day20/main.rs:128:25
[INFO] [stdout]     |
[INFO] [stdout] 128 |         while let Some((src, dest, idx, high)) = pulses.pop_front() {
[INFO] [stdout]     |                         ^^^ help: if this is intentional, prefix it with an underscore: `_src`
[INFO] [stdout] 
[INFO] [stdout] 
[INFO] [stdout] warning: variable does not need to be mutable
[INFO] [stdout]   --> src/bin/day20/main.rs:72:9
[INFO] [stdout]    |
[INFO] [stdout] 72 |     let mut modules: HashMap<&'input str, RefCell<Module<'input>>> = input
[INFO] [stdout]    |         ----^^^^^^^
[INFO] [stdout]    |         |
[INFO] [stdout]    |         help: remove this `mut`
[INFO] [stdout]    |
[INFO] [stdout]    = note: `#[warn(unused_mut)]` on by default
[INFO] [stdout] 
[INFO] [stdout] 
[INFO] [stdout] warning: unused variable: `name`
[INFO] [stdout]    --> src/bin/day20/main.rs:187:10
[INFO] [stdout]     |
[INFO] [stdout] 187 |     for (name, module) in &modules {
[INFO] [stdout]     |          ^^^^ help: if this is intentional, prefix it with an underscore: `_name`
[INFO] [stdout] 
[INFO] [stdout] 
[INFO] [stdout] warning: unused variable: `src`
[INFO] [stdout]    --> src/bin/day20/main.rs:243:25
[INFO] [stdout]     |
[INFO] [stdout] 243 |         while let Some((src, dest, idx, high)) = pulses.pop_front() {
[INFO] [stdout]     |                         ^^^ help: if this is intentional, prefix it with an underscore: `_src`
[INFO] [stdout] 
[INFO] [stdout] 
[INFO] [stdout] warning: variable does not need to be mutable
[INFO] [stdout]    --> src/bin/day20/main.rs:155:9
[INFO] [stdout]     |
[INFO] [stdout] 155 |     let mut modules: HashMap<&'input str, RefCell<Module<'input>>> = input
[INFO] [stdout]     |         ----^^^^^^^
[INFO] [stdout]     |         |
[INFO] [stdout]     |         help: remove this `mut`
[INFO] [stdout] 
[INFO] [stdout] 
[INFO] [stderr]     Finished `test` profile [unoptimized + debuginfo] target(s) in 13.57s
[INFO] running `Command { std: "docker" "inspect" "6d09b003bbeab9d4c59d756be44970cee78103aceafe13732221cf7c18fd5710", kill_on_drop: false }`
[INFO] running `Command { std: "docker" "rm" "-f" "6d09b003bbeab9d4c59d756be44970cee78103aceafe13732221cf7c18fd5710", kill_on_drop: false }`
[INFO] [stdout] 6d09b003bbeab9d4c59d756be44970cee78103aceafe13732221cf7c18fd5710
[INFO] running `Command { std: "docker" "create" "-v" "/var/lib/crater-agent-workspace/builds/worker-0-tc1/target:/opt/rustwide/target:rw,Z" "-v" "/var/lib/crater-agent-workspace/builds/worker-0-tc1/source:/opt/rustwide/workdir:ro,Z" "-v" "/var/lib/crater-agent-workspace/cargo-home:/opt/rustwide/cargo-home:ro,Z" "-v" "/var/lib/crater-agent-workspace/rustup-home:/opt/rustwide/rustup-home:ro,Z" "-e" "SOURCE_DIR=/opt/rustwide/workdir" "-e" "CARGO_TARGET_DIR=/opt/rustwide/target" "-e" "CARGO_INCREMENTAL=0" "-e" "RUST_BACKTRACE=full" "-e" "RUSTFLAGS=--cap-lints=forbid" "-e" "RUSTDOCFLAGS=--cap-lints=forbid" "-e" "CARGO_HOME=/opt/rustwide/cargo-home" "-e" "RUSTUP_HOME=/opt/rustwide/rustup-home" "-w" "/opt/rustwide/workdir" "-m" "1610612736" "--user" "0:0" "--network" "none" "ghcr.io/rust-lang/crates-build-env/linux@sha256:819108c5571ea2e421544af4d832f968d213c87fbe3707a016657f43d2f853bc" "/opt/rustwide/cargo-home/bin/cargo" "+nightly-2025-01-18" "test" "--frozen", kill_on_drop: false }`
[INFO] [stdout] 3fdba7a8d3decf16327688f34f9c3d87b1cd8229093503ed0df6fa322e570781
[INFO] running `Command { std: "docker" "start" "-a" "3fdba7a8d3decf16327688f34f9c3d87b1cd8229093503ed0df6fa322e570781", kill_on_drop: false }`
[INFO] [stderr] warning: unused import: `zachs18_stdx`
[INFO] [stderr]  --> src/bin/day12/main.rs:6:5
[INFO] [stderr]   |
[INFO] [stderr] 6 | use zachs18_stdx::*;
[INFO] [stderr]   |     ^^^^^^^^^^^^
[INFO] [stderr]   |
[INFO] [stderr]   = note: `#[warn(unused_imports)]` on by default
[INFO] [stderr] 
[INFO] [stderr] warning: unused variable: `name`
[INFO] [stderr]    --> src/bin/day20/main.rs:104:10
[INFO] [stderr]     |
[INFO] [stderr] 104 |     for (name, module) in &modules {
[INFO] [stderr]     |          ^^^^ help: if this is intentional, prefix it with an underscore: `_name`
[INFO] [stderr]     |
[INFO] [stderr]     = note: `#[warn(unused_variables)]` on by default
[INFO] [stderr] 
[INFO] [stderr] warning: unused variable: `src`
[INFO] [stderr]    --> src/bin/day20/main.rs:128:25
[INFO] [stderr]     |
[INFO] [stderr] 128 |         while let Some((src, dest, idx, high)) = pulses.pop_front() {
[INFO] [stderr]     |                         ^^^ help: if this is intentional, prefix it with an underscore: `_src`
[INFO] [stderr] 
[INFO] [stderr] warning: variable does not need to be mutable
[INFO] [stderr]   --> src/bin/day20/main.rs:72:9
[INFO] [stderr]    |
[INFO] [stderr] 72 |     let mut modules: HashMap<&'input str, RefCell<Module<'input>>> = input
[INFO] [stderr]    |         ----^^^^^^^
[INFO] [stderr]    |         |
[INFO] [stderr]    |         help: remove this `mut`
[INFO] [stderr]    |
[INFO] [stderr]    = note: `#[warn(unused_mut)]` on by default
[INFO] [stderr] 
[INFO] [stderr] warning: unused variable: `name`
[INFO] [stderr]    --> src/bin/day20/main.rs:187:10
[INFO] [stderr]     |
[INFO] [stderr] 187 |     for (name, module) in &modules {
[INFO] [stderr]     |          ^^^^ help: if this is intentional, prefix it with an underscore: `_name`
[INFO] [stderr] 
[INFO] [stderr] warning: unused variable: `src`
[INFO] [stderr]    --> src/bin/day20/main.rs:243:25
[INFO] [stderr]     |
[INFO] [stderr] 243 |         while let Some((src, dest, idx, high)) = pulses.pop_front() {
[INFO] [stderr]     |                         ^^^ help: if this is intentional, prefix it with an underscore: `_src`
[INFO] [stderr] 
[INFO] [stderr] warning: variable does not need to be mutable
[INFO] [stderr]    --> src/bin/day20/main.rs:155:9
[INFO] [stderr]     |
[INFO] [stderr] 155 |     let mut modules: HashMap<&'input str, RefCell<Module<'input>>> = input
[INFO] [stderr]     |         ----^^^^^^^
[INFO] [stderr]     |         |
[INFO] [stderr]     |         help: remove this `mut`
[INFO] [stderr] 
[INFO] [stderr] warning: unused variable: `total_reachable_squares`
[INFO] [stderr]    --> src/bin/day21/main.rs:253:9
[INFO] [stderr]     |
[INFO] [stderr] 253 |     let total_reachable_squares = odd_parity_reachable_squares + even_parity_reachable_squares;
[INFO] [stderr]     |         ^^^^^^^^^^^^^^^^^^^^^^^ help: if this is intentional, prefix it with an underscore: `_total_reachable_squares`
[INFO] [stderr]     |
[INFO] [stderr]     = note: `#[warn(unused_variables)]` on by default
[INFO] [stderr] 
[INFO] [stderr] warning: unused variable: `h`
[INFO] [stderr]    --> src/bin/day21/main.rs:304:9
[INFO] [stderr]     |
[INFO] [stderr] 304 |     let h = data.len();
[INFO] [stderr]     |         ^ help: if this is intentional, prefix it with an underscore: `_h`
[INFO] [stderr] 
[INFO] [stderr] warning: unused variable: `w`
[INFO] [stderr]    --> src/bin/day21/main.rs:305:9
[INFO] [stderr]     |
[INFO] [stderr] 305 |     let w = data[0].len();
[INFO] [stderr]     |         ^ help: if this is intentional, prefix it with an underscore: `_w`
[INFO] [stderr] 
[INFO] [stderr] warning: function `print_universe` is never used
[INFO] [stderr]    --> src/bin/day21/main.rs:217:4
[INFO] [stderr]     |
[INFO] [stderr] 217 | fn print_universe(data: &[&[u8]], uy: isize, ux: isize, universe: &Universe<'_>) {
[INFO] [stderr]     |    ^^^^^^^^^^^^^^
[INFO] [stderr]     |
[INFO] [stderr]     = note: `#[warn(dead_code)]` on by default
[INFO] [stderr] 
[INFO] [stderr] warning: `aoc-2023` (bin "day12" test) generated 1 warning
[INFO] [stderr] warning: `aoc-2023` (bin "day20" test) generated 6 warnings (run `cargo fix --bin "day20" --tests` to apply 2 suggestions)
[INFO] [stderr] warning: `aoc-2023` (bin "day21" test) generated 4 warnings
[INFO] [stderr] warning: struct `Cube` is never constructed
[INFO] [stderr]  --> src/bin/day22/main.rs:9:8
[INFO] [stderr]   |
[INFO] [stderr] 9 | struct Cube {
[INFO] [stderr]   |        ^^^^
[INFO] [stderr]   |
[INFO] [stderr]   = note: `#[warn(dead_code)]` on by default
[INFO] [stderr] 
[INFO] [stderr] warning: `aoc-2023` (bin "day22" test) generated 1 warning
[INFO] [stderr] warning: unused variable: `h0`
[INFO] [stderr]    --> src/bin/day24/main.rs:213:15
[INFO] [stderr]     |
[INFO] [stderr] 213 | fn try_solve2(h0: Hailstone2, h1: Hailstone2, h2: Hailstone2) -> Option<Hailstone2> {
[INFO] [stderr]     |               ^^ help: if this is intentional, prefix it with an underscore: `_h0`
[INFO] [stderr]     |
[INFO] [stderr]     = note: `#[warn(unused_variables)]` on by default
[INFO] [stderr] 
[INFO] [stderr] warning: unused variable: `h1`
[INFO] [stderr]    --> src/bin/day24/main.rs:213:31
[INFO] [stderr]     |
[INFO] [stderr] 213 | fn try_solve2(h0: Hailstone2, h1: Hailstone2, h2: Hailstone2) -> Option<Hailstone2> {
[INFO] [stderr]     |                               ^^ help: if this is intentional, prefix it with an underscore: `_h1`
[INFO] [stderr] 
[INFO] [stderr] warning: unused variable: `h2`
[INFO] [stderr]    --> src/bin/day24/main.rs:213:47
[INFO] [stderr]     |
[INFO] [stderr] 213 | fn try_solve2(h0: Hailstone2, h1: Hailstone2, h2: Hailstone2) -> Option<Hailstone2> {
[INFO] [stderr]     |                                               ^^ help: if this is intentional, prefix it with an underscore: `_h2`
[INFO] [stderr] 
[INFO] [stderr] warning: `aoc-2023` (bin "day24" test) generated 3 warnings
[INFO] [stderr]     Finished `test` profile [unoptimized + debuginfo] target(s) in 0.15s
[INFO] [stderr]      Running unittests src/lib.rs (/opt/rustwide/target/debug/deps/aoc_2023-43c3ed0e626aecbb)
[INFO] [stdout] 
[INFO] [stdout] running 2 tests
[INFO] [stdout] test tests::test_list_of_lists ... ok
[INFO] [stdout] test tests::test_list ... ok
[INFO] [stdout] 
[INFO] [stdout] test result: ok. 2 passed; 0 failed; 0 ignored; 0 measured; 0 filtered out; finished in 0.00s
[INFO] [stdout] 
[INFO] [stderr]      Running unittests src/bin/day/main.rs (/opt/rustwide/target/debug/deps/day-ee6e8448c7b51771)
[INFO] [stdout] 
[INFO] [stdout] running 0 tests
[INFO] [stdout] 
[INFO] [stdout] test result: ok. 0 passed; 0 failed; 0 ignored; 0 measured; 0 filtered out; finished in 0.00s
[INFO] [stdout] 
[INFO] [stderr]      Running unittests src/bin/day1/main.rs (/opt/rustwide/target/debug/deps/day1-cfd3d93b1b62e348)
[INFO] [stdout] 
[INFO] [stdout] running 2 tests
[INFO] [stdout] test example ... ok
[INFO] [stdout] test regex ... ok
[INFO] [stdout] 
[INFO] [stdout] test result: ok. 2 passed; 0 failed; 0 ignored; 0 measured; 0 filtered out; finished in 0.01s
[INFO] [stdout] 
[INFO] [stderr]      Running unittests src/bin/day10/main.rs (/opt/rustwide/target/debug/deps/day10-2dbd1e049e403ec7)
[INFO] [stdout] 
[INFO] [stdout] running 1 test
[INFO] [stdout] test example ... ok
[INFO] [stdout] 
[INFO] [stdout] test result: ok. 1 passed; 0 failed; 0 ignored; 0 measured; 0 filtered out; finished in 0.00s
[INFO] [stdout] 
[INFO] [stderr]      Running unittests src/bin/day11/main.rs (/opt/rustwide/target/debug/deps/day11-df550e4861bfb1a8)
[INFO] [stdout] 
[INFO] [stdout] running 1 test
[INFO] [stdout] test example ... ok
[INFO] [stdout] 
[INFO] [stdout] test result: ok. 1 passed; 0 failed; 0 ignored; 0 measured; 0 filtered out; finished in 0.00s
[INFO] [stdout] 
[INFO] [stderr]      Running unittests src/bin/day12/main.rs (/opt/rustwide/target/debug/deps/day12-687853ea68da3c7a)
[INFO] [stdout] 
[INFO] [stdout] running 1 test
[INFO] [stdout] test example ... ok
[INFO] [stdout] 
[INFO] [stdout] test result: ok. 1 passed; 0 failed; 0 ignored; 0 measured; 0 filtered out; finished in 0.01s
[INFO] [stdout] 
[INFO] [stderr]      Running unittests src/bin/day13/main.rs (/opt/rustwide/target/debug/deps/day13-7aae30819fbfec01)
[INFO] [stdout] 
[INFO] [stdout] running 1 test
[INFO] [stdout] test example ... ok
[INFO] [stdout] 
[INFO] [stdout] test result: ok. 1 passed; 0 failed; 0 ignored; 0 measured; 0 filtered out; finished in 0.00s
[INFO] [stdout] 
[INFO] [stderr]      Running unittests src/bin/day14/main.rs (/opt/rustwide/target/debug/deps/day14-b35ae0e28b7e2856)
[INFO] [stdout] 
[INFO] [stdout] running 1 test
[INFO] [stdout] test example ... ok
[INFO] [stdout] 
[INFO] [stdout] test result: ok. 1 passed; 0 failed; 0 ignored; 0 measured; 0 filtered out; finished in 0.00s
[INFO] [stdout] 
[INFO] [stderr]      Running unittests src/bin/day15/main.rs (/opt/rustwide/target/debug/deps/day15-cd78ffb14f8975e5)
[INFO] [stdout] 
[INFO] [stdout] running 1 test
[INFO] [stdout] test example ... ok
[INFO] [stdout] 
[INFO] [stdout] test result: ok. 1 passed; 0 failed; 0 ignored; 0 measured; 0 filtered out; finished in 0.00s
[INFO] [stdout] 
[INFO] [stderr]      Running unittests src/bin/day16/main.rs (/opt/rustwide/target/debug/deps/day16-2d70c49a03d9b024)
[INFO] [stdout] 
[INFO] [stdout] running 1 test
[INFO] [stdout] test example ... ok
[INFO] [stdout] 
[INFO] [stdout] test result: ok. 1 passed; 0 failed; 0 ignored; 0 measured; 0 filtered out; finished in 0.01s
[INFO] [stdout] 
[INFO] [stderr]      Running unittests src/bin/day17/main.rs (/opt/rustwide/target/debug/deps/day17-2af7f3980302ddfc)
[INFO] [stdout] 
[INFO] [stdout] running 1 test
[INFO] [stderr]      Running unittests src/bin/day18/main.rs (/opt/rustwide/target/debug/deps/day18-da4bfce797ce55e2)
[INFO] [stdout] test example ... ok
[INFO] [stdout] 
[INFO] [stdout] test result: ok. 1 passed; 0 failed; 0 ignored; 0 measured; 0 filtered out; finished in 0.03s
[INFO] [stdout] 
[INFO] [stdout] 
[INFO] [stdout] running 1 test
[INFO] [stdout] test example ... ok
[INFO] [stdout] 
[INFO] [stdout] test result: ok. 1 passed; 0 failed; 0 ignored; 0 measured; 0 filtered out; finished in 0.00s
[INFO] [stdout] 
[INFO] [stderr]      Running unittests src/bin/day19/main.rs (/opt/rustwide/target/debug/deps/day19-2832ff82140e0fb5)
[INFO] [stdout] 
[INFO] [stdout] running 1 test
[INFO] [stdout] test example ... ok
[INFO] [stdout] 
[INFO] [stdout] test result: ok. 1 passed; 0 failed; 0 ignored; 0 measured; 0 filtered out; finished in 0.00s
[INFO] [stdout] 
[INFO] [stderr]      Running unittests src/bin/day2/main.rs (/opt/rustwide/target/debug/deps/day2-8cb5a80c0d252b83)
[INFO] [stdout] 
[INFO] [stdout] running 1 test
[INFO] [stdout] test example ... ok
[INFO] [stdout] 
[INFO] [stdout] test result: ok. 1 passed; 0 failed; 0 ignored; 0 measured; 0 filtered out; finished in 0.00s
[INFO] [stdout] 
[INFO] [stderr]      Running unittests src/bin/day20/main.rs (/opt/rustwide/target/debug/deps/day20-13220d1085d31b77)
[INFO] [stdout] 
[INFO] [stdout] running 1 test
[INFO] [stderr]      Running unittests src/bin/day21/main.rs (/opt/rustwide/target/debug/deps/day21-80de6096b020ee8f)
[INFO] [stdout] test example ... ok
[INFO] [stdout] 
[INFO] [stdout] test result: ok. 1 passed; 0 failed; 0 ignored; 0 measured; 0 filtered out; finished in 0.06s
[INFO] [stdout] 
[INFO] [stdout] 
[INFO] [stdout] running 1 test
[INFO] [stdout] test example has been running for over 60 seconds
[INFO] [stdout] test example ... ok
[INFO] [stdout] 
[INFO] [stdout] test result: ok. 1 passed; 0 failed; 0 ignored; 0 measured; 0 filtered out; finished in 155.30s
[INFO] [stdout] 
[INFO] [stderr]      Running unittests src/bin/day22/main.rs (/opt/rustwide/target/debug/deps/day22-375dd4ecbea58cdd)
[INFO] [stdout] 
[INFO] [stderr]      Running unittests src/bin/day23/main.rs (/opt/rustwide/target/debug/deps/day23-4c800d1454f97e44)
[INFO] [stdout] running 1 test
[INFO] [stdout] test example ... ok
[INFO] [stdout] 
[INFO] [stdout] test result: ok. 1 passed; 0 failed; 0 ignored; 0 measured; 0 filtered out; finished in 0.00s
[INFO] [stdout] 
[INFO] [stdout] 
[INFO] [stdout] running 1 test
[INFO] [stdout] test example ... ok
[INFO] [stdout] 
[INFO] [stdout] test result: ok. 1 passed; 0 failed; 0 ignored; 0 measured; 0 filtered out; finished in 0.01s
[INFO] [stdout] 
[INFO] [stderr]      Running unittests src/bin/day24/main.rs (/opt/rustwide/target/debug/deps/day24-fe4d90002341b22e)
[INFO] [stdout] 
[INFO] [stdout] running 1 test
[INFO] [stdout] test example ... FAILED
[INFO] [stdout] 
[INFO] [stdout] failures:
[INFO] [stdout] 
[INFO] [stdout] ---- example stdout ----
[INFO] [stdout] 
[INFO] [stdout] thread 'example' panicked at src/bin/day24/main.rs:214:5:
[INFO] [stdout] my day 24 part 2 requires z3
[INFO] [stdout] stack backtrace:
[INFO] [stdout]    0:     0x5c4732cb3c5a - std::backtrace_rs::backtrace::libunwind::trace::hb059275cfc8d6126
[INFO] [stdout]                                at /rustc/6067b36314ab5eb2eb47cecc464545ba58e1ad24/library/std/src/../../backtrace/src/backtrace/libunwind.rs:116:5
[INFO] [stdout]    1:     0x5c4732cb3c5a - std::backtrace_rs::backtrace::trace_unsynchronized::h2da071e4327ce3ee
[INFO] [stdout]                                at /rustc/6067b36314ab5eb2eb47cecc464545ba58e1ad24/library/std/src/../../backtrace/src/backtrace/mod.rs:66:5
[INFO] [stdout]    2:     0x5c4732cb3c5a - std::sys::backtrace::_print_fmt::h842a1474e6f8d23f
[INFO] [stdout]                                at /rustc/6067b36314ab5eb2eb47cecc464545ba58e1ad24/library/std/src/sys/backtrace.rs:66:9
[INFO] [stdout]    3:     0x5c4732cb3c5a - <std::sys::backtrace::BacktraceLock::print::DisplayBacktrace as core::fmt::Display>::fmt::h71a62eb3b9696b12
[INFO] [stdout]                                at /rustc/6067b36314ab5eb2eb47cecc464545ba58e1ad24/library/std/src/sys/backtrace.rs:39:26
[INFO] [stdout]    4:     0x5c4732cdb243 - core::fmt::rt::Argument::fmt::hdb6b616786b41dc1
[INFO] [stdout]                                at /rustc/6067b36314ab5eb2eb47cecc464545ba58e1ad24/library/core/src/fmt/rt.rs:177:76
[INFO] [stdout]    5:     0x5c4732cdb243 - core::fmt::write::h2cc1698af7e2d686
[INFO] [stdout]                                at /rustc/6067b36314ab5eb2eb47cecc464545ba58e1ad24/library/core/src/fmt/mod.rs:1440:21
[INFO] [stdout]    6:     0x5c4732cb07b3 - std::io::Write::write_fmt::hab1b4cd059a79022
[INFO] [stdout]                                at /rustc/6067b36314ab5eb2eb47cecc464545ba58e1ad24/library/std/src/io/mod.rs:1887:15
[INFO] [stdout]    7:     0x5c4732cb3aa2 - std::sys::backtrace::BacktraceLock::print::h147fe35b4ea13b08
[INFO] [stdout]                                at /rustc/6067b36314ab5eb2eb47cecc464545ba58e1ad24/library/std/src/sys/backtrace.rs:42:9
[INFO] [stdout]    8:     0x5c4732cb507f - std::panicking::default_hook::{{closure}}::hbd44223dbdc0d208
[INFO] [stdout]                                at /rustc/6067b36314ab5eb2eb47cecc464545ba58e1ad24/library/std/src/panicking.rs:298:22
[INFO] [stdout]    9:     0x5c4732cb4e98 - std::panicking::default_hook::h20f81eb0576efcec
[INFO] [stdout]                                at /rustc/6067b36314ab5eb2eb47cecc464545ba58e1ad24/library/std/src/panicking.rs:322:9
[INFO] [stdout]   10:     0x5c4732c768b3 - <alloc::boxed::Box<F,A> as core::ops::function::Fn<Args>>::call::hdb53814c496a4d34
[INFO] [stdout]                                at /rustc/6067b36314ab5eb2eb47cecc464545ba58e1ad24/library/alloc/src/boxed.rs:2027:9
[INFO] [stdout]   11:     0x5c4732c768b3 - test::test_main::{{closure}}::hc0a4963c59427c24
[INFO] [stdout]                                at /rustc/6067b36314ab5eb2eb47cecc464545ba58e1ad24/library/test/src/lib.rs:134:21
[INFO] [stdout]   12:     0x5c4732cb5b73 - <alloc::boxed::Box<F,A> as core::ops::function::Fn<Args>>::call::h591b2225413a77e9
[INFO] [stdout]                                at /rustc/6067b36314ab5eb2eb47cecc464545ba58e1ad24/library/alloc/src/boxed.rs:2027:9
[INFO] [stdout]   13:     0x5c4732cb5b73 - std::panicking::rust_panic_with_hook::h625eea43051b2edc
[INFO] [stdout]                                at /rustc/6067b36314ab5eb2eb47cecc464545ba58e1ad24/library/std/src/panicking.rs:839:13
[INFO] [stdout]   14:     0x5c4732cb57f6 - std::panicking::begin_panic_handler::{{closure}}::h4f9159cfbc3f6bd3
[INFO] [stdout]                                at /rustc/6067b36314ab5eb2eb47cecc464545ba58e1ad24/library/std/src/panicking.rs:697:13
[INFO] [stdout]   15:     0x5c4732cb4159 - std::sys::backtrace::__rust_end_short_backtrace::h0390abce48353151
[INFO] [stdout]                                at /rustc/6067b36314ab5eb2eb47cecc464545ba58e1ad24/library/std/src/sys/backtrace.rs:168:18
[INFO] [stdout]   16:     0x5c4732cb54bd - rust_begin_unwind
[INFO] [stdout]                                at /rustc/6067b36314ab5eb2eb47cecc464545ba58e1ad24/library/std/src/panicking.rs:695:5
[INFO] [stdout]   17:     0x5c4732cd9cc0 - core::panicking::panic_fmt::h9e7c637e9e5f29c9
[INFO] [stdout]                                at /rustc/6067b36314ab5eb2eb47cecc464545ba58e1ad24/library/core/src/panicking.rs:75:14
[INFO] [stdout]   18:     0x5c4732c3bb81 - day24::try_solve2::h034958e0eaef9c13
[INFO] [stdout]                                at /opt/rustwide/workdir/src/bin/day24/main.rs:214:5
[INFO] [stdout]   19:     0x5c4732c3be32 - day24::part_2::h822d1c4fad686b12
[INFO] [stdout]                                at /opt/rustwide/workdir/src/bin/day24/main.rs:392:37
[INFO] [stdout]   20:     0x5c4732c3c700 - day24::example::he9b6b94e2a8632b3
[INFO] [stdout]                                at /opt/rustwide/workdir/src/bin/day24/main.rs:429:16
[INFO] [stdout]   21:     0x5c4732c3c607 - day24::example::{{closure}}::h9676b82e4741eb3e
[INFO] [stdout]                                at /opt/rustwide/workdir/src/bin/day24/main.rs:421:13
[INFO] [stdout]   22:     0x5c4732c38cb6 - core::ops::function::FnOnce::call_once::h3ebb0bfdccc5c5ce
[INFO] [stdout]                                at /rustc/6067b36314ab5eb2eb47cecc464545ba58e1ad24/library/core/src/ops/function.rs:250:5
[INFO] [stdout]   23:     0x5c4732c7c00b - core::ops::function::FnOnce::call_once::he27718dfdd183f43
[INFO] [stdout]                                at /rustc/6067b36314ab5eb2eb47cecc464545ba58e1ad24/library/core/src/ops/function.rs:250:5
[INFO] [stdout]   24:     0x5c4732c7c00b - test::__rust_begin_short_backtrace::h4e84902998457a5d
[INFO] [stdout]                                at /rustc/6067b36314ab5eb2eb47cecc464545ba58e1ad24/library/test/src/lib.rs:632:18
[INFO] [stdout]   25:     0x5c4732c7af43 - test::run_test_in_process::{{closure}}::h7176fd18fc1feca0
[INFO] [stdout]                                at /rustc/6067b36314ab5eb2eb47cecc464545ba58e1ad24/library/test/src/lib.rs:655:60
[INFO] [stdout]   26:     0x5c4732c7af43 - <core::panic::unwind_safe::AssertUnwindSafe<F> as core::ops::function::FnOnce<()>>::call_once::hf79cff2a624d8cf7
[INFO] [stdout]                                at /rustc/6067b36314ab5eb2eb47cecc464545ba58e1ad24/library/core/src/panic/unwind_safe.rs:272:9
[INFO] [stdout]   27:     0x5c4732c7af43 - std::panicking::try::do_call::h3da0561d9ab99c25
[INFO] [stdout]                                at /rustc/6067b36314ab5eb2eb47cecc464545ba58e1ad24/library/std/src/panicking.rs:587:40
[INFO] [stdout]   28:     0x5c4732c7af43 - std::panicking::try::h41c9fa508bc61df6
[INFO] [stdout]                                at /rustc/6067b36314ab5eb2eb47cecc464545ba58e1ad24/library/std/src/panicking.rs:550:19
[INFO] [stdout]   29:     0x5c4732c7af43 - std::panic::catch_unwind::h6b3ff07bb5afad93
[INFO] [stdout]                                at /rustc/6067b36314ab5eb2eb47cecc464545ba58e1ad24/library/std/src/panic.rs:358:14
[INFO] [stdout]   30:     0x5c4732c7af43 - test::run_test_in_process::hc7253dd11b39b9f4
[INFO] [stdout]                                at /rustc/6067b36314ab5eb2eb47cecc464545ba58e1ad24/library/test/src/lib.rs:655:27
[INFO] [stdout]   31:     0x5c4732c7af43 - test::run_test::{{closure}}::hfb2007f8649c30bb
[INFO] [stdout]                                at /rustc/6067b36314ab5eb2eb47cecc464545ba58e1ad24/library/test/src/lib.rs:576:43
[INFO] [stdout]   32:     0x5c4732c3e025 - test::run_test::{{closure}}::h56a17aa7a282a9f4
[INFO] [stdout]                                at /rustc/6067b36314ab5eb2eb47cecc464545ba58e1ad24/library/test/src/lib.rs:606:41
[INFO] [stdout]   33:     0x5c4732c3e025 - std::sys::backtrace::__rust_begin_short_backtrace::hd2d2d2fb8e8c6aac
[INFO] [stdout]                                at /rustc/6067b36314ab5eb2eb47cecc464545ba58e1ad24/library/std/src/sys/backtrace.rs:152:18
[INFO] [stdout]   34:     0x5c4732c4190a - std::thread::Builder::spawn_unchecked_::{{closure}}::{{closure}}::h4faa3f9db6133423
[INFO] [stdout]                                at /rustc/6067b36314ab5eb2eb47cecc464545ba58e1ad24/library/std/src/thread/mod.rs:559:17
[INFO] [stdout]   35:     0x5c4732c4190a - <core::panic::unwind_safe::AssertUnwindSafe<F> as core::ops::function::FnOnce<()>>::call_once::hf2e855a36a4ea846
[INFO] [stdout]                                at /rustc/6067b36314ab5eb2eb47cecc464545ba58e1ad24/library/core/src/panic/unwind_safe.rs:272:9
[INFO] [stdout]   36:     0x5c4732c4190a - std::panicking::try::do_call::h2f73af3616c35465
[INFO] [stdout]                                at /rustc/6067b36314ab5eb2eb47cecc464545ba58e1ad24/library/std/src/panicking.rs:587:40
[INFO] [stdout]   37:     0x5c4732c4190a - std::panicking::try::hd1660ce9efadef5a
[INFO] [stdout]                                at /rustc/6067b36314ab5eb2eb47cecc464545ba58e1ad24/library/std/src/panicking.rs:550:19
[INFO] [stdout]   38:     0x5c4732c4190a - std::panic::catch_unwind::h5ee8d7823b8ca744
[INFO] [stdout]                                at /rustc/6067b36314ab5eb2eb47cecc464545ba58e1ad24/library/std/src/panic.rs:358:14
[INFO] [stdout]   39:     0x5c4732c4190a - std::thread::Builder::spawn_unchecked_::{{closure}}::h53c3a1894dce8407
[INFO] [stdout]                                at /rustc/6067b36314ab5eb2eb47cecc464545ba58e1ad24/library/std/src/thread/mod.rs:557:30
[INFO] [stdout]   40:     0x5c4732c4190a - core::ops::function::FnOnce::call_once{{vtable.shim}}::h048ce291ad4f62bf
[INFO] [stdout]                                at /rustc/6067b36314ab5eb2eb47cecc464545ba58e1ad24/library/core/src/ops/function.rs:250:5
[INFO] [stdout]   41:     0x5c4732cb9aab - <alloc::boxed::Box<F,A> as core::ops::function::FnOnce<Args>>::call_once::ha52bedf99a3b4981
[INFO] [stdout]                                at /rustc/6067b36314ab5eb2eb47cecc464545ba58e1ad24/library/alloc/src/boxed.rs:2013:9
[INFO] [stdout]   42:     0x5c4732cb9aab - <alloc::boxed::Box<F,A> as core::ops::function::FnOnce<Args>>::call_once::h567748934d80ccf8
[INFO] [stdout]                                at /rustc/6067b36314ab5eb2eb47cecc464545ba58e1ad24/library/alloc/src/boxed.rs:2013:9
[INFO] [stdout]   43:     0x5c4732cb9aab - std::sys::pal::unix::thread::Thread::new::thread_start::h2d970728ae887adc
[INFO] [stdout]                                at /rustc/6067b36314ab5eb2eb47cecc464545ba58e1ad24/library/std/src/sys/pal/unix/thread.rs:106:17
[INFO] [stdout]   44:     0x71038e28dac3 - <unknown>
[INFO] [stdout]   45:     0x71038e31ea04 - clone
[INFO] [stdout]   46:                0x0 - <unknown>
[INFO] [stdout] 
[INFO] [stdout] 
[INFO] [stdout] failures:
[INFO] [stdout]     example
[INFO] [stdout] 
[INFO] [stdout] test result: FAILED. 0 passed; 1 failed; 0 ignored; 0 measured; 0 filtered out; finished in 0.06s
[INFO] [stdout] 
[INFO] [stderr] error: test failed, to rerun pass `--bin day24`
[INFO] running `Command { std: "docker" "inspect" "3fdba7a8d3decf16327688f34f9c3d87b1cd8229093503ed0df6fa322e570781", kill_on_drop: false }`
[INFO] running `Command { std: "docker" "rm" "-f" "3fdba7a8d3decf16327688f34f9c3d87b1cd8229093503ed0df6fa322e570781", kill_on_drop: false }`
[INFO] [stdout] 3fdba7a8d3decf16327688f34f9c3d87b1cd8229093503ed0df6fa322e570781
