[INFO] cloning repository https://github.com/zachahn/unikko
[INFO] running `Command { std: "git" "-c" "credential.helper=" "-c" "credential.helper=/workspace/cargo-home/bin/git-credential-null" "clone" "--bare" "https://github.com/zachahn/unikko" "/workspace/cache/git-repos/https%3A%2F%2Fgithub.com%2Fzachahn%2Funikko", kill_on_drop: false }`
[INFO] [stderr] Cloning into bare repository '/workspace/cache/git-repos/https%3A%2F%2Fgithub.com%2Fzachahn%2Funikko'...
[INFO] running `Command { std: "git" "rev-parse" "HEAD", kill_on_drop: false }`
[INFO] [stdout] 9637554a2b0b2132a092bc4bd32b02d9cfa4a57f
[INFO] testing zachahn/unikko against nightly-2025-01-18 for randomize-layout-2
[INFO] running `Command { std: "git" "clone" "/workspace/cache/git-repos/https%3A%2F%2Fgithub.com%2Fzachahn%2Funikko" "/workspace/builds/worker-5-tc1/source", kill_on_drop: false }`
[INFO] [stderr] Cloning into '/workspace/builds/worker-5-tc1/source'...
[INFO] [stderr] done.
[INFO] validating manifest of git repo https://github.com/zachahn/unikko on toolchain nightly-2025-01-18
[INFO] running `Command { std: CARGO_HOME="/workspace/cargo-home" RUSTUP_HOME="/workspace/rustup-home" "/workspace/cargo-home/bin/cargo" "+nightly-2025-01-18" "metadata" "--manifest-path" "Cargo.toml" "--no-deps", kill_on_drop: false }`
[INFO] started tweaking git repo https://github.com/zachahn/unikko
[INFO] finished tweaking git repo https://github.com/zachahn/unikko
[INFO] tweaked toml for git repo https://github.com/zachahn/unikko written to /workspace/builds/worker-5-tc1/source/Cargo.toml
[INFO] crate git repo https://github.com/zachahn/unikko already has a lockfile, it will not be regenerated
[INFO] running `Command { std: CARGO_HOME="/workspace/cargo-home" RUSTUP_HOME="/workspace/rustup-home" "/workspace/cargo-home/bin/cargo" "+nightly-2025-01-18" "fetch" "--manifest-path" "Cargo.toml", kill_on_drop: false }`
[INFO] [stderr]     Updating crates.io index
[INFO] [stderr]  Downloading crates ...
[INFO] [stderr]   Downloaded lol_html v1.2.1
[INFO] running `Command { std: "docker" "create" "-v" "/var/lib/crater-agent-workspace/builds/worker-5-tc1/target:/opt/rustwide/target:rw,Z" "-v" "/var/lib/crater-agent-workspace/builds/worker-5-tc1/source:/opt/rustwide/workdir:ro,Z" "-v" "/var/lib/crater-agent-workspace/cargo-home:/opt/rustwide/cargo-home:ro,Z" "-v" "/var/lib/crater-agent-workspace/rustup-home:/opt/rustwide/rustup-home:ro,Z" "-e" "SOURCE_DIR=/opt/rustwide/workdir" "-e" "CARGO_TARGET_DIR=/opt/rustwide/target" "-e" "CARGO_HOME=/opt/rustwide/cargo-home" "-e" "RUSTUP_HOME=/opt/rustwide/rustup-home" "-w" "/opt/rustwide/workdir" "-m" "1610612736" "--user" "0:0" "--network" "none" "ghcr.io/rust-lang/crates-build-env/linux@sha256:819108c5571ea2e421544af4d832f968d213c87fbe3707a016657f43d2f853bc" "/opt/rustwide/cargo-home/bin/cargo" "+nightly-2025-01-18" "metadata" "--no-deps" "--format-version=1", kill_on_drop: false }`
[INFO] [stdout] 0035bb7625a2e8e8c58cad0adebea495885892a6db490c1a9058b23608e84a78
[INFO] running `Command { std: "docker" "start" "-a" "0035bb7625a2e8e8c58cad0adebea495885892a6db490c1a9058b23608e84a78", kill_on_drop: false }`
[INFO] running `Command { std: "docker" "inspect" "0035bb7625a2e8e8c58cad0adebea495885892a6db490c1a9058b23608e84a78", kill_on_drop: false }`
[INFO] running `Command { std: "docker" "rm" "-f" "0035bb7625a2e8e8c58cad0adebea495885892a6db490c1a9058b23608e84a78", kill_on_drop: false }`
[INFO] [stdout] 0035bb7625a2e8e8c58cad0adebea495885892a6db490c1a9058b23608e84a78
[INFO] running `Command { std: "docker" "create" "-v" "/var/lib/crater-agent-workspace/builds/worker-5-tc1/target:/opt/rustwide/target:rw,Z" "-v" "/var/lib/crater-agent-workspace/builds/worker-5-tc1/source:/opt/rustwide/workdir:ro,Z" "-v" "/var/lib/crater-agent-workspace/cargo-home:/opt/rustwide/cargo-home:ro,Z" "-v" "/var/lib/crater-agent-workspace/rustup-home:/opt/rustwide/rustup-home:ro,Z" "-e" "SOURCE_DIR=/opt/rustwide/workdir" "-e" "CARGO_TARGET_DIR=/opt/rustwide/target" "-e" "CARGO_INCREMENTAL=0" "-e" "RUST_BACKTRACE=full" "-e" "RUSTFLAGS=--cap-lints=forbid" "-e" "RUSTDOCFLAGS=--cap-lints=forbid" "-e" "CARGO_HOME=/opt/rustwide/cargo-home" "-e" "RUSTUP_HOME=/opt/rustwide/rustup-home" "-w" "/opt/rustwide/workdir" "-m" "1610612736" "--user" "0:0" "--network" "none" "ghcr.io/rust-lang/crates-build-env/linux@sha256:819108c5571ea2e421544af4d832f968d213c87fbe3707a016657f43d2f853bc" "/opt/rustwide/cargo-home/bin/cargo" "+nightly-2025-01-18" "build" "--frozen" "--message-format=json", kill_on_drop: false }`
[INFO] [stdout] 6b4200982a5c94d5c680b94681938faf90e16ceca623408a17a2b3a8d188de07
[INFO] running `Command { std: "docker" "start" "-a" "6b4200982a5c94d5c680b94681938faf90e16ceca623408a17a2b3a8d188de07", kill_on_drop: false }`
[INFO] [stderr]    Compiling proc-macro2 v1.0.76
[INFO] [stderr]    Compiling unicode-ident v1.0.12
[INFO] [stderr]    Compiling memchr v2.7.1
[INFO] [stderr]    Compiling thiserror v1.0.56
[INFO] [stderr]    Compiling regex-syntax v0.8.2
[INFO] [stderr]    Compiling minimal-lexical v0.2.1
[INFO] [stderr]    Compiling once_cell v1.19.0
[INFO] [stderr]    Compiling lazy_static v1.4.0
[INFO] [stderr]    Compiling quote v1.0.35
[INFO] [stderr]    Compiling aho-corasick v1.1.2
[INFO] [stderr]    Compiling nom v7.1.3
[INFO] [stderr]    Compiling syn v2.0.48
[INFO] [stderr]    Compiling regex-automata v0.4.3
[INFO] [stderr]    Compiling thiserror-impl v1.0.56
[INFO] [stderr]    Compiling regex v1.10.2
[INFO] [stderr]    Compiling unikko v0.0.0 (/opt/rustwide/workdir)
[INFO] [stdout] warning: unused variable: `options`
[INFO] [stdout]   --> src/convenience.rs:20:5
[INFO] [stdout]    |
[INFO] [stdout] 20 |     options: Options,
[INFO] [stdout]    |     ^^^^^^^ help: if this is intentional, prefix it with an underscore: `_options`
[INFO] [stdout]    |
[INFO] [stdout]    = note: `#[warn(unused_variables)]` on by default
[INFO] [stdout] 
[INFO] [stdout] 
[INFO] [stdout] warning: unused variable: `options`
[INFO] [stdout]   --> src/renderer.rs:28:35
[INFO] [stdout]    |
[INFO] [stdout] 28 | fn opening_tag(element: &Element, options: &Options) -> String {
[INFO] [stdout]    |                                   ^^^^^^^ help: if this is intentional, prefix it with an underscore: `_options`
[INFO] [stdout] 
[INFO] [stdout] 
[INFO] [stdout] warning: variant `Html5` is never constructed
[INFO] [stdout]   --> src/options.rs:24:5
[INFO] [stdout]    |
[INFO] [stdout] 23 | enum Doctype {
[INFO] [stdout]    |      ------- variant in this enum
[INFO] [stdout] 24 |     Html5,
[INFO] [stdout]    |     ^^^^^
[INFO] [stdout]    |
[INFO] [stdout]    = note: `#[warn(dead_code)]` on by default
[INFO] [stdout] 
[INFO] [stdout] 
[INFO] [stdout] warning: fields `document_type` and `document_root_directory` are never read
[INFO] [stdout]   --> src/options.rs:30:5
[INFO] [stdout]    |
[INFO] [stdout] 28 | pub struct Options {
[INFO] [stdout]    |            ------- fields in this struct
[INFO] [stdout] 29 |     // setDocumentType
[INFO] [stdout] 30 |     document_type: Doctype,
[INFO] [stdout]    |     ^^^^^^^^^^^^^
[INFO] [stdout] 31 |     // setDocumentRootDirectory
[INFO] [stdout] 32 |     document_root_directory: Option<std::path::PathBuf>,
[INFO] [stdout]    |     ^^^^^^^^^^^^^^^^^^^^^^^
[INFO] [stdout] 
[INFO] [stdout] 
[INFO] [stderr]     Finished `dev` profile [unoptimized + debuginfo] target(s) in 11.19s
[INFO] running `Command { std: "docker" "inspect" "6b4200982a5c94d5c680b94681938faf90e16ceca623408a17a2b3a8d188de07", kill_on_drop: false }`
[INFO] running `Command { std: "docker" "rm" "-f" "6b4200982a5c94d5c680b94681938faf90e16ceca623408a17a2b3a8d188de07", kill_on_drop: false }`
[INFO] [stdout] 6b4200982a5c94d5c680b94681938faf90e16ceca623408a17a2b3a8d188de07
[INFO] running `Command { std: "docker" "create" "-v" "/var/lib/crater-agent-workspace/builds/worker-5-tc1/target:/opt/rustwide/target:rw,Z" "-v" "/var/lib/crater-agent-workspace/builds/worker-5-tc1/source:/opt/rustwide/workdir:ro,Z" "-v" "/var/lib/crater-agent-workspace/cargo-home:/opt/rustwide/cargo-home:ro,Z" "-v" "/var/lib/crater-agent-workspace/rustup-home:/opt/rustwide/rustup-home:ro,Z" "-e" "SOURCE_DIR=/opt/rustwide/workdir" "-e" "CARGO_TARGET_DIR=/opt/rustwide/target" "-e" "CARGO_INCREMENTAL=0" "-e" "RUST_BACKTRACE=full" "-e" "RUSTFLAGS=--cap-lints=forbid" "-e" "RUSTDOCFLAGS=--cap-lints=forbid" "-e" "CARGO_HOME=/opt/rustwide/cargo-home" "-e" "RUSTUP_HOME=/opt/rustwide/rustup-home" "-w" "/opt/rustwide/workdir" "-m" "1610612736" "--user" "0:0" "--network" "none" "ghcr.io/rust-lang/crates-build-env/linux@sha256:819108c5571ea2e421544af4d832f968d213c87fbe3707a016657f43d2f853bc" "/opt/rustwide/cargo-home/bin/cargo" "+nightly-2025-01-18" "test" "--frozen" "--no-run" "--message-format=json", kill_on_drop: false }`
[INFO] [stdout] e04c128123f65e2c92417760b13cb67cb45134cf7ebba63c372e38a42dad238e
[INFO] running `Command { std: "docker" "start" "-a" "e04c128123f65e2c92417760b13cb67cb45134cf7ebba63c372e38a42dad238e", kill_on_drop: false }`
[INFO] [stderr]    Compiling cfg-if v1.0.0
[INFO] [stderr]    Compiling libc v0.2.153
[INFO] [stderr]    Compiling getrandom v0.1.16
[INFO] [stderr]    Compiling ppv-lite86 v0.2.17
[INFO] [stderr]    Compiling siphasher v0.3.11
[INFO] [stderr]    Compiling syn v1.0.109
[INFO] [stderr]    Compiling proc-macro-hack v0.5.20+deprecated
[INFO] [stderr]    Compiling version_check v0.9.4
[INFO] [stderr]    Compiling dtoa v1.0.9
[INFO] [stderr]    Compiling itoa v0.4.8
[INFO] [stderr]    Compiling serde v1.0.197
[INFO] [stderr]    Compiling convert_case v0.4.0
[INFO] [stderr]    Compiling nodrop v0.1.14
[INFO] [stderr]    Compiling stable_deref_trait v1.2.0
[INFO] [stderr]    Compiling smallvec v1.13.2
[INFO] [stderr]    Compiling syn v2.0.48
[INFO] [stderr]    Compiling matches v0.1.10
[INFO] [stderr]    Compiling dtoa-short v0.3.4
[INFO] [stderr]    Compiling zerocopy v0.7.32
[INFO] [stderr]    Compiling byteorder v1.5.0
[INFO] [stderr]    Compiling servo_arc v0.1.1
[INFO] [stderr]    Compiling thin-slice v0.1.1
[INFO] [stderr]    Compiling phf_shared v0.8.0
[INFO] [stderr]    Compiling precomputed-hash v0.1.1
[INFO] [stderr]    Compiling log v0.4.21
[INFO] [stderr]    Compiling bitflags v1.3.2
[INFO] [stderr]    Compiling equivalent v1.0.1
[INFO] [stderr]    Compiling anyhow v1.0.80
[INFO] [stderr]    Compiling hashbrown v0.14.3
[INFO] [stderr]    Compiling encoding_rs v0.8.34
[INFO] [stderr]    Compiling mime v0.3.17
[INFO] [stderr]    Compiling fxhash v0.2.1
[INFO] [stderr]    Compiling bitflags v2.5.0
[INFO] [stderr]    Compiling itoa v1.0.10
[INFO] [stderr]    Compiling ryu v1.0.17
[INFO] [stderr]    Compiling unsafe-libyaml v0.2.10
[INFO] [stderr]    Compiling lazycell v1.3.0
[INFO] [stderr]    Compiling ahash v0.8.11
[INFO] [stderr]    Compiling indexmap v2.2.4
[INFO] [stderr]    Compiling hashbrown v0.13.2
[INFO] [stderr]    Compiling rand_core v0.5.1
[INFO] [stderr]    Compiling rand_pcg v0.2.1
[INFO] [stderr]    Compiling rand_chacha v0.2.2
[INFO] [stderr]    Compiling rand v0.7.3
[INFO] [stderr]    Compiling phf_generator v0.8.0
[INFO] [stderr]    Compiling phf_codegen v0.8.0
[INFO] [stderr]    Compiling selectors v0.22.0
[INFO] [stderr]    Compiling thiserror-impl v1.0.56
[INFO] [stderr]    Compiling cssparser-macros v0.6.1
[INFO] [stderr]    Compiling serde_derive v1.0.197
[INFO] [stderr]    Compiling thiserror v1.0.56
[INFO] [stderr]    Compiling unikko v0.0.0 (/opt/rustwide/workdir)
[INFO] [stdout] warning: unused variable: `options`
[INFO] [stdout]   --> src/convenience.rs:20:5
[INFO] [stdout]    |
[INFO] [stdout] 20 |     options: Options,
[INFO] [stdout]    |     ^^^^^^^ help: if this is intentional, prefix it with an underscore: `_options`
[INFO] [stdout]    |
[INFO] [stdout]    = note: `#[warn(unused_variables)]` on by default
[INFO] [stdout] 
[INFO] [stdout] 
[INFO] [stdout] warning: unused variable: `options`
[INFO] [stdout]   --> src/renderer.rs:28:35
[INFO] [stdout]    |
[INFO] [stdout] 28 | fn opening_tag(element: &Element, options: &Options) -> String {
[INFO] [stdout]    |                                   ^^^^^^^ help: if this is intentional, prefix it with an underscore: `_options`
[INFO] [stdout] 
[INFO] [stdout] 
[INFO] [stdout] warning: variant `Html5` is never constructed
[INFO] [stdout]   --> src/options.rs:24:5
[INFO] [stdout]    |
[INFO] [stdout] 23 | enum Doctype {
[INFO] [stdout]    |      ------- variant in this enum
[INFO] [stdout] 24 |     Html5,
[INFO] [stdout]    |     ^^^^^
[INFO] [stdout]    |
[INFO] [stdout]    = note: `#[warn(dead_code)]` on by default
[INFO] [stdout] 
[INFO] [stdout] 
[INFO] [stdout] warning: fields `document_type` and `document_root_directory` are never read
[INFO] [stdout]   --> src/options.rs:30:5
[INFO] [stdout]    |
[INFO] [stdout] 28 | pub struct Options {
[INFO] [stdout]    |            ------- fields in this struct
[INFO] [stdout] 29 |     // setDocumentType
[INFO] [stdout] 30 |     document_type: Doctype,
[INFO] [stdout]    |     ^^^^^^^^^^^^^
[INFO] [stdout] 31 |     // setDocumentRootDirectory
[INFO] [stdout] 32 |     document_root_directory: Option<std::path::PathBuf>,
[INFO] [stdout]    |     ^^^^^^^^^^^^^^^^^^^^^^^
[INFO] [stdout] 
[INFO] [stdout] 
[INFO] [stderr]    Compiling cssparser v0.27.2
[INFO] [stderr]    Compiling phf_macros v0.8.0
[INFO] [stderr]    Compiling derive_more v0.99.17
[INFO] [stderr]    Compiling phf v0.8.0
[INFO] [stderr]    Compiling lol_html v1.2.1
[INFO] [stderr]    Compiling serde_yaml v0.9.32
[INFO] [stdout] warning: unused variable: `options`
[INFO] [stdout]   --> src/convenience.rs:20:5
[INFO] [stdout]    |
[INFO] [stdout] 20 |     options: Options,
[INFO] [stdout]    |     ^^^^^^^ help: if this is intentional, prefix it with an underscore: `_options`
[INFO] [stdout]    |
[INFO] [stdout]    = note: `#[warn(unused_variables)]` on by default
[INFO] [stdout] 
[INFO] [stdout] 
[INFO] [stdout] warning: unused variable: `options`
[INFO] [stdout]   --> src/renderer.rs:28:35
[INFO] [stdout]    |
[INFO] [stdout] 28 | fn opening_tag(element: &Element, options: &Options) -> String {
[INFO] [stdout]    |                                   ^^^^^^^ help: if this is intentional, prefix it with an underscore: `_options`
[INFO] [stdout] 
[INFO] [stdout] 
[INFO] [stdout] warning: variant `Html5` is never constructed
[INFO] [stdout]   --> src/options.rs:24:5
[INFO] [stdout]    |
[INFO] [stdout] 23 | enum Doctype {
[INFO] [stdout]    |      ------- variant in this enum
[INFO] [stdout] 24 |     Html5,
[INFO] [stdout]    |     ^^^^^
[INFO] [stdout]    |
[INFO] [stdout]    = note: `#[warn(dead_code)]` on by default
[INFO] [stdout] 
[INFO] [stdout] 
[INFO] [stdout] warning: fields `document_type` and `document_root_directory` are never read
[INFO] [stdout]   --> src/options.rs:30:5
[INFO] [stdout]    |
[INFO] [stdout] 28 | pub struct Options {
[INFO] [stdout]    |            ------- fields in this struct
[INFO] [stdout] 29 |     // setDocumentType
[INFO] [stdout] 30 |     document_type: Doctype,
[INFO] [stdout]    |     ^^^^^^^^^^^^^
[INFO] [stdout] 31 |     // setDocumentRootDirectory
[INFO] [stdout] 32 |     document_root_directory: Option<std::path::PathBuf>,
[INFO] [stdout]    |     ^^^^^^^^^^^^^^^^^^^^^^^
[INFO] [stdout] 
[INFO] [stdout] 
[INFO] [stderr]     Finished `test` profile [unoptimized + debuginfo] target(s) in 27.12s
[INFO] running `Command { std: "docker" "inspect" "e04c128123f65e2c92417760b13cb67cb45134cf7ebba63c372e38a42dad238e", kill_on_drop: false }`
[INFO] running `Command { std: "docker" "rm" "-f" "e04c128123f65e2c92417760b13cb67cb45134cf7ebba63c372e38a42dad238e", kill_on_drop: false }`
[INFO] [stdout] e04c128123f65e2c92417760b13cb67cb45134cf7ebba63c372e38a42dad238e
[INFO] running `Command { std: "docker" "create" "-v" "/var/lib/crater-agent-workspace/builds/worker-5-tc1/target:/opt/rustwide/target:rw,Z" "-v" "/var/lib/crater-agent-workspace/builds/worker-5-tc1/source:/opt/rustwide/workdir:ro,Z" "-v" "/var/lib/crater-agent-workspace/cargo-home:/opt/rustwide/cargo-home:ro,Z" "-v" "/var/lib/crater-agent-workspace/rustup-home:/opt/rustwide/rustup-home:ro,Z" "-e" "SOURCE_DIR=/opt/rustwide/workdir" "-e" "CARGO_TARGET_DIR=/opt/rustwide/target" "-e" "CARGO_INCREMENTAL=0" "-e" "RUST_BACKTRACE=full" "-e" "RUSTFLAGS=--cap-lints=forbid" "-e" "RUSTDOCFLAGS=--cap-lints=forbid" "-e" "CARGO_HOME=/opt/rustwide/cargo-home" "-e" "RUSTUP_HOME=/opt/rustwide/rustup-home" "-w" "/opt/rustwide/workdir" "-m" "1610612736" "--user" "0:0" "--network" "none" "ghcr.io/rust-lang/crates-build-env/linux@sha256:819108c5571ea2e421544af4d832f968d213c87fbe3707a016657f43d2f853bc" "/opt/rustwide/cargo-home/bin/cargo" "+nightly-2025-01-18" "test" "--frozen", kill_on_drop: false }`
[INFO] [stdout] f1216bb55a34808ab3392f524a5ee8680d860a2b9ba056096163b8807252cfc2
[INFO] running `Command { std: "docker" "start" "-a" "f1216bb55a34808ab3392f524a5ee8680d860a2b9ba056096163b8807252cfc2", kill_on_drop: false }`
[INFO] [stderr] warning: unused variable: `options`
[INFO] [stderr]   --> src/convenience.rs:20:5
[INFO] [stderr]    |
[INFO] [stderr] 20 |     options: Options,
[INFO] [stderr]    |     ^^^^^^^ help: if this is intentional, prefix it with an underscore: `_options`
[INFO] [stderr]    |
[INFO] [stderr]    = note: `#[warn(unused_variables)]` on by default
[INFO] [stderr] 
[INFO] [stderr] warning: unused variable: `options`
[INFO] [stderr]   --> src/renderer.rs:28:35
[INFO] [stderr]    |
[INFO] [stderr] 28 | fn opening_tag(element: &Element, options: &Options) -> String {
[INFO] [stderr]    |                                   ^^^^^^^ help: if this is intentional, prefix it with an underscore: `_options`
[INFO] [stderr] 
[INFO] [stderr] warning: variant `Html5` is never constructed
[INFO] [stderr]   --> src/options.rs:24:5
[INFO] [stderr]    |
[INFO] [stderr] 23 | enum Doctype {
[INFO] [stderr]    |      ------- variant in this enum
[INFO] [stderr] 24 |     Html5,
[INFO] [stderr]    |     ^^^^^
[INFO] [stderr]    |
[INFO] [stderr]    = note: `#[warn(dead_code)]` on by default
[INFO] [stderr] 
[INFO] [stderr] warning: fields `document_type` and `document_root_directory` are never read
[INFO] [stderr]   --> src/options.rs:30:5
[INFO] [stderr]    |
[INFO] [stderr] 28 | pub struct Options {
[INFO] [stderr]    |            ------- fields in this struct
[INFO] [stderr] 29 |     // setDocumentType
[INFO] [stderr] 30 |     document_type: Doctype,
[INFO] [stderr]    |     ^^^^^^^^^^^^^
[INFO] [stderr] 31 |     // setDocumentRootDirectory
[INFO] [stderr] 32 |     document_root_directory: Option<std::path::PathBuf>,
[INFO] [stderr]    |     ^^^^^^^^^^^^^^^^^^^^^^^
[INFO] [stderr] 
[INFO] [stderr] warning: `unikko` (lib) generated 4 warnings
[INFO] [stderr] warning: `unikko` (lib test) generated 4 warnings (4 duplicates)
[INFO] [stderr]     Finished `test` profile [unoptimized + debuginfo] target(s) in 0.08s
[INFO] [stderr]      Running unittests src/lib.rs (/opt/rustwide/target/debug/deps/unikko-68fddca70b213769)
[INFO] [stdout] 
[INFO] [stdout] running 9 tests
[INFO] [stdout] test parcom::tests::take_until_block_ending1 ... ok
[INFO] [stdout] test parcom::inline::tests::handle_inline1 ... ok
[INFO] [stdout] test parcom::inline::tests::handle_inline2 ... ok
[INFO] [stdout] test parcom::tests::ensure_no_match_is_error ... ok
[INFO] [stdout] test parcom::tests::integration2 ... ok
[INFO] [stdout] test convenience::tests::simple ... ok
[INFO] [stdout] test parcom::tests::explicit_block1 ... ok
[INFO] [stdout] test parcom::tests::integration1 ... ok
[INFO] [stdout] test parcom::inline::tests::strong1 ... ok
[INFO] [stdout] 
[INFO] [stdout] test result: ok. 9 passed; 0 failed; 0 ignored; 0 measured; 0 filtered out; finished in 0.01s
[INFO] [stdout] 
[INFO] [stderr]      Running tests/test_canon_yaml.rs (/opt/rustwide/target/debug/deps/test_canon_yaml-d5c05d82457f7e3d)
[INFO] [stdout] 
[INFO] [stdout] running 1 test
[INFO] [stdout] test textile_to_html ... FAILED
[INFO] [stdout] 
[INFO] [stdout] failures:
[INFO] [stdout] 
[INFO] [stdout] ---- textile_to_html stdout ----
[INFO] [stdout] 
[INFO] [stdout] thread 'textile_to_html' panicked at tests/canon_fixtures/mod.rs:46:14:
[INFO] [stdout] called `Result::unwrap()` on an `Err` value: Os { code: 2, kind: NotFound, message: "No such file or directory" }
[INFO] [stdout] stack backtrace:
[INFO] [stdout]    0:     0x583c678f79ba - std::backtrace_rs::backtrace::libunwind::trace::hb059275cfc8d6126
[INFO] [stdout]                                at /rustc/6067b36314ab5eb2eb47cecc464545ba58e1ad24/library/std/src/../../backtrace/src/backtrace/libunwind.rs:116:5
[INFO] [stdout]    1:     0x583c678f79ba - std::backtrace_rs::backtrace::trace_unsynchronized::h2da071e4327ce3ee
[INFO] [stdout]                                at /rustc/6067b36314ab5eb2eb47cecc464545ba58e1ad24/library/std/src/../../backtrace/src/backtrace/mod.rs:66:5
[INFO] [stdout]    2:     0x583c678f79ba - std::sys::backtrace::_print_fmt::h842a1474e6f8d23f
[INFO] [stdout]                                at /rustc/6067b36314ab5eb2eb47cecc464545ba58e1ad24/library/std/src/sys/backtrace.rs:66:9
[INFO] [stdout]    3:     0x583c678f79ba - <std::sys::backtrace::BacktraceLock::print::DisplayBacktrace as core::fmt::Display>::fmt::h71a62eb3b9696b12
[INFO] [stdout]                                at /rustc/6067b36314ab5eb2eb47cecc464545ba58e1ad24/library/std/src/sys/backtrace.rs:39:26
[INFO] [stdout]    4:     0x583c67922e53 - core::fmt::rt::Argument::fmt::hdb6b616786b41dc1
[INFO] [stdout]                                at /rustc/6067b36314ab5eb2eb47cecc464545ba58e1ad24/library/core/src/fmt/rt.rs:177:76
[INFO] [stdout]    5:     0x583c67922e53 - core::fmt::write::h2cc1698af7e2d686
[INFO] [stdout]                                at /rustc/6067b36314ab5eb2eb47cecc464545ba58e1ad24/library/core/src/fmt/mod.rs:1440:21
[INFO] [stdout]    6:     0x583c678f3e93 - std::io::Write::write_fmt::hab1b4cd059a79022
[INFO] [stdout]                                at /rustc/6067b36314ab5eb2eb47cecc464545ba58e1ad24/library/std/src/io/mod.rs:1887:15
[INFO] [stdout]    7:     0x583c678f7802 - std::sys::backtrace::BacktraceLock::print::h147fe35b4ea13b08
[INFO] [stdout]                                at /rustc/6067b36314ab5eb2eb47cecc464545ba58e1ad24/library/std/src/sys/backtrace.rs:42:9
[INFO] [stdout]    8:     0x583c678f8ddf - std::panicking::default_hook::{{closure}}::hbd44223dbdc0d208
[INFO] [stdout]                                at /rustc/6067b36314ab5eb2eb47cecc464545ba58e1ad24/library/std/src/panicking.rs:298:22
[INFO] [stdout]    9:     0x583c678f8bf8 - std::panicking::default_hook::h20f81eb0576efcec
[INFO] [stdout]                                at /rustc/6067b36314ab5eb2eb47cecc464545ba58e1ad24/library/std/src/panicking.rs:322:9
[INFO] [stdout]   10:     0x583c67548c83 - <alloc::boxed::Box<F,A> as core::ops::function::Fn<Args>>::call::hdb53814c496a4d34
[INFO] [stdout]                                at /rustc/6067b36314ab5eb2eb47cecc464545ba58e1ad24/library/alloc/src/boxed.rs:2027:9
[INFO] [stdout]   11:     0x583c67548c83 - test::test_main::{{closure}}::hc0a4963c59427c24
[INFO] [stdout]                                at /rustc/6067b36314ab5eb2eb47cecc464545ba58e1ad24/library/test/src/lib.rs:134:21
[INFO] [stdout]   12:     0x583c678f98d3 - <alloc::boxed::Box<F,A> as core::ops::function::Fn<Args>>::call::h591b2225413a77e9
[INFO] [stdout]                                at /rustc/6067b36314ab5eb2eb47cecc464545ba58e1ad24/library/alloc/src/boxed.rs:2027:9
[INFO] [stdout]   13:     0x583c678f98d3 - std::panicking::rust_panic_with_hook::h625eea43051b2edc
[INFO] [stdout]                                at /rustc/6067b36314ab5eb2eb47cecc464545ba58e1ad24/library/std/src/panicking.rs:839:13
[INFO] [stdout]   14:     0x583c678f958a - std::panicking::begin_panic_handler::{{closure}}::h4f9159cfbc3f6bd3
[INFO] [stdout]                                at /rustc/6067b36314ab5eb2eb47cecc464545ba58e1ad24/library/std/src/panicking.rs:704:13
[INFO] [stdout]   15:     0x583c678f7eb9 - std::sys::backtrace::__rust_end_short_backtrace::h0390abce48353151
[INFO] [stdout]                                at /rustc/6067b36314ab5eb2eb47cecc464545ba58e1ad24/library/std/src/sys/backtrace.rs:168:18
[INFO] [stdout]   16:     0x583c678f921d - rust_begin_unwind
[INFO] [stdout]                                at /rustc/6067b36314ab5eb2eb47cecc464545ba58e1ad24/library/std/src/panicking.rs:695:5
[INFO] [stdout]   17:     0x583c67920490 - core::panicking::panic_fmt::h9e7c637e9e5f29c9
[INFO] [stdout]                                at /rustc/6067b36314ab5eb2eb47cecc464545ba58e1ad24/library/core/src/panicking.rs:75:14
[INFO] [stdout]   18:     0x583c67920966 - core::result::unwrap_failed::h7979f09313fe1849
[INFO] [stdout]                                at /rustc/6067b36314ab5eb2eb47cecc464545ba58e1ad24/library/core/src/result.rs:1704:5
[INFO] [stdout]   19:     0x583c674afbd0 - core::result::Result<T,E>::unwrap::hb5326c54112939d3
[INFO] [stdout]                                at /rustc/6067b36314ab5eb2eb47cecc464545ba58e1ad24/library/core/src/result.rs:1109:23
[INFO] [stdout]   20:     0x583c674afbd0 - test_canon_yaml::canon_fixtures::FixturesRoot::new::hb5e48ca495aa8709
[INFO] [stdout]                                at /opt/rustwide/workdir/tests/canon_fixtures/mod.rs:44:41
[INFO] [stdout]   21:     0x583c674b8fe7 - test_canon_yaml::textile_to_html::hd0acaf778c1fdf57
[INFO] [stdout]                                at /opt/rustwide/workdir/tests/test_canon_yaml.rs:43:24
[INFO] [stdout]   22:     0x583c674b8ed7 - test_canon_yaml::textile_to_html::{{closure}}::h160fccaff61b5c33
[INFO] [stdout]                                at /opt/rustwide/workdir/tests/test_canon_yaml.rs:33:21
[INFO] [stdout]   23:     0x583c674a8af6 - core::ops::function::FnOnce::call_once::hc628be4f5e2a8ea0
[INFO] [stdout]                                at /rustc/6067b36314ab5eb2eb47cecc464545ba58e1ad24/library/core/src/ops/function.rs:250:5
[INFO] [stdout]   24:     0x583c6754e3db - core::ops::function::FnOnce::call_once::he27718dfdd183f43
[INFO] [stdout]                                at /rustc/6067b36314ab5eb2eb47cecc464545ba58e1ad24/library/core/src/ops/function.rs:250:5
[INFO] [stdout]   25:     0x583c6754e3db - test::__rust_begin_short_backtrace::h4e84902998457a5d
[INFO] [stdout]                                at /rustc/6067b36314ab5eb2eb47cecc464545ba58e1ad24/library/test/src/lib.rs:632:18
[INFO] [stdout]   26:     0x583c6754d313 - test::run_test_in_process::{{closure}}::h7176fd18fc1feca0
[INFO] [stdout]                                at /rustc/6067b36314ab5eb2eb47cecc464545ba58e1ad24/library/test/src/lib.rs:655:60
[INFO] [stdout]   27:     0x583c6754d313 - <core::panic::unwind_safe::AssertUnwindSafe<F> as core::ops::function::FnOnce<()>>::call_once::hf79cff2a624d8cf7
[INFO] [stdout]                                at /rustc/6067b36314ab5eb2eb47cecc464545ba58e1ad24/library/core/src/panic/unwind_safe.rs:272:9
[INFO] [stdout]   28:     0x583c6754d313 - std::panicking::try::do_call::h3da0561d9ab99c25
[INFO] [stdout]                                at /rustc/6067b36314ab5eb2eb47cecc464545ba58e1ad24/library/std/src/panicking.rs:587:40
[INFO] [stdout]   29:     0x583c6754d313 - std::panicking::try::h41c9fa508bc61df6
[INFO] [stdout]                                at /rustc/6067b36314ab5eb2eb47cecc464545ba58e1ad24/library/std/src/panicking.rs:550:19
[INFO] [stdout]   30:     0x583c6754d313 - std::panic::catch_unwind::h6b3ff07bb5afad93
[INFO] [stdout]                                at /rustc/6067b36314ab5eb2eb47cecc464545ba58e1ad24/library/std/src/panic.rs:358:14
[INFO] [stdout]   31:     0x583c6754d313 - test::run_test_in_process::hc7253dd11b39b9f4
[INFO] [stdout]                                at /rustc/6067b36314ab5eb2eb47cecc464545ba58e1ad24/library/test/src/lib.rs:655:27
[INFO] [stdout]   32:     0x583c6754d313 - test::run_test::{{closure}}::hfb2007f8649c30bb
[INFO] [stdout]                                at /rustc/6067b36314ab5eb2eb47cecc464545ba58e1ad24/library/test/src/lib.rs:576:43
[INFO] [stdout]   33:     0x583c675103f5 - test::run_test::{{closure}}::h56a17aa7a282a9f4
[INFO] [stdout]                                at /rustc/6067b36314ab5eb2eb47cecc464545ba58e1ad24/library/test/src/lib.rs:606:41
[INFO] [stdout]   34:     0x583c675103f5 - std::sys::backtrace::__rust_begin_short_backtrace::hd2d2d2fb8e8c6aac
[INFO] [stdout]                                at /rustc/6067b36314ab5eb2eb47cecc464545ba58e1ad24/library/std/src/sys/backtrace.rs:152:18
[INFO] [stdout]   35:     0x583c67513cda - std::thread::Builder::spawn_unchecked_::{{closure}}::{{closure}}::h4faa3f9db6133423
[INFO] [stdout]                                at /rustc/6067b36314ab5eb2eb47cecc464545ba58e1ad24/library/std/src/thread/mod.rs:559:17
[INFO] [stdout]   36:     0x583c67513cda - <core::panic::unwind_safe::AssertUnwindSafe<F> as core::ops::function::FnOnce<()>>::call_once::hf2e855a36a4ea846
[INFO] [stdout]                                at /rustc/6067b36314ab5eb2eb47cecc464545ba58e1ad24/library/core/src/panic/unwind_safe.rs:272:9
[INFO] [stdout]   37:     0x583c67513cda - std::panicking::try::do_call::h2f73af3616c35465
[INFO] [stdout]                                at /rustc/6067b36314ab5eb2eb47cecc464545ba58e1ad24/library/std/src/panicking.rs:587:40
[INFO] [stdout]   38:     0x583c67513cda - std::panicking::try::hd1660ce9efadef5a
[INFO] [stdout]                                at /rustc/6067b36314ab5eb2eb47cecc464545ba58e1ad24/library/std/src/panicking.rs:550:19
[INFO] [stdout]   39:     0x583c67513cda - std::panic::catch_unwind::h5ee8d7823b8ca744
[INFO] [stdout]                                at /rustc/6067b36314ab5eb2eb47cecc464545ba58e1ad24/library/std/src/panic.rs:358:14
[INFO] [stdout]   40:     0x583c67513cda - std::thread::Builder::spawn_unchecked_::{{closure}}::h53c3a1894dce8407
[INFO] [stdout]                                at /rustc/6067b36314ab5eb2eb47cecc464545ba58e1ad24/library/std/src/thread/mod.rs:557:30
[INFO] [stdout]   41:     0x583c67513cda - core::ops::function::FnOnce::call_once{{vtable.shim}}::h048ce291ad4f62bf
[INFO] [stdout]                                at /rustc/6067b36314ab5eb2eb47cecc464545ba58e1ad24/library/core/src/ops/function.rs:250:5
[INFO] [stdout]   42:     0x583c678fdc5b - <alloc::boxed::Box<F,A> as core::ops::function::FnOnce<Args>>::call_once::ha52bedf99a3b4981
[INFO] [stdout]                                at /rustc/6067b36314ab5eb2eb47cecc464545ba58e1ad24/library/alloc/src/boxed.rs:2013:9
[INFO] [stdout]   43:     0x583c678fdc5b - <alloc::boxed::Box<F,A> as core::ops::function::FnOnce<Args>>::call_once::h567748934d80ccf8
[INFO] [stdout]                                at /rustc/6067b36314ab5eb2eb47cecc464545ba58e1ad24/library/alloc/src/boxed.rs:2013:9
[INFO] [stdout]   44:     0x583c678fdc5b - std::sys::pal::unix::thread::Thread::new::thread_start::h2d970728ae887adc
[INFO] [stdout]                                at /rustc/6067b36314ab5eb2eb47cecc464545ba58e1ad24/library/std/src/sys/pal/unix/thread.rs:106:17
[INFO] [stdout]   45:     0x7fb4e825dac3 - <unknown>
[INFO] [stdout]   46:     0x7fb4e82eea04 - clone
[INFO] [stdout]   47:                0x0 - <unknown>
[INFO] [stdout] 
[INFO] [stdout] 
[INFO] [stdout] failures:
[INFO] [stdout]     textile_to_html
[INFO] [stdout] 
[INFO] [stdout] test result: FAILED. 0 passed; 1 failed; 0 ignored; 0 measured; 0 filtered out; finished in 0.04s
[INFO] [stdout] 
[INFO] [stderr] error: test failed, to rerun pass `--test test_canon_yaml`
[INFO] running `Command { std: "docker" "inspect" "f1216bb55a34808ab3392f524a5ee8680d860a2b9ba056096163b8807252cfc2", kill_on_drop: false }`
[INFO] running `Command { std: "docker" "rm" "-f" "f1216bb55a34808ab3392f524a5ee8680d860a2b9ba056096163b8807252cfc2", kill_on_drop: false }`
[INFO] [stdout] f1216bb55a34808ab3392f524a5ee8680d860a2b9ba056096163b8807252cfc2
