[INFO] cloning repository https://github.com/z463006889/zredis
[INFO] running `Command { std: "git" "-c" "credential.helper=" "-c" "credential.helper=/workspace/cargo-home/bin/git-credential-null" "clone" "--bare" "https://github.com/z463006889/zredis" "/workspace/cache/git-repos/https%3A%2F%2Fgithub.com%2Fz463006889%2Fzredis", kill_on_drop: false }`
[INFO] [stderr] Cloning into bare repository '/workspace/cache/git-repos/https%3A%2F%2Fgithub.com%2Fz463006889%2Fzredis'...
[INFO] running `Command { std: "git" "rev-parse" "HEAD", kill_on_drop: false }`
[INFO] [stdout] 6f9943286fde3685fcb13a5440d16b1a5ed84ac2
[INFO] testing z463006889/zredis against nightly-2025-01-18+rustflags=-Zrandomize-layout for randomize-layout-2
[INFO] running `Command { std: "git" "clone" "/workspace/cache/git-repos/https%3A%2F%2Fgithub.com%2Fz463006889%2Fzredis" "/workspace/builds/worker-4-tc2/source", kill_on_drop: false }`
[INFO] [stderr] Cloning into '/workspace/builds/worker-4-tc2/source'...
[INFO] [stderr] done.
[INFO] validating manifest of git repo https://github.com/z463006889/zredis on toolchain nightly-2025-01-18
[INFO] running `Command { std: CARGO_HOME="/workspace/cargo-home" RUSTUP_HOME="/workspace/rustup-home" "/workspace/cargo-home/bin/cargo" "+nightly-2025-01-18" "metadata" "--manifest-path" "Cargo.toml" "--no-deps", kill_on_drop: false }`
[INFO] started tweaking git repo https://github.com/z463006889/zredis
[INFO] finished tweaking git repo https://github.com/z463006889/zredis
[INFO] tweaked toml for git repo https://github.com/z463006889/zredis written to /workspace/builds/worker-4-tc2/source/Cargo.toml
[INFO] crate git repo https://github.com/z463006889/zredis already has a lockfile, it will not be regenerated
[INFO] running `Command { std: CARGO_HOME="/workspace/cargo-home" RUSTUP_HOME="/workspace/rustup-home" "/workspace/cargo-home/bin/cargo" "+nightly-2025-01-18" "fetch" "--manifest-path" "Cargo.toml", kill_on_drop: false }`
[INFO] running `Command { std: "docker" "create" "-v" "/var/lib/crater-agent-workspace/builds/worker-4-tc2/target:/opt/rustwide/target:rw,Z" "-v" "/var/lib/crater-agent-workspace/builds/worker-4-tc2/source:/opt/rustwide/workdir:ro,Z" "-v" "/var/lib/crater-agent-workspace/cargo-home:/opt/rustwide/cargo-home:ro,Z" "-v" "/var/lib/crater-agent-workspace/rustup-home:/opt/rustwide/rustup-home:ro,Z" "-e" "SOURCE_DIR=/opt/rustwide/workdir" "-e" "CARGO_TARGET_DIR=/opt/rustwide/target" "-e" "CARGO_HOME=/opt/rustwide/cargo-home" "-e" "RUSTUP_HOME=/opt/rustwide/rustup-home" "-w" "/opt/rustwide/workdir" "-m" "1610612736" "--user" "0:0" "--network" "none" "ghcr.io/rust-lang/crates-build-env/linux@sha256:819108c5571ea2e421544af4d832f968d213c87fbe3707a016657f43d2f853bc" "/opt/rustwide/cargo-home/bin/cargo" "+nightly-2025-01-18" "metadata" "--no-deps" "--format-version=1", kill_on_drop: false }`
[INFO] [stdout] b956a79708b3c8d33f69963364cd1027bbfbac659a489b063c65d4141759cb7a
[INFO] running `Command { std: "docker" "start" "-a" "b956a79708b3c8d33f69963364cd1027bbfbac659a489b063c65d4141759cb7a", kill_on_drop: false }`
[INFO] running `Command { std: "docker" "inspect" "b956a79708b3c8d33f69963364cd1027bbfbac659a489b063c65d4141759cb7a", kill_on_drop: false }`
[INFO] running `Command { std: "docker" "rm" "-f" "b956a79708b3c8d33f69963364cd1027bbfbac659a489b063c65d4141759cb7a", kill_on_drop: false }`
[INFO] [stdout] b956a79708b3c8d33f69963364cd1027bbfbac659a489b063c65d4141759cb7a
[INFO] running `Command { std: "docker" "create" "-v" "/var/lib/crater-agent-workspace/builds/worker-4-tc2/target:/opt/rustwide/target:rw,Z" "-v" "/var/lib/crater-agent-workspace/builds/worker-4-tc2/source:/opt/rustwide/workdir:ro,Z" "-v" "/var/lib/crater-agent-workspace/cargo-home:/opt/rustwide/cargo-home:ro,Z" "-v" "/var/lib/crater-agent-workspace/rustup-home:/opt/rustwide/rustup-home:ro,Z" "-e" "SOURCE_DIR=/opt/rustwide/workdir" "-e" "CARGO_TARGET_DIR=/opt/rustwide/target" "-e" "CARGO_INCREMENTAL=0" "-e" "RUST_BACKTRACE=full" "-e" "RUSTFLAGS=--cap-lints=forbid -Zrandomize-layout" "-e" "RUSTDOCFLAGS=--cap-lints=forbid" "-e" "CARGO_HOME=/opt/rustwide/cargo-home" "-e" "RUSTUP_HOME=/opt/rustwide/rustup-home" "-w" "/opt/rustwide/workdir" "-m" "1610612736" "--user" "0:0" "--network" "none" "ghcr.io/rust-lang/crates-build-env/linux@sha256:819108c5571ea2e421544af4d832f968d213c87fbe3707a016657f43d2f853bc" "/opt/rustwide/cargo-home/bin/cargo" "+nightly-2025-01-18" "build" "--frozen" "--message-format=json", kill_on_drop: false }`
[INFO] [stdout] 0ccefeb7ed727a9e4f08e0143449c7b9f17803608fddcf0ddbd01ab8819c072c
[INFO] running `Command { std: "docker" "start" "-a" "0ccefeb7ed727a9e4f08e0143449c7b9f17803608fddcf0ddbd01ab8819c072c", kill_on_drop: false }`
[INFO] [stderr]    Compiling anyhow v1.0.86
[INFO] [stderr]    Compiling once_cell v1.19.0
[INFO] [stderr]    Compiling quote v1.0.36
[INFO] [stderr]    Compiling syn v2.0.74
[INFO] [stderr]    Compiling thiserror-impl v1.0.63
[INFO] [stderr]    Compiling enum_dispatch v0.3.13
[INFO] [stderr]    Compiling thiserror v1.0.63
[INFO] [stderr]    Compiling template v0.1.0 (/opt/rustwide/workdir)
[INFO] [stdout] warning: unused imports: `collections:: HashMap` and `ops::DerefMut`
[INFO] [stdout]  --> src/resp/mod.rs:1:11
[INFO] [stdout]   |
[INFO] [stdout] 1 | use std::{collections:: HashMap, ops::DerefMut};
[INFO] [stdout]   |           ^^^^^^^^^^^^^^^^^^^^^  ^^^^^^^^^^^^^
[INFO] [stdout]   |
[INFO] [stdout]   = note: `#[warn(unused_imports)]` on by default
[INFO] [stdout] 
[INFO] [stdout] 
[INFO] [stdout] warning: unused import: `std::ops::Deref`
[INFO] [stdout]  --> src/resp/mod.rs:5:5
[INFO] [stdout]   |
[INFO] [stdout] 5 | use std::ops::Deref;
[INFO] [stdout]   |     ^^^^^^^^^^^^^^^
[INFO] [stdout] 
[INFO] [stdout] 
[INFO] [stdout] warning: unused import: `crate::resp::extract_simple_frame_data`
[INFO] [stdout]  --> src/resp/array.rs:5:5
[INFO] [stdout]   |
[INFO] [stdout] 5 | use crate::resp::extract_simple_frame_data;
[INFO] [stdout]   |     ^^^^^^^^^^^^^^^^^^^^^^^^^^^^^^^^^^^^^^
[INFO] [stdout] 
[INFO] [stdout] 
[INFO] [stdout] warning: unused import: `str::FromStr`
[INFO] [stdout]  --> src/resp/bulk_string.rs:1:23
[INFO] [stdout]   |
[INFO] [stdout] 1 | use std::{ops::Deref, str::FromStr};
[INFO] [stdout]   |                       ^^^^^^^^^^^^
[INFO] [stdout] 
[INFO] [stdout] 
[INFO] [stdout] warning: unused import: `extract_simple_frame_data`
[INFO] [stdout]  --> src/resp/bulk_string.rs:5:33
[INFO] [stdout]   |
[INFO] [stdout] 5 | use super::{extract_fixed_data, extract_simple_frame_data, parse_length, RespDecode, RespDecodeError, RespEncode};
[INFO] [stdout]   |                                 ^^^^^^^^^^^^^^^^^^^^^^^^^
[INFO] [stdout] 
[INFO] [stdout] 
[INFO] [stdout] warning: unused import: `bool::*`
[INFO] [stdout]   --> src/resp/mod.rs:21:9
[INFO] [stdout]    |
[INFO] [stdout] 21 | pub use bool::*;
[INFO] [stdout]    |         ^^^^^^^
[INFO] [stdout] 
[INFO] [stdout] 
[INFO] [stdout] warning: unused variable: `end`
[INFO] [stdout]    --> src/resp/mod.rs:113:34
[INFO] [stdout]     |
[INFO] [stdout] 113 | fn calc_total_length(buf: &[u8], end: usize, len: usize, prefix: &str) -> Result<usize, RespDecodeError> {
[INFO] [stdout]     |                                  ^^^ help: if this is intentional, prefix it with an underscore: `_end`
[INFO] [stdout]     |
[INFO] [stdout]     = note: `#[warn(unused_variables)]` on by default
[INFO] [stdout] 
[INFO] [stdout] 
[INFO] [stdout] warning: unused variable: `len`
[INFO] [stdout]    --> src/resp/mod.rs:113:46
[INFO] [stdout]     |
[INFO] [stdout] 113 | fn calc_total_length(buf: &[u8], end: usize, len: usize, prefix: &str) -> Result<usize, RespDecodeError> {
[INFO] [stdout]     |                                              ^^^ help: if this is intentional, prefix it with an underscore: `_len`
[INFO] [stdout] 
[INFO] [stdout] 
[INFO] [stderr]     Finished `dev` profile [unoptimized + debuginfo] target(s) in 8.58s
[INFO] running `Command { std: "docker" "inspect" "0ccefeb7ed727a9e4f08e0143449c7b9f17803608fddcf0ddbd01ab8819c072c", kill_on_drop: false }`
[INFO] running `Command { std: "docker" "rm" "-f" "0ccefeb7ed727a9e4f08e0143449c7b9f17803608fddcf0ddbd01ab8819c072c", kill_on_drop: false }`
[INFO] [stdout] 0ccefeb7ed727a9e4f08e0143449c7b9f17803608fddcf0ddbd01ab8819c072c
[INFO] running `Command { std: "docker" "create" "-v" "/var/lib/crater-agent-workspace/builds/worker-4-tc2/target:/opt/rustwide/target:rw,Z" "-v" "/var/lib/crater-agent-workspace/builds/worker-4-tc2/source:/opt/rustwide/workdir:ro,Z" "-v" "/var/lib/crater-agent-workspace/cargo-home:/opt/rustwide/cargo-home:ro,Z" "-v" "/var/lib/crater-agent-workspace/rustup-home:/opt/rustwide/rustup-home:ro,Z" "-e" "SOURCE_DIR=/opt/rustwide/workdir" "-e" "CARGO_TARGET_DIR=/opt/rustwide/target" "-e" "CARGO_INCREMENTAL=0" "-e" "RUST_BACKTRACE=full" "-e" "RUSTFLAGS=--cap-lints=forbid -Zrandomize-layout" "-e" "RUSTDOCFLAGS=--cap-lints=forbid" "-e" "CARGO_HOME=/opt/rustwide/cargo-home" "-e" "RUSTUP_HOME=/opt/rustwide/rustup-home" "-w" "/opt/rustwide/workdir" "-m" "1610612736" "--user" "0:0" "--network" "none" "ghcr.io/rust-lang/crates-build-env/linux@sha256:819108c5571ea2e421544af4d832f968d213c87fbe3707a016657f43d2f853bc" "/opt/rustwide/cargo-home/bin/cargo" "+nightly-2025-01-18" "test" "--frozen" "--no-run" "--message-format=json", kill_on_drop: false }`
[INFO] [stdout] 50af1b7af696bddca2fab5cf2eeeaa7ff703a71eb2f40c8141463d1af98a145d
[INFO] running `Command { std: "docker" "start" "-a" "50af1b7af696bddca2fab5cf2eeeaa7ff703a71eb2f40c8141463d1af98a145d", kill_on_drop: false }`
[INFO] [stderr]    Compiling template v0.1.0 (/opt/rustwide/workdir)
[INFO] [stdout] warning: unused imports: `collections:: HashMap` and `ops::DerefMut`
[INFO] [stdout]  --> src/resp/mod.rs:1:11
[INFO] [stdout]   |
[INFO] [stdout] 1 | use std::{collections:: HashMap, ops::DerefMut};
[INFO] [stdout]   |           ^^^^^^^^^^^^^^^^^^^^^  ^^^^^^^^^^^^^
[INFO] [stdout]   |
[INFO] [stdout]   = note: `#[warn(unused_imports)]` on by default
[INFO] [stdout] 
[INFO] [stdout] 
[INFO] [stdout] warning: unused import: `std::ops::Deref`
[INFO] [stdout]  --> src/resp/mod.rs:5:5
[INFO] [stdout]   |
[INFO] [stdout] 5 | use std::ops::Deref;
[INFO] [stdout]   |     ^^^^^^^^^^^^^^^
[INFO] [stdout] 
[INFO] [stdout] 
[INFO] [stdout] warning: unused import: `crate::resp::extract_simple_frame_data`
[INFO] [stdout]  --> src/resp/array.rs:5:5
[INFO] [stdout]   |
[INFO] [stdout] 5 | use crate::resp::extract_simple_frame_data;
[INFO] [stdout]   |     ^^^^^^^^^^^^^^^^^^^^^^^^^^^^^^^^^^^^^^
[INFO] [stdout] 
[INFO] [stdout] 
[INFO] [stdout] warning: unused import: `str::FromStr`
[INFO] [stdout]  --> src/resp/bulk_string.rs:1:23
[INFO] [stdout]   |
[INFO] [stdout] 1 | use std::{ops::Deref, str::FromStr};
[INFO] [stdout]   |                       ^^^^^^^^^^^^
[INFO] [stdout] 
[INFO] [stdout] 
[INFO] [stdout] warning: unused import: `extract_simple_frame_data`
[INFO] [stdout]  --> src/resp/bulk_string.rs:5:33
[INFO] [stdout]   |
[INFO] [stdout] 5 | use super::{extract_fixed_data, extract_simple_frame_data, parse_length, RespDecode, RespDecodeError, RespEncode};
[INFO] [stdout]   |                                 ^^^^^^^^^^^^^^^^^^^^^^^^^
[INFO] [stdout] 
[INFO] [stdout] 
[INFO] [stdout] warning: unused import: `bool::*`
[INFO] [stdout]   --> src/resp/mod.rs:21:9
[INFO] [stdout]    |
[INFO] [stdout] 21 | pub use bool::*;
[INFO] [stdout]    |         ^^^^^^^
[INFO] [stdout] 
[INFO] [stdout] 
[INFO] [stdout] warning: unused variable: `end`
[INFO] [stdout]    --> src/resp/mod.rs:113:34
[INFO] [stdout]     |
[INFO] [stdout] 113 | fn calc_total_length(buf: &[u8], end: usize, len: usize, prefix: &str) -> Result<usize, RespDecodeError> {
[INFO] [stdout]     |                                  ^^^ help: if this is intentional, prefix it with an underscore: `_end`
[INFO] [stdout]     |
[INFO] [stdout]     = note: `#[warn(unused_variables)]` on by default
[INFO] [stdout] 
[INFO] [stdout] 
[INFO] [stdout] warning: unused variable: `len`
[INFO] [stdout]    --> src/resp/mod.rs:113:46
[INFO] [stdout]     |
[INFO] [stdout] 113 | fn calc_total_length(buf: &[u8], end: usize, len: usize, prefix: &str) -> Result<usize, RespDecodeError> {
[INFO] [stdout]     |                                              ^^^ help: if this is intentional, prefix it with an underscore: `_len`
[INFO] [stdout] 
[INFO] [stdout] 
[INFO] [stdout] warning: unused imports: `collections:: HashMap` and `ops::DerefMut`
[INFO] [stdout]  --> src/resp/mod.rs:1:11
[INFO] [stdout]   |
[INFO] [stdout] 1 | use std::{collections:: HashMap, ops::DerefMut};
[INFO] [stdout]   |           ^^^^^^^^^^^^^^^^^^^^^  ^^^^^^^^^^^^^
[INFO] [stdout]   |
[INFO] [stdout]   = note: `#[warn(unused_imports)]` on by default
[INFO] [stdout] 
[INFO] [stdout] 
[INFO] [stdout] warning: unused import: `std::ops::Deref`
[INFO] [stdout]  --> src/resp/mod.rs:5:5
[INFO] [stdout]   |
[INFO] [stdout] 5 | use std::ops::Deref;
[INFO] [stdout]   |     ^^^^^^^^^^^^^^^
[INFO] [stdout] 
[INFO] [stdout] 
[INFO] [stdout] warning: unused import: `crate::resp::extract_simple_frame_data`
[INFO] [stdout]  --> src/resp/array.rs:5:5
[INFO] [stdout]   |
[INFO] [stdout] 5 | use crate::resp::extract_simple_frame_data;
[INFO] [stdout]   |     ^^^^^^^^^^^^^^^^^^^^^^^^^^^^^^^^^^^^^^
[INFO] [stdout] 
[INFO] [stdout] 
[INFO] [stdout] warning: unused import: `str::FromStr`
[INFO] [stdout]  --> src/resp/bulk_string.rs:1:23
[INFO] [stdout]   |
[INFO] [stdout] 1 | use std::{ops::Deref, str::FromStr};
[INFO] [stdout]   |                       ^^^^^^^^^^^^
[INFO] [stdout] 
[INFO] [stdout] 
[INFO] [stdout] warning: unused import: `extract_simple_frame_data`
[INFO] [stdout]  --> src/resp/bulk_string.rs:5:33
[INFO] [stdout]   |
[INFO] [stdout] 5 | use super::{extract_fixed_data, extract_simple_frame_data, parse_length, RespDecode, RespDecodeError, RespEncode};
[INFO] [stdout]   |                                 ^^^^^^^^^^^^^^^^^^^^^^^^^
[INFO] [stdout] 
[INFO] [stdout] 
[INFO] [stdout] warning: unused import: `bool::*`
[INFO] [stdout]   --> src/resp/mod.rs:21:9
[INFO] [stdout]    |
[INFO] [stdout] 21 | pub use bool::*;
[INFO] [stdout]    |         ^^^^^^^
[INFO] [stdout] 
[INFO] [stdout] 
[INFO] [stdout] warning: unused variable: `frame`
[INFO] [stdout]   --> src/resp/bool.rs:56:13
[INFO] [stdout]    |
[INFO] [stdout] 56 |         let frame = bool::decode(&mut buf).unwrap_err();
[INFO] [stdout]    |             ^^^^^ help: if this is intentional, prefix it with an underscore: `_frame`
[INFO] [stdout]    |
[INFO] [stdout]    = note: `#[warn(unused_variables)]` on by default
[INFO] [stdout] 
[INFO] [stdout] 
[INFO] [stdout] warning: unused variable: `end`
[INFO] [stdout]    --> src/resp/mod.rs:113:34
[INFO] [stdout]     |
[INFO] [stdout] 113 | fn calc_total_length(buf: &[u8], end: usize, len: usize, prefix: &str) -> Result<usize, RespDecodeError> {
[INFO] [stdout]     |                                  ^^^ help: if this is intentional, prefix it with an underscore: `_end`
[INFO] [stdout] 
[INFO] [stdout] 
[INFO] [stdout] warning: unused variable: `len`
[INFO] [stdout]    --> src/resp/mod.rs:113:46
[INFO] [stdout]     |
[INFO] [stdout] 113 | fn calc_total_length(buf: &[u8], end: usize, len: usize, prefix: &str) -> Result<usize, RespDecodeError> {
[INFO] [stdout]     |                                              ^^^ help: if this is intentional, prefix it with an underscore: `_len`
[INFO] [stdout] 
[INFO] [stdout] 
[INFO] [stderr]     Finished `test` profile [unoptimized + debuginfo] target(s) in 1.05s
[INFO] running `Command { std: "docker" "inspect" "50af1b7af696bddca2fab5cf2eeeaa7ff703a71eb2f40c8141463d1af98a145d", kill_on_drop: false }`
[INFO] running `Command { std: "docker" "rm" "-f" "50af1b7af696bddca2fab5cf2eeeaa7ff703a71eb2f40c8141463d1af98a145d", kill_on_drop: false }`
[INFO] [stdout] 50af1b7af696bddca2fab5cf2eeeaa7ff703a71eb2f40c8141463d1af98a145d
[INFO] running `Command { std: "docker" "create" "-v" "/var/lib/crater-agent-workspace/builds/worker-4-tc2/target:/opt/rustwide/target:rw,Z" "-v" "/var/lib/crater-agent-workspace/builds/worker-4-tc2/source:/opt/rustwide/workdir:ro,Z" "-v" "/var/lib/crater-agent-workspace/cargo-home:/opt/rustwide/cargo-home:ro,Z" "-v" "/var/lib/crater-agent-workspace/rustup-home:/opt/rustwide/rustup-home:ro,Z" "-e" "SOURCE_DIR=/opt/rustwide/workdir" "-e" "CARGO_TARGET_DIR=/opt/rustwide/target" "-e" "CARGO_INCREMENTAL=0" "-e" "RUST_BACKTRACE=full" "-e" "RUSTFLAGS=--cap-lints=forbid -Zrandomize-layout" "-e" "RUSTDOCFLAGS=--cap-lints=forbid" "-e" "CARGO_HOME=/opt/rustwide/cargo-home" "-e" "RUSTUP_HOME=/opt/rustwide/rustup-home" "-w" "/opt/rustwide/workdir" "-m" "1610612736" "--user" "0:0" "--network" "none" "ghcr.io/rust-lang/crates-build-env/linux@sha256:819108c5571ea2e421544af4d832f968d213c87fbe3707a016657f43d2f853bc" "/opt/rustwide/cargo-home/bin/cargo" "+nightly-2025-01-18" "test" "--frozen", kill_on_drop: false }`
[INFO] [stdout] 3bdcf0314f775a6775347b976947104c55b356147656580ebfe69b86cf8a6340
[INFO] running `Command { std: "docker" "start" "-a" "3bdcf0314f775a6775347b976947104c55b356147656580ebfe69b86cf8a6340", kill_on_drop: false }`
[INFO] [stderr] warning: unused imports: `collections:: HashMap` and `ops::DerefMut`
[INFO] [stderr]  --> src/resp/mod.rs:1:11
[INFO] [stderr]   |
[INFO] [stderr] 1 | use std::{collections:: HashMap, ops::DerefMut};
[INFO] [stderr]   |           ^^^^^^^^^^^^^^^^^^^^^  ^^^^^^^^^^^^^
[INFO] [stderr]   |
[INFO] [stderr]   = note: `#[warn(unused_imports)]` on by default
[INFO] [stderr] 
[INFO] [stderr] warning: unused import: `std::ops::Deref`
[INFO] [stderr]  --> src/resp/mod.rs:5:5
[INFO] [stderr]   |
[INFO] [stderr] 5 | use std::ops::Deref;
[INFO] [stderr]   |     ^^^^^^^^^^^^^^^
[INFO] [stderr] 
[INFO] [stderr] warning: unused import: `crate::resp::extract_simple_frame_data`
[INFO] [stderr]  --> src/resp/array.rs:5:5
[INFO] [stderr]   |
[INFO] [stderr] 5 | use crate::resp::extract_simple_frame_data;
[INFO] [stderr]   |     ^^^^^^^^^^^^^^^^^^^^^^^^^^^^^^^^^^^^^^
[INFO] [stderr] 
[INFO] [stderr] warning: unused import: `str::FromStr`
[INFO] [stderr]  --> src/resp/bulk_string.rs:1:23
[INFO] [stderr]   |
[INFO] [stderr] 1 | use std::{ops::Deref, str::FromStr};
[INFO] [stderr]   |                       ^^^^^^^^^^^^
[INFO] [stderr] 
[INFO] [stderr] warning: unused import: `extract_simple_frame_data`
[INFO] [stderr]  --> src/resp/bulk_string.rs:5:33
[INFO] [stderr]   |
[INFO] [stderr] 5 | use super::{extract_fixed_data, extract_simple_frame_data, parse_length, RespDecode, RespDecodeError, RespEncode};
[INFO] [stderr]   |                                 ^^^^^^^^^^^^^^^^^^^^^^^^^
[INFO] [stderr] 
[INFO] [stderr] warning: unused import: `bool::*`
[INFO] [stderr]   --> src/resp/mod.rs:21:9
[INFO] [stderr]    |
[INFO] [stderr] 21 | pub use bool::*;
[INFO] [stderr]    |         ^^^^^^^
[INFO] [stderr] 
[INFO] [stderr] warning: unused variable: `end`
[INFO] [stderr]    --> src/resp/mod.rs:113:34
[INFO] [stderr]     |
[INFO] [stderr] 113 | fn calc_total_length(buf: &[u8], end: usize, len: usize, prefix: &str) -> Result<usize, RespDecodeError> {
[INFO] [stderr]     |                                  ^^^ help: if this is intentional, prefix it with an underscore: `_end`
[INFO] [stderr]     |
[INFO] [stderr]     = note: `#[warn(unused_variables)]` on by default
[INFO] [stderr] 
[INFO] [stderr] warning: unused variable: `len`
[INFO] [stderr]    --> src/resp/mod.rs:113:46
[INFO] [stderr]     |
[INFO] [stderr] 113 | fn calc_total_length(buf: &[u8], end: usize, len: usize, prefix: &str) -> Result<usize, RespDecodeError> {
[INFO] [stderr]     |                                              ^^^ help: if this is intentional, prefix it with an underscore: `_len`
[INFO] [stderr] 
[INFO] [stderr] warning: unused variable: `frame`
[INFO] [stderr]   --> src/resp/bool.rs:56:13
[INFO] [stderr]    |
[INFO] [stderr] 56 |         let frame = bool::decode(&mut buf).unwrap_err();
[INFO] [stderr]    |             ^^^^^ help: if this is intentional, prefix it with an underscore: `_frame`
[INFO] [stderr]    |
[INFO] [stderr]    = note: `#[warn(unused_variables)]` on by default
[INFO] [stderr] 
[INFO] [stderr] warning: unused variable: `end`
[INFO] [stderr]    --> src/resp/mod.rs:113:34
[INFO] [stderr]     |
[INFO] [stderr] 113 | fn calc_total_length(buf: &[u8], end: usize, len: usize, prefix: &str) -> Result<usize, RespDecodeError> {
[INFO] [stderr]     |                                  ^^^ help: if this is intentional, prefix it with an underscore: `_end`
[INFO] [stderr] 
[INFO] [stderr] warning: `template` (lib) generated 8 warnings (run `cargo fix --lib -p template` to apply 6 suggestions)
[INFO] [stderr] warning: `template` (lib test) generated 9 warnings (7 duplicates)
[INFO] [stderr]     Finished `test` profile [unoptimized + debuginfo] target(s) in 0.03s
[INFO] [stderr]      Running unittests src/lib.rs (/opt/rustwide/target/debug/deps/template-683e8ca87564d35f)
[INFO] [stdout] 
[INFO] [stdout] running 14 tests
[INFO] [stdout] test resp::double::tests::test_double_decode ... ok
[INFO] [stdout] test resp::array::tese::test_resp_array_encode ... ok
[INFO] [stdout] test resp::bulk_string::tests::test_bulk_string_encode ... ok
[INFO] [stdout] test resp::bool::tests::test_bool_encode ... ok
[INFO] [stdout] test resp::bulk_string::tests::test_bulk_string_decode ... ok
[INFO] [stdout] test resp::double::tests::test_double_encode ... ok
[INFO] [stdout] test resp::integer::test::test_integer_decode ... ok
[INFO] [stdout] test resp::simple_string::tests::test_simple_string_decode ... ok
[INFO] [stdout] test resp::simple_string::tests::test_simple_string_encode ... ok
[INFO] [stdout] test resp::integer::test::test_integer_encode ... ok
[INFO] [stdout] test resp::simple_error::tests::test_error_decode ... ok
[INFO] [stdout] test resp::simple_error::tests::test_error_encode ... ok
[INFO] [stdout] test resp::bool::tests::test_bool_decode ... ok
[INFO] [stdout] test resp::array::tese::test_resp_array_decode ... FAILED
[INFO] [stdout] 
[INFO] [stdout] failures:
[INFO] [stdout] 
[INFO] [stdout] ---- resp::array::tese::test_resp_array_decode stdout ----
[INFO] [stdout] 
[INFO] [stdout] thread 'resp::array::tese::test_resp_array_decode' panicked at src/resp/array.rs:120:49:
[INFO] [stdout] called `Result::unwrap()` on an `Err` value: InvalidFrameType("expect: SimpleString(*), got: [36, 53, 13, 10, 104, 101, 108, 108, 111, 13, 10]")
[INFO] [stdout] stack backtrace:
[INFO] [stdout]    0:     0x6053850670ba - std::backtrace_rs::backtrace::libunwind::trace::hb059275cfc8d6126
[INFO] [stdout]                                at /rustc/6067b36314ab5eb2eb47cecc464545ba58e1ad24/library/std/src/../../backtrace/src/backtrace/libunwind.rs:116:5
[INFO] [stdout]    1:     0x6053850670ba - std::backtrace_rs::backtrace::trace_unsynchronized::h2da071e4327ce3ee
[INFO] [stdout]                                at /rustc/6067b36314ab5eb2eb47cecc464545ba58e1ad24/library/std/src/../../backtrace/src/backtrace/mod.rs:66:5
[INFO] [stdout]    2:     0x6053850670ba - std::sys::backtrace::_print_fmt::h842a1474e6f8d23f
[INFO] [stdout]                                at /rustc/6067b36314ab5eb2eb47cecc464545ba58e1ad24/library/std/src/sys/backtrace.rs:66:9
[INFO] [stdout]    3:     0x6053850670ba - <std::sys::backtrace::BacktraceLock::print::DisplayBacktrace as core::fmt::Display>::fmt::h71a62eb3b9696b12
[INFO] [stdout]                                at /rustc/6067b36314ab5eb2eb47cecc464545ba58e1ad24/library/std/src/sys/backtrace.rs:39:26
[INFO] [stdout]    4:     0x605385090473 - core::fmt::rt::Argument::fmt::hdb6b616786b41dc1
[INFO] [stdout]                                at /rustc/6067b36314ab5eb2eb47cecc464545ba58e1ad24/library/core/src/fmt/rt.rs:177:76
[INFO] [stdout]    5:     0x605385090473 - core::fmt::write::h2cc1698af7e2d686
[INFO] [stdout]                                at /rustc/6067b36314ab5eb2eb47cecc464545ba58e1ad24/library/core/src/fmt/mod.rs:1440:21
[INFO] [stdout]    6:     0x605385063a23 - std::io::Write::write_fmt::hab1b4cd059a79022
[INFO] [stdout]                                at /rustc/6067b36314ab5eb2eb47cecc464545ba58e1ad24/library/std/src/io/mod.rs:1887:15
[INFO] [stdout]    7:     0x605385066f02 - std::sys::backtrace::BacktraceLock::print::h147fe35b4ea13b08
[INFO] [stdout]                                at /rustc/6067b36314ab5eb2eb47cecc464545ba58e1ad24/library/std/src/sys/backtrace.rs:42:9
[INFO] [stdout]    8:     0x6053850684df - std::panicking::default_hook::{{closure}}::hbd44223dbdc0d208
[INFO] [stdout]                                at /rustc/6067b36314ab5eb2eb47cecc464545ba58e1ad24/library/std/src/panicking.rs:298:22
[INFO] [stdout]    9:     0x6053850682f8 - std::panicking::default_hook::h20f81eb0576efcec
[INFO] [stdout]                                at /rustc/6067b36314ab5eb2eb47cecc464545ba58e1ad24/library/std/src/panicking.rs:322:9
[INFO] [stdout]   10:     0x605385022283 - <alloc::boxed::Box<F,A> as core::ops::function::Fn<Args>>::call::hdb53814c496a4d34
[INFO] [stdout]                                at /rustc/6067b36314ab5eb2eb47cecc464545ba58e1ad24/library/alloc/src/boxed.rs:2027:9
[INFO] [stdout]   11:     0x605385022283 - test::test_main::{{closure}}::hc0a4963c59427c24
[INFO] [stdout]                                at /rustc/6067b36314ab5eb2eb47cecc464545ba58e1ad24/library/test/src/lib.rs:134:21
[INFO] [stdout]   12:     0x605385068fd3 - <alloc::boxed::Box<F,A> as core::ops::function::Fn<Args>>::call::h591b2225413a77e9
[INFO] [stdout]                                at /rustc/6067b36314ab5eb2eb47cecc464545ba58e1ad24/library/alloc/src/boxed.rs:2027:9
[INFO] [stdout]   13:     0x605385068fd3 - std::panicking::rust_panic_with_hook::h625eea43051b2edc
[INFO] [stdout]                                at /rustc/6067b36314ab5eb2eb47cecc464545ba58e1ad24/library/std/src/panicking.rs:839:13
[INFO] [stdout]   14:     0x605385068c8a - std::panicking::begin_panic_handler::{{closure}}::h4f9159cfbc3f6bd3
[INFO] [stdout]                                at /rustc/6067b36314ab5eb2eb47cecc464545ba58e1ad24/library/std/src/panicking.rs:704:13
[INFO] [stdout]   15:     0x6053850675b9 - std::sys::backtrace::__rust_end_short_backtrace::h0390abce48353151
[INFO] [stdout]                                at /rustc/6067b36314ab5eb2eb47cecc464545ba58e1ad24/library/std/src/sys/backtrace.rs:168:18
[INFO] [stdout]   16:     0x60538506891d - rust_begin_unwind
[INFO] [stdout]                                at /rustc/6067b36314ab5eb2eb47cecc464545ba58e1ad24/library/std/src/panicking.rs:695:5
[INFO] [stdout]   17:     0x60538508e3c0 - core::panicking::panic_fmt::h9e7c637e9e5f29c9
[INFO] [stdout]                                at /rustc/6067b36314ab5eb2eb47cecc464545ba58e1ad24/library/core/src/panicking.rs:75:14
[INFO] [stdout]   18:     0x60538508e836 - core::result::unwrap_failed::h7979f09313fe1849
[INFO] [stdout]                                at /rustc/6067b36314ab5eb2eb47cecc464545ba58e1ad24/library/core/src/result.rs:1704:5
[INFO] [stdout]   19:     0x605384fdc6b5 - core::result::Result<T,E>::unwrap::hefcb181ab69d760c
[INFO] [stdout]                                at /rustc/6067b36314ab5eb2eb47cecc464545ba58e1ad24/library/core/src/result.rs:1109:23
[INFO] [stdout]   20:     0x605384fdc6b5 - template::resp::array::tese::test_resp_array_decode::h3cf6181fbc484403
[INFO] [stdout]                                at /opt/rustwide/workdir/src/resp/array.rs:120:21
[INFO] [stdout]   21:     0x605384fdc1c7 - template::resp::array::tese::test_resp_array_decode::{{closure}}::hc58d67e84d798163
[INFO] [stdout]                                at /opt/rustwide/workdir/src/resp/array.rs:107:32
[INFO] [stdout]   22:     0x605384fd3e16 - core::ops::function::FnOnce::call_once::h7848c1c72b250daa
[INFO] [stdout]                                at /rustc/6067b36314ab5eb2eb47cecc464545ba58e1ad24/library/core/src/ops/function.rs:250:5
[INFO] [stdout]   23:     0x6053850279db - core::ops::function::FnOnce::call_once::he27718dfdd183f43
[INFO] [stdout]                                at /rustc/6067b36314ab5eb2eb47cecc464545ba58e1ad24/library/core/src/ops/function.rs:250:5
[INFO] [stdout]   24:     0x6053850279db - test::__rust_begin_short_backtrace::h4e84902998457a5d
[INFO] [stdout]                                at /rustc/6067b36314ab5eb2eb47cecc464545ba58e1ad24/library/test/src/lib.rs:632:18
[INFO] [stdout]   25:     0x605385026913 - test::run_test_in_process::{{closure}}::h7176fd18fc1feca0
[INFO] [stdout]                                at /rustc/6067b36314ab5eb2eb47cecc464545ba58e1ad24/library/test/src/lib.rs:655:60
[INFO] [stdout]   26:     0x605385026913 - <core::panic::unwind_safe::AssertUnwindSafe<F> as core::ops::function::FnOnce<()>>::call_once::hf79cff2a624d8cf7
[INFO] [stdout]                                at /rustc/6067b36314ab5eb2eb47cecc464545ba58e1ad24/library/core/src/panic/unwind_safe.rs:272:9
[INFO] [stdout]   27:     0x605385026913 - std::panicking::try::do_call::h3da0561d9ab99c25
[INFO] [stdout]                                at /rustc/6067b36314ab5eb2eb47cecc464545ba58e1ad24/library/std/src/panicking.rs:587:40
[INFO] [stdout]   28:     0x605385026913 - std::panicking::try::h41c9fa508bc61df6
[INFO] [stdout]                                at /rustc/6067b36314ab5eb2eb47cecc464545ba58e1ad24/library/std/src/panicking.rs:550:19
[INFO] [stdout]   29:     0x605385026913 - std::panic::catch_unwind::h6b3ff07bb5afad93
[INFO] [stdout]                                at /rustc/6067b36314ab5eb2eb47cecc464545ba58e1ad24/library/std/src/panic.rs:358:14
[INFO] [stdout]   30:     0x605385026913 - test::run_test_in_process::hc7253dd11b39b9f4
[INFO] [stdout]                                at /rustc/6067b36314ab5eb2eb47cecc464545ba58e1ad24/library/test/src/lib.rs:655:27
[INFO] [stdout]   31:     0x605385026913 - test::run_test::{{closure}}::hfb2007f8649c30bb
[INFO] [stdout]                                at /rustc/6067b36314ab5eb2eb47cecc464545ba58e1ad24/library/test/src/lib.rs:576:43
[INFO] [stdout]   32:     0x605384fe99f5 - test::run_test::{{closure}}::h56a17aa7a282a9f4
[INFO] [stdout]                                at /rustc/6067b36314ab5eb2eb47cecc464545ba58e1ad24/library/test/src/lib.rs:606:41
[INFO] [stdout]   33:     0x605384fe99f5 - std::sys::backtrace::__rust_begin_short_backtrace::hd2d2d2fb8e8c6aac
[INFO] [stdout]                                at /rustc/6067b36314ab5eb2eb47cecc464545ba58e1ad24/library/std/src/sys/backtrace.rs:152:18
[INFO] [stdout]   34:     0x605384fed2da - std::thread::Builder::spawn_unchecked_::{{closure}}::{{closure}}::h4faa3f9db6133423
[INFO] [stdout]                                at /rustc/6067b36314ab5eb2eb47cecc464545ba58e1ad24/library/std/src/thread/mod.rs:559:17
[INFO] [stdout]   35:     0x605384fed2da - <core::panic::unwind_safe::AssertUnwindSafe<F> as core::ops::function::FnOnce<()>>::call_once::hf2e855a36a4ea846
[INFO] [stdout]                                at /rustc/6067b36314ab5eb2eb47cecc464545ba58e1ad24/library/core/src/panic/unwind_safe.rs:272:9
[INFO] [stdout]   36:     0x605384fed2da - std::panicking::try::do_call::h2f73af3616c35465
[INFO] [stdout]                                at /rustc/6067b36314ab5eb2eb47cecc464545ba58e1ad24/library/std/src/panicking.rs:587:40
[INFO] [stdout]   37:     0x605384fed2da - std::panicking::try::hd1660ce9efadef5a
[INFO] [stdout]                                at /rustc/6067b36314ab5eb2eb47cecc464545ba58e1ad24/library/std/src/panicking.rs:550:19
[INFO] [stdout]   38:     0x605384fed2da - std::panic::catch_unwind::h5ee8d7823b8ca744
[INFO] [stdout]                                at /rustc/6067b36314ab5eb2eb47cecc464545ba58e1ad24/library/std/src/panic.rs:358:14
[INFO] [stdout]   39:     0x605384fed2da - std::thread::Builder::spawn_unchecked_::{{closure}}::h53c3a1894dce8407
[INFO] [stdout]                                at /rustc/6067b36314ab5eb2eb47cecc464545ba58e1ad24/library/std/src/thread/mod.rs:557:30
[INFO] [stdout]   40:     0x605384fed2da - core::ops::function::FnOnce::call_once{{vtable.shim}}::h048ce291ad4f62bf
[INFO] [stdout]                                at /rustc/6067b36314ab5eb2eb47cecc464545ba58e1ad24/library/core/src/ops/function.rs:250:5
[INFO] [stdout]   41:     0x60538506cf0b - <alloc::boxed::Box<F,A> as core::ops::function::FnOnce<Args>>::call_once::ha52bedf99a3b4981
[INFO] [stdout]                                at /rustc/6067b36314ab5eb2eb47cecc464545ba58e1ad24/library/alloc/src/boxed.rs:2013:9
[INFO] [stdout]   42:     0x60538506cf0b - <alloc::boxed::Box<F,A> as core::ops::function::FnOnce<Args>>::call_once::h567748934d80ccf8
[INFO] [stdout]                                at /rustc/6067b36314ab5eb2eb47cecc464545ba58e1ad24/library/alloc/src/boxed.rs:2013:9
[INFO] [stdout]   43:     0x60538506cf0b - std::sys::pal::unix::thread::Thread::new::thread_start::h2d970728ae887adc
[INFO] [stdout]                                at /rustc/6067b36314ab5eb2eb47cecc464545ba58e1ad24/library/std/src/sys/pal/unix/thread.rs:106:17
[INFO] [stdout]   44:     0x7c0b08cc8ac3 - <unknown>
[INFO] [stdout]   45:     0x7c0b08d59a04 - clone
[INFO] [stdout]   46:                0x0 - <unknown>
[INFO] [stdout] 
[INFO] [stdout] 
[INFO] [stdout] failures:
[INFO] [stdout]     resp::array::tese::test_resp_array_decode
[INFO] [stdout] 
[INFO] [stdout] test result: FAILED. 13 passed; 1 failed; 0 ignored; 0 measured; 0 filtered out; finished in 0.06s
[INFO] [stdout] 
[INFO] [stderr] error: test failed, to rerun pass `--lib`
[INFO] running `Command { std: "docker" "inspect" "3bdcf0314f775a6775347b976947104c55b356147656580ebfe69b86cf8a6340", kill_on_drop: false }`
[INFO] running `Command { std: "docker" "rm" "-f" "3bdcf0314f775a6775347b976947104c55b356147656580ebfe69b86cf8a6340", kill_on_drop: false }`
[INFO] [stdout] 3bdcf0314f775a6775347b976947104c55b356147656580ebfe69b86cf8a6340
