[INFO] cloning repository https://github.com/yuyan124/cardahoy-rs
[INFO] running `Command { std: "git" "-c" "credential.helper=" "-c" "credential.helper=/workspace/cargo-home/bin/git-credential-null" "clone" "--bare" "https://github.com/yuyan124/cardahoy-rs" "/workspace/cache/git-repos/https%3A%2F%2Fgithub.com%2Fyuyan124%2Fcardahoy-rs", kill_on_drop: false }`
[INFO] [stderr] Cloning into bare repository '/workspace/cache/git-repos/https%3A%2F%2Fgithub.com%2Fyuyan124%2Fcardahoy-rs'...
[INFO] running `Command { std: "git" "rev-parse" "HEAD", kill_on_drop: false }`
[INFO] [stdout] a4fb724caf13bc9fd391fa041df2b95ec8190ffa
[INFO] testing yuyan124/cardahoy-rs against nightly-2025-01-18+rustflags=-Zrandomize-layout for randomize-layout-2
[INFO] running `Command { std: "git" "clone" "/workspace/cache/git-repos/https%3A%2F%2Fgithub.com%2Fyuyan124%2Fcardahoy-rs" "/workspace/builds/worker-4-tc2/source", kill_on_drop: false }`
[INFO] [stderr] Cloning into '/workspace/builds/worker-4-tc2/source'...
[INFO] [stderr] done.
[INFO] validating manifest of git repo https://github.com/yuyan124/cardahoy-rs on toolchain nightly-2025-01-18
[INFO] running `Command { std: CARGO_HOME="/workspace/cargo-home" RUSTUP_HOME="/workspace/rustup-home" "/workspace/cargo-home/bin/cargo" "+nightly-2025-01-18" "metadata" "--manifest-path" "Cargo.toml" "--no-deps", kill_on_drop: false }`
[INFO] started tweaking git repo https://github.com/yuyan124/cardahoy-rs
[INFO] finished tweaking git repo https://github.com/yuyan124/cardahoy-rs
[INFO] tweaked toml for git repo https://github.com/yuyan124/cardahoy-rs written to /workspace/builds/worker-4-tc2/source/Cargo.toml
[INFO] crate git repo https://github.com/yuyan124/cardahoy-rs already has a lockfile, it will not be regenerated
[INFO] running `Command { std: CARGO_HOME="/workspace/cargo-home" RUSTUP_HOME="/workspace/rustup-home" "/workspace/cargo-home/bin/cargo" "+nightly-2025-01-18" "fetch" "--manifest-path" "Cargo.toml", kill_on_drop: false }`
[INFO] [stderr]     Updating crates.io index
[INFO] [stderr]      Locking 52 packages to latest compatible versions
[INFO] [stderr]       Adding adler2 v2.0.0
[INFO] [stderr]       Adding aho-corasick v1.1.3
[INFO] [stderr]       Adding anstream v0.6.15 (available: v0.6.18)
[INFO] [stderr]       Adding anstyle v1.0.10
[INFO] [stderr]       Adding anstyle-parse v0.2.6
[INFO] [stderr]       Adding anstyle-query v1.1.1 (available: v1.1.2)
[INFO] [stderr]       Adding anstyle-wincon v3.0.4 (available: v3.0.7)
[INFO] [stderr]       Adding bindgen v0.69.5
[INFO] [stderr]       Adding calamine v0.24.0 (available: v0.26.1)
[INFO] [stderr]       Adding cexpr v0.6.0
[INFO] [stderr]       Adding clang-sys v1.8.1
[INFO] [stderr]       Adding clap v4.5.27
[INFO] [stderr]       Adding clap_builder v4.5.27
[INFO] [stderr]       Adding clap_derive v4.5.24
[INFO] [stderr]       Adding clap_lex v0.7.4
[INFO] [stderr]       Adding codepage v0.1.2
[INFO] [stderr]       Adding colorchoice v1.0.3
[INFO] [stderr]       Adding crc32fast v1.4.2
[INFO] [stderr]       Adding csv v1.3.1
[INFO] [stderr]       Adding csv-core v0.1.11
[INFO] [stderr]       Adding either v1.13.0
[INFO] [stderr]       Adding flate2 v1.0.35
[INFO] [stderr]       Adding glob v0.3.2
[INFO] [stderr]       Adding heck v0.5.0
[INFO] [stderr]       Adding home v0.5.9 (available: v0.5.11)
[INFO] [stderr]       Adding is_terminal_polyfill v1.70.1
[INFO] [stderr]       Adding itertools v0.12.1
[INFO] [stderr]       Adding lazycell v1.3.0
[INFO] [stderr]       Adding libloading v0.8.6
[INFO] [stderr]       Adding libxlsxwriter-sys v1.1.7
[INFO] [stderr]       Adding matchers v0.1.0
[INFO] [stderr]       Adding minimal-lexical v0.2.1
[INFO] [stderr]       Adding miniz_oxide v0.8.3
[INFO] [stderr]       Adding nom v7.1.3
[INFO] [stderr]       Adding prettyplease v0.2.29
[INFO] [stderr]     Updating proc-macro2 v1.0.80 -> v1.0.93
[INFO] [stderr]       Adding quick-xml v0.31.0
[INFO] [stderr]       Adding regex v1.11.1
[INFO] [stderr]       Adding regex-automata v0.1.10
[INFO] [stderr]       Adding regex-automata v0.4.9
[INFO] [stderr]       Adding regex-syntax v0.6.29
[INFO] [stderr]       Adding regex-syntax v0.8.5
[INFO] [stderr]       Adding rustc-hash v1.1.0
[INFO] [stderr]     Updating serde v1.0.197 -> v1.0.217
[INFO] [stderr]     Updating serde_derive v1.0.197 -> v1.0.217
[INFO] [stderr]       Adding shlex v1.3.0
[INFO] [stderr]       Adding strsim v0.11.1
[INFO] [stderr]     Updating syn v2.0.59 -> v2.0.96
[INFO] [stderr]       Adding utf8parse v0.2.2
[INFO] [stderr]       Adding which v4.4.2
[INFO] [stderr]       Adding xlsxwriter v0.6.1
[INFO] [stderr]       Adding zip v0.6.6
[INFO] running `Command { std: "docker" "create" "-v" "/var/lib/crater-agent-workspace/builds/worker-4-tc2/target:/opt/rustwide/target:rw,Z" "-v" "/var/lib/crater-agent-workspace/builds/worker-4-tc2/source:/opt/rustwide/workdir:ro,Z" "-v" "/var/lib/crater-agent-workspace/cargo-home:/opt/rustwide/cargo-home:ro,Z" "-v" "/var/lib/crater-agent-workspace/rustup-home:/opt/rustwide/rustup-home:ro,Z" "-e" "SOURCE_DIR=/opt/rustwide/workdir" "-e" "CARGO_TARGET_DIR=/opt/rustwide/target" "-e" "CARGO_HOME=/opt/rustwide/cargo-home" "-e" "RUSTUP_HOME=/opt/rustwide/rustup-home" "-w" "/opt/rustwide/workdir" "-m" "1610612736" "--user" "0:0" "--network" "none" "ghcr.io/rust-lang/crates-build-env/linux@sha256:819108c5571ea2e421544af4d832f968d213c87fbe3707a016657f43d2f853bc" "/opt/rustwide/cargo-home/bin/cargo" "+nightly-2025-01-18" "metadata" "--no-deps" "--format-version=1", kill_on_drop: false }`
[INFO] [stdout] f415b1d5b2e5dda29fab1efb04e5bb6e5d1f1a4eed20b48d956cccf41f494ee0
[INFO] running `Command { std: "docker" "start" "-a" "f415b1d5b2e5dda29fab1efb04e5bb6e5d1f1a4eed20b48d956cccf41f494ee0", kill_on_drop: false }`
[INFO] running `Command { std: "docker" "inspect" "f415b1d5b2e5dda29fab1efb04e5bb6e5d1f1a4eed20b48d956cccf41f494ee0", kill_on_drop: false }`
[INFO] running `Command { std: "docker" "rm" "-f" "f415b1d5b2e5dda29fab1efb04e5bb6e5d1f1a4eed20b48d956cccf41f494ee0", kill_on_drop: false }`
[INFO] [stdout] f415b1d5b2e5dda29fab1efb04e5bb6e5d1f1a4eed20b48d956cccf41f494ee0
[INFO] running `Command { std: "docker" "create" "-v" "/var/lib/crater-agent-workspace/builds/worker-4-tc2/target:/opt/rustwide/target:rw,Z" "-v" "/var/lib/crater-agent-workspace/builds/worker-4-tc2/source:/opt/rustwide/workdir:ro,Z" "-v" "/var/lib/crater-agent-workspace/cargo-home:/opt/rustwide/cargo-home:ro,Z" "-v" "/var/lib/crater-agent-workspace/rustup-home:/opt/rustwide/rustup-home:ro,Z" "-e" "SOURCE_DIR=/opt/rustwide/workdir" "-e" "CARGO_TARGET_DIR=/opt/rustwide/target" "-e" "CARGO_INCREMENTAL=0" "-e" "RUST_BACKTRACE=full" "-e" "RUSTFLAGS=--cap-lints=forbid -Zrandomize-layout" "-e" "RUSTDOCFLAGS=--cap-lints=forbid" "-e" "CARGO_HOME=/opt/rustwide/cargo-home" "-e" "RUSTUP_HOME=/opt/rustwide/rustup-home" "-w" "/opt/rustwide/workdir" "-m" "1610612736" "--user" "0:0" "--network" "none" "ghcr.io/rust-lang/crates-build-env/linux@sha256:819108c5571ea2e421544af4d832f968d213c87fbe3707a016657f43d2f853bc" "/opt/rustwide/cargo-home/bin/cargo" "+nightly-2025-01-18" "build" "--frozen" "--message-format=json", kill_on_drop: false }`
[INFO] [stdout] 0568ecd1f194bb2940f305fc7c33591bcbcfa87610c5e48922c1f92a5f868eaf
[INFO] running `Command { std: "docker" "start" "-a" "0568ecd1f194bb2940f305fc7c33591bcbcfa87610c5e48922c1f92a5f868eaf", kill_on_drop: false }`
[INFO] [stderr]    Compiling autocfg v1.2.0
[INFO] [stderr]    Compiling libc v0.2.153
[INFO] [stderr]    Compiling smallvec v1.13.2
[INFO] [stderr]    Compiling once_cell v1.19.0
[INFO] [stderr]    Compiling pin-project-lite v0.2.14
[INFO] [stderr]    Compiling proc-macro2 v1.0.93
[INFO] [stderr]    Compiling log v0.4.21
[INFO] [stderr]    Compiling parking_lot_core v0.9.9
[INFO] [stderr]    Compiling itoa v1.0.11
[INFO] [stderr]    Compiling cc v1.0.94
[INFO] [stderr]    Compiling memchr v2.7.2
[INFO] [stderr]    Compiling tracing-core v0.1.32
[INFO] [stderr]    Compiling bytes v1.6.0
[INFO] [stderr]    Compiling futures-core v0.3.30
[INFO] [stderr]    Compiling lock_api v0.4.11
[INFO] [stderr]    Compiling slab v0.4.9
[INFO] [stderr]    Compiling quote v1.0.36
[INFO] [stderr]    Compiling futures-sink v0.3.30
[INFO] [stderr]    Compiling syn v2.0.96
[INFO] [stderr]    Compiling libm v0.2.8
[INFO] [stderr]    Compiling typenum v1.17.0
[INFO] [stderr]    Compiling generic-array v0.14.7
[INFO] [stderr]    Compiling num-traits v0.2.18
[INFO] [stderr]    Compiling pkg-config v0.3.30
[INFO] [stderr]    Compiling num_cpus v1.16.0
[INFO] [stderr]    Compiling socket2 v0.5.6
[INFO] [stderr]    Compiling parking_lot v0.12.1
[INFO] [stderr]    Compiling mio v0.8.11
[INFO] [stderr]    Compiling signal-hook-registry v1.4.1
[INFO] [stderr]    Compiling openssl-sys v0.9.102
[INFO] [stderr]    Compiling futures-channel v0.3.30
[INFO] [stderr]    Compiling futures-io v0.3.30
[INFO] [stderr]    Compiling hashbrown v0.14.3
[INFO] [stderr]    Compiling futures-task v0.3.30
[INFO] [stderr]    Compiling getrandom v0.2.14
[INFO] [stderr]    Compiling glob v0.3.2
[INFO] [stderr]    Compiling const-oid v0.9.6
[INFO] [stderr]    Compiling http v1.1.0
[INFO] [stderr]    Compiling zeroize v1.7.0
[INFO] [stderr]    Compiling bitflags v2.5.0
[INFO] [stderr]    Compiling rustix v0.38.32
[INFO] [stderr]    Compiling prettyplease v0.2.29
[INFO] [stderr]    Compiling clang-sys v1.8.1
[INFO] [stderr]    Compiling base64ct v1.6.0
[INFO] [stderr]    Compiling spin v0.5.2
[INFO] [stderr]    Compiling lazy_static v1.4.0
[INFO] [stderr]    Compiling rand_core v0.6.4
[INFO] [stderr]    Compiling indexmap v2.2.6
[INFO] [stderr]    Compiling minimal-lexical v0.2.1
[INFO] [stderr]    Compiling pem-rfc7468 v0.7.0
[INFO] [stderr]    Compiling regex-syntax v0.8.5
[INFO] [stderr]    Compiling linux-raw-sys v0.4.13
[INFO] [stderr]    Compiling httparse v1.8.0
[INFO] [stderr]    Compiling either v1.13.0
[INFO] [stderr]    Compiling openssl v0.10.64
[INFO] [stderr]    Compiling nom v7.1.3
[INFO] [stderr]    Compiling der v0.7.9
[INFO] [stderr]    Compiling http-body v1.0.0
[INFO] [stderr]    Compiling libloading v0.8.6
[INFO] [stderr]    Compiling ryu v1.0.17
[INFO] [stderr]    Compiling ppv-lite86 v0.2.17
[INFO] [stderr]    Compiling bindgen v0.69.5
[INFO] [stderr]    Compiling tinyvec_macros v0.1.1
[INFO] [stderr]    Compiling home v0.5.9
[INFO] [stderr]    Compiling native-tls v0.2.11
[INFO] [stderr]    Compiling byteorder v1.5.0
[INFO] [stderr]    Compiling tinyvec v1.6.0
[INFO] [stderr]    Compiling regex-automata v0.4.9
[INFO] [stderr]    Compiling rand_chacha v0.3.1
[INFO] [stderr]    Compiling cexpr v0.6.0
[INFO] [stderr]    Compiling spki v0.7.3
[INFO] [stderr]    Compiling itertools v0.12.1
[INFO] [stderr]    Compiling num-integer v0.1.46
[INFO] [stderr]    Compiling crypto-common v0.1.6
[INFO] [stderr]    Compiling encoding_rs v0.8.34
[INFO] [stderr]    Compiling regex v1.11.1
[INFO] [stderr]    Compiling which v4.4.2
[INFO] [stderr]    Compiling tower-layer v0.3.2
[INFO] [stderr]    Compiling rustc-hash v1.1.0
[INFO] [stderr]    Compiling rustversion v1.0.15
[INFO] [stderr]    Compiling num-bigint-dig v0.8.4
[INFO] [stderr]    Compiling lazycell v1.3.0
[INFO] [stderr]    Compiling serde_json v1.0.115
[INFO] [stderr]    Compiling tower-service v0.3.2
[INFO] [stderr]    Compiling num-iter v0.1.44
[INFO] [stderr]    Compiling digest v0.10.7
[INFO] [stderr]    Compiling rand v0.8.5
[INFO] [stderr]    Compiling pkcs8 v0.10.2
[INFO] [stderr]    Compiling unicode-normalization v0.1.23
[INFO] [stderr]    Compiling cipher v0.3.0
[INFO] [stderr]    Compiling adler2 v2.0.0
[INFO] [stderr]    Compiling anyhow v1.0.82
[INFO] [stderr]    Compiling iana-time-zone v0.1.60
[INFO] [stderr]    Compiling unicode-bidi v0.3.15
[INFO] [stderr]    Compiling base64 v0.22.0
[INFO] [stderr]    Compiling tracing-attributes v0.1.27
[INFO] [stderr]    Compiling serde_derive v1.0.217
[INFO] [stderr]    Compiling tokio-macros v2.2.0
[INFO] [stderr]    Compiling futures-macro v0.3.30
[INFO] [stderr]    Compiling openssl-macros v0.1.1
[INFO] [stderr]    Compiling pin-project-internal v1.1.5
[INFO] [stderr]    Compiling tokio v1.37.0
[INFO] [stderr]    Compiling futures-util v0.3.30
[INFO] [stderr]    Compiling tracing v0.1.40
[INFO] [stderr]    Compiling winnow v0.6.6
[INFO] [stderr]    Compiling pin-project v1.1.5
[INFO] [stderr]    Compiling idna v0.5.0
[INFO] [stderr]    Compiling chrono v0.4.38
[INFO] [stderr]    Compiling miniz_oxide v0.8.3
[INFO] [stderr]    Compiling pkcs1 v0.7.5
[INFO] [stderr]    Compiling signature v2.2.0
[INFO] [stderr]    Compiling serde v1.0.217
[INFO] [stderr]    Compiling http-body-util v0.1.1
[INFO] [stderr]    Compiling crc32fast v1.4.2
[INFO] [stderr]    Compiling cpufeatures v0.2.12
[INFO] [stderr]    Compiling block-padding v0.2.1
[INFO] [stderr]    Compiling regex-syntax v0.6.29
[INFO] [stderr]    Compiling opaque-debug v0.3.1
[INFO] [stderr]    Compiling rustls-pki-types v1.4.1
[INFO] [stderr]    Compiling crossbeam-utils v0.8.19
[INFO] [stderr]    Compiling subtle v2.5.0
[INFO] [stderr]    Compiling utf8parse v0.2.2
[INFO] [stderr]    Compiling anstyle-parse v0.2.6
[INFO] [stderr]    Compiling rsa v0.9.6
[INFO] [stderr]    Compiling tokio-util v0.7.10
[INFO] [stderr]    Compiling tower v0.4.13
[INFO] [stderr]    Compiling h2 v0.4.4
[INFO] [stderr]    Compiling libxlsxwriter-sys v1.1.7
[INFO] [stderr]    Compiling tokio-native-tls v0.3.1
[INFO] [stderr]    Compiling rustls-pemfile v2.1.2
[INFO] [stderr]    Compiling aes v0.7.5
[INFO] [stderr]    Compiling block-modes v0.8.1
[INFO] [stderr]    Compiling toml_datetime v0.6.5
[INFO] [stderr]    Compiling serde_spanned v0.6.5
[INFO] [stderr]    Compiling toml_edit v0.22.9
[INFO] [stderr]    Compiling regex-automata v0.1.10
[INFO] [stderr]    Compiling serde_urlencoded v0.7.1
[INFO] [stderr]    Compiling strum_macros v0.26.2
[INFO] [stderr]    Compiling flate2 v1.0.35
[INFO] [stderr]    Compiling hyper v1.3.0
[INFO] [stderr]    Compiling toml v0.8.12
[INFO] [stderr]    Compiling url v2.5.0
[INFO] [stderr]    Compiling hyper-util v0.1.3
[INFO] [stderr]    Compiling thiserror v1.0.58
[INFO] [stderr]    Compiling hex-literal v0.3.4
[INFO] [stderr]    Compiling overload v0.1.1
[INFO] [stderr]    Compiling is_terminal_polyfill v1.70.1
[INFO] [stderr]    Compiling strum v0.26.2
[INFO] [stderr]    Compiling anstyle v1.0.10
[INFO] [stderr]    Compiling hyper-tls v0.6.0
[INFO] [stderr]    Compiling ipnet v2.9.0
[INFO] [stderr]    Compiling colorchoice v1.0.3
[INFO] [stderr]    Compiling anstyle-query v1.1.1
[INFO] [stderr]    Compiling cardahoy-crypto v0.1.0 (/opt/rustwide/workdir/cardahoy-crypto)
[INFO] [stderr]    Compiling nu-ansi-term v0.46.0
[INFO] [stderr]    Compiling anstream v0.6.15
[INFO] [stderr]    Compiling reqwest v0.12.3
[INFO] [stderr]    Compiling cardahoy-utils v0.1.0 (/opt/rustwide/workdir/cardahoy-utils)
[INFO] [stderr]    Compiling zip v0.6.6
[INFO] [stderr]    Compiling matchers v0.1.0
[INFO] [stderr]    Compiling futures-executor v0.3.30
[INFO] [stderr]    Compiling thiserror-impl v1.0.58
[INFO] [stderr]    Compiling quick-xml v0.31.0
[INFO] [stderr]    Compiling codepage v0.1.2
[INFO] [stderr]    Compiling sharded-slab v0.1.7
[INFO] [stderr]    Compiling crossterm v0.27.0
[INFO] [stderr]    Compiling uuid v1.8.0
[INFO] [stderr]    Compiling csv-core v0.1.11
[INFO] [stderr]    Compiling tracing-log v0.2.0
[INFO] [stderr]    Compiling thread_local v1.1.8
[INFO] [stderr]    Compiling unicode-width v0.1.11
[INFO] [stderr]    Compiling clap_lex v0.7.4
[INFO] [stderr]    Compiling strsim v0.11.1
[INFO] [stderr]    Compiling heck v0.5.0
[INFO] [stderr]    Compiling tracing-subscriber v0.3.18
[INFO] [stderr]    Compiling time v0.3.36
[INFO] [stderr]    Compiling comfy-table v7.1.1
[INFO] [stderr]    Compiling clap_derive v4.5.24
[INFO] [stderr]    Compiling cardahoy-api v0.1.0 (/opt/rustwide/workdir/cardahoy-api)
[INFO] [stderr]    Compiling clap_builder v4.5.27
[INFO] [stderr]    Compiling csv v1.3.1
[INFO] [stdout] warning: unused variable: `key`
[INFO] [stdout]    --> cardahoy-api/src/lib.rs:179:37
[INFO] [stdout]     |
[INFO] [stdout] 179 |     pub fn update_header(&mut self, key: &'static str, value: &str) -> Result<()> {
[INFO] [stdout]     |                                     ^^^ help: if this is intentional, prefix it with an underscore: `_key`
[INFO] [stdout]     |
[INFO] [stdout]     = note: `#[warn(unused_variables)]` on by default
[INFO] [stdout] 
[INFO] [stdout] 
[INFO] [stdout] warning: unused variable: `value`
[INFO] [stdout]    --> cardahoy-api/src/lib.rs:179:56
[INFO] [stdout]     |
[INFO] [stdout] 179 |     pub fn update_header(&mut self, key: &'static str, value: &str) -> Result<()> {
[INFO] [stdout]     |                                                        ^^^^^ help: if this is intentional, prefix it with an underscore: `_value`
[INFO] [stdout] 
[INFO] [stdout] 
[INFO] [stderr]    Compiling calamine v0.24.0
[INFO] [stderr]    Compiling crossbeam-channel v0.5.12
[INFO] [stderr]    Compiling futures v0.3.30
[INFO] [stderr]    Compiling tracing-appender v0.2.3
[INFO] [stderr]    Compiling clap v4.5.27
[INFO] [stderr]    Compiling xlsxwriter v0.6.1
[INFO] [stderr]    Compiling cardahoy-scanner v0.1.0 (/opt/rustwide/workdir/cardahoy-scanner)
[INFO] [stdout] warning: unused variable: `worksheet`
[INFO] [stdout]    --> cardahoy-scanner/src/script.rs:182:25
[INFO] [stdout]     |
[INFO] [stdout] 182 |                 Ok(Some(worksheet)) => {}
[INFO] [stdout]     |                         ^^^^^^^^^ help: if this is intentional, prefix it with an underscore: `_worksheet`
[INFO] [stdout]     |
[INFO] [stdout]     = note: `#[warn(unused_variables)]` on by default
[INFO] [stdout] 
[INFO] [stdout] 
[INFO] [stdout] warning: unused variable: `exp`
[INFO] [stdout]    --> cardahoy-scanner/src/store.rs:655:29
[INFO] [stdout]     |
[INFO] [stdout] 655 |                         let exp = first_card.accumulate_trait.value as f64;
[INFO] [stdout]     |                             ^^^ help: if this is intentional, prefix it with an underscore: `_exp`
[INFO] [stdout] 
[INFO] [stdout] 
[INFO] [stderr]    Compiling cardahoy-scanner-cli v0.1.0 (/opt/rustwide/workdir/cardahoy-scanner-cli)
[INFO] [stdout] warning: unused variable: `card`
[INFO] [stdout]   --> cardahoy-scanner-cli/src/main.rs:45:37
[INFO] [stdout]    |
[INFO] [stdout] 45 |         Some(Commands::ScanMarket { card }) => {
[INFO] [stdout]    |                                     ^^^^ help: try ignoring the field: `card: _`
[INFO] [stdout]    |
[INFO] [stdout]    = note: `#[warn(unused_variables)]` on by default
[INFO] [stdout] 
[INFO] [stdout] 
[INFO] [stderr]     Finished `dev` profile [unoptimized + debuginfo] target(s) in 2m 17s
[INFO] running `Command { std: "docker" "inspect" "0568ecd1f194bb2940f305fc7c33591bcbcfa87610c5e48922c1f92a5f868eaf", kill_on_drop: false }`
[INFO] running `Command { std: "docker" "rm" "-f" "0568ecd1f194bb2940f305fc7c33591bcbcfa87610c5e48922c1f92a5f868eaf", kill_on_drop: false }`
[INFO] [stdout] 0568ecd1f194bb2940f305fc7c33591bcbcfa87610c5e48922c1f92a5f868eaf
[INFO] running `Command { std: "docker" "create" "-v" "/var/lib/crater-agent-workspace/builds/worker-4-tc2/target:/opt/rustwide/target:rw,Z" "-v" "/var/lib/crater-agent-workspace/builds/worker-4-tc2/source:/opt/rustwide/workdir:ro,Z" "-v" "/var/lib/crater-agent-workspace/cargo-home:/opt/rustwide/cargo-home:ro,Z" "-v" "/var/lib/crater-agent-workspace/rustup-home:/opt/rustwide/rustup-home:ro,Z" "-e" "SOURCE_DIR=/opt/rustwide/workdir" "-e" "CARGO_TARGET_DIR=/opt/rustwide/target" "-e" "CARGO_INCREMENTAL=0" "-e" "RUST_BACKTRACE=full" "-e" "RUSTFLAGS=--cap-lints=forbid -Zrandomize-layout" "-e" "RUSTDOCFLAGS=--cap-lints=forbid" "-e" "CARGO_HOME=/opt/rustwide/cargo-home" "-e" "RUSTUP_HOME=/opt/rustwide/rustup-home" "-w" "/opt/rustwide/workdir" "-m" "1610612736" "--user" "0:0" "--network" "none" "ghcr.io/rust-lang/crates-build-env/linux@sha256:819108c5571ea2e421544af4d832f968d213c87fbe3707a016657f43d2f853bc" "/opt/rustwide/cargo-home/bin/cargo" "+nightly-2025-01-18" "test" "--frozen" "--no-run" "--message-format=json", kill_on_drop: false }`
[INFO] [stdout] b32daf4d281530dc2cb8a2c7b2b62cda61c23c81542d58ce081bdf71ea1b17fe
[INFO] running `Command { std: "docker" "start" "-a" "b32daf4d281530dc2cb8a2c7b2b62cda61c23c81542d58ce081bdf71ea1b17fe", kill_on_drop: false }`
[INFO] [stdout] warning: unused variable: `key`
[INFO] [stdout]    --> cardahoy-api/src/lib.rs:179:37
[INFO] [stdout]     |
[INFO] [stdout] 179 |     pub fn update_header(&mut self, key: &'static str, value: &str) -> Result<()> {
[INFO] [stdout]     |                                     ^^^ help: if this is intentional, prefix it with an underscore: `_key`
[INFO] [stdout]     |
[INFO] [stdout]     = note: `#[warn(unused_variables)]` on by default
[INFO] [stdout] 
[INFO] [stdout] 
[INFO] [stdout] warning: unused variable: `value`
[INFO] [stdout]    --> cardahoy-api/src/lib.rs:179:56
[INFO] [stdout]     |
[INFO] [stdout] 179 |     pub fn update_header(&mut self, key: &'static str, value: &str) -> Result<()> {
[INFO] [stdout]     |                                                        ^^^^^ help: if this is intentional, prefix it with an underscore: `_value`
[INFO] [stdout] 
[INFO] [stdout] 
[INFO] [stdout] warning: unused variable: `worksheet`
[INFO] [stdout]    --> cardahoy-scanner/src/script.rs:182:25
[INFO] [stdout]     |
[INFO] [stdout] 182 |                 Ok(Some(worksheet)) => {}
[INFO] [stdout]     |                         ^^^^^^^^^ help: if this is intentional, prefix it with an underscore: `_worksheet`
[INFO] [stdout]     |
[INFO] [stdout]     = note: `#[warn(unused_variables)]` on by default
[INFO] [stdout] 
[INFO] [stdout] 
[INFO] [stdout] warning: unused variable: `exp`
[INFO] [stdout]    --> cardahoy-scanner/src/store.rs:655:29
[INFO] [stdout]     |
[INFO] [stdout] 655 |                         let exp = first_card.accumulate_trait.value as f64;
[INFO] [stdout]     |                             ^^^ help: if this is intentional, prefix it with an underscore: `_exp`
[INFO] [stdout] 
[INFO] [stdout] 
[INFO] [stderr]    Compiling cardahoy-scanner v0.1.0 (/opt/rustwide/workdir/cardahoy-scanner)
[INFO] [stderr]    Compiling cardahoy-api v0.1.0 (/opt/rustwide/workdir/cardahoy-api)
[INFO] [stderr]    Compiling cardahoy-crypto v0.1.0 (/opt/rustwide/workdir/cardahoy-crypto)
[INFO] [stderr]    Compiling cardahoy-scanner-cli v0.1.0 (/opt/rustwide/workdir/cardahoy-scanner-cli)
[INFO] [stderr]    Compiling cardahoy-utils v0.1.0 (/opt/rustwide/workdir/cardahoy-utils)
[INFO] [stdout] warning: unused variable: `card`
[INFO] [stdout]   --> cardahoy-scanner-cli/src/main.rs:45:37
[INFO] [stdout]    |
[INFO] [stdout] 45 |         Some(Commands::ScanMarket { card }) => {
[INFO] [stdout]    |                                     ^^^^ help: try ignoring the field: `card: _`
[INFO] [stdout]    |
[INFO] [stdout]    = note: `#[warn(unused_variables)]` on by default
[INFO] [stdout] 
[INFO] [stdout] 
[INFO] [stdout] warning: unused variable: `worksheet`
[INFO] [stdout]    --> cardahoy-scanner/src/script.rs:182:25
[INFO] [stdout]     |
[INFO] [stdout] 182 |                 Ok(Some(worksheet)) => {}
[INFO] [stdout]     |                         ^^^^^^^^^ help: if this is intentional, prefix it with an underscore: `_worksheet`
[INFO] [stdout]     |
[INFO] [stdout]     = note: `#[warn(unused_variables)]` on by default
[INFO] [stdout] 
[INFO] [stdout] 
[INFO] [stdout] warning: unused variable: `exp`
[INFO] [stdout]    --> cardahoy-scanner/src/store.rs:655:29
[INFO] [stdout]     |
[INFO] [stdout] 655 |                         let exp = first_card.accumulate_trait.value as f64;
[INFO] [stdout]     |                             ^^^ help: if this is intentional, prefix it with an underscore: `_exp`
[INFO] [stdout] 
[INFO] [stdout] 
[INFO] [stdout] warning: unused variable: `key`
[INFO] [stdout]    --> cardahoy-api/src/lib.rs:179:37
[INFO] [stdout]     |
[INFO] [stdout] 179 |     pub fn update_header(&mut self, key: &'static str, value: &str) -> Result<()> {
[INFO] [stdout]     |                                     ^^^ help: if this is intentional, prefix it with an underscore: `_key`
[INFO] [stdout]     |
[INFO] [stdout]     = note: `#[warn(unused_variables)]` on by default
[INFO] [stdout] 
[INFO] [stdout] 
[INFO] [stdout] warning: unused variable: `value`
[INFO] [stdout]    --> cardahoy-api/src/lib.rs:179:56
[INFO] [stdout]     |
[INFO] [stdout] 179 |     pub fn update_header(&mut self, key: &'static str, value: &str) -> Result<()> {
[INFO] [stdout]     |                                                        ^^^^^ help: if this is intentional, prefix it with an underscore: `_value`
[INFO] [stdout] 
[INFO] [stdout] 
[INFO] [stderr]     Finished `test` profile [unoptimized + debuginfo] target(s) in 23.04s
[INFO] running `Command { std: "docker" "inspect" "b32daf4d281530dc2cb8a2c7b2b62cda61c23c81542d58ce081bdf71ea1b17fe", kill_on_drop: false }`
[INFO] running `Command { std: "docker" "rm" "-f" "b32daf4d281530dc2cb8a2c7b2b62cda61c23c81542d58ce081bdf71ea1b17fe", kill_on_drop: false }`
[INFO] [stdout] b32daf4d281530dc2cb8a2c7b2b62cda61c23c81542d58ce081bdf71ea1b17fe
[INFO] running `Command { std: "docker" "create" "-v" "/var/lib/crater-agent-workspace/builds/worker-4-tc2/target:/opt/rustwide/target:rw,Z" "-v" "/var/lib/crater-agent-workspace/builds/worker-4-tc2/source:/opt/rustwide/workdir:ro,Z" "-v" "/var/lib/crater-agent-workspace/cargo-home:/opt/rustwide/cargo-home:ro,Z" "-v" "/var/lib/crater-agent-workspace/rustup-home:/opt/rustwide/rustup-home:ro,Z" "-e" "SOURCE_DIR=/opt/rustwide/workdir" "-e" "CARGO_TARGET_DIR=/opt/rustwide/target" "-e" "CARGO_INCREMENTAL=0" "-e" "RUST_BACKTRACE=full" "-e" "RUSTFLAGS=--cap-lints=forbid -Zrandomize-layout" "-e" "RUSTDOCFLAGS=--cap-lints=forbid" "-e" "CARGO_HOME=/opt/rustwide/cargo-home" "-e" "RUSTUP_HOME=/opt/rustwide/rustup-home" "-w" "/opt/rustwide/workdir" "-m" "1610612736" "--user" "0:0" "--network" "none" "ghcr.io/rust-lang/crates-build-env/linux@sha256:819108c5571ea2e421544af4d832f968d213c87fbe3707a016657f43d2f853bc" "/opt/rustwide/cargo-home/bin/cargo" "+nightly-2025-01-18" "test" "--frozen", kill_on_drop: false }`
[INFO] [stdout] 14bebf93033edbb7d5f66b379a868c119c3b2eb21427581956334ffe858238b1
[INFO] running `Command { std: "docker" "start" "-a" "14bebf93033edbb7d5f66b379a868c119c3b2eb21427581956334ffe858238b1", kill_on_drop: false }`
[INFO] [stderr] warning: unused variable: `key`
[INFO] [stderr]    --> cardahoy-api/src/lib.rs:179:37
[INFO] [stderr]     |
[INFO] [stderr] 179 |     pub fn update_header(&mut self, key: &'static str, value: &str) -> Result<()> {
[INFO] [stderr]     |                                     ^^^ help: if this is intentional, prefix it with an underscore: `_key`
[INFO] [stderr]     |
[INFO] [stderr]     = note: `#[warn(unused_variables)]` on by default
[INFO] [stderr] 
[INFO] [stderr] warning: unused variable: `value`
[INFO] [stderr]    --> cardahoy-api/src/lib.rs:179:56
[INFO] [stderr]     |
[INFO] [stderr] 179 |     pub fn update_header(&mut self, key: &'static str, value: &str) -> Result<()> {
[INFO] [stderr]     |                                                        ^^^^^ help: if this is intentional, prefix it with an underscore: `_value`
[INFO] [stderr] 
[INFO] [stderr] warning: `cardahoy-api` (lib) generated 2 warnings
[INFO] [stderr] warning: unused variable: `worksheet`
[INFO] [stderr]    --> cardahoy-scanner/src/script.rs:182:25
[INFO] [stderr]     |
[INFO] [stderr] 182 |                 Ok(Some(worksheet)) => {}
[INFO] [stderr]     |                         ^^^^^^^^^ help: if this is intentional, prefix it with an underscore: `_worksheet`
[INFO] [stderr]     |
[INFO] [stderr]     = note: `#[warn(unused_variables)]` on by default
[INFO] [stderr] 
[INFO] [stderr] warning: unused variable: `exp`
[INFO] [stderr]    --> cardahoy-scanner/src/store.rs:655:29
[INFO] [stderr]     |
[INFO] [stderr] 655 |                         let exp = first_card.accumulate_trait.value as f64;
[INFO] [stderr]     |                             ^^^ help: if this is intentional, prefix it with an underscore: `_exp`
[INFO] [stderr] 
[INFO] [stderr] warning: `cardahoy-scanner` (lib) generated 2 warnings
[INFO] [stderr] warning: `cardahoy-scanner` (lib test) generated 2 warnings (2 duplicates)
[INFO] [stderr] warning: `cardahoy-api` (lib test) generated 2 warnings (2 duplicates)
[INFO] [stderr] warning: unused variable: `card`
[INFO] [stderr]   --> cardahoy-scanner-cli/src/main.rs:45:37
[INFO] [stderr]    |
[INFO] [stderr] 45 |         Some(Commands::ScanMarket { card }) => {
[INFO] [stderr]    |                                     ^^^^ help: try ignoring the field: `card: _`
[INFO] [stderr]    |
[INFO] [stderr]    = note: `#[warn(unused_variables)]` on by default
[INFO] [stderr] 
[INFO] [stderr] warning: `cardahoy-scanner-cli` (bin "cardahoy-scanner-cli" test) generated 1 warning
[INFO] [stderr]     Finished `test` profile [unoptimized + debuginfo] target(s) in 7.77s
[INFO] [stderr]      Running unittests src/lib.rs (/opt/rustwide/target/debug/deps/cardahoy_api-b3704632eec9c6f0)
[INFO] [stdout] 
[INFO] [stdout] running 4 tests
[INFO] [stdout] test nft::tests::test_nft_card_id_en ... ok
[INFO] [stdout] test nft::tests::test_nft_card_id_none ... ok
[INFO] [stdout] test nft::tests::test_nft_card_id ... ok
[INFO] [stdout] test nft::tests::test_nft_card_id_zh ... FAILED
[INFO] [stdout] 
[INFO] [stdout] failures:
[INFO] [stdout] 
[INFO] [stdout] ---- nft::tests::test_nft_card_id_zh stdout ----
[INFO] [stdout] 
[INFO] [stdout] thread 'nft::tests::test_nft_card_id_zh' panicked at cardahoy-api/src/nft.rs:1411:13:
[INFO] [stdout] assertion `left == right` failed
[INFO] [stdout]   left: "Ammo Crate"
[INFO] [stdout]  right: "弹药箱"
[INFO] [stdout] stack backtrace:
[INFO] [stdout]    0:     0x5d243aeaf64a - std::backtrace_rs::backtrace::libunwind::trace::hb059275cfc8d6126
[INFO] [stdout]                                at /rustc/6067b36314ab5eb2eb47cecc464545ba58e1ad24/library/std/src/../../backtrace/src/backtrace/libunwind.rs:116:5
[INFO] [stdout]    1:     0x5d243aeaf64a - std::backtrace_rs::backtrace::trace_unsynchronized::h2da071e4327ce3ee
[INFO] [stdout]                                at /rustc/6067b36314ab5eb2eb47cecc464545ba58e1ad24/library/std/src/../../backtrace/src/backtrace/mod.rs:66:5
[INFO] [stdout]    2:     0x5d243aeaf64a - std::sys::backtrace::_print_fmt::h842a1474e6f8d23f
[INFO] [stdout]                                at /rustc/6067b36314ab5eb2eb47cecc464545ba58e1ad24/library/std/src/sys/backtrace.rs:66:9
[INFO] [stdout]    3:     0x5d243aeaf64a - <std::sys::backtrace::BacktraceLock::print::DisplayBacktrace as core::fmt::Display>::fmt::h71a62eb3b9696b12
[INFO] [stdout]                                at /rustc/6067b36314ab5eb2eb47cecc464545ba58e1ad24/library/std/src/sys/backtrace.rs:39:26
[INFO] [stdout]    4:     0x5d243aed6bd3 - core::fmt::rt::Argument::fmt::hdb6b616786b41dc1
[INFO] [stdout]                                at /rustc/6067b36314ab5eb2eb47cecc464545ba58e1ad24/library/core/src/fmt/rt.rs:177:76
[INFO] [stdout]    5:     0x5d243aed6bd3 - core::fmt::write::h2cc1698af7e2d686
[INFO] [stdout]                                at /rustc/6067b36314ab5eb2eb47cecc464545ba58e1ad24/library/core/src/fmt/mod.rs:1440:21
[INFO] [stdout]    6:     0x5d243aeac1a3 - std::io::Write::write_fmt::hab1b4cd059a79022
[INFO] [stdout]                                at /rustc/6067b36314ab5eb2eb47cecc464545ba58e1ad24/library/std/src/io/mod.rs:1887:15
[INFO] [stdout]    7:     0x5d243aeaf492 - std::sys::backtrace::BacktraceLock::print::h147fe35b4ea13b08
[INFO] [stdout]                                at /rustc/6067b36314ab5eb2eb47cecc464545ba58e1ad24/library/std/src/sys/backtrace.rs:42:9
[INFO] [stdout]    8:     0x5d243aeb0a6f - std::panicking::default_hook::{{closure}}::hbd44223dbdc0d208
[INFO] [stdout]                                at /rustc/6067b36314ab5eb2eb47cecc464545ba58e1ad24/library/std/src/panicking.rs:298:22
[INFO] [stdout]    9:     0x5d243aeb0888 - std::panicking::default_hook::h20f81eb0576efcec
[INFO] [stdout]                                at /rustc/6067b36314ab5eb2eb47cecc464545ba58e1ad24/library/std/src/panicking.rs:322:9
[INFO] [stdout]   10:     0x5d243ae77103 - <alloc::boxed::Box<F,A> as core::ops::function::Fn<Args>>::call::hdb53814c496a4d34
[INFO] [stdout]                                at /rustc/6067b36314ab5eb2eb47cecc464545ba58e1ad24/library/alloc/src/boxed.rs:2027:9
[INFO] [stdout]   11:     0x5d243ae77103 - test::test_main::{{closure}}::hc0a4963c59427c24
[INFO] [stdout]                                at /rustc/6067b36314ab5eb2eb47cecc464545ba58e1ad24/library/test/src/lib.rs:134:21
[INFO] [stdout]   12:     0x5d243aeb1563 - <alloc::boxed::Box<F,A> as core::ops::function::Fn<Args>>::call::h591b2225413a77e9
[INFO] [stdout]                                at /rustc/6067b36314ab5eb2eb47cecc464545ba58e1ad24/library/alloc/src/boxed.rs:2027:9
[INFO] [stdout]   13:     0x5d243aeb1563 - std::panicking::rust_panic_with_hook::h625eea43051b2edc
[INFO] [stdout]                                at /rustc/6067b36314ab5eb2eb47cecc464545ba58e1ad24/library/std/src/panicking.rs:839:13
[INFO] [stdout]   14:     0x5d243aeb121a - std::panicking::begin_panic_handler::{{closure}}::h4f9159cfbc3f6bd3
[INFO] [stdout]                                at /rustc/6067b36314ab5eb2eb47cecc464545ba58e1ad24/library/std/src/panicking.rs:704:13
[INFO] [stdout]   15:     0x5d243aeafb49 - std::sys::backtrace::__rust_end_short_backtrace::h0390abce48353151
[INFO] [stdout]                                at /rustc/6067b36314ab5eb2eb47cecc464545ba58e1ad24/library/std/src/sys/backtrace.rs:168:18
[INFO] [stdout]   16:     0x5d243aeb0ead - rust_begin_unwind
[INFO] [stdout]                                at /rustc/6067b36314ab5eb2eb47cecc464545ba58e1ad24/library/std/src/panicking.rs:695:5
[INFO] [stdout]   17:     0x5d243aed5680 - core::panicking::panic_fmt::h9e7c637e9e5f29c9
[INFO] [stdout]                                at /rustc/6067b36314ab5eb2eb47cecc464545ba58e1ad24/library/core/src/panicking.rs:75:14
[INFO] [stdout]   18:     0x5d243aed59a2 - core::panicking::assert_failed_inner::h538bec7c1374cd9c
[INFO] [stdout]   19:     0x5d243ae37641 - core::panicking::assert_failed::h1b91f238a8a4065b
[INFO] [stdout]                                at /rustc/6067b36314ab5eb2eb47cecc464545ba58e1ad24/library/core/src/panicking.rs:364:5
[INFO] [stdout]   20:     0x5d243ae3cf95 - cardahoy_api::nft::tests::test_nft_card_id_zh::h2655908c18a5de22
[INFO] [stdout]                                at /opt/rustwide/workdir/cardahoy-api/src/nft.rs:1411:13
[INFO] [stdout]   21:     0x5d243ae3cdf7 - cardahoy_api::nft::tests::test_nft_card_id_zh::{{closure}}::h858cd574c544a7dd
[INFO] [stdout]                                at /opt/rustwide/workdir/cardahoy-api/src/nft.rs:1406:29
[INFO] [stdout]   22:     0x5d243ae36d56 - core::ops::function::FnOnce::call_once::hd05cd6e52e89f5b3
[INFO] [stdout]                                at /rustc/6067b36314ab5eb2eb47cecc464545ba58e1ad24/library/core/src/ops/function.rs:250:5
[INFO] [stdout]   23:     0x5d243ae7c85b - core::ops::function::FnOnce::call_once::he27718dfdd183f43
[INFO] [stdout]                                at /rustc/6067b36314ab5eb2eb47cecc464545ba58e1ad24/library/core/src/ops/function.rs:250:5
[INFO] [stdout]   24:     0x5d243ae7c85b - test::__rust_begin_short_backtrace::h4e84902998457a5d
[INFO] [stdout]                                at /rustc/6067b36314ab5eb2eb47cecc464545ba58e1ad24/library/test/src/lib.rs:632:18
[INFO] [stdout]   25:     0x5d243ae7b793 - test::run_test_in_process::{{closure}}::h7176fd18fc1feca0
[INFO] [stdout]                                at /rustc/6067b36314ab5eb2eb47cecc464545ba58e1ad24/library/test/src/lib.rs:655:60
[INFO] [stdout]   26:     0x5d243ae7b793 - <core::panic::unwind_safe::AssertUnwindSafe<F> as core::ops::function::FnOnce<()>>::call_once::hf79cff2a624d8cf7
[INFO] [stdout]                                at /rustc/6067b36314ab5eb2eb47cecc464545ba58e1ad24/library/core/src/panic/unwind_safe.rs:272:9
[INFO] [stdout]   27:     0x5d243ae7b793 - std::panicking::try::do_call::h3da0561d9ab99c25
[INFO] [stdout]                                at /rustc/6067b36314ab5eb2eb47cecc464545ba58e1ad24/library/std/src/panicking.rs:587:40
[INFO] [stdout]   28:     0x5d243ae7b793 - std::panicking::try::h41c9fa508bc61df6
[INFO] [stdout]                                at /rustc/6067b36314ab5eb2eb47cecc464545ba58e1ad24/library/std/src/panicking.rs:550:19
[INFO] [stdout]   29:     0x5d243ae7b793 - std::panic::catch_unwind::h6b3ff07bb5afad93
[INFO] [stdout]                                at /rustc/6067b36314ab5eb2eb47cecc464545ba58e1ad24/library/std/src/panic.rs:358:14
[INFO] [stdout]   30:     0x5d243ae7b793 - test::run_test_in_process::hc7253dd11b39b9f4
[INFO] [stdout]                                at /rustc/6067b36314ab5eb2eb47cecc464545ba58e1ad24/library/test/src/lib.rs:655:27
[INFO] [stdout]   31:     0x5d243ae7b793 - test::run_test::{{closure}}::hfb2007f8649c30bb
[INFO] [stdout]                                at /rustc/6067b36314ab5eb2eb47cecc464545ba58e1ad24/library/test/src/lib.rs:576:43
[INFO] [stdout]   32:     0x5d243ae3e875 - test::run_test::{{closure}}::h56a17aa7a282a9f4
[INFO] [stdout]                                at /rustc/6067b36314ab5eb2eb47cecc464545ba58e1ad24/library/test/src/lib.rs:606:41
[INFO] [stdout]   33:     0x5d243ae3e875 - std::sys::backtrace::__rust_begin_short_backtrace::hd2d2d2fb8e8c6aac
[INFO] [stdout]                                at /rustc/6067b36314ab5eb2eb47cecc464545ba58e1ad24/library/std/src/sys/backtrace.rs:152:18
[INFO] [stdout]   34:     0x5d243ae4215a - std::thread::Builder::spawn_unchecked_::{{closure}}::{{closure}}::h4faa3f9db6133423
[INFO] [stdout]                                at /rustc/6067b36314ab5eb2eb47cecc464545ba58e1ad24/library/std/src/thread/mod.rs:559:17
[INFO] [stdout]   35:     0x5d243ae4215a - <core::panic::unwind_safe::AssertUnwindSafe<F> as core::ops::function::FnOnce<()>>::call_once::hf2e855a36a4ea846
[INFO] [stdout]                                at /rustc/6067b36314ab5eb2eb47cecc464545ba58e1ad24/library/core/src/panic/unwind_safe.rs:272:9
[INFO] [stdout]   36:     0x5d243ae4215a - std::panicking::try::do_call::h2f73af3616c35465
[INFO] [stdout]                                at /rustc/6067b36314ab5eb2eb47cecc464545ba58e1ad24/library/std/src/panicking.rs:587:40
[INFO] [stdout]   37:     0x5d243ae4215a - std::panicking::try::hd1660ce9efadef5a
[INFO] [stdout]                                at /rustc/6067b36314ab5eb2eb47cecc464545ba58e1ad24/library/std/src/panicking.rs:550:19
[INFO] [stdout]   38:     0x5d243ae4215a - std::panic::catch_unwind::h5ee8d7823b8ca744
[INFO] [stdout]                                at /rustc/6067b36314ab5eb2eb47cecc464545ba58e1ad24/library/std/src/panic.rs:358:14
[INFO] [stdout]   39:     0x5d243ae4215a - std::thread::Builder::spawn_unchecked_::{{closure}}::h53c3a1894dce8407
[INFO] [stdout]                                at /rustc/6067b36314ab5eb2eb47cecc464545ba58e1ad24/library/std/src/thread/mod.rs:557:30
[INFO] [stdout]   40:     0x5d243ae4215a - core::ops::function::FnOnce::call_once{{vtable.shim}}::h048ce291ad4f62bf
[INFO] [stdout]                                at /rustc/6067b36314ab5eb2eb47cecc464545ba58e1ad24/library/core/src/ops/function.rs:250:5
[INFO] [stdout]   41:     0x5d243aeb549b - <alloc::boxed::Box<F,A> as core::ops::function::FnOnce<Args>>::call_once::ha52bedf99a3b4981
[INFO] [stdout]                                at /rustc/6067b36314ab5eb2eb47cecc464545ba58e1ad24/library/alloc/src/boxed.rs:2013:9
[INFO] [stdout]   42:     0x5d243aeb549b - <alloc::boxed::Box<F,A> as core::ops::function::FnOnce<Args>>::call_once::h567748934d80ccf8
[INFO] [stdout]                                at /rustc/6067b36314ab5eb2eb47cecc464545ba58e1ad24/library/alloc/src/boxed.rs:2013:9
[INFO] [stdout]   43:     0x5d243aeb549b - std::sys::pal::unix::thread::Thread::new::thread_start::h2d970728ae887adc
[INFO] [stdout]                                at /rustc/6067b36314ab5eb2eb47cecc464545ba58e1ad24/library/std/src/sys/pal/unix/thread.rs:106:17
[INFO] [stdout]   44:     0x76805f197ac3 - <unknown>
[INFO] [stdout]   45:     0x76805f228a04 - clone
[INFO] [stdout]   46:                0x0 - <unknown>
[INFO] [stdout] 
[INFO] [stdout] 
[INFO] [stdout] failures:
[INFO] [stdout]     nft::tests::test_nft_card_id_zh
[INFO] [stdout] 
[INFO] [stdout] test result: FAILED. 3 passed; 1 failed; 0 ignored; 0 measured; 0 filtered out; finished in 0.12s
[INFO] [stdout] 
[INFO] [stderr] error: test failed, to rerun pass `-p cardahoy-api --lib`
[INFO] running `Command { std: "docker" "inspect" "14bebf93033edbb7d5f66b379a868c119c3b2eb21427581956334ffe858238b1", kill_on_drop: false }`
[INFO] running `Command { std: "docker" "rm" "-f" "14bebf93033edbb7d5f66b379a868c119c3b2eb21427581956334ffe858238b1", kill_on_drop: false }`
[INFO] [stdout] 14bebf93033edbb7d5f66b379a868c119c3b2eb21427581956334ffe858238b1
