[INFO] cloning repository https://github.com/yuki0iq/bash-status-line-2
[INFO] running `Command { std: "git" "-c" "credential.helper=" "-c" "credential.helper=/workspace/cargo-home/bin/git-credential-null" "clone" "--bare" "https://github.com/yuki0iq/bash-status-line-2" "/workspace/cache/git-repos/https%3A%2F%2Fgithub.com%2Fyuki0iq%2Fbash-status-line-2", kill_on_drop: false }`
[INFO] [stderr] Cloning into bare repository '/workspace/cache/git-repos/https%3A%2F%2Fgithub.com%2Fyuki0iq%2Fbash-status-line-2'...
[INFO] running `Command { std: "git" "rev-parse" "HEAD", kill_on_drop: false }`
[INFO] [stdout] f97eb371644bd4312013fdfa2b198d59fe46a6af
[INFO] testing yuki0iq/bash-status-line-2 against nightly-2025-01-18 for randomize-layout-2
[INFO] running `Command { std: "git" "clone" "/workspace/cache/git-repos/https%3A%2F%2Fgithub.com%2Fyuki0iq%2Fbash-status-line-2" "/workspace/builds/worker-1-tc1/source", kill_on_drop: false }`
[INFO] [stderr] Cloning into '/workspace/builds/worker-1-tc1/source'...
[INFO] [stderr] done.
[INFO] validating manifest of git repo https://github.com/yuki0iq/bash-status-line-2 on toolchain nightly-2025-01-18
[INFO] running `Command { std: CARGO_HOME="/workspace/cargo-home" RUSTUP_HOME="/workspace/rustup-home" "/workspace/cargo-home/bin/cargo" "+nightly-2025-01-18" "metadata" "--manifest-path" "Cargo.toml" "--no-deps", kill_on_drop: false }`
[INFO] removed /workspace/builds/worker-1-tc1/source/.cargo/config.toml
[INFO] started tweaking git repo https://github.com/yuki0iq/bash-status-line-2
[INFO] finished tweaking git repo https://github.com/yuki0iq/bash-status-line-2
[INFO] tweaked toml for git repo https://github.com/yuki0iq/bash-status-line-2 written to /workspace/builds/worker-1-tc1/source/Cargo.toml
[INFO] crate git repo https://github.com/yuki0iq/bash-status-line-2 already has a lockfile, it will not be regenerated
[INFO] running `Command { std: CARGO_HOME="/workspace/cargo-home" RUSTUP_HOME="/workspace/rustup-home" "/workspace/cargo-home/bin/cargo" "+nightly-2025-01-18" "fetch" "--manifest-path" "Cargo.toml", kill_on_drop: false }`
[INFO] [stderr]     Updating crates.io index
[INFO] [stderr]  Downloading crates ...
[INFO] [stderr]   Downloaded fahtsex v0.2.2
[INFO] [stderr]   Downloaded ct-codecs v1.1.2
[INFO] [stderr]   Downloaded memmapix v0.7.6
[INFO] [stderr]   Downloaded orion v0.17.7
[INFO] running `Command { std: "docker" "create" "-v" "/var/lib/crater-agent-workspace/builds/worker-1-tc1/target:/opt/rustwide/target:rw,Z" "-v" "/var/lib/crater-agent-workspace/builds/worker-1-tc1/source:/opt/rustwide/workdir:ro,Z" "-v" "/var/lib/crater-agent-workspace/cargo-home:/opt/rustwide/cargo-home:ro,Z" "-v" "/var/lib/crater-agent-workspace/rustup-home:/opt/rustwide/rustup-home:ro,Z" "-e" "SOURCE_DIR=/opt/rustwide/workdir" "-e" "CARGO_TARGET_DIR=/opt/rustwide/target" "-e" "CARGO_HOME=/opt/rustwide/cargo-home" "-e" "RUSTUP_HOME=/opt/rustwide/rustup-home" "-w" "/opt/rustwide/workdir" "-m" "1610612736" "--user" "0:0" "--network" "none" "ghcr.io/rust-lang/crates-build-env/linux@sha256:819108c5571ea2e421544af4d832f968d213c87fbe3707a016657f43d2f853bc" "/opt/rustwide/cargo-home/bin/cargo" "+nightly-2025-01-18" "metadata" "--no-deps" "--format-version=1", kill_on_drop: false }`
[INFO] [stdout] 1de12f7e6842fd8f00e85a980ab4fbc8e88880baa2fbea242b2a6a5e6aa6f1ab
[INFO] running `Command { std: "docker" "start" "-a" "1de12f7e6842fd8f00e85a980ab4fbc8e88880baa2fbea242b2a6a5e6aa6f1ab", kill_on_drop: false }`
[INFO] running `Command { std: "docker" "inspect" "1de12f7e6842fd8f00e85a980ab4fbc8e88880baa2fbea242b2a6a5e6aa6f1ab", kill_on_drop: false }`
[INFO] running `Command { std: "docker" "rm" "-f" "1de12f7e6842fd8f00e85a980ab4fbc8e88880baa2fbea242b2a6a5e6aa6f1ab", kill_on_drop: false }`
[INFO] [stdout] 1de12f7e6842fd8f00e85a980ab4fbc8e88880baa2fbea242b2a6a5e6aa6f1ab
[INFO] running `Command { std: "docker" "create" "-v" "/var/lib/crater-agent-workspace/builds/worker-1-tc1/target:/opt/rustwide/target:rw,Z" "-v" "/var/lib/crater-agent-workspace/builds/worker-1-tc1/source:/opt/rustwide/workdir:ro,Z" "-v" "/var/lib/crater-agent-workspace/cargo-home:/opt/rustwide/cargo-home:ro,Z" "-v" "/var/lib/crater-agent-workspace/rustup-home:/opt/rustwide/rustup-home:ro,Z" "-e" "SOURCE_DIR=/opt/rustwide/workdir" "-e" "CARGO_TARGET_DIR=/opt/rustwide/target" "-e" "CARGO_INCREMENTAL=0" "-e" "RUST_BACKTRACE=full" "-e" "RUSTFLAGS=--cap-lints=forbid" "-e" "RUSTDOCFLAGS=--cap-lints=forbid" "-e" "CARGO_HOME=/opt/rustwide/cargo-home" "-e" "RUSTUP_HOME=/opt/rustwide/rustup-home" "-w" "/opt/rustwide/workdir" "-m" "1610612736" "--user" "0:0" "--network" "none" "ghcr.io/rust-lang/crates-build-env/linux@sha256:819108c5571ea2e421544af4d832f968d213c87fbe3707a016657f43d2f853bc" "/opt/rustwide/cargo-home/bin/cargo" "+nightly-2025-01-18" "build" "--frozen" "--message-format=json", kill_on_drop: false }`
[INFO] [stdout] e23afcd53c3751d44d81dffcc364faa3ea8947b1aee63e159f6cfd175cd2383e
[INFO] running `Command { std: "docker" "start" "-a" "e23afcd53c3751d44d81dffcc364faa3ea8947b1aee63e159f6cfd175cd2383e", kill_on_drop: false }`
[INFO] [stderr]    Compiling proc-macro2 v1.0.86
[INFO] [stderr]    Compiling unicode-ident v1.0.13
[INFO] [stderr]    Compiling serde v1.0.210
[INFO] [stderr]    Compiling libc v0.2.159
[INFO] [stderr]    Compiling rustix v0.38.37
[INFO] [stderr]    Compiling bitflags v2.6.0
[INFO] [stderr]    Compiling autocfg v1.4.0
[INFO] [stderr]    Compiling thiserror v1.0.64
[INFO] [stderr]    Compiling linux-raw-sys v0.4.14
[INFO] [stderr]    Compiling anyhow v1.0.89
[INFO] [stderr]    Compiling cfg-if v1.0.0
[INFO] [stderr]    Compiling fiat-crypto v0.2.9
[INFO] [stderr]    Compiling zeroize v1.8.1
[INFO] [stderr]    Compiling iana-time-zone v0.1.61
[INFO] [stderr]    Compiling subtle v2.6.1
[INFO] [stderr]    Compiling ct-codecs v1.1.2
[INFO] [stderr]    Compiling unicode-width v0.2.0
[INFO] [stderr]    Compiling fahtsex v0.2.2
[INFO] [stderr]    Compiling base64 v0.22.1
[INFO] [stderr]    Compiling raw-cpuid v11.2.0
[INFO] [stderr]    Compiling num-traits v0.2.19
[INFO] [stderr]    Compiling getrandom v0.2.15
[INFO] [stderr]    Compiling quote v1.0.37
[INFO] [stderr]    Compiling syn v2.0.79
[INFO] [stderr]    Compiling chrono v0.4.38
[INFO] [stderr]    Compiling serde_derive v1.0.210
[INFO] [stderr]    Compiling thiserror-impl v1.0.64
[INFO] [stderr]    Compiling pwd v1.4.0
[INFO] [stderr]    Compiling terminal_size v0.4.0
[INFO] [stderr]    Compiling memmapix v0.7.6
[INFO] [stderr]    Compiling orion v0.17.7
[INFO] [stderr]    Compiling argh_shared v0.1.12
[INFO] [stderr]    Compiling argh_derive v0.1.12
[INFO] [stderr]    Compiling argh v0.1.12
[INFO] [stderr]    Compiling statusline v0.20.0 (/opt/rustwide/workdir)
[INFO] [stderr]     Finished `dev` profile [unoptimized + debuginfo] target(s) in 19.52s
[INFO] running `Command { std: "docker" "inspect" "e23afcd53c3751d44d81dffcc364faa3ea8947b1aee63e159f6cfd175cd2383e", kill_on_drop: false }`
[INFO] running `Command { std: "docker" "rm" "-f" "e23afcd53c3751d44d81dffcc364faa3ea8947b1aee63e159f6cfd175cd2383e", kill_on_drop: false }`
[INFO] [stdout] e23afcd53c3751d44d81dffcc364faa3ea8947b1aee63e159f6cfd175cd2383e
[INFO] running `Command { std: "docker" "create" "-v" "/var/lib/crater-agent-workspace/builds/worker-1-tc1/target:/opt/rustwide/target:rw,Z" "-v" "/var/lib/crater-agent-workspace/builds/worker-1-tc1/source:/opt/rustwide/workdir:ro,Z" "-v" "/var/lib/crater-agent-workspace/cargo-home:/opt/rustwide/cargo-home:ro,Z" "-v" "/var/lib/crater-agent-workspace/rustup-home:/opt/rustwide/rustup-home:ro,Z" "-e" "SOURCE_DIR=/opt/rustwide/workdir" "-e" "CARGO_TARGET_DIR=/opt/rustwide/target" "-e" "CARGO_INCREMENTAL=0" "-e" "RUST_BACKTRACE=full" "-e" "RUSTFLAGS=--cap-lints=forbid" "-e" "RUSTDOCFLAGS=--cap-lints=forbid" "-e" "CARGO_HOME=/opt/rustwide/cargo-home" "-e" "RUSTUP_HOME=/opt/rustwide/rustup-home" "-w" "/opt/rustwide/workdir" "-m" "1610612736" "--user" "0:0" "--network" "none" "ghcr.io/rust-lang/crates-build-env/linux@sha256:819108c5571ea2e421544af4d832f968d213c87fbe3707a016657f43d2f853bc" "/opt/rustwide/cargo-home/bin/cargo" "+nightly-2025-01-18" "test" "--frozen" "--no-run" "--message-format=json", kill_on_drop: false }`
[INFO] [stdout] 87d92056c595fb9bbd2edfeee536caed3d0977aa184bbcaa47cc4dc0182f0fc6
[INFO] running `Command { std: "docker" "start" "-a" "87d92056c595fb9bbd2edfeee536caed3d0977aa184bbcaa47cc4dc0182f0fc6", kill_on_drop: false }`
[INFO] [stderr]    Compiling statusline v0.20.0 (/opt/rustwide/workdir)
[INFO] [stderr]     Finished `test` profile [unoptimized + debuginfo] target(s) in 0.52s
[INFO] running `Command { std: "docker" "inspect" "87d92056c595fb9bbd2edfeee536caed3d0977aa184bbcaa47cc4dc0182f0fc6", kill_on_drop: false }`
[INFO] running `Command { std: "docker" "rm" "-f" "87d92056c595fb9bbd2edfeee536caed3d0977aa184bbcaa47cc4dc0182f0fc6", kill_on_drop: false }`
[INFO] [stdout] 87d92056c595fb9bbd2edfeee536caed3d0977aa184bbcaa47cc4dc0182f0fc6
[INFO] running `Command { std: "docker" "create" "-v" "/var/lib/crater-agent-workspace/builds/worker-1-tc1/target:/opt/rustwide/target:rw,Z" "-v" "/var/lib/crater-agent-workspace/builds/worker-1-tc1/source:/opt/rustwide/workdir:ro,Z" "-v" "/var/lib/crater-agent-workspace/cargo-home:/opt/rustwide/cargo-home:ro,Z" "-v" "/var/lib/crater-agent-workspace/rustup-home:/opt/rustwide/rustup-home:ro,Z" "-e" "SOURCE_DIR=/opt/rustwide/workdir" "-e" "CARGO_TARGET_DIR=/opt/rustwide/target" "-e" "CARGO_INCREMENTAL=0" "-e" "RUST_BACKTRACE=full" "-e" "RUSTFLAGS=--cap-lints=forbid" "-e" "RUSTDOCFLAGS=--cap-lints=forbid" "-e" "CARGO_HOME=/opt/rustwide/cargo-home" "-e" "RUSTUP_HOME=/opt/rustwide/rustup-home" "-w" "/opt/rustwide/workdir" "-m" "1610612736" "--user" "0:0" "--network" "none" "ghcr.io/rust-lang/crates-build-env/linux@sha256:819108c5571ea2e421544af4d832f968d213c87fbe3707a016657f43d2f853bc" "/opt/rustwide/cargo-home/bin/cargo" "+nightly-2025-01-18" "test" "--frozen", kill_on_drop: false }`
[INFO] [stdout] d4f337c925fab24ebad264d389d1d5f366902dabfbb4363d9692a0b183c43f27
[INFO] running `Command { std: "docker" "start" "-a" "d4f337c925fab24ebad264d389d1d5f366902dabfbb4363d9692a0b183c43f27", kill_on_drop: false }`
[INFO] [stderr]     Finished `test` profile [unoptimized + debuginfo] target(s) in 0.04s
[INFO] [stderr]      Running unittests src/lib.rs (/opt/rustwide/target/debug/deps/statusline-af8f1da562e9e374)
[INFO] [stdout] 
[INFO] [stdout] running 0 tests
[INFO] [stdout] 
[INFO] [stdout] test result: ok. 0 passed; 0 failed; 0 ignored; 0 measured; 0 filtered out; finished in 0.00s
[INFO] [stdout] 
[INFO] [stderr]      Running unittests src/main.rs (/opt/rustwide/target/debug/deps/statusline-ecacf414fa5cbc64)
[INFO] [stdout] 
[INFO] [stdout] running 0 tests
[INFO] [stdout] 
[INFO] [stdout] test result: ok. 0 passed; 0 failed; 0 ignored; 0 measured; 0 filtered out; finished in 0.00s
[INFO] [stdout] 
[INFO] [stderr]    Doc-tests statusline
[INFO] [stdout] 
[INFO] [stdout] running 12 tests
[INFO] [stdout] test src/default.rs - default (line 4) ... FAILED
[INFO] [stdout] test src/lib.rs - (line 8) ... FAILED
[INFO] [stdout] test src/style.rs - style::Style::boxed (line 223) ... ok
[INFO] [stdout] test src/style.rs - style::Style::with_reset (line 210) ... ok
[INFO] [stdout] test src/style.rs - style::Style::invisible (line 183) ... ok
[INFO] [stdout] test src/style.rs - style::Style::as_title (line 123) ... ok
[INFO] [stdout] test src/style.rs - style::Style::bold (line 136) ... ok
[INFO] [stdout] test src/style.rs - style::Style (line 109) ... ok
[INFO] [stdout] test src/style.rs - style::Style::rounded (line 236) ... ok
[INFO] [stdout] test src/style.rs - style::Styled (line 64) ... ok
[INFO] [stdout] test src/style.rs - style::Style::visible (line 196) ... ok
[INFO] [stdout] test src/style.rs - style::Style::italic (line 149) ... ok
[INFO] [stdout] 
[INFO] [stdout] failures:
[INFO] [stdout] 
[INFO] [stdout] ---- src/default.rs - default (line 4) stdout ----
[INFO] [stdout] error[E0599]: no function or associated item named `from_env` found for struct `Environment` in the current scope
[INFO] [stdout]  --> src/default.rs:9:25
[INFO] [stdout]   |
[INFO] [stdout] 8 | let args = Environment::from_env::<&str>(&[]);
[INFO] [stdout]   |                         ^^^^^^^^ function or associated item not found in `Environment`
[INFO] [stdout]   |
[INFO] [stdout] help: there is an associated function `from` with a similar name
[INFO] [stdout]   |
[INFO] [stdout] 8 | let args = Environment::from::<&str>(&[]);
[INFO] [stdout]   |                         ~~~~
[INFO] [stdout] 
[INFO] [stdout] error: aborting due to 1 previous error
[INFO] [stdout] 
[INFO] [stdout] For more information about this error, try `rustc --explain E0599`.
[INFO] [stdout] Couldn't compile the test.
[INFO] [stdout] ---- src/lib.rs - (line 8) stdout ----
[INFO] [stdout] error[E0599]: no function or associated item named `from_env` found for struct `Environment` in the current scope
[INFO] [stdout]  --> src/lib.rs:13:25
[INFO] [stdout]   |
[INFO] [stdout] 8 | let args = Environment::from_env::<&str>(&[]);
[INFO] [stdout]   |                         ^^^^^^^^ function or associated item not found in `Environment`
[INFO] [stdout]   |
[INFO] [stdout] help: there is an associated function `from` with a similar name
[INFO] [stdout]   |
[INFO] [stdout] 8 | let args = Environment::from::<&str>(&[]);
[INFO] [stdout]   |                         ~~~~
[INFO] [stdout] 
[INFO] [stdout] error: aborting due to 1 previous error
[INFO] [stdout] 
[INFO] [stdout] For more information about this error, try `rustc --explain E0599`.
[INFO] [stdout] Couldn't compile the test.
[INFO] [stdout] 
[INFO] [stdout] failures:
[INFO] [stdout]     src/default.rs - default (line 4)
[INFO] [stdout]     src/lib.rs - (line 8)
[INFO] [stdout] 
[INFO] [stdout] test result: FAILED. 10 passed; 2 failed; 0 ignored; 0 measured; 0 filtered out; finished in 0.34s
[INFO] [stdout] 
[INFO] [stderr] error: doctest failed, to rerun pass `--doc`
[INFO] running `Command { std: "docker" "inspect" "d4f337c925fab24ebad264d389d1d5f366902dabfbb4363d9692a0b183c43f27", kill_on_drop: false }`
[INFO] running `Command { std: "docker" "rm" "-f" "d4f337c925fab24ebad264d389d1d5f366902dabfbb4363d9692a0b183c43f27", kill_on_drop: false }`
[INFO] [stdout] d4f337c925fab24ebad264d389d1d5f366902dabfbb4363d9692a0b183c43f27
