[INFO] cloning repository https://github.com/yugonsan/tfhe-rs_practice721
[INFO] running `Command { std: "git" "-c" "credential.helper=" "-c" "credential.helper=/workspace/cargo-home/bin/git-credential-null" "clone" "--bare" "https://github.com/yugonsan/tfhe-rs_practice721" "/workspace/cache/git-repos/https%3A%2F%2Fgithub.com%2Fyugonsan%2Ftfhe-rs_practice721", kill_on_drop: false }`
[INFO] [stderr] Cloning into bare repository '/workspace/cache/git-repos/https%3A%2F%2Fgithub.com%2Fyugonsan%2Ftfhe-rs_practice721'...
[INFO] running `Command { std: "git" "rev-parse" "HEAD", kill_on_drop: false }`
[INFO] [stdout] 7019af71b7109d6b788d870252c13f333b5691f1
[INFO] testing yugonsan/tfhe-rs_practice721 against nightly-2025-01-18 for randomize-layout-2
[INFO] running `Command { std: "git" "clone" "/workspace/cache/git-repos/https%3A%2F%2Fgithub.com%2Fyugonsan%2Ftfhe-rs_practice721" "/workspace/builds/worker-3-tc1/source", kill_on_drop: false }`
[INFO] [stderr] Cloning into '/workspace/builds/worker-3-tc1/source'...
[INFO] [stderr] done.
[INFO] validating manifest of git repo https://github.com/yugonsan/tfhe-rs_practice721 on toolchain nightly-2025-01-18
[INFO] running `Command { std: CARGO_HOME="/workspace/cargo-home" RUSTUP_HOME="/workspace/rustup-home" "/workspace/cargo-home/bin/cargo" "+nightly-2025-01-18" "metadata" "--manifest-path" "Cargo.toml" "--no-deps", kill_on_drop: false }`
[INFO] started tweaking git repo https://github.com/yugonsan/tfhe-rs_practice721
[INFO] finished tweaking git repo https://github.com/yugonsan/tfhe-rs_practice721
[INFO] tweaked toml for git repo https://github.com/yugonsan/tfhe-rs_practice721 written to /workspace/builds/worker-3-tc1/source/Cargo.toml
[INFO] crate git repo https://github.com/yugonsan/tfhe-rs_practice721 already has a lockfile, it will not be regenerated
[INFO] running `Command { std: CARGO_HOME="/workspace/cargo-home" RUSTUP_HOME="/workspace/rustup-home" "/workspace/cargo-home/bin/cargo" "+nightly-2025-01-18" "fetch" "--manifest-path" "Cargo.toml", kill_on_drop: false }`
[INFO] [stderr]  Downloading crates ...
[INFO] [stderr]   Downloaded reborrow v0.5.4
[INFO] [stderr]   Downloaded dyn-stack v0.9.0
[INFO] [stderr]   Downloaded pulp v0.11.11
[INFO] [stderr]   Downloaded concrete-csprng v0.3.0
[INFO] [stderr]   Downloaded concrete-fft v0.2.1
[INFO] [stderr]   Downloaded tfhe v0.2.4
[INFO] running `Command { std: "docker" "create" "-v" "/var/lib/crater-agent-workspace/builds/worker-3-tc1/target:/opt/rustwide/target:rw,Z" "-v" "/var/lib/crater-agent-workspace/builds/worker-3-tc1/source:/opt/rustwide/workdir:ro,Z" "-v" "/var/lib/crater-agent-workspace/cargo-home:/opt/rustwide/cargo-home:ro,Z" "-v" "/var/lib/crater-agent-workspace/rustup-home:/opt/rustwide/rustup-home:ro,Z" "-e" "SOURCE_DIR=/opt/rustwide/workdir" "-e" "CARGO_TARGET_DIR=/opt/rustwide/target" "-e" "CARGO_HOME=/opt/rustwide/cargo-home" "-e" "RUSTUP_HOME=/opt/rustwide/rustup-home" "-w" "/opt/rustwide/workdir" "-m" "1610612736" "--user" "0:0" "--network" "none" "ghcr.io/rust-lang/crates-build-env/linux@sha256:819108c5571ea2e421544af4d832f968d213c87fbe3707a016657f43d2f853bc" "/opt/rustwide/cargo-home/bin/cargo" "+nightly-2025-01-18" "metadata" "--no-deps" "--format-version=1", kill_on_drop: false }`
[INFO] [stdout] 0df81ebff8744e2841c9a59067c9d345034edb523828a6702c4c0bcf53831f97
[INFO] running `Command { std: "docker" "start" "-a" "0df81ebff8744e2841c9a59067c9d345034edb523828a6702c4c0bcf53831f97", kill_on_drop: false }`
[INFO] running `Command { std: "docker" "inspect" "0df81ebff8744e2841c9a59067c9d345034edb523828a6702c4c0bcf53831f97", kill_on_drop: false }`
[INFO] running `Command { std: "docker" "rm" "-f" "0df81ebff8744e2841c9a59067c9d345034edb523828a6702c4c0bcf53831f97", kill_on_drop: false }`
[INFO] [stdout] 0df81ebff8744e2841c9a59067c9d345034edb523828a6702c4c0bcf53831f97
[INFO] running `Command { std: "docker" "create" "-v" "/var/lib/crater-agent-workspace/builds/worker-3-tc1/target:/opt/rustwide/target:rw,Z" "-v" "/var/lib/crater-agent-workspace/builds/worker-3-tc1/source:/opt/rustwide/workdir:ro,Z" "-v" "/var/lib/crater-agent-workspace/cargo-home:/opt/rustwide/cargo-home:ro,Z" "-v" "/var/lib/crater-agent-workspace/rustup-home:/opt/rustwide/rustup-home:ro,Z" "-e" "SOURCE_DIR=/opt/rustwide/workdir" "-e" "CARGO_TARGET_DIR=/opt/rustwide/target" "-e" "CARGO_INCREMENTAL=0" "-e" "RUST_BACKTRACE=full" "-e" "RUSTFLAGS=--cap-lints=forbid" "-e" "RUSTDOCFLAGS=--cap-lints=forbid" "-e" "CARGO_HOME=/opt/rustwide/cargo-home" "-e" "RUSTUP_HOME=/opt/rustwide/rustup-home" "-w" "/opt/rustwide/workdir" "-m" "1610612736" "--user" "0:0" "--network" "none" "ghcr.io/rust-lang/crates-build-env/linux@sha256:819108c5571ea2e421544af4d832f968d213c87fbe3707a016657f43d2f853bc" "/opt/rustwide/cargo-home/bin/cargo" "+nightly-2025-01-18" "build" "--frozen" "--message-format=json", kill_on_drop: false }`
[INFO] [stdout] 00b017bc8a874cb1e8456386d4289351046a6fc795ab21dc89d1481a2d746cda
[INFO] running `Command { std: "docker" "start" "-a" "00b017bc8a874cb1e8456386d4289351046a6fc795ab21dc89d1481a2d746cda", kill_on_drop: false }`
[INFO] [stderr]    Compiling autocfg v1.1.0
[INFO] [stderr]    Compiling proc-macro2 v1.0.66
[INFO] [stderr]    Compiling unicode-ident v1.0.11
[INFO] [stderr]    Compiling typenum v1.16.0
[INFO] [stderr]    Compiling cfg-if v1.0.0
[INFO] [stderr]    Compiling version_check v0.9.4
[INFO] [stderr]    Compiling crossbeam-utils v0.8.16
[INFO] [stderr]    Compiling libc v0.2.147
[INFO] [stderr]    Compiling serde v1.0.171
[INFO] [stderr]    Compiling scopeguard v1.2.0
[INFO] [stderr]    Compiling rayon-core v1.11.0
[INFO] [stderr]    Compiling bytemuck v1.13.1
[INFO] [stderr]    Compiling either v1.8.1
[INFO] [stderr]    Compiling paste v1.0.14
[INFO] [stderr]    Compiling concrete-csprng v0.3.0
[INFO] [stderr]    Compiling cpufeatures v0.2.9
[INFO] [stderr]    Compiling reborrow v0.5.4
[INFO] [stderr]    Compiling tfhe v0.2.4
[INFO] [stderr]    Compiling once_cell v1.18.0
[INFO] [stderr]    Compiling pulp v0.11.11
[INFO] [stderr]    Compiling dyn-stack v0.9.0
[INFO] [stderr]    Compiling itertools v0.10.5
[INFO] [stderr]    Compiling memoffset v0.9.0
[INFO] [stderr]    Compiling crossbeam-epoch v0.9.15
[INFO] [stderr]    Compiling num-traits v0.2.15
[INFO] [stderr]    Compiling generic-array v0.14.7
[INFO] [stderr]    Compiling crossbeam-channel v0.5.8
[INFO] [stderr]    Compiling quote v1.0.31
[INFO] [stderr]    Compiling crossbeam-deque v0.8.3
[INFO] [stderr]    Compiling num_cpus v1.16.0
[INFO] [stderr]    Compiling syn v2.0.26
[INFO] [stderr]    Compiling rayon v1.7.0
[INFO] [stderr]    Compiling inout v0.1.3
[INFO] [stderr]    Compiling crypto-common v0.1.6
[INFO] [stderr]    Compiling cipher v0.4.4
[INFO] [stderr]    Compiling aes v0.8.3
[INFO] [stderr]    Compiling serde_derive v1.0.171
[INFO] [stderr]    Compiling aligned-vec v0.5.0
[INFO] [stderr]    Compiling num-complex v0.4.3
[INFO] [stderr]    Compiling concrete-fft v0.2.1
[INFO] [stderr]    Compiling tfhe-rs_practice721 v0.1.0 (/opt/rustwide/workdir)
[INFO] [stdout] warning: unused import: `tfhe::integer::gen_keys_radix`
[INFO] [stdout]  --> src/tutorial.rs:1:5
[INFO] [stdout]   |
[INFO] [stdout] 1 | use tfhe::integer::gen_keys_radix;
[INFO] [stdout]   |     ^^^^^^^^^^^^^^^^^^^^^^^^^^^^^
[INFO] [stdout]   |
[INFO] [stdout]   = note: `#[warn(unused_imports)]` on by default
[INFO] [stdout] 
[INFO] [stdout] 
[INFO] [stdout] warning: unused import: `tfhe::shortint::parameters::PARAM_MESSAGE_2_CARRY_2`
[INFO] [stdout]  --> src/tutorial.rs:2:5
[INFO] [stdout]   |
[INFO] [stdout] 2 | use tfhe::shortint::parameters::PARAM_MESSAGE_2_CARRY_2;
[INFO] [stdout]   |     ^^^^^^^^^^^^^^^^^^^^^^^^^^^^^^^^^^^^^^^^^^^^^^^^^^^
[INFO] [stdout] 
[INFO] [stdout] 
[INFO] [stdout] warning: unused import: `tfhe::integer::gen_keys_radix`
[INFO] [stdout]  --> src/bmi.rs:1:5
[INFO] [stdout]   |
[INFO] [stdout] 1 | use tfhe::integer::gen_keys_radix;
[INFO] [stdout]   |     ^^^^^^^^^^^^^^^^^^^^^^^^^^^^^
[INFO] [stdout] 
[INFO] [stdout] 
[INFO] [stdout] warning: unused import: `tfhe::shortint::parameters::PARAM_MESSAGE_2_CARRY_2`
[INFO] [stdout]  --> src/bmi.rs:2:5
[INFO] [stdout]   |
[INFO] [stdout] 2 | use tfhe::shortint::parameters::PARAM_MESSAGE_2_CARRY_2;
[INFO] [stdout]   |     ^^^^^^^^^^^^^^^^^^^^^^^^^^^^^^^^^^^^^^^^^^^^^^^^^^^
[INFO] [stdout] 
[INFO] [stdout] 
[INFO] [stderr]     Finished `dev` profile [unoptimized + debuginfo] target(s) in 45.13s
[INFO] running `Command { std: "docker" "inspect" "00b017bc8a874cb1e8456386d4289351046a6fc795ab21dc89d1481a2d746cda", kill_on_drop: false }`
[INFO] running `Command { std: "docker" "rm" "-f" "00b017bc8a874cb1e8456386d4289351046a6fc795ab21dc89d1481a2d746cda", kill_on_drop: false }`
[INFO] [stdout] 00b017bc8a874cb1e8456386d4289351046a6fc795ab21dc89d1481a2d746cda
[INFO] running `Command { std: "docker" "create" "-v" "/var/lib/crater-agent-workspace/builds/worker-3-tc1/target:/opt/rustwide/target:rw,Z" "-v" "/var/lib/crater-agent-workspace/builds/worker-3-tc1/source:/opt/rustwide/workdir:ro,Z" "-v" "/var/lib/crater-agent-workspace/cargo-home:/opt/rustwide/cargo-home:ro,Z" "-v" "/var/lib/crater-agent-workspace/rustup-home:/opt/rustwide/rustup-home:ro,Z" "-e" "SOURCE_DIR=/opt/rustwide/workdir" "-e" "CARGO_TARGET_DIR=/opt/rustwide/target" "-e" "CARGO_INCREMENTAL=0" "-e" "RUST_BACKTRACE=full" "-e" "RUSTFLAGS=--cap-lints=forbid" "-e" "RUSTDOCFLAGS=--cap-lints=forbid" "-e" "CARGO_HOME=/opt/rustwide/cargo-home" "-e" "RUSTUP_HOME=/opt/rustwide/rustup-home" "-w" "/opt/rustwide/workdir" "-m" "1610612736" "--user" "0:0" "--network" "none" "ghcr.io/rust-lang/crates-build-env/linux@sha256:819108c5571ea2e421544af4d832f968d213c87fbe3707a016657f43d2f853bc" "/opt/rustwide/cargo-home/bin/cargo" "+nightly-2025-01-18" "test" "--frozen" "--no-run" "--message-format=json", kill_on_drop: false }`
[INFO] [stdout] 4afd1950e217d1073c88a939a375057bb642996c405b363140cdfbfd44f6b94b
[INFO] running `Command { std: "docker" "start" "-a" "4afd1950e217d1073c88a939a375057bb642996c405b363140cdfbfd44f6b94b", kill_on_drop: false }`
[INFO] [stdout] warning: unused import: `tfhe::integer::gen_keys_radix`
[INFO] [stdout]  --> src/tutorial.rs:1:5
[INFO] [stdout]   |
[INFO] [stdout] 1 | use tfhe::integer::gen_keys_radix;
[INFO] [stdout]   |     ^^^^^^^^^^^^^^^^^^^^^^^^^^^^^
[INFO] [stdout]   |
[INFO] [stdout]   = note: `#[warn(unused_imports)]` on by default
[INFO] [stdout] 
[INFO] [stdout] 
[INFO] [stdout] warning: unused import: `tfhe::shortint::parameters::PARAM_MESSAGE_2_CARRY_2`
[INFO] [stdout]  --> src/tutorial.rs:2:5
[INFO] [stdout]   |
[INFO] [stdout] 2 | use tfhe::shortint::parameters::PARAM_MESSAGE_2_CARRY_2;
[INFO] [stdout]   |     ^^^^^^^^^^^^^^^^^^^^^^^^^^^^^^^^^^^^^^^^^^^^^^^^^^^
[INFO] [stdout] 
[INFO] [stdout] 
[INFO] [stdout] warning: unused import: `tfhe::integer::gen_keys_radix`
[INFO] [stdout]  --> src/bmi.rs:1:5
[INFO] [stdout]   |
[INFO] [stdout] 1 | use tfhe::integer::gen_keys_radix;
[INFO] [stdout]   |     ^^^^^^^^^^^^^^^^^^^^^^^^^^^^^
[INFO] [stdout] 
[INFO] [stdout] 
[INFO] [stderr]    Compiling tfhe-rs_practice721 v0.1.0 (/opt/rustwide/workdir)
[INFO] [stdout] warning: unused import: `tfhe::shortint::parameters::PARAM_MESSAGE_2_CARRY_2`
[INFO] [stdout]  --> src/bmi.rs:2:5
[INFO] [stdout]   |
[INFO] [stdout] 2 | use tfhe::shortint::parameters::PARAM_MESSAGE_2_CARRY_2;
[INFO] [stdout]   |     ^^^^^^^^^^^^^^^^^^^^^^^^^^^^^^^^^^^^^^^^^^^^^^^^^^^
[INFO] [stdout] 
[INFO] [stdout] 
[INFO] [stdout] warning: variable `scaleFactor` should have a snake case name
[INFO] [stdout]   --> src/bmi.rs:11:9
[INFO] [stdout]    |
[INFO] [stdout] 11 |     let scaleFactor: u64 = 10000;
[INFO] [stdout]    |         ^^^^^^^^^^^ help: convert the identifier to snake case: `scale_factor`
[INFO] [stdout]    |
[INFO] [stdout]    = note: `#[warn(non_snake_case)]` on by default
[INFO] [stdout] 
[INFO] [stdout] 
[INFO] [stdout] warning: variable `bmiFactor` should have a snake case name
[INFO] [stdout]   --> src/bmi.rs:12:9
[INFO] [stdout]    |
[INFO] [stdout] 12 |     let bmiFactor: u64 = 703;
[INFO] [stdout]    |         ^^^^^^^^^ help: convert the identifier to snake case: `bmi_factor`
[INFO] [stdout] 
[INFO] [stdout] 
[INFO] [stderr]     Finished `test` profile [unoptimized + debuginfo] target(s) in 0.82s
[INFO] running `Command { std: "docker" "inspect" "4afd1950e217d1073c88a939a375057bb642996c405b363140cdfbfd44f6b94b", kill_on_drop: false }`
[INFO] running `Command { std: "docker" "rm" "-f" "4afd1950e217d1073c88a939a375057bb642996c405b363140cdfbfd44f6b94b", kill_on_drop: false }`
[INFO] [stdout] 4afd1950e217d1073c88a939a375057bb642996c405b363140cdfbfd44f6b94b
[INFO] running `Command { std: "docker" "create" "-v" "/var/lib/crater-agent-workspace/builds/worker-3-tc1/target:/opt/rustwide/target:rw,Z" "-v" "/var/lib/crater-agent-workspace/builds/worker-3-tc1/source:/opt/rustwide/workdir:ro,Z" "-v" "/var/lib/crater-agent-workspace/cargo-home:/opt/rustwide/cargo-home:ro,Z" "-v" "/var/lib/crater-agent-workspace/rustup-home:/opt/rustwide/rustup-home:ro,Z" "-e" "SOURCE_DIR=/opt/rustwide/workdir" "-e" "CARGO_TARGET_DIR=/opt/rustwide/target" "-e" "CARGO_INCREMENTAL=0" "-e" "RUST_BACKTRACE=full" "-e" "RUSTFLAGS=--cap-lints=forbid" "-e" "RUSTDOCFLAGS=--cap-lints=forbid" "-e" "CARGO_HOME=/opt/rustwide/cargo-home" "-e" "RUSTUP_HOME=/opt/rustwide/rustup-home" "-w" "/opt/rustwide/workdir" "-m" "1610612736" "--user" "0:0" "--network" "none" "ghcr.io/rust-lang/crates-build-env/linux@sha256:819108c5571ea2e421544af4d832f968d213c87fbe3707a016657f43d2f853bc" "/opt/rustwide/cargo-home/bin/cargo" "+nightly-2025-01-18" "test" "--frozen", kill_on_drop: false }`
[INFO] [stdout] f55704d301ca4cfc5200032e9c880bf27b848c8849560d60c8c6505c86798f17
[INFO] running `Command { std: "docker" "start" "-a" "f55704d301ca4cfc5200032e9c880bf27b848c8849560d60c8c6505c86798f17", kill_on_drop: false }`
[INFO] [stderr] warning: unused import: `tfhe::integer::gen_keys_radix`
[INFO] [stderr]  --> src/tutorial.rs:1:5
[INFO] [stderr]   |
[INFO] [stderr] 1 | use tfhe::integer::gen_keys_radix;
[INFO] [stderr]   |     ^^^^^^^^^^^^^^^^^^^^^^^^^^^^^
[INFO] [stderr]   |
[INFO] [stderr]   = note: `#[warn(unused_imports)]` on by default
[INFO] [stderr] 
[INFO] [stderr] warning: unused import: `tfhe::shortint::parameters::PARAM_MESSAGE_2_CARRY_2`
[INFO] [stderr]  --> src/tutorial.rs:2:5
[INFO] [stderr]   |
[INFO] [stderr] 2 | use tfhe::shortint::parameters::PARAM_MESSAGE_2_CARRY_2;
[INFO] [stderr]   |     ^^^^^^^^^^^^^^^^^^^^^^^^^^^^^^^^^^^^^^^^^^^^^^^^^^^
[INFO] [stderr] 
[INFO] [stderr] warning: unused import: `tfhe::integer::gen_keys_radix`
[INFO] [stderr]  --> src/bmi.rs:1:5
[INFO] [stderr]   |
[INFO] [stderr] 1 | use tfhe::integer::gen_keys_radix;
[INFO] [stderr]   |     ^^^^^^^^^^^^^^^^^^^^^^^^^^^^^
[INFO] [stderr] 
[INFO] [stderr] warning: unused import: `tfhe::shortint::parameters::PARAM_MESSAGE_2_CARRY_2`
[INFO] [stderr]  --> src/bmi.rs:2:5
[INFO] [stderr]   |
[INFO] [stderr] 2 | use tfhe::shortint::parameters::PARAM_MESSAGE_2_CARRY_2;
[INFO] [stderr]   |     ^^^^^^^^^^^^^^^^^^^^^^^^^^^^^^^^^^^^^^^^^^^^^^^^^^^
[INFO] [stderr] 
[INFO] [stderr] warning: variable `scaleFactor` should have a snake case name
[INFO] [stderr]   --> src/bmi.rs:11:9
[INFO] [stderr]    |
[INFO] [stderr] 11 |     let scaleFactor: u64 = 10000;
[INFO] [stderr]    |         ^^^^^^^^^^^ help: convert the identifier to snake case: `scale_factor`
[INFO] [stderr]    |
[INFO] [stderr]    = note: `#[warn(non_snake_case)]` on by default
[INFO] [stderr] 
[INFO] [stderr] warning: variable `bmiFactor` should have a snake case name
[INFO] [stderr]   --> src/bmi.rs:12:9
[INFO] [stderr]    |
[INFO] [stderr] 12 |     let bmiFactor: u64 = 703;
[INFO] [stderr]    |         ^^^^^^^^^ help: convert the identifier to snake case: `bmi_factor`
[INFO] [stderr] 
[INFO] [stderr] warning: `tfhe-rs_practice721` (lib) generated 4 warnings (run `cargo fix --lib -p tfhe-rs_practice721` to apply 4 suggestions)
[INFO] [stderr] warning: `tfhe-rs_practice721` (lib test) generated 2 warnings
[INFO] [stderr]     Finished `test` profile [unoptimized + debuginfo] target(s) in 0.11s
[INFO] [stderr]      Running unittests src/lib.rs (/opt/rustwide/target/debug/deps/tfhe_rs_practice721-70db368c1247d997)
[INFO] [stdout] 
[INFO] [stdout] running 2 tests
[INFO] [stdout] test bmi::calc_bmi ... FAILED
[INFO] [stdout] test tutorial::tutorial ... FAILED
[INFO] [stdout] 
[INFO] [stdout] failures:
[INFO] [stdout] 
[INFO] [stdout] ---- bmi::calc_bmi stdout ----
[INFO] [stdout] 
[INFO] [stdout] thread 'bmi::calc_bmi' panicked at /opt/rustwide/cargo-home/registry/src/index.crates.io-1949cf8c6b5b557f/tfhe-0.2.4/src/core_crypto/seeders.rs:122:12:
[INFO] [stdout] Unable to instantiate a seeder, make sure to enable a seeder feature like seeder_unix for example on unix platforms.
[INFO] [stdout] stack backtrace:
[INFO] [stdout]    0:     0x60322e3c92da - std::backtrace_rs::backtrace::libunwind::trace::hb059275cfc8d6126
[INFO] [stdout]                                at /rustc/6067b36314ab5eb2eb47cecc464545ba58e1ad24/library/std/src/../../backtrace/src/backtrace/libunwind.rs:116:5
[INFO] [stdout]    1:     0x60322e3c92da - std::backtrace_rs::backtrace::trace_unsynchronized::h2da071e4327ce3ee
[INFO] [stdout]                                at /rustc/6067b36314ab5eb2eb47cecc464545ba58e1ad24/library/std/src/../../backtrace/src/backtrace/mod.rs:66:5
[INFO] [stdout]    2:     0x60322e3c92da - std::sys::backtrace::_print_fmt::h842a1474e6f8d23f
[INFO] [stdout]                                at /rustc/6067b36314ab5eb2eb47cecc464545ba58e1ad24/library/std/src/sys/backtrace.rs:66:9
[INFO] [stdout]    3:     0x60322e3c92da - <std::sys::backtrace::BacktraceLock::print::DisplayBacktrace as core::fmt::Display>::fmt::h71a62eb3b9696b12
[INFO] [stdout]                                at /rustc/6067b36314ab5eb2eb47cecc464545ba58e1ad24/library/std/src/sys/backtrace.rs:39:26
[INFO] [stdout]    4:     0x60322e3f17d3 - core::fmt::rt::Argument::fmt::hdb6b616786b41dc1
[INFO] [stdout]                                at /rustc/6067b36314ab5eb2eb47cecc464545ba58e1ad24/library/core/src/fmt/rt.rs:177:76
[INFO] [stdout]    5:     0x60322e3f17d3 - core::fmt::write::h2cc1698af7e2d686
[INFO] [stdout]                                at /rustc/6067b36314ab5eb2eb47cecc464545ba58e1ad24/library/core/src/fmt/mod.rs:1440:21
[INFO] [stdout]    6:     0x60322e3c5c23 - std::io::Write::write_fmt::hab1b4cd059a79022
[INFO] [stdout]                                at /rustc/6067b36314ab5eb2eb47cecc464545ba58e1ad24/library/std/src/io/mod.rs:1887:15
[INFO] [stdout]    7:     0x60322e3c9122 - std::sys::backtrace::BacktraceLock::print::h147fe35b4ea13b08
[INFO] [stdout]                                at /rustc/6067b36314ab5eb2eb47cecc464545ba58e1ad24/library/std/src/sys/backtrace.rs:42:9
[INFO] [stdout]    8:     0x60322e3ca6ff - std::panicking::default_hook::{{closure}}::hbd44223dbdc0d208
[INFO] [stdout]                                at /rustc/6067b36314ab5eb2eb47cecc464545ba58e1ad24/library/std/src/panicking.rs:298:22
[INFO] [stdout]    9:     0x60322e3ca518 - std::panicking::default_hook::h20f81eb0576efcec
[INFO] [stdout]                                at /rustc/6067b36314ab5eb2eb47cecc464545ba58e1ad24/library/std/src/panicking.rs:322:9
[INFO] [stdout]   10:     0x60322db44c13 - <alloc::boxed::Box<F,A> as core::ops::function::Fn<Args>>::call::hdb53814c496a4d34
[INFO] [stdout]                                at /rustc/6067b36314ab5eb2eb47cecc464545ba58e1ad24/library/alloc/src/boxed.rs:2027:9
[INFO] [stdout]   11:     0x60322db44c13 - test::test_main::{{closure}}::hc0a4963c59427c24
[INFO] [stdout]                                at /rustc/6067b36314ab5eb2eb47cecc464545ba58e1ad24/library/test/src/lib.rs:134:21
[INFO] [stdout]   12:     0x60322e3cb1f3 - <alloc::boxed::Box<F,A> as core::ops::function::Fn<Args>>::call::h591b2225413a77e9
[INFO] [stdout]                                at /rustc/6067b36314ab5eb2eb47cecc464545ba58e1ad24/library/alloc/src/boxed.rs:2027:9
[INFO] [stdout]   13:     0x60322e3cb1f3 - std::panicking::rust_panic_with_hook::h625eea43051b2edc
[INFO] [stdout]                                at /rustc/6067b36314ab5eb2eb47cecc464545ba58e1ad24/library/std/src/panicking.rs:839:13
[INFO] [stdout]   14:     0x60322e3caeaa - std::panicking::begin_panic_handler::{{closure}}::h4f9159cfbc3f6bd3
[INFO] [stdout]                                at /rustc/6067b36314ab5eb2eb47cecc464545ba58e1ad24/library/std/src/panicking.rs:704:13
[INFO] [stdout]   15:     0x60322e3c97d9 - std::sys::backtrace::__rust_end_short_backtrace::h0390abce48353151
[INFO] [stdout]                                at /rustc/6067b36314ab5eb2eb47cecc464545ba58e1ad24/library/std/src/sys/backtrace.rs:168:18
[INFO] [stdout]   16:     0x60322e3cab3d - rust_begin_unwind
[INFO] [stdout]                                at /rustc/6067b36314ab5eb2eb47cecc464545ba58e1ad24/library/std/src/panicking.rs:695:5
[INFO] [stdout]   17:     0x60322e3efc10 - core::panicking::panic_fmt::h9e7c637e9e5f29c9
[INFO] [stdout]                                at /rustc/6067b36314ab5eb2eb47cecc464545ba58e1ad24/library/core/src/panicking.rs:75:14
[INFO] [stdout]   18:     0x60322e3efbeb - core::panicking::panic_display::hd8e666a41baebd7d
[INFO] [stdout]                                at /rustc/6067b36314ab5eb2eb47cecc464545ba58e1ad24/library/core/src/panicking.rs:261:5
[INFO] [stdout]   19:     0x60322e3efbeb - core::option::expect_failed::he3b89fed4e21ec1e
[INFO] [stdout]                                at /rustc/6067b36314ab5eb2eb47cecc464545ba58e1ad24/library/core/src/option.rs:2024:5
[INFO] [stdout]   20:     0x60322dba2f07 - core::option::Option<T>::expect::hc323ecf35a64d20f
[INFO] [stdout]                                at /rustc/6067b36314ab5eb2eb47cecc464545ba58e1ad24/library/core/src/option.rs:933:21
[INFO] [stdout]   21:     0x60322dba9481 - tfhe::core_crypto::seeders::new_seeder::h2cade74d18ad4572
[INFO] [stdout]                                at /opt/rustwide/cargo-home/registry/src/index.crates.io-1949cf8c6b5b557f/tfhe-0.2.4/src/core_crypto/seeders.rs:122:5
[INFO] [stdout]   22:     0x60322dbc2ae7 - tfhe::shortint::engine::ShortintEngine::new::h21756d7dcd1fb348
[INFO] [stdout]                                at /opt/rustwide/cargo-home/registry/src/index.crates.io-1949cf8c6b5b557f/tfhe-0.2.4/src/shortint/engine/mod.rs:224:31
[INFO] [stdout]   23:     0x60322dbc397b - tfhe::shortint::engine::LOCAL_ENGINE::__init::h668202a3108cc773
[INFO] [stdout]                                at /opt/rustwide/cargo-home/registry/src/index.crates.io-1949cf8c6b5b557f/tfhe-0.2.4/src/shortint/engine/mod.rs:32:65
[INFO] [stdout]   24:     0x60322db669c1 - core::ops::function::FnOnce::call_once::hb27647bf2f034859
[INFO] [stdout]                                at /rustc/6067b36314ab5eb2eb47cecc464545ba58e1ad24/library/core/src/ops/function.rs:250:5
[INFO] [stdout]   25:     0x60322dbaa2ba - core::option::Option<T>::unwrap_or_else::he7811860cc96726b
[INFO] [stdout]                                at /rustc/6067b36314ab5eb2eb47cecc464545ba58e1ad24/library/core/src/option.rs:1023:21
[INFO] [stdout]   26:     0x60322dbaa2ba - std::sys::thread_local::native::lazy::Storage<T,D>::initialize::h3641d2221558d461
[INFO] [stdout]                                at /rustc/6067b36314ab5eb2eb47cecc464545ba58e1ad24/library/std/src/sys/thread_local/native/lazy.rs:64:42
[INFO] [stdout]   27:     0x60322dbaa635 - std::sys::thread_local::native::lazy::Storage<T,D>::get_or_init::hd55f5b278ac60577
[INFO] [stdout]                                at /rustc/6067b36314ab5eb2eb47cecc464545ba58e1ad24/library/std/src/sys/thread_local/native/lazy.rs:56:40
[INFO] [stdout]   28:     0x60322dbc39d2 - tfhe::shortint::engine::LOCAL_ENGINE::{{constant}}::{{closure}}::h44886640776cce81
[INFO] [stdout]                                at /rustc/6067b36314ab5eb2eb47cecc464545ba58e1ad24/library/std/src/sys/thread_local/native/mod.rs:94:25
[INFO] [stdout]   29:     0x60322db665cc - core::ops::function::FnOnce::call_once::h3170212a2684e7ec
[INFO] [stdout]                                at /rustc/6067b36314ab5eb2eb47cecc464545ba58e1ad24/library/core/src/ops/function.rs:250:5
[INFO] [stdout]   30:     0x60322dbc4e57 - std::thread::local::LocalKey<T>::try_with::h3595d008b23e8d03
[INFO] [stdout]                                at /rustc/6067b36314ab5eb2eb47cecc464545ba58e1ad24/library/std/src/thread/local.rs:307:37
[INFO] [stdout]   31:     0x60322dbc461b - std::thread::local::LocalKey<T>::with::hd8f007bd9f9d0aa9
[INFO] [stdout]                                at /rustc/6067b36314ab5eb2eb47cecc464545ba58e1ad24/library/std/src/thread/local.rs:272:9
[INFO] [stdout]   32:     0x60322dbc1c71 - tfhe::shortint::engine::ShortintEngine::with_thread_local_mut::he1b22739ad04ce60
[INFO] [stdout]                                at /opt/rustwide/cargo-home/registry/src/index.crates.io-1949cf8c6b5b557f/tfhe-0.2.4/src/shortint/engine/mod.rs:210:9
[INFO] [stdout]   33:     0x60322db7686e - tfhe::shortint::client_key::ClientKey::new::h380cd4666c5bfae5
[INFO] [stdout]                                at /opt/rustwide/cargo-home/registry/src/index.crates.io-1949cf8c6b5b557f/tfhe-0.2.4/src/shortint/client_key/mod.rs:44:9
[INFO] [stdout]   34:     0x60322dbc8645 - tfhe::integer::client_key::ClientKey::new::h08f032e6d7728d75
[INFO] [stdout]                                at /opt/rustwide/cargo-home/registry/src/index.crates.io-1949cf8c6b5b557f/tfhe-0.2.4/src/integer/client_key/mod.rs:76:18
[INFO] [stdout]   35:     0x60322db765eb - tfhe::integer::gen_keys::hddd978c904f25041
[INFO] [stdout]                                at /opt/rustwide/cargo-home/registry/src/index.crates.io-1949cf8c6b5b557f/tfhe-0.2.4/src/integer/mod.rs:98:19
[INFO] [stdout]   36:     0x60322db766e4 - tfhe::integer::gen_keys_radix::h0f268ffce402b5fd
[INFO] [stdout]                                at /opt/rustwide/cargo-home/registry/src/index.crates.io-1949cf8c6b5b557f/tfhe-0.2.4/src/integer/mod.rs:121:22
[INFO] [stdout]   37:     0x60322db0a621 - tfhe_rs_practice721::bmi::calc_bmi::h4ef548cccd18fbe6
[INFO] [stdout]                                at /opt/rustwide/workdir/src/bmi.rs:7:36
[INFO] [stdout]   38:     0x60322db0a5c7 - tfhe_rs_practice721::bmi::calc_bmi::{{closure}}::h9c3697e1d76f4902
[INFO] [stdout]                                at /opt/rustwide/workdir/src/bmi.rs:5:14
[INFO] [stdout]   39:     0x60322db09f46 - core::ops::function::FnOnce::call_once::h751cd1d57c1c3f18
[INFO] [stdout]                                at /rustc/6067b36314ab5eb2eb47cecc464545ba58e1ad24/library/core/src/ops/function.rs:250:5
[INFO] [stdout]   40:     0x60322db4a36b - core::ops::function::FnOnce::call_once::he27718dfdd183f43
[INFO] [stdout]                                at /rustc/6067b36314ab5eb2eb47cecc464545ba58e1ad24/library/core/src/ops/function.rs:250:5
[INFO] [stdout]   41:     0x60322db4a36b - test::__rust_begin_short_backtrace::h4e84902998457a5d
[INFO] [stdout]                                at /rustc/6067b36314ab5eb2eb47cecc464545ba58e1ad24/library/test/src/lib.rs:632:18
[INFO] [stdout]   42:     0x60322db492a3 - test::run_test_in_process::{{closure}}::h7176fd18fc1feca0
[INFO] [stdout]                                at /rustc/6067b36314ab5eb2eb47cecc464545ba58e1ad24/library/test/src/lib.rs:655:60
[INFO] [stdout]   43:     0x60322db492a3 - <core::panic::unwind_safe::AssertUnwindSafe<F> as core::ops::function::FnOnce<()>>::call_once::hf79cff2a624d8cf7
[INFO] [stdout]                                at /rustc/6067b36314ab5eb2eb47cecc464545ba58e1ad24/library/core/src/panic/unwind_safe.rs:272:9
[INFO] [stdout]   44:     0x60322db492a3 - std::panicking::try::do_call::h3da0561d9ab99c25
[INFO] [stdout]                                at /rustc/6067b36314ab5eb2eb47cecc464545ba58e1ad24/library/std/src/panicking.rs:587:40
[INFO] [stdout]   45:     0x60322db492a3 - std::panicking::try::h41c9fa508bc61df6
[INFO] [stdout]                                at /rustc/6067b36314ab5eb2eb47cecc464545ba58e1ad24/library/std/src/panicking.rs:550:19
[INFO] [stdout]   46:     0x60322db492a3 - std::panic::catch_unwind::h6b3ff07bb5afad93
[INFO] [stdout]                                at /rustc/6067b36314ab5eb2eb47cecc464545ba58e1ad24/library/std/src/panic.rs:358:14
[INFO] [stdout]   47:     0x60322db492a3 - test::run_test_in_process::hc7253dd11b39b9f4
[INFO] [stdout]                                at /rustc/6067b36314ab5eb2eb47cecc464545ba58e1ad24/library/test/src/lib.rs:655:27
[INFO] [stdout]   48:     0x60322db492a3 - test::run_test::{{closure}}::hfb2007f8649c30bb
[INFO] [stdout]                                at /rustc/6067b36314ab5eb2eb47cecc464545ba58e1ad24/library/test/src/lib.rs:576:43
[INFO] [stdout]   49:     0x60322db0c385 - test::run_test::{{closure}}::h56a17aa7a282a9f4
[INFO] [stdout]                                at /rustc/6067b36314ab5eb2eb47cecc464545ba58e1ad24/library/test/src/lib.rs:606:41
[INFO] [stdout]   50:     0x60322db0c385 - std::sys::backtrace::__rust_begin_short_backtrace::hd2d2d2fb8e8c6aac
[INFO] [stdout]                                at /rustc/6067b36314ab5eb2eb47cecc464545ba58e1ad24/library/std/src/sys/backtrace.rs:152:18
[INFO] [stdout]   51:     0x60322db0fc6a - std::thread::Builder::spawn_unchecked_::{{closure}}::{{closure}}::h4faa3f9db6133423
[INFO] [stdout]                                at /rustc/6067b36314ab5eb2eb47cecc464545ba58e1ad24/library/std/src/thread/mod.rs:559:17
[INFO] [stdout]   52:     0x60322db0fc6a - <core::panic::unwind_safe::AssertUnwindSafe<F> as core::ops::function::FnOnce<()>>::call_once::hf2e855a36a4ea846
[INFO] [stdout]                                at /rustc/6067b36314ab5eb2eb47cecc464545ba58e1ad24/library/core/src/panic/unwind_safe.rs:272:9
[INFO] [stdout]   53:     0x60322db0fc6a - std::panicking::try::do_call::h2f73af3616c35465
[INFO] [stdout]                                at /rustc/6067b36314ab5eb2eb47cecc464545ba58e1ad24/library/std/src/panicking.rs:587:40
[INFO] [stdout]   54:     0x60322db0fc6a - std::panicking::try::hd1660ce9efadef5a
[INFO] [stdout]                                at /rustc/6067b36314ab5eb2eb47cecc464545ba58e1ad24/library/std/src/panicking.rs:550:19
[INFO] [stdout]   55:     0x60322db0fc6a - std::panic::catch_unwind::h5ee8d7823b8ca744
[INFO] [stdout]                                at /rustc/6067b36314ab5eb2eb47cecc464545ba58e1ad24/library/std/src/panic.rs:358:14
[INFO] [stdout]   56:     0x60322db0fc6a - std::thread::Builder::spawn_unchecked_::{{closure}}::h53c3a1894dce8407
[INFO] [stdout]                                at /rustc/6067b36314ab5eb2eb47cecc464545ba58e1ad24/library/std/src/thread/mod.rs:557:30
[INFO] [stdout]   57:     0x60322db0fc6a - core::ops::function::FnOnce::call_once{{vtable.shim}}::h048ce291ad4f62bf
[INFO] [stdout]                                at /rustc/6067b36314ab5eb2eb47cecc464545ba58e1ad24/library/core/src/ops/function.rs:250:5
[INFO] [stdout]   58:     0x60322e3cf23b - <alloc::boxed::Box<F,A> as core::ops::function::FnOnce<Args>>::call_once::ha52bedf99a3b4981
[INFO] [stdout]                                at /rustc/6067b36314ab5eb2eb47cecc464545ba58e1ad24/library/alloc/src/boxed.rs:2013:9
[INFO] [stdout]   59:     0x60322e3cf23b - <alloc::boxed::Box<F,A> as core::ops::function::FnOnce<Args>>::call_once::h567748934d80ccf8
[INFO] [stdout]                                at /rustc/6067b36314ab5eb2eb47cecc464545ba58e1ad24/library/alloc/src/boxed.rs:2013:9
[INFO] [stdout]   60:     0x60322e3cf23b - std::sys::pal::unix::thread::Thread::new::thread_start::h2d970728ae887adc
[INFO] [stdout]                                at /rustc/6067b36314ab5eb2eb47cecc464545ba58e1ad24/library/std/src/sys/pal/unix/thread.rs:106:17
[INFO] [stdout]   61:     0x7aa54adfaac3 - <unknown>
[INFO] [stdout]   62:     0x7aa54ae8ba04 - clone
[INFO] [stdout]   63:                0x0 - <unknown>
[INFO] [stdout] 
[INFO] [stdout] ---- tutorial::tutorial stdout ----
[INFO] [stdout] 
[INFO] [stdout] thread 'tutorial::tutorial' panicked at /opt/rustwide/cargo-home/registry/src/index.crates.io-1949cf8c6b5b557f/tfhe-0.2.4/src/core_crypto/seeders.rs:122:12:
[INFO] [stdout] Unable to instantiate a seeder, make sure to enable a seeder feature like seeder_unix for example on unix platforms.
[INFO] [stdout] stack backtrace:
[INFO] [stdout]    0:     0x60322e3c92da - std::backtrace_rs::backtrace::libunwind::trace::hb059275cfc8d6126
[INFO] [stdout]                                at /rustc/6067b36314ab5eb2eb47cecc464545ba58e1ad24/library/std/src/../../backtrace/src/backtrace/libunwind.rs:116:5
[INFO] [stdout]    1:     0x60322e3c92da - std::backtrace_rs::backtrace::trace_unsynchronized::h2da071e4327ce3ee
[INFO] [stdout]                                at /rustc/6067b36314ab5eb2eb47cecc464545ba58e1ad24/library/std/src/../../backtrace/src/backtrace/mod.rs:66:5
[INFO] [stdout]    2:     0x60322e3c92da - std::sys::backtrace::_print_fmt::h842a1474e6f8d23f
[INFO] [stdout]                                at /rustc/6067b36314ab5eb2eb47cecc464545ba58e1ad24/library/std/src/sys/backtrace.rs:66:9
[INFO] [stdout]    3:     0x60322e3c92da - <std::sys::backtrace::BacktraceLock::print::DisplayBacktrace as core::fmt::Display>::fmt::h71a62eb3b9696b12
[INFO] [stdout]                                at /rustc/6067b36314ab5eb2eb47cecc464545ba58e1ad24/library/std/src/sys/backtrace.rs:39:26
[INFO] [stdout]    4:     0x60322e3f17d3 - core::fmt::rt::Argument::fmt::hdb6b616786b41dc1
[INFO] [stdout]                                at /rustc/6067b36314ab5eb2eb47cecc464545ba58e1ad24/library/core/src/fmt/rt.rs:177:76
[INFO] [stdout]    5:     0x60322e3f17d3 - core::fmt::write::h2cc1698af7e2d686
[INFO] [stdout]                                at /rustc/6067b36314ab5eb2eb47cecc464545ba58e1ad24/library/core/src/fmt/mod.rs:1440:21
[INFO] [stdout]    6:     0x60322e3c5c23 - std::io::Write::write_fmt::hab1b4cd059a79022
[INFO] [stdout]                                at /rustc/6067b36314ab5eb2eb47cecc464545ba58e1ad24/library/std/src/io/mod.rs:1887:15
[INFO] [stdout]    7:     0x60322e3c9122 - std::sys::backtrace::BacktraceLock::print::h147fe35b4ea13b08
[INFO] [stdout]                                at /rustc/6067b36314ab5eb2eb47cecc464545ba58e1ad24/library/std/src/sys/backtrace.rs:42:9
[INFO] [stdout]    8:     0x60322e3ca6ff - std::panicking::default_hook::{{closure}}::hbd44223dbdc0d208
[INFO] [stdout]                                at /rustc/6067b36314ab5eb2eb47cecc464545ba58e1ad24/library/std/src/panicking.rs:298:22
[INFO] [stdout]    9:     0x60322e3ca518 - std::panicking::default_hook::h20f81eb0576efcec
[INFO] [stdout]                                at /rustc/6067b36314ab5eb2eb47cecc464545ba58e1ad24/library/std/src/panicking.rs:322:9
[INFO] [stdout]   10:     0x60322db44c13 - <alloc::boxed::Box<F,A> as core::ops::function::Fn<Args>>::call::hdb53814c496a4d34
[INFO] [stdout]                                at /rustc/6067b36314ab5eb2eb47cecc464545ba58e1ad24/library/alloc/src/boxed.rs:2027:9
[INFO] [stdout]   11:     0x60322db44c13 - test::test_main::{{closure}}::hc0a4963c59427c24
[INFO] [stdout]                                at /rustc/6067b36314ab5eb2eb47cecc464545ba58e1ad24/library/test/src/lib.rs:134:21
[INFO] [stdout]   12:     0x60322e3cb1f3 - <alloc::boxed::Box<F,A> as core::ops::function::Fn<Args>>::call::h591b2225413a77e9
[INFO] [stdout]                                at /rustc/6067b36314ab5eb2eb47cecc464545ba58e1ad24/library/alloc/src/boxed.rs:2027:9
[INFO] [stdout]   13:     0x60322e3cb1f3 - std::panicking::rust_panic_with_hook::h625eea43051b2edc
[INFO] [stdout]                                at /rustc/6067b36314ab5eb2eb47cecc464545ba58e1ad24/library/std/src/panicking.rs:839:13
[INFO] [stdout]   14:     0x60322e3caeaa - std::panicking::begin_panic_handler::{{closure}}::h4f9159cfbc3f6bd3
[INFO] [stdout]                                at /rustc/6067b36314ab5eb2eb47cecc464545ba58e1ad24/library/std/src/panicking.rs:704:13
[INFO] [stdout]   15:     0x60322e3c97d9 - std::sys::backtrace::__rust_end_short_backtrace::h0390abce48353151
[INFO] [stdout]                                at /rustc/6067b36314ab5eb2eb47cecc464545ba58e1ad24/library/std/src/sys/backtrace.rs:168:18
[INFO] [stdout]   16:     0x60322e3cab3d - rust_begin_unwind
[INFO] [stdout]                                at /rustc/6067b36314ab5eb2eb47cecc464545ba58e1ad24/library/std/src/panicking.rs:695:5
[INFO] [stdout]   17:     0x60322e3efc10 - core::panicking::panic_fmt::h9e7c637e9e5f29c9
[INFO] [stdout]                                at /rustc/6067b36314ab5eb2eb47cecc464545ba58e1ad24/library/core/src/panicking.rs:75:14
[INFO] [stdout]   18:     0x60322e3efbeb - core::panicking::panic_display::hd8e666a41baebd7d
[INFO] [stdout]                                at /rustc/6067b36314ab5eb2eb47cecc464545ba58e1ad24/library/core/src/panicking.rs:261:5
[INFO] [stdout]   19:     0x60322e3efbeb - core::option::expect_failed::he3b89fed4e21ec1e
[INFO] [stdout]                                at /rustc/6067b36314ab5eb2eb47cecc464545ba58e1ad24/library/core/src/option.rs:2024:5
[INFO] [stdout]   20:     0x60322dba2f07 - core::option::Option<T>::expect::hc323ecf35a64d20f
[INFO] [stdout]                                at /rustc/6067b36314ab5eb2eb47cecc464545ba58e1ad24/library/core/src/option.rs:933:21
[INFO] [stdout]   21:     0x60322dba9481 - tfhe::core_crypto::seeders::new_seeder::h2cade74d18ad4572
[INFO] [stdout]                                at /opt/rustwide/cargo-home/registry/src/index.crates.io-1949cf8c6b5b557f/tfhe-0.2.4/src/core_crypto/seeders.rs:122:5
[INFO] [stdout]   22:     0x60322dbc2ae7 - tfhe::shortint::engine::ShortintEngine::new::h21756d7dcd1fb348
[INFO] [stdout]                                at /opt/rustwide/cargo-home/registry/src/index.crates.io-1949cf8c6b5b557f/tfhe-0.2.4/src/shortint/engine/mod.rs:224:31
[INFO] [stdout]   23:     0x60322dbc397b - tfhe::shortint::engine::LOCAL_ENGINE::__init::h668202a3108cc773
[INFO] [stdout]                                at /opt/rustwide/cargo-home/registry/src/index.crates.io-1949cf8c6b5b557f/tfhe-0.2.4/src/shortint/engine/mod.rs:32:65
[INFO] [stdout]   24:     0x60322db669c1 - core::ops::function::FnOnce::call_once::hb27647bf2f034859
[INFO] [stdout]                                at /rustc/6067b36314ab5eb2eb47cecc464545ba58e1ad24/library/core/src/ops/function.rs:250:5
[INFO] [stdout]   25:     0x60322dbaa2ba - core::option::Option<T>::unwrap_or_else::he7811860cc96726b
[INFO] [stdout]                                at /rustc/6067b36314ab5eb2eb47cecc464545ba58e1ad24/library/core/src/option.rs:1023:21
[INFO] [stdout]   26:     0x60322dbaa2ba - std::sys::thread_local::native::lazy::Storage<T,D>::initialize::h3641d2221558d461
[INFO] [stdout]                                at /rustc/6067b36314ab5eb2eb47cecc464545ba58e1ad24/library/std/src/sys/thread_local/native/lazy.rs:64:42
[INFO] [stdout]   27:     0x60322dbaa635 - std::sys::thread_local::native::lazy::Storage<T,D>::get_or_init::hd55f5b278ac60577
[INFO] [stdout]                                at /rustc/6067b36314ab5eb2eb47cecc464545ba58e1ad24/library/std/src/sys/thread_local/native/lazy.rs:56:40
[INFO] [stdout]   28:     0x60322dbc39d2 - tfhe::shortint::engine::LOCAL_ENGINE::{{constant}}::{{closure}}::h44886640776cce81
[INFO] [stdout]                                at /rustc/6067b36314ab5eb2eb47cecc464545ba58e1ad24/library/std/src/sys/thread_local/native/mod.rs:94:25
[INFO] [stdout]   29:     0x60322db665cc - core::ops::function::FnOnce::call_once::h3170212a2684e7ec
[INFO] [stdout]                                at /rustc/6067b36314ab5eb2eb47cecc464545ba58e1ad24/library/core/src/ops/function.rs:250:5
[INFO] [stdout]   30:     0x60322dbc4e57 - std::thread::local::LocalKey<T>::try_with::h3595d008b23e8d03
[INFO] [stdout]                                at /rustc/6067b36314ab5eb2eb47cecc464545ba58e1ad24/library/std/src/thread/local.rs:307:37
[INFO] [stdout]   31:     0x60322dbc461b - std::thread::local::LocalKey<T>::with::hd8f007bd9f9d0aa9
[INFO] [stdout]                                at /rustc/6067b36314ab5eb2eb47cecc464545ba58e1ad24/library/std/src/thread/local.rs:272:9
[INFO] [stdout]   32:     0x60322dbc1c71 - tfhe::shortint::engine::ShortintEngine::with_thread_local_mut::he1b22739ad04ce60
[INFO] [stdout]                                at /opt/rustwide/cargo-home/registry/src/index.crates.io-1949cf8c6b5b557f/tfhe-0.2.4/src/shortint/engine/mod.rs:210:9
[INFO] [stdout]   33:     0x60322db7686e - tfhe::shortint::client_key::ClientKey::new::h380cd4666c5bfae5
[INFO] [stdout]                                at /opt/rustwide/cargo-home/registry/src/index.crates.io-1949cf8c6b5b557f/tfhe-0.2.4/src/shortint/client_key/mod.rs:44:9
[INFO] [stdout]   34:     0x60322dbc8645 - tfhe::integer::client_key::ClientKey::new::h08f032e6d7728d75
[INFO] [stdout]                                at /opt/rustwide/cargo-home/registry/src/index.crates.io-1949cf8c6b5b557f/tfhe-0.2.4/src/integer/client_key/mod.rs:76:18
[INFO] [stdout]   35:     0x60322db765eb - tfhe::integer::gen_keys::hddd978c904f25041
[INFO] [stdout]                                at /opt/rustwide/cargo-home/registry/src/index.crates.io-1949cf8c6b5b557f/tfhe-0.2.4/src/integer/mod.rs:98:19
[INFO] [stdout]   36:     0x60322db766e4 - tfhe::integer::gen_keys_radix::h0f268ffce402b5fd
[INFO] [stdout]                                at /opt/rustwide/cargo-home/registry/src/index.crates.io-1949cf8c6b5b557f/tfhe-0.2.4/src/integer/mod.rs:121:22
[INFO] [stdout]   37:     0x60322db0a145 - tfhe_rs_practice721::tutorial::tutorial::h66a42fecb9737c81
[INFO] [stdout]                                at /opt/rustwide/workdir/src/tutorial.rs:7:36
[INFO] [stdout]   38:     0x60322db0a0f7 - tfhe_rs_practice721::tutorial::tutorial::{{closure}}::haeafee375c827b5e
[INFO] [stdout]                                at /opt/rustwide/workdir/src/tutorial.rs:5:14
[INFO] [stdout]   39:     0x60322db09ef6 - core::ops::function::FnOnce::call_once::h148eeb1a4cacaa71
[INFO] [stdout]                                at /rustc/6067b36314ab5eb2eb47cecc464545ba58e1ad24/library/core/src/ops/function.rs:250:5
[INFO] [stdout]   40:     0x60322db4a36b - core::ops::function::FnOnce::call_once::he27718dfdd183f43
[INFO] [stdout]                                at /rustc/6067b36314ab5eb2eb47cecc464545ba58e1ad24/library/core/src/ops/function.rs:250:5
[INFO] [stdout]   41:     0x60322db4a36b - test::__rust_begin_short_backtrace::h4e84902998457a5d
[INFO] [stdout]                                at /rustc/6067b36314ab5eb2eb47cecc464545ba58e1ad24/library/test/src/lib.rs:632:18
[INFO] [stdout]   42:     0x60322db492a3 - test::run_test_in_process::{{closure}}::h7176fd18fc1feca0
[INFO] [stdout]                                at /rustc/6067b36314ab5eb2eb47cecc464545ba58e1ad24/library/test/src/lib.rs:655:60
[INFO] [stdout]   43:     0x60322db492a3 - <core::panic::unwind_safe::AssertUnwindSafe<F> as core::ops::function::FnOnce<()>>::call_once::hf79cff2a624d8cf7
[INFO] [stdout]                                at /rustc/6067b36314ab5eb2eb47cecc464545ba58e1ad24/library/core/src/panic/unwind_safe.rs:272:9
[INFO] [stdout]   44:     0x60322db492a3 - std::panicking::try::do_call::h3da0561d9ab99c25
[INFO] [stdout]                                at /rustc/6067b36314ab5eb2eb47cecc464545ba58e1ad24/library/std/src/panicking.rs:587:40
[INFO] [stdout]   45:     0x60322db492a3 - std::panicking::try::h41c9fa508bc61df6
[INFO] [stdout]                                at /rustc/6067b36314ab5eb2eb47cecc464545ba58e1ad24/library/std/src/panicking.rs:550:19
[INFO] [stdout]   46:     0x60322db492a3 - std::panic::catch_unwind::h6b3ff07bb5afad93
[INFO] [stdout]                                at /rustc/6067b36314ab5eb2eb47cecc464545ba58e1ad24/library/std/src/panic.rs:358:14
[INFO] [stdout]   47:     0x60322db492a3 - test::run_test_in_process::hc7253dd11b39b9f4
[INFO] [stdout]                                at /rustc/6067b36314ab5eb2eb47cecc464545ba58e1ad24/library/test/src/lib.rs:655:27
[INFO] [stdout]   48:     0x60322db492a3 - test::run_test::{{closure}}::hfb2007f8649c30bb
[INFO] [stdout]                                at /rustc/6067b36314ab5eb2eb47cecc464545ba58e1ad24/library/test/src/lib.rs:576:43
[INFO] [stdout]   49:     0x60322db0c385 - test::run_test::{{closure}}::h56a17aa7a282a9f4
[INFO] [stdout]                                at /rustc/6067b36314ab5eb2eb47cecc464545ba58e1ad24/library/test/src/lib.rs:606:41
[INFO] [stdout]   50:     0x60322db0c385 - std::sys::backtrace::__rust_begin_short_backtrace::hd2d2d2fb8e8c6aac
[INFO] [stdout]                                at /rustc/6067b36314ab5eb2eb47cecc464545ba58e1ad24/library/std/src/sys/backtrace.rs:152:18
[INFO] [stdout]   51:     0x60322db0fc6a - std::thread::Builder::spawn_unchecked_::{{closure}}::{{closure}}::h4faa3f9db6133423
[INFO] [stdout]                                at /rustc/6067b36314ab5eb2eb47cecc464545ba58e1ad24/library/std/src/thread/mod.rs:559:17
[INFO] [stdout]   52:     0x60322db0fc6a - <core::panic::unwind_safe::AssertUnwindSafe<F> as core::ops::function::FnOnce<()>>::call_once::hf2e855a36a4ea846
[INFO] [stdout]                                at /rustc/6067b36314ab5eb2eb47cecc464545ba58e1ad24/library/core/src/panic/unwind_safe.rs:272:9
[INFO] [stdout]   53:     0x60322db0fc6a - std::panicking::try::do_call::h2f73af3616c35465
[INFO] [stdout]                                at /rustc/6067b36314ab5eb2eb47cecc464545ba58e1ad24/library/std/src/panicking.rs:587:40
[INFO] [stdout]   54:     0x60322db0fc6a - std::panicking::try::hd1660ce9efadef5a
[INFO] [stdout]                                at /rustc/6067b36314ab5eb2eb47cecc464545ba58e1ad24/library/std/src/panicking.rs:550:19
[INFO] [stdout]   55:     0x60322db0fc6a - std::panic::catch_unwind::h5ee8d7823b8ca744
[INFO] [stdout]                                at /rustc/6067b36314ab5eb2eb47cecc464545ba58e1ad24/library/std/src/panic.rs:358:14
[INFO] [stdout]   56:     0x60322db0fc6a - std::thread::Builder::spawn_unchecked_::{{closure}}::h53c3a1894dce8407
[INFO] [stdout]                                at /rustc/6067b36314ab5eb2eb47cecc464545ba58e1ad24/library/std/src/thread/mod.rs:557:30
[INFO] [stdout]   57:     0x60322db0fc6a - core::ops::function::FnOnce::call_once{{vtable.shim}}::h048ce291ad4f62bf
[INFO] [stdout]                                at /rustc/6067b36314ab5eb2eb47cecc464545ba58e1ad24/library/core/src/ops/function.rs:250:5
[INFO] [stdout]   58:     0x60322e3cf23b - <alloc::boxed::Box<F,A> as core::ops::function::FnOnce<Args>>::call_once::ha52bedf99a3b4981
[INFO] [stdout]                                at /rustc/6067b36314ab5eb2eb47cecc464545ba58e1ad24/library/alloc/src/boxed.rs:2013:9
[INFO] [stdout]   59:     0x60322e3cf23b - <alloc::boxed::Box<F,A> as core::ops::function::FnOnce<Args>>::call_once::h567748934d80ccf8
[INFO] [stdout]                                at /rustc/6067b36314ab5eb2eb47cecc464545ba58e1ad24/library/alloc/src/boxed.rs:2013:9
[INFO] [stdout]   60:     0x60322e3cf23b - std::sys::pal::unix::thread::Thread::new::thread_start::h2d970728ae887adc
[INFO] [stdout]                                at /rustc/6067b36314ab5eb2eb47cecc464545ba58e1ad24/library/std/src/sys/pal/unix/thread.rs:106:17
[INFO] [stdout]   61:     0x7aa54adfaac3 - <unknown>
[INFO] [stdout]   62:     0x7aa54ae8ba04 - clone
[INFO] [stdout]   63:                0x0 - <unknown>
[INFO] [stdout] 
[INFO] [stdout] 
[INFO] [stdout] failures:
[INFO] [stdout]     bmi::calc_bmi
[INFO] [stdout]     tutorial::tutorial
[INFO] [stdout] 
[INFO] [stdout] test result: FAILED. 0 passed; 2 failed; 0 ignored; 0 measured; 0 filtered out; finished in 0.04s
[INFO] [stdout] 
[INFO] [stderr] error: test failed, to rerun pass `--lib`
[INFO] running `Command { std: "docker" "inspect" "f55704d301ca4cfc5200032e9c880bf27b848c8849560d60c8c6505c86798f17", kill_on_drop: false }`
[INFO] running `Command { std: "docker" "rm" "-f" "f55704d301ca4cfc5200032e9c880bf27b848c8849560d60c8c6505c86798f17", kill_on_drop: false }`
[INFO] [stdout] f55704d301ca4cfc5200032e9c880bf27b848c8849560d60c8c6505c86798f17
