[INFO] cloning repository https://github.com/youyuanwu/tonic-h3
[INFO] running `Command { std: "git" "-c" "credential.helper=" "-c" "credential.helper=/workspace/cargo-home/bin/git-credential-null" "clone" "--bare" "https://github.com/youyuanwu/tonic-h3" "/workspace/cache/git-repos/https%3A%2F%2Fgithub.com%2Fyouyuanwu%2Ftonic-h3", kill_on_drop: false }`
[INFO] [stderr] Cloning into bare repository '/workspace/cache/git-repos/https%3A%2F%2Fgithub.com%2Fyouyuanwu%2Ftonic-h3'...
[INFO] running `Command { std: "git" "rev-parse" "HEAD", kill_on_drop: false }`
[INFO] [stdout] 366b9977c1d592c62e0cee20b36b96b34981ff6e
[INFO] testing youyuanwu/tonic-h3 against nightly-2025-01-18+rustflags=-Zrandomize-layout for randomize-layout-2
[INFO] running `Command { std: "git" "clone" "/workspace/cache/git-repos/https%3A%2F%2Fgithub.com%2Fyouyuanwu%2Ftonic-h3" "/workspace/builds/worker-1-tc2/source", kill_on_drop: false }`
[INFO] [stderr] Cloning into '/workspace/builds/worker-1-tc2/source'...
[INFO] [stderr] done.
[INFO] validating manifest of git repo https://github.com/youyuanwu/tonic-h3 on toolchain nightly-2025-01-18
[INFO] running `Command { std: CARGO_HOME="/workspace/cargo-home" RUSTUP_HOME="/workspace/rustup-home" "/workspace/cargo-home/bin/cargo" "+nightly-2025-01-18" "metadata" "--manifest-path" "Cargo.toml" "--no-deps", kill_on_drop: false }`
[INFO] started tweaking git repo https://github.com/youyuanwu/tonic-h3
[INFO] finished tweaking git repo https://github.com/youyuanwu/tonic-h3
[INFO] tweaked toml for git repo https://github.com/youyuanwu/tonic-h3 written to /workspace/builds/worker-1-tc2/source/Cargo.toml
[INFO] crate git repo https://github.com/youyuanwu/tonic-h3 already has a lockfile, it will not be regenerated
[INFO] running `Command { std: CARGO_HOME="/workspace/cargo-home" RUSTUP_HOME="/workspace/rustup-home" "/workspace/cargo-home/bin/cargo" "+nightly-2025-01-18" "fetch" "--manifest-path" "Cargo.toml", kill_on_drop: false }`
[INFO] running `Command { std: "docker" "create" "-v" "/var/lib/crater-agent-workspace/builds/worker-1-tc2/target:/opt/rustwide/target:rw,Z" "-v" "/var/lib/crater-agent-workspace/builds/worker-1-tc2/source:/opt/rustwide/workdir:ro,Z" "-v" "/var/lib/crater-agent-workspace/cargo-home:/opt/rustwide/cargo-home:ro,Z" "-v" "/var/lib/crater-agent-workspace/rustup-home:/opt/rustwide/rustup-home:ro,Z" "-e" "SOURCE_DIR=/opt/rustwide/workdir" "-e" "CARGO_TARGET_DIR=/opt/rustwide/target" "-e" "CARGO_HOME=/opt/rustwide/cargo-home" "-e" "RUSTUP_HOME=/opt/rustwide/rustup-home" "-w" "/opt/rustwide/workdir" "-m" "1610612736" "--user" "0:0" "--network" "none" "ghcr.io/rust-lang/crates-build-env/linux@sha256:819108c5571ea2e421544af4d832f968d213c87fbe3707a016657f43d2f853bc" "/opt/rustwide/cargo-home/bin/cargo" "+nightly-2025-01-18" "metadata" "--no-deps" "--format-version=1", kill_on_drop: false }`
[INFO] [stdout] 2c476a9ddbb98b244f9f947fb29a6c98493bd8adb7adcabca3eb06ff37215d1e
[INFO] running `Command { std: "docker" "start" "-a" "2c476a9ddbb98b244f9f947fb29a6c98493bd8adb7adcabca3eb06ff37215d1e", kill_on_drop: false }`
[INFO] running `Command { std: "docker" "inspect" "2c476a9ddbb98b244f9f947fb29a6c98493bd8adb7adcabca3eb06ff37215d1e", kill_on_drop: false }`
[INFO] running `Command { std: "docker" "rm" "-f" "2c476a9ddbb98b244f9f947fb29a6c98493bd8adb7adcabca3eb06ff37215d1e", kill_on_drop: false }`
[INFO] [stdout] 2c476a9ddbb98b244f9f947fb29a6c98493bd8adb7adcabca3eb06ff37215d1e
[INFO] running `Command { std: "docker" "create" "-v" "/var/lib/crater-agent-workspace/builds/worker-1-tc2/target:/opt/rustwide/target:rw,Z" "-v" "/var/lib/crater-agent-workspace/builds/worker-1-tc2/source:/opt/rustwide/workdir:ro,Z" "-v" "/var/lib/crater-agent-workspace/cargo-home:/opt/rustwide/cargo-home:ro,Z" "-v" "/var/lib/crater-agent-workspace/rustup-home:/opt/rustwide/rustup-home:ro,Z" "-e" "SOURCE_DIR=/opt/rustwide/workdir" "-e" "CARGO_TARGET_DIR=/opt/rustwide/target" "-e" "CARGO_INCREMENTAL=0" "-e" "RUST_BACKTRACE=full" "-e" "RUSTFLAGS=--cap-lints=forbid -Zrandomize-layout" "-e" "RUSTDOCFLAGS=--cap-lints=forbid" "-e" "CARGO_HOME=/opt/rustwide/cargo-home" "-e" "RUSTUP_HOME=/opt/rustwide/rustup-home" "-w" "/opt/rustwide/workdir" "-m" "1610612736" "--user" "0:0" "--network" "none" "ghcr.io/rust-lang/crates-build-env/linux@sha256:819108c5571ea2e421544af4d832f968d213c87fbe3707a016657f43d2f853bc" "/opt/rustwide/cargo-home/bin/cargo" "+nightly-2025-01-18" "build" "--frozen" "--message-format=json", kill_on_drop: false }`
[INFO] [stdout] ee829c6092f5f498a433ff58092516994ae5ee5ce0c7c85d13815fd11b7cf34b
[INFO] running `Command { std: "docker" "start" "-a" "ee829c6092f5f498a433ff58092516994ae5ee5ce0c7c85d13815fd11b7cf34b", kill_on_drop: false }`
[INFO] [stderr]    Compiling proc-macro2 v1.0.92
[INFO] [stderr]    Compiling unicode-ident v1.0.14
[INFO] [stderr]    Compiling libc v0.2.169
[INFO] [stderr]    Compiling cfg-if v1.0.0
[INFO] [stderr]    Compiling autocfg v1.4.0
[INFO] [stderr]    Compiling pin-project-lite v0.2.15
[INFO] [stderr]    Compiling once_cell v1.20.2
[INFO] [stderr]    Compiling bytes v1.9.0
[INFO] [stderr]    Compiling futures-core v0.3.31
[INFO] [stderr]    Compiling futures-sink v0.3.31
[INFO] [stderr]    Compiling log v0.4.22
[INFO] [stderr]    Compiling shlex v1.3.0
[INFO] [stderr]    Compiling parking_lot_core v0.9.10
[INFO] [stderr]    Compiling smallvec v1.13.2
[INFO] [stderr]    Compiling futures-io v0.3.31
[INFO] [stderr]    Compiling byteorder v1.5.0
[INFO] [stderr]    Compiling pin-utils v0.1.0
[INFO] [stderr]    Compiling scopeguard v1.2.0
[INFO] [stderr]    Compiling futures-task v0.3.31
[INFO] [stderr]    Compiling memchr v2.7.4
[INFO] [stderr]    Compiling futures-channel v0.3.31
[INFO] [stderr]    Compiling equivalent v1.0.1
[INFO] [stderr]    Compiling dunce v1.0.5
[INFO] [stderr]    Compiling fnv v1.0.7
[INFO] [stderr]    Compiling fs_extra v1.3.0
[INFO] [stderr]    Compiling paste v1.0.15
[INFO] [stderr]    Compiling itoa v1.0.14
[INFO] [stderr]    Compiling tracing-core v0.1.33
[INFO] [stderr]    Compiling aws-lc-rs v1.12.0
[INFO] [stderr]    Compiling subtle v2.6.1
[INFO] [stderr]    Compiling atomic-waker v1.1.2
[INFO] [stderr]    Compiling rustls-pki-types v1.10.1
[INFO] [stderr]    Compiling spin v0.9.8
[INFO] [stderr]    Compiling untrusted v0.7.1
[INFO] [stderr]    Compiling untrusted v0.9.0
[INFO] [stderr]    Compiling foldhash v0.1.4
[INFO] [stderr]    Compiling allocator-api2 v0.2.21
[INFO] [stderr]    Compiling fastrand v2.3.0
[INFO] [stderr]    Compiling slab v0.4.9
[INFO] [stderr]    Compiling lock_api v0.4.12
[INFO] [stderr]    Compiling anyhow v1.0.94
[INFO] [stderr]    Compiling windows_x86_64_gnu v0.52.6
[INFO] [stderr]    Compiling http v1.2.0
[INFO] [stderr]    Compiling rustls v0.23.20
[INFO] [stderr]    Compiling rustls-pemfile v2.2.0
[INFO] [stderr]    Compiling either v1.13.0
[INFO] [stderr]    Compiling libm v0.2.11
[INFO] [stderr]    Compiling hashbrown v0.15.2
[INFO] [stderr]    Compiling num-traits v0.2.19
[INFO] [stderr]    Compiling lazy_static v1.5.0
[INFO] [stderr]    Compiling tower-service v0.3.3
[INFO] [stderr]    Compiling windows-targets v0.52.6
[INFO] [stderr]    Compiling httparse v1.9.5
[INFO] [stderr]    Compiling cfg_aliases v0.2.1
[INFO] [stderr]    Compiling crossbeam-utils v0.8.21
[INFO] [stderr]    Compiling tower-layer v0.3.3
[INFO] [stderr]    Compiling openssl-probe v0.1.5
[INFO] [stderr]    Compiling quote v1.0.37
[INFO] [stderr]    Compiling thiserror v2.0.8
[INFO] [stderr]    Compiling itertools v0.12.1
[INFO] [stderr]    Compiling serde v1.0.216
[INFO] [stderr]    Compiling try-lock v0.2.5
[INFO] [stderr]    Compiling rustls-native-certs v0.7.3
[INFO] [stderr]    Compiling quinn-udp v0.5.9
[INFO] [stderr]    Compiling want v0.3.1
[INFO] [stderr]    Compiling syn v2.0.90
[INFO] [stderr]    Compiling rustversion v1.0.19
[INFO] [stderr]    Compiling sync_wrapper v1.0.2
[INFO] [stderr]    Compiling getrandom v0.1.16
[INFO] [stderr]    Compiling httpdate v1.0.3
[INFO] [stderr]    Compiling tinyvec_macros v0.1.1
[INFO] [stderr]    Compiling hex-literal v0.4.1
[INFO] [stderr]    Compiling rustc-hash v2.1.0
[INFO] [stderr]    Compiling tinyvec v1.8.1
[INFO] [stderr]    Compiling windows-result v0.2.0
[INFO] [stderr]    Compiling memoffset v0.9.1
[INFO] [stderr]    Compiling jobserver v0.1.32
[INFO] [stderr]    Compiling socket2 v0.5.8
[INFO] [stderr]    Compiling getrandom v0.2.15
[INFO] [stderr]    Compiling cc v1.2.5
[INFO] [stderr]    Compiling parking_lot v0.12.3
[INFO] [stderr]    Compiling signal-hook-registry v1.4.2
[INFO] [stderr]    Compiling mio v1.0.3
[INFO] [stderr]    Compiling http-body v1.0.1
[INFO] [stderr]    Compiling indexmap v2.7.0
[INFO] [stderr]    Compiling rand_core v0.6.4
[INFO] [stderr]    Compiling indexmap v1.9.3
[INFO] [stderr]    Compiling mime v0.3.17
[INFO] [stderr]    Compiling rustix v0.38.42
[INFO] [stderr]    Compiling rand_core v0.5.1
[INFO] [stderr]    Compiling windows-strings v0.1.0
[INFO] [stderr]    Compiling windows-result v0.1.2
[INFO] [stderr]    Compiling hashbrown v0.12.3
[INFO] [stderr]    Compiling prettyplease v0.2.25
[INFO] [stderr]    Compiling matchit v0.7.3
[INFO] [stderr]    Compiling regex-syntax v0.8.5
[INFO] [stderr]    Compiling bitflags v2.6.0
[INFO] [stderr]    Compiling percent-encoding v2.3.1
[INFO] [stderr]    Compiling linux-raw-sys v0.4.14
[INFO] [stderr]    Compiling base64 v0.22.1
[INFO] [stderr]    Compiling s2n-quic-platform v0.51.0
[INFO] [stderr]    Compiling fixedbitset v0.4.2
[INFO] [stderr]    Compiling intrusive-collections v0.9.7
[INFO] [stderr]    Compiling libloading v0.8.6
[INFO] [stderr]    Compiling siphasher v1.0.1
[INFO] [stderr]    Compiling heck v0.5.0
[INFO] [stderr]    Compiling num-integer v0.1.46
[INFO] [stderr]    Compiling multimap v0.10.0
[INFO] [stderr]    Compiling powerfmt v0.2.0
[INFO] [stderr]    Compiling msquic-sys2 v0.1.0 (https://github.com/youyuanwu/msquic-h3.git?rev=0079886562f4cf4e791173bf7411daf56742ab12#00798865)
[INFO] [stderr]    Compiling c-types v3.0.1
[INFO] [stderr]    Compiling bitfield v0.14.0
[INFO] [stderr]    Compiling cmake v0.1.52
[INFO] [stderr]    Compiling num-conv v0.1.0
[INFO] [stderr]    Compiling hash_hasher v2.0.3
[INFO] [stderr]    Compiling time-core v0.1.2
[INFO] [stderr]    Compiling deranged v0.3.11
[INFO] [stderr]    Compiling hex v0.4.3
[INFO] [stderr]    Compiling sdd v3.0.5
[INFO] [stderr]    Compiling pem v3.0.4
[INFO] [stderr]    Compiling sharded-slab v0.1.7
[INFO] [stderr]    Compiling thread_local v1.1.8
[INFO] [stderr]    Compiling num-rational v0.4.2
[INFO] [stderr]    Compiling scc v2.2.6
[INFO] [stderr]    Compiling aws-lc-sys v0.24.0
[INFO] [stderr]    Compiling ring v0.17.8
[INFO] [stderr]    Compiling petgraph v0.6.5
[INFO] [stderr]    Compiling tracing-subscriber v0.3.19
[INFO] [stderr]    Compiling tempfile v3.14.0
[INFO] [stderr]    Compiling time v0.3.37
[INFO] [stderr]    Compiling regex-automata v0.4.9
[INFO] [stderr]    Compiling yasna v0.5.2
[INFO] [stderr]    Compiling regex v1.11.1
[INFO] [stderr]    Compiling rcgen v0.13.2
[INFO] [stderr]    Compiling zerocopy-derive v0.7.35
[INFO] [stderr]    Compiling futures-macro v0.3.31
[INFO] [stderr]    Compiling tokio-macros v2.4.0
[INFO] [stderr]    Compiling zeroize_derive v1.4.2
[INFO] [stderr]    Compiling tracing-attributes v0.1.28
[INFO] [stderr]    Compiling prost-derive v0.13.4
[INFO] [stderr]    Compiling thiserror-impl v2.0.8
[INFO] [stderr]    Compiling serde_derive v1.0.216
[INFO] [stderr]    Compiling async-trait v0.1.83
[INFO] [stderr]    Compiling windows-interface v0.57.0
[INFO] [stderr]    Compiling windows-implement v0.58.0
[INFO] [stderr]    Compiling windows-implement v0.57.0
[INFO] [stderr]    Compiling zeroize v1.8.1
[INFO] [stderr]    Compiling tokio v1.42.0
[INFO] [stderr]    Compiling pin-project-internal v1.1.7
[INFO] [stderr]    Compiling windows-interface v0.58.0
[INFO] [stderr]    Compiling futures-util v0.3.31
[INFO] [stderr]    Compiling zerocopy v0.7.35
[INFO] [stderr]    Compiling async-stream-impl v0.3.6
[INFO] [stderr]    Compiling serial_test_derive v3.2.0
[INFO] [stderr]    Compiling windows-core v0.57.0
[INFO] [stderr]    Compiling async-stream v0.3.6
[INFO] [stderr]    Compiling windows-core v0.58.0
[INFO] [stderr]    Compiling ppv-lite86 v0.2.20
[INFO] [stderr]    Compiling s2n-codec v0.51.0
[INFO] [stderr]    Compiling tracing v0.1.41
[INFO] [stderr]    Compiling mssf-pal v0.0.17
[INFO] [stderr]    Compiling pin-project v1.1.7
[INFO] [stderr]    Compiling prost v0.13.4
[INFO] [stderr]    Compiling rand_chacha v0.3.1
[INFO] [stderr]    Compiling rand_chacha v0.2.2
[INFO] [stderr]    Compiling windows v0.57.0
[INFO] [stderr]    Compiling s2n-quic-core v0.51.0
[INFO] [stderr]    Compiling prost-types v0.13.4
[INFO] [stderr]    Compiling rand v0.8.5
[INFO] [stderr]    Compiling rand v0.7.3
[INFO] [stderr]    Compiling cuckoofilter v0.5.0
[INFO] [stderr]    Compiling prost-build v0.13.4
[INFO] [stderr]    Compiling futures-executor v0.3.31
[INFO] [stderr]    Compiling tower v0.5.2
[INFO] [stderr]    Compiling http-body-util v0.1.2
[INFO] [stderr]    Compiling axum-core v0.4.5
[INFO] [stderr]    Compiling msquic-rs v0.1.0 (https://github.com/youyuanwu/msquic-h3.git?rev=0079886562f4cf4e791173bf7411daf56742ab12#00798865)
[INFO] [stderr]    Compiling futures v0.3.31
[INFO] [stderr]    Compiling serial_test v3.2.0
[INFO] [stderr]    Compiling tonic-build v0.12.3
[INFO] [stderr]    Compiling tokio-util v0.7.13
[INFO] [stderr]    Compiling h3 v0.0.6 (https://github.com/hyperium/h3.git?rev=d47e24a9b6079287eb584dfafc09bd15b28e3867#d47e24a9)
[INFO] [stderr]    Compiling tokio-stream v0.1.17
[INFO] [stderr]    Compiling h2 v0.4.7
[INFO] [stderr]    Compiling tower v0.4.13
[INFO] [stderr]    Compiling tonic-h3-test v0.1.0 (/opt/rustwide/workdir/tonic-h3-tests)
[INFO] [stderr]    Compiling axum v0.7.9
[INFO] [stderr]    Compiling msquic v0.1.0 (https://github.com/youyuanwu/msquic-h3.git?rev=0079886562f4cf4e791173bf7411daf56742ab12#00798865)
[INFO] [stderr]    Compiling rustls-webpki v0.102.8
[INFO] [stderr]    Compiling s2n-quic-crypto v0.51.0
[INFO] [stderr]    Compiling s2n-quic-transport v0.51.0
[INFO] [stderr]    Compiling hyper v1.5.2
[INFO] [stderr]    Compiling hyper-util v0.1.10
[INFO] [stderr]    Compiling s2n-quic-rustls v0.51.0
[INFO] [stderr]    Compiling s2n-quic v1.51.0
[INFO] [stderr]    Compiling hyper-timeout v0.5.2
[INFO] [stderr]    Compiling tonic v0.12.3
[INFO] [stderr]    Compiling s2n-quic-h3 v0.1.0 (https://github.com/SergioBenitez/s2n-quic-h3.git?rev=f83247128132c968d57a99fa5e76ac7f1528ea10#f8324712)
[INFO] [stderr]    Compiling rustls-platform-verifier v0.4.0
[INFO] [stderr]    Compiling quinn-proto v0.11.9
[INFO] [stderr]    Compiling quinn v0.11.6
[INFO] [stderr]    Compiling h3-quinn v0.0.7
[INFO] [stderr]    Compiling h3-util v0.0.1 (/opt/rustwide/workdir/h3-util)
[INFO] [stderr]    Compiling axum-h3 v0.0.1 (/opt/rustwide/workdir/axum-h3)
[INFO] [stderr]    Compiling tonic-h3 v0.0.1 (/opt/rustwide/workdir/tonic-h3)
[INFO] [stderr]    Compiling tonic-h3-msquic v0.1.0 (/opt/rustwide/workdir/tonic-h3-msquic)
[INFO] [stderr]    Compiling tonic-h3-s2n v0.1.0 (/opt/rustwide/workdir/tonic-h3-s2n)
[INFO] [stderr]     Finished `dev` profile [unoptimized + debuginfo] target(s) in 1m 33s
[INFO] running `Command { std: "docker" "inspect" "ee829c6092f5f498a433ff58092516994ae5ee5ce0c7c85d13815fd11b7cf34b", kill_on_drop: false }`
[INFO] running `Command { std: "docker" "rm" "-f" "ee829c6092f5f498a433ff58092516994ae5ee5ce0c7c85d13815fd11b7cf34b", kill_on_drop: false }`
[INFO] [stdout] ee829c6092f5f498a433ff58092516994ae5ee5ce0c7c85d13815fd11b7cf34b
[INFO] running `Command { std: "docker" "create" "-v" "/var/lib/crater-agent-workspace/builds/worker-1-tc2/target:/opt/rustwide/target:rw,Z" "-v" "/var/lib/crater-agent-workspace/builds/worker-1-tc2/source:/opt/rustwide/workdir:ro,Z" "-v" "/var/lib/crater-agent-workspace/cargo-home:/opt/rustwide/cargo-home:ro,Z" "-v" "/var/lib/crater-agent-workspace/rustup-home:/opt/rustwide/rustup-home:ro,Z" "-e" "SOURCE_DIR=/opt/rustwide/workdir" "-e" "CARGO_TARGET_DIR=/opt/rustwide/target" "-e" "CARGO_INCREMENTAL=0" "-e" "RUST_BACKTRACE=full" "-e" "RUSTFLAGS=--cap-lints=forbid -Zrandomize-layout" "-e" "RUSTDOCFLAGS=--cap-lints=forbid" "-e" "CARGO_HOME=/opt/rustwide/cargo-home" "-e" "RUSTUP_HOME=/opt/rustwide/rustup-home" "-w" "/opt/rustwide/workdir" "-m" "1610612736" "--user" "0:0" "--network" "none" "ghcr.io/rust-lang/crates-build-env/linux@sha256:819108c5571ea2e421544af4d832f968d213c87fbe3707a016657f43d2f853bc" "/opt/rustwide/cargo-home/bin/cargo" "+nightly-2025-01-18" "test" "--frozen" "--no-run" "--message-format=json", kill_on_drop: false }`
[INFO] [stdout] 26e36532742a0b49962e3c3da147a62f315b71631c4edec4f28a02cc2577f06a
[INFO] running `Command { std: "docker" "start" "-a" "26e36532742a0b49962e3c3da147a62f315b71631c4edec4f28a02cc2577f06a", kill_on_drop: false }`
[INFO] [stderr]    Compiling h3-util v0.0.1 (/opt/rustwide/workdir/h3-util)
[INFO] [stderr]    Compiling axum-h3 v0.0.1 (/opt/rustwide/workdir/axum-h3)
[INFO] [stderr]    Compiling tonic-h3 v0.0.1 (/opt/rustwide/workdir/tonic-h3)
[INFO] [stderr]    Compiling tonic-h3-msquic v0.1.0 (/opt/rustwide/workdir/tonic-h3-msquic)
[INFO] [stderr]    Compiling tonic-h3-s2n v0.1.0 (/opt/rustwide/workdir/tonic-h3-s2n)
[INFO] [stderr]    Compiling tonic-h3-test v0.1.0 (/opt/rustwide/workdir/tonic-h3-tests)
[INFO] [stderr]     Finished `test` profile [unoptimized + debuginfo] target(s) in 13.58s
[INFO] running `Command { std: "docker" "inspect" "26e36532742a0b49962e3c3da147a62f315b71631c4edec4f28a02cc2577f06a", kill_on_drop: false }`
[INFO] running `Command { std: "docker" "rm" "-f" "26e36532742a0b49962e3c3da147a62f315b71631c4edec4f28a02cc2577f06a", kill_on_drop: false }`
[INFO] [stdout] 26e36532742a0b49962e3c3da147a62f315b71631c4edec4f28a02cc2577f06a
[INFO] running `Command { std: "docker" "create" "-v" "/var/lib/crater-agent-workspace/builds/worker-1-tc2/target:/opt/rustwide/target:rw,Z" "-v" "/var/lib/crater-agent-workspace/builds/worker-1-tc2/source:/opt/rustwide/workdir:ro,Z" "-v" "/var/lib/crater-agent-workspace/cargo-home:/opt/rustwide/cargo-home:ro,Z" "-v" "/var/lib/crater-agent-workspace/rustup-home:/opt/rustwide/rustup-home:ro,Z" "-e" "SOURCE_DIR=/opt/rustwide/workdir" "-e" "CARGO_TARGET_DIR=/opt/rustwide/target" "-e" "CARGO_INCREMENTAL=0" "-e" "RUST_BACKTRACE=full" "-e" "RUSTFLAGS=--cap-lints=forbid -Zrandomize-layout" "-e" "RUSTDOCFLAGS=--cap-lints=forbid" "-e" "CARGO_HOME=/opt/rustwide/cargo-home" "-e" "RUSTUP_HOME=/opt/rustwide/rustup-home" "-w" "/opt/rustwide/workdir" "-m" "1610612736" "--user" "0:0" "--network" "none" "ghcr.io/rust-lang/crates-build-env/linux@sha256:819108c5571ea2e421544af4d832f968d213c87fbe3707a016657f43d2f853bc" "/opt/rustwide/cargo-home/bin/cargo" "+nightly-2025-01-18" "test" "--frozen", kill_on_drop: false }`
[INFO] [stdout] 7e3ca73dad271edf271e9bf08aaafc3d7f1b102bfd176eb7290bbb5d38db8008
[INFO] running `Command { std: "docker" "start" "-a" "7e3ca73dad271edf271e9bf08aaafc3d7f1b102bfd176eb7290bbb5d38db8008", kill_on_drop: false }`
[INFO] [stderr]     Finished `test` profile [unoptimized + debuginfo] target(s) in 0.29s
[INFO] [stderr]      Running unittests src/lib.rs (/opt/rustwide/target/debug/deps/axum_h3-bdb2fb5f5ac3b918)
[INFO] [stdout] 
[INFO] [stdout] running 0 tests
[INFO] [stdout] 
[INFO] [stdout] test result: ok. 0 passed; 0 failed; 0 ignored; 0 measured; 0 filtered out; finished in 0.00s
[INFO] [stdout] 
[INFO] [stderr]      Running unittests src/lib.rs (/opt/rustwide/target/debug/deps/h3_util-335790850737bb73)
[INFO] [stdout] 
[INFO] [stdout] running 0 tests
[INFO] [stdout] 
[INFO] [stdout] test result: ok. 0 passed; 0 failed; 0 ignored; 0 measured; 0 filtered out; finished in 0.00s
[INFO] [stdout] 
[INFO] [stderr]      Running unittests src/lib.rs (/opt/rustwide/target/debug/deps/tonic_h3-540fa10d70c43c3e)
[INFO] [stdout] 
[INFO] [stdout] running 0 tests
[INFO] [stdout] 
[INFO] [stderr]      Running unittests src/lib.rs (/opt/rustwide/target/debug/deps/tonic_h3_msquic-ec977649d1faa30c)
[INFO] [stdout] test result: ok. 0 passed; 0 failed; 0 ignored; 0 measured; 0 filtered out; finished in 0.00s
[INFO] [stdout] 
[INFO] [stdout] 
[INFO] [stdout] running 0 tests
[INFO] [stdout] 
[INFO] [stdout] test result: ok. 0 passed; 0 failed; 0 ignored; 0 measured; 0 filtered out; finished in 0.00s
[INFO] [stdout] 
[INFO] [stderr]      Running unittests src/lib.rs (/opt/rustwide/target/debug/deps/tonic_h3_s2n-7ad875983abe258d)
[INFO] [stdout] 
[INFO] [stdout] running 0 tests
[INFO] [stdout] 
[INFO] [stdout] test result: ok. 0 passed; 0 failed; 0 ignored; 0 measured; 0 filtered out; finished in 0.00s
[INFO] [stdout] 
[INFO] [stderr]      Running unittests src/lib.rs (/opt/rustwide/target/debug/deps/tonic_h3_test-63e12622e30a5229)
[INFO] [stdout] 
[INFO] [stdout] running 5 tests
[INFO] [stdout] 2025-01-20T22:08:25.872683Z DEBUG tonic_h3_test: listenaddr : 127.0.0.1:41833
[INFO] [stdout] 2025-01-20T22:08:25.886871Z DEBUG tonic_h3_test::tonic_h3_tests: listenaddr : 127.0.0.1:41833
[INFO] [stdout] 2025-01-20T22:08:25.887027Z DEBUG axum_h3: loop start
[INFO] [stdout] 2025-01-20T22:08:25.887055Z DEBUG axum_h3: loop
[INFO] [stdout] 2025-01-20T22:08:25.887077Z DEBUG h3_util::quinn::server: select_conn
[INFO] [stdout] 2025-01-20T22:08:25.887086Z DEBUG h3_util::quinn::server: endpoint wait for new incoming
[INFO] [stdout] 2025-01-20T22:08:25.887092Z DEBUG h3_util::quinn::server: endpoint waiting accept
[INFO] [stdout] 2025-01-20T22:08:25.873424Z DEBUG h3_util::connection: send_request idle.
[INFO] [stdout] 2025-01-20T22:08:25.873466Z DEBUG h3_util::connection: send_request idle.
[INFO] [stdout] 2025-01-20T22:08:25.874630Z DEBUG tonic_h3_test::tonic_h3_tests: listenaddr : 127.0.0.1:41421
[INFO] [stdout] 2025-01-20T22:08:25.889090Z DEBUG axum_h3: loop start
[INFO] [stdout] 2025-01-20T22:08:25.889105Z DEBUG axum_h3: loop
[INFO] [stdout] 2025-01-20T22:08:25.875516Z DEBUG axum_h3: loop start
[INFO] [stdout] 2025-01-20T22:08:25.889620Z DEBUG axum_h3: loop
[INFO] [stdout] 2025-01-20T22:08:25.889702Z DEBUG h3_util::quinn::server: select_conn
[INFO] [stdout] 2025-01-20T22:08:25.889750Z DEBUG h3_util::quinn::server: endpoint wait for new incoming
[INFO] [stdout] 2025-01-20T22:08:25.889795Z DEBUG h3_util::quinn::server: endpoint waiting accept
[INFO] [stdout] 2025-01-20T22:08:25.892018Z DEBUG h3_util::connection: connector error: failed to lookup address information: Temporary failure in name resolution
[INFO] [stdout] 2025-01-20T22:08:25.892025Z DEBUG h3_util::connection: connector error: failed to lookup address information: Temporary failure in name resolution
[INFO] [stdout] test axum::apache_client_test ... FAILED
[INFO] [stdout] test axum::h2o_client_test ... FAILED
[INFO] [stdout] 2025-01-20T22:08:26.877265Z DEBUG h3_util::connection: send_request idle.
[INFO] [stdout] 2025-01-20T22:08:26.877335Z DEBUG h3_util::quinn::client: connecting to server: [127.0.0.1:37997]
[INFO] [stdout] 2025-01-20T22:08:26.879098Z DEBUG h3_util::quinn::server: endpoint accept incoming conn
[INFO] [stdout] 2025-01-20T22:08:26.879117Z DEBUG h3_util::quinn::server: poll conn new incoming
[INFO] [stdout] 2025-01-20T22:08:26.879147Z DEBUG h3_util::quinn::server: select_conn
[INFO] [stdout] 2025-01-20T22:08:26.879155Z DEBUG h3_util::quinn::server: endpoint waiting accept
[INFO] [stdout] 2025-01-20T22:08:26.884782Z DEBUG h3_util::connection: making new send_request
[INFO] [stdout] 2025-01-20T22:08:26.884958Z DEBUG h3_util::connection: send_request entry established.
[INFO] [stdout] 2025-01-20T22:08:26.885000Z DEBUG h3_util::connection: sending h3 req header: Request { method: GET, uri: https://127.0.0.1:37997/, version: HTTP/1.1, headers: {}, body: () }
[INFO] [stdout] 2025-01-20T22:08:26.885136Z DEBUG h3_util::connection: recv header
[INFO] [stdout] 2025-01-20T22:08:26.887039Z DEBUG h3_util::quinn::server: New incoming conn.
[INFO] [stdout] 2025-01-20T22:08:26.887283Z DEBUG axum_h3: loop
[INFO] [stdout] 2025-01-20T22:08:26.887305Z DEBUG h3_util::quinn::server: select_conn
[INFO] [stdout] 2025-01-20T22:08:26.887313Z DEBUG h3_util::quinn::server: endpoint wait for new incoming
[INFO] [stdout] 2025-01-20T22:08:26.887320Z DEBUG h3_util::quinn::server: endpoint waiting accept
[INFO] [stdout] 2025-01-20T22:08:26.887988Z DEBUG axum_h3: serving request
[INFO] [stdout] 2025-01-20T22:08:26.888019Z DEBUG axum_h3: serving request call service
[INFO] [stdout] 2025-01-20T22:08:26.888130Z DEBUG axum_h3: serving request write header
[INFO] [stdout] 2025-01-20T22:08:26.888209Z DEBUG h3_util::server_body: serving request write data
[INFO] [stdout] 2025-01-20T22:08:26.888241Z DEBUG axum_h3: serving request end
[INFO] [stdout] 2025-01-20T22:08:26.888895Z DEBUG tonic_h3_test::tonic_h3_tests: connecting quic client.
[INFO] [stdout] 2025-01-20T22:08:26.889333Z DEBUG h3_util::connection: send_request idle.
[INFO] [stdout] 2025-01-20T22:08:26.889376Z DEBUG h3_util::quinn::client: connecting to server: [127.0.0.1:41833]
[INFO] [stdout] 2025-01-20T22:08:26.890062Z DEBUG tonic_h3_test::tonic_h3_tests: connecting quic client.
[INFO] [stdout] 2025-01-20T22:08:26.890320Z DEBUG h3_util::connection: send_request idle.
[INFO] [stdout] 2025-01-20T22:08:26.890345Z DEBUG h3_util::quinn::client: connecting to server: [127.0.0.1:41421]
[INFO] [stdout] 2025-01-20T22:08:26.891998Z DEBUG h3_util::connection: return resp
[INFO] [stdout] 2025-01-20T22:08:26.895031Z DEBUG h3_util::quinn::server: endpoint accept incoming conn
[INFO] [stdout] 2025-01-20T22:08:26.895060Z DEBUG h3_util::quinn::server: poll conn new incoming
[INFO] [stdout] 2025-01-20T22:08:26.895087Z DEBUG h3_util::quinn::server: select_conn
[INFO] [stdout] 2025-01-20T22:08:26.895098Z DEBUG h3_util::quinn::server: endpoint waiting accept
[INFO] [stdout] 2025-01-20T22:08:26.896744Z DEBUG axum_h3: cancellation triggered
[INFO] [stdout] test axum::axum_test ... ok
[INFO] [stdout] 2025-01-20T22:08:26.899285Z DEBUG h3_util::connection: making new send_request
[INFO] [stdout] 2025-01-20T22:08:26.899700Z DEBUG h3_util::connection: send_request entry established.
[INFO] [stdout] 2025-01-20T22:08:26.899984Z DEBUG h3_util::connection: making new send_request
[INFO] [stdout] 2025-01-20T22:08:26.899994Z DEBUG h3_util::connection: sending h3 req header: Request { method: POST, uri: https://127.0.0.1:41421/helloworld.Greeter/SayHello, version: HTTP/2.0, headers: {"te": "trailers", "content-type": "application/grpc"}, body: () }
[INFO] [stdout] 2025-01-20T22:08:26.900099Z DEBUG h3_util::connection: send_request entry established.
[INFO] [stdout] 2025-01-20T22:08:26.900682Z DEBUG h3_util::connection: sending h3 req header: Request { method: POST, uri: https://127.0.0.1:41833/helloworld.Greeter/SayHello, version: HTTP/2.0, headers: {"te": "trailers", "content-type": "application/grpc"}, body: () }
[INFO] [stdout] 2025-01-20T22:08:26.903828Z DEBUG h3_util::connection: recv header
[INFO] [stdout] 2025-01-20T22:08:26.901095Z DEBUG h3_util::connection: recv header
[INFO] [stdout] 2025-01-20T22:08:26.904750Z DEBUG h3_util::client_body: client write data
[INFO] [stdout] 2025-01-20T22:08:26.905187Z DEBUG h3_util::client_body: client write data
[INFO] [stdout] 2025-01-20T22:08:26.908360Z DEBUG axum_h3: loop
[INFO] [stdout] 2025-01-20T22:08:26.908742Z DEBUG h3_util::quinn::server: New incoming conn.
[INFO] [stdout] 2025-01-20T22:08:26.911380Z DEBUG axum_h3: loop
[INFO] [stdout] 2025-01-20T22:08:26.911560Z DEBUG h3_util::quinn::server: select_conn
[INFO] [stdout] 2025-01-20T22:08:26.911593Z DEBUG h3_util::quinn::server: endpoint wait for new incoming
[INFO] [stdout] 2025-01-20T22:08:26.911831Z DEBUG h3_util::quinn::server: endpoint waiting accept
[INFO] [stdout] 2025-01-20T22:08:26.912567Z DEBUG axum_h3: serving request
[INFO] [stdout] 2025-01-20T22:08:26.912627Z DEBUG axum_h3: serving request call service
[INFO] [stdout] 2025-01-20T22:08:26.912808Z DEBUG h3_util::server_body: server incomming poll_frame recv_data
[INFO] [stdout] 2025-01-20T22:08:26.912918Z DEBUG h3_util::server_body: server incomming poll_frame recv_data
[INFO] [stdout] 2025-01-20T22:08:26.913022Z DEBUG h3_util::server_body: server incomming poll_frame recv_trailers
[INFO] [stdout] 2025-01-20T22:08:26.913093Z DEBUG tonic_h3_test: say_hello: Tonic
[INFO] [stdout] 2025-01-20T22:08:26.913158Z DEBUG axum_h3: serving request write header
[INFO] [stdout] 2025-01-20T22:08:26.915700Z DEBUG h3_util::server_body: serving request write data
[INFO] [stdout] 2025-01-20T22:08:26.915807Z DEBUG h3_util::server_body: serving request write trailer: {"grpc-status": "0"}
[INFO] [stdout] 2025-01-20T22:08:26.915907Z DEBUG axum_h3: serving request end
[INFO] [stdout] 2025-01-20T22:08:26.918495Z DEBUG axum_h3: serving request
[INFO] [stdout] 2025-01-20T22:08:26.918579Z DEBUG axum_h3: serving request call service
[INFO] [stdout] 2025-01-20T22:08:26.918735Z DEBUG h3_util::server_body: server incomming poll_frame recv_data
[INFO] [stdout] 2025-01-20T22:08:26.918919Z DEBUG h3_util::server_body: server incomming poll_frame recv_data
[INFO] [stdout] 2025-01-20T22:08:26.919114Z DEBUG h3_util::server_body: server incomming poll_frame recv_trailers
[INFO] [stdout] 2025-01-20T22:08:26.919227Z DEBUG tonic_h3_test: say_hello: Tonic
[INFO] [stdout] 2025-01-20T22:08:26.919328Z DEBUG axum_h3: serving request write header
[INFO] [stdout] 2025-01-20T22:08:26.919561Z DEBUG h3_util::server_body: serving request write data
[INFO] [stdout] 2025-01-20T22:08:26.919742Z DEBUG h3_util::server_body: serving request write trailer: {"grpc-status": "0"}
[INFO] [stdout] 2025-01-20T22:08:26.920677Z DEBUG h3_util::connection: return resp
[INFO] [stdout] 2025-01-20T22:08:26.920781Z DEBUG axum_h3: serving request end
[INFO] [stdout] 2025-01-20T22:08:26.922397Z DEBUG tonic_h3_test::tonic_h3_tests: RESPONSE=Response { metadata: MetadataMap { headers: {"content-type": "application/grpc", "grpc-status": "0"} }, message: HelloReply { message: "hello Tonic" }, extensions: Extensions }
[INFO] [stdout] 2025-01-20T22:08:26.925318Z DEBUG h3_util::connection: send_request entry cache hit.
[INFO] [stdout] 2025-01-20T22:08:26.925641Z DEBUG h3_util::connection: sending h3 req header: Request { method: POST, uri: https://127.0.0.1:41833/helloworld.Greeter/SayHello, version: HTTP/2.0, headers: {"te": "trailers", "content-type": "application/grpc"}, body: () }
[INFO] [stdout] 2025-01-20T22:08:26.926049Z DEBUG h3_util::connection: recv header
[INFO] [stdout] 2025-01-20T22:08:26.927222Z DEBUG h3_util::client_body: client write data
[INFO] [stdout] 2025-01-20T22:08:26.925275Z DEBUG h3_util::connection: return resp
[INFO] [stdout] 2025-01-20T22:08:26.928178Z DEBUG tonic_h3_test::tonic_h3_tests: RESPONSE=Response { metadata: MetadataMap { headers: {"content-type": "application/grpc", "grpc-status": "0"} }, message: HelloReply { message: "hello Tonic" }, extensions: Extensions }
[INFO] [stdout] 2025-01-20T22:08:26.929685Z DEBUG h3_util::connection: send_request entry cache hit.
[INFO] [stdout] 2025-01-20T22:08:26.930202Z DEBUG h3_util::connection: sending h3 req header: Request { method: POST, uri: https://127.0.0.1:41421/helloworld.Greeter/SayHello, version: HTTP/2.0, headers: {"te": "trailers", "content-type": "application/grpc"}, body: () }
[INFO] [stdout] 2025-01-20T22:08:26.930449Z DEBUG h3_util::connection: recv header
[INFO] [stdout] 2025-01-20T22:08:26.930730Z DEBUG h3_util::client_body: client write data
[INFO] [stdout] 2025-01-20T22:08:26.931772Z DEBUG axum_h3: serving request
[INFO] [stdout] 2025-01-20T22:08:26.929638Z DEBUG axum_h3: serving request
[INFO] [stdout] 2025-01-20T22:08:26.932067Z DEBUG axum_h3: serving request call service
[INFO] [stdout] 2025-01-20T22:08:26.932218Z DEBUG h3_util::server_body: server incomming poll_frame recv_data
[INFO] [stdout] 2025-01-20T22:08:26.933144Z DEBUG h3_util::server_body: server incomming poll_frame recv_data
[INFO] [stdout] 2025-01-20T22:08:26.933247Z DEBUG h3_util::server_body: server incomming poll_frame recv_trailers
[INFO] [stdout] 2025-01-20T22:08:26.933323Z DEBUG tonic_h3_test: say_hello: Tonic2
[INFO] [stdout] 2025-01-20T22:08:26.933389Z DEBUG axum_h3: serving request write header
[INFO] [stdout] 2025-01-20T22:08:26.933506Z DEBUG h3_util::server_body: serving request write data
[INFO] [stdout] 2025-01-20T22:08:26.933590Z DEBUG h3_util::server_body: serving request write trailer: {"grpc-status": "0"}
[INFO] [stdout] 2025-01-20T22:08:26.933674Z DEBUG axum_h3: serving request call service
[INFO] [stdout] 2025-01-20T22:08:26.933870Z DEBUG h3_util::server_body: server incomming poll_frame recv_data
[INFO] [stdout] 2025-01-20T22:08:26.933771Z DEBUG axum_h3: serving request end
[INFO] [stdout] 2025-01-20T22:08:26.934678Z DEBUG h3_util::server_body: server incomming poll_frame recv_data
[INFO] [stdout] 2025-01-20T22:08:26.934835Z DEBUG h3_util::server_body: server incomming poll_frame recv_trailers
[INFO] [stdout] 2025-01-20T22:08:26.934905Z DEBUG tonic_h3_test: say_hello: Tonic2
[INFO] [stdout] 2025-01-20T22:08:26.934996Z DEBUG axum_h3: serving request write header
[INFO] [stdout] 2025-01-20T22:08:26.935241Z DEBUG h3_util::server_body: serving request write data
[INFO] [stdout] 2025-01-20T22:08:26.935457Z DEBUG h3_util::server_body: serving request write trailer: {"grpc-status": "0"}
[INFO] [stdout] 2025-01-20T22:08:26.936705Z DEBUG axum_h3: serving request end
[INFO] [stdout] 2025-01-20T22:08:26.937981Z DEBUG h3_util::connection: return resp
[INFO] [stdout] 2025-01-20T22:08:26.938202Z DEBUG h3_util::connection: return resp
[INFO] [stdout] 2025-01-20T22:08:26.939635Z DEBUG tonic_h3_test::tonic_h3_tests: RESPONSE=Response { metadata: MetadataMap { headers: {"content-type": "application/grpc", "grpc-status": "0"} }, message: HelloReply { message: "hello Tonic2" }, extensions: Extensions }
[INFO] [stdout] 2025-01-20T22:08:26.940188Z DEBUG tonic_h3_test::tonic_h3_tests: RESPONSE=Response { metadata: MetadataMap { headers: {"content-type": "application/grpc", "grpc-status": "0"} }, message: HelloReply { message: "hello Tonic2" }, extensions: Extensions }
[INFO] [stdout] 2025-01-20T22:08:26.940387Z DEBUG tonic_h3_test::tonic_h3_tests: client wait idle
[INFO] [stdout] 2025-01-20T22:08:26.941038Z DEBUG axum_h3: server connection ended:
[INFO] [stdout] 2025-01-20T22:08:26.941142Z DEBUG tonic_h3_test::tonic_h3_tests: client wait idle
[INFO] [stdout] 2025-01-20T22:08:26.942415Z DEBUG axum_h3: server connection ended:
[INFO] [stdout] 2025-01-20T22:08:27.063290Z DEBUG h3_util::connection: send_request idle.
[INFO] [stdout] 2025-01-20T22:08:27.063343Z DEBUG tonic_h3_s2n::client: connecting to server: [127.0.0.1:41833]
[INFO] [stdout] 2025-01-20T22:08:27.064780Z DEBUG h3_util::quinn::server: endpoint accept incoming conn
[INFO] [stdout] 2025-01-20T22:08:27.064800Z DEBUG h3_util::quinn::server: poll conn new incoming
[INFO] [stdout] 2025-01-20T22:08:27.064825Z DEBUG h3_util::quinn::server: select_conn
[INFO] [stdout] 2025-01-20T22:08:27.064835Z DEBUG h3_util::quinn::server: endpoint waiting accept
[INFO] [stdout] 2025-01-20T22:08:27.073211Z DEBUG h3_util::connection: making new send_request
[INFO] [stdout] 2025-01-20T22:08:27.073553Z DEBUG h3_util::connection: send_request entry established.
[INFO] [stdout] 2025-01-20T22:08:27.073720Z DEBUG h3_util::connection: sending h3 req header: Request { method: POST, uri: https://127.0.0.1:41833/helloworld.Greeter/SayHello, version: HTTP/2.0, headers: {"te": "trailers", "content-type": "application/grpc"}, body: () }
[INFO] [stdout] 2025-01-20T22:08:27.074001Z DEBUG h3_util::connection: recv header
[INFO] [stdout] 2025-01-20T22:08:27.074514Z DEBUG h3_util::client_body: client write data
[INFO] [stdout] 2025-01-20T22:08:27.076089Z DEBUG h3_util::quinn::server: New incoming conn.
[INFO] [stdout] 2025-01-20T22:08:27.077001Z DEBUG axum_h3: loop
[INFO] [stdout] 2025-01-20T22:08:27.077071Z DEBUG h3_util::quinn::server: select_conn
[INFO] [stdout] 2025-01-20T22:08:27.077100Z DEBUG h3_util::quinn::server: endpoint wait for new incoming
[INFO] [stdout] 2025-01-20T22:08:27.077125Z DEBUG h3_util::quinn::server: endpoint waiting accept
[INFO] [stdout] 2025-01-20T22:08:27.079450Z DEBUG axum_h3: serving request
[INFO] [stdout] 2025-01-20T22:08:27.076766Z DEBUG h3_util::connection: send_request idle.
[INFO] [stdout] 2025-01-20T22:08:27.079750Z DEBUG tonic_h3_s2n::client: connecting to server: [127.0.0.1:41421]
[INFO] [stdout] 2025-01-20T22:08:27.081847Z DEBUG axum_h3: serving request call service
[INFO] [stdout] 2025-01-20T22:08:27.082191Z DEBUG h3_util::server_body: server incomming poll_frame recv_data
[INFO] [stdout] 2025-01-20T22:08:27.082492Z DEBUG h3_util::server_body: server incomming poll_frame recv_data
[INFO] [stdout] 2025-01-20T22:08:27.084024Z DEBUG h3_util::server_body: server incomming poll_frame recv_trailers
[INFO] [stdout] 2025-01-20T22:08:27.084073Z DEBUG tonic_h3_test: say_hello: Tonic-S2n
[INFO] [stdout] 2025-01-20T22:08:27.084109Z DEBUG axum_h3: serving request write header
[INFO] [stdout] 2025-01-20T22:08:27.084203Z DEBUG h3_util::server_body: serving request write data
[INFO] [stdout] 2025-01-20T22:08:27.084237Z DEBUG h3_util::server_body: serving request write trailer: {"grpc-status": "0"}
[INFO] [stdout] 2025-01-20T22:08:27.084286Z DEBUG axum_h3: serving request end
[INFO] [stdout] 2025-01-20T22:08:27.086458Z DEBUG h3_util::connection: return resp
[INFO] [stdout] 2025-01-20T22:08:27.090182Z DEBUG tonic_h3_test::tonic_h3_tests: RESPONSE=Response { metadata: MetadataMap { headers: {"content-type": "application/grpc", "grpc-status": "0"} }, message: HelloReply { message: "hello Tonic-S2n" }, extensions: Extensions }
[INFO] [stdout] 2025-01-20T22:08:27.088785Z DEBUG h3_util::connection: making new send_request
[INFO] [stdout] 2025-01-20T22:08:27.090485Z DEBUG h3_util::connection: send_request entry established.
[INFO] [stdout] 2025-01-20T22:08:27.090628Z DEBUG h3_util::connection: sending h3 req header: Request { method: POST, uri: https://127.0.0.1:41421/helloworld.Greeter/SayHello, version: HTTP/2.0, headers: {"te": "trailers", "content-type": "application/grpc"}, body: () }
[INFO] [stdout] 2025-01-20T22:08:27.094874Z DEBUG h3_util::connection: recv header
[INFO] [stdout] 2025-01-20T22:08:27.095395Z DEBUG h3_util::client_body: client write data
[INFO] [stdout] 2025-01-20T22:08:27.096716Z DEBUG axum_h3: loop
[INFO] [stdout] 2025-01-20T22:08:27.098406Z DEBUG axum_h3: server connection ended:
[INFO] [stdout] 2025-01-20T22:08:27.100182Z DEBUG axum_h3: serving request
[INFO] [stdout] 2025-01-20T22:08:27.100283Z DEBUG axum_h3: serving request call service
[INFO] [stdout] 2025-01-20T22:08:27.100417Z DEBUG h3_util::server_body: server incomming poll_frame recv_data
[INFO] [stdout] 2025-01-20T22:08:27.100504Z DEBUG h3_util::server_body: server incomming poll_frame recv_data
[INFO] [stdout] 2025-01-20T22:08:27.100611Z DEBUG h3_util::server_body: server incomming poll_frame recv_trailers
[INFO] [stdout] 2025-01-20T22:08:27.100696Z DEBUG tonic_h3_test: say_hello: Tonic-S2n
[INFO] [stdout] 2025-01-20T22:08:27.100779Z DEBUG axum_h3: serving request write header
[INFO] [stdout] 2025-01-20T22:08:27.100939Z DEBUG h3_util::server_body: serving request write data
[INFO] [stdout] 2025-01-20T22:08:27.101029Z DEBUG h3_util::server_body: serving request write trailer: {"grpc-status": "0"}
[INFO] [stdout] 2025-01-20T22:08:27.101138Z DEBUG axum_h3: serving request end
[INFO] [stdout] 2025-01-20T22:08:27.103642Z DEBUG h3_util::connection: return resp
[INFO] [stdout] 2025-01-20T22:08:27.104739Z DEBUG tonic_h3_test::tonic_h3_tests: RESPONSE=Response { metadata: MetadataMap { headers: {"content-type": "application/grpc", "grpc-status": "0"} }, message: HelloReply { message: "hello Tonic-S2n" }, extensions: Extensions }
[INFO] [stdout] 2025-01-20T22:08:27.105694Z DEBUG drive{id=0}: quinn_proto::connection: discarding possible duplicate packet
[INFO] [stdout] 2025-01-20T22:08:27.106211Z DEBUG axum_h3: server connection ended:
[INFO] [stdout] 2025-01-20T22:08:27.219098Z DEBUG axum_h3: cancellation triggered
[INFO] [stdout] test tonic_h3_tests::h3_quinn_test ... ok
[INFO] [stdout] 2025-01-20T22:08:27.227135Z DEBUG axum_h3: cancellation triggered
[INFO] [stdout] test tonic_h3_tests::h3_s2n_test ... ok
[INFO] [stdout] 
[INFO] [stdout] failures:
[INFO] [stdout] 
[INFO] [stdout] ---- axum::apache_client_test stdout ----
[INFO] [stdout] 
[INFO] [stdout] thread 'axum::apache_client_test' panicked at tonic-h3-tests/src/axum.rs:96:43:
[INFO] [stdout] called `Result::unwrap()` on an `Err` value: Custom { kind: Uncategorized, error: "failed to lookup address information: Temporary failure in name resolution" }
[INFO] [stdout] stack backtrace:
[INFO] [stdout]    0:     0x6060bfa71cca - std::backtrace_rs::backtrace::libunwind::trace::hb059275cfc8d6126
[INFO] [stdout]                                at /rustc/6067b36314ab5eb2eb47cecc464545ba58e1ad24/library/std/src/../../backtrace/src/backtrace/libunwind.rs:116:5
[INFO] [stdout]    1:     0x6060bfa71cca - std::backtrace_rs::backtrace::trace_unsynchronized::h2da071e4327ce3ee
[INFO] [stdout]                                at /rustc/6067b36314ab5eb2eb47cecc464545ba58e1ad24/library/std/src/../../backtrace/src/backtrace/mod.rs:66:5
[INFO] [stdout]    2:     0x6060bfa71cca - std::sys::backtrace::_print_fmt::h842a1474e6f8d23f
[INFO] [stdout]                                at /rustc/6067b36314ab5eb2eb47cecc464545ba58e1ad24/library/std/src/sys/backtrace.rs:66:9
[INFO] [stdout]    3:     0x6060bfa71cca - <std::sys::backtrace::BacktraceLock::print::DisplayBacktrace as core::fmt::Display>::fmt::h71a62eb3b9696b12
[INFO] [stdout]                                at /rustc/6067b36314ab5eb2eb47cecc464545ba58e1ad24/library/std/src/sys/backtrace.rs:39:26
[INFO] [stdout]    4:     0x6060bfa9da23 - core::fmt::rt::Argument::fmt::hdb6b616786b41dc1
[INFO] [stdout]                                at /rustc/6067b36314ab5eb2eb47cecc464545ba58e1ad24/library/core/src/fmt/rt.rs:177:76
[INFO] [stdout]    5:     0x6060bfa9da23 - core::fmt::write::h2cc1698af7e2d686
[INFO] [stdout]                                at /rustc/6067b36314ab5eb2eb47cecc464545ba58e1ad24/library/core/src/fmt/mod.rs:1440:21
[INFO] [stdout]    6:     0x6060bfa6df53 - std::io::Write::write_fmt::hab1b4cd059a79022
[INFO] [stdout]                                at /rustc/6067b36314ab5eb2eb47cecc464545ba58e1ad24/library/std/src/io/mod.rs:1887:15
[INFO] [stdout]    7:     0x6060bfa71b12 - std::sys::backtrace::BacktraceLock::print::h147fe35b4ea13b08
[INFO] [stdout]                                at /rustc/6067b36314ab5eb2eb47cecc464545ba58e1ad24/library/std/src/sys/backtrace.rs:42:9
[INFO] [stdout]    8:     0x6060bfa730ef - std::panicking::default_hook::{{closure}}::hbd44223dbdc0d208
[INFO] [stdout]                                at /rustc/6067b36314ab5eb2eb47cecc464545ba58e1ad24/library/std/src/panicking.rs:298:22
[INFO] [stdout]    9:     0x6060bfa72f08 - std::panicking::default_hook::h20f81eb0576efcec
[INFO] [stdout]                                at /rustc/6067b36314ab5eb2eb47cecc464545ba58e1ad24/library/std/src/panicking.rs:322:9
[INFO] [stdout]   10:     0x6060bf572f43 - <alloc::boxed::Box<F,A> as core::ops::function::Fn<Args>>::call::hdb53814c496a4d34
[INFO] [stdout]                                at /rustc/6067b36314ab5eb2eb47cecc464545ba58e1ad24/library/alloc/src/boxed.rs:2027:9
[INFO] [stdout]   11:     0x6060bf572f43 - test::test_main::{{closure}}::hc0a4963c59427c24
[INFO] [stdout]                                at /rustc/6067b36314ab5eb2eb47cecc464545ba58e1ad24/library/test/src/lib.rs:134:21
[INFO] [stdout]   12:     0x6060bfa73be3 - <alloc::boxed::Box<F,A> as core::ops::function::Fn<Args>>::call::h591b2225413a77e9
[INFO] [stdout]                                at /rustc/6067b36314ab5eb2eb47cecc464545ba58e1ad24/library/alloc/src/boxed.rs:2027:9
[INFO] [stdout]   13:     0x6060bfa73be3 - std::panicking::rust_panic_with_hook::h625eea43051b2edc
[INFO] [stdout]                                at /rustc/6067b36314ab5eb2eb47cecc464545ba58e1ad24/library/std/src/panicking.rs:839:13
[INFO] [stdout]   14:     0x6060bfa7389a - std::panicking::begin_panic_handler::{{closure}}::h4f9159cfbc3f6bd3
[INFO] [stdout]                                at /rustc/6067b36314ab5eb2eb47cecc464545ba58e1ad24/library/std/src/panicking.rs:704:13
[INFO] [stdout]   15:     0x6060bfa721c9 - std::sys::backtrace::__rust_end_short_backtrace::h0390abce48353151
[INFO] [stdout]                                at /rustc/6067b36314ab5eb2eb47cecc464545ba58e1ad24/library/std/src/sys/backtrace.rs:168:18
[INFO] [stdout]   16:     0x6060bfa7352d - rust_begin_unwind
[INFO] [stdout]                                at /rustc/6067b36314ab5eb2eb47cecc464545ba58e1ad24/library/std/src/panicking.rs:695:5
[INFO] [stdout]   17:     0x6060bfa9b290 - core::panicking::panic_fmt::h9e7c637e9e5f29c9
[INFO] [stdout]                                at /rustc/6067b36314ab5eb2eb47cecc464545ba58e1ad24/library/core/src/panicking.rs:75:14
[INFO] [stdout]   18:     0x6060bfa9b766 - core::result::unwrap_failed::h7979f09313fe1849
[INFO] [stdout]                                at /rustc/6067b36314ab5eb2eb47cecc464545ba58e1ad24/library/core/src/result.rs:1704:5
[INFO] [stdout]   19:     0x6060bef5f001 - core::result::Result<T,E>::unwrap::h2181a2f67a8b688b
[INFO] [stdout]                                at /rustc/6067b36314ab5eb2eb47cecc464545ba58e1ad24/library/core/src/result.rs:1109:23
[INFO] [stdout]   20:     0x6060bef5f001 - tonic_h3_test::axum::test_client::{{closure}}::hee5e1f0bd9f70899
[INFO] [stdout]                                at /opt/rustwide/workdir/tonic-h3-tests/src/axum.rs:96:20
[INFO] [stdout]   21:     0x6060bef61d1b - tonic_h3_test::axum::apache_client_test::{{closure}}::h7e57e0ba41402220
[INFO] [stdout]                                at /opt/rustwide/workdir/tonic-h3-tests/src/axum.rs:75:22
[INFO] [stdout]   22:     0x6060befb6a72 - <core::pin::Pin<P> as core::future::future::Future>::poll::hc61e0e110b5b767a
[INFO] [stdout]                                at /rustc/6067b36314ab5eb2eb47cecc464545ba58e1ad24/library/core/src/future/future.rs:124:9
[INFO] [stdout]   23:     0x6060befb6b0d - <core::pin::Pin<P> as core::future::future::Future>::poll::hd2e3d09235a70234
[INFO] [stdout]                                at /rustc/6067b36314ab5eb2eb47cecc464545ba58e1ad24/library/core/src/future/future.rs:124:9
[INFO] [stdout]   24:     0x6060bf16e9ef - tokio::runtime::scheduler::current_thread::CoreGuard::block_on::{{closure}}::{{closure}}::{{closure}}::h0e9d0e26ea6f9179
[INFO] [stdout]                                at /opt/rustwide/cargo-home/registry/src/index.crates.io-1949cf8c6b5b557f/tokio-1.42.0/src/runtime/scheduler/current_thread/mod.rs:729:57
[INFO] [stdout]   25:     0x6060bf16e935 - tokio::runtime::coop::with_budget::h78fa32ead0d7e959
[INFO] [stdout]                                at /opt/rustwide/cargo-home/registry/src/index.crates.io-1949cf8c6b5b557f/tokio-1.42.0/src/runtime/coop.rs:107:5
[INFO] [stdout]   26:     0x6060bf16e935 - tokio::runtime::coop::budget::hbf4cf86d4c6f7056
[INFO] [stdout]                                at /opt/rustwide/cargo-home/registry/src/index.crates.io-1949cf8c6b5b557f/tokio-1.42.0/src/runtime/coop.rs:73:5
[INFO] [stdout]   27:     0x6060bf16e935 - tokio::runtime::scheduler::current_thread::CoreGuard::block_on::{{closure}}::{{closure}}::hbca8f8e736048518
[INFO] [stdout]                                at /opt/rustwide/cargo-home/registry/src/index.crates.io-1949cf8c6b5b557f/tokio-1.42.0/src/runtime/scheduler/current_thread/mod.rs:729:25
[INFO] [stdout]   28:     0x6060bf16c280 - tokio::runtime::scheduler::current_thread::Context::enter::h82385e2940e8d3f3
[INFO] [stdout]                                at /opt/rustwide/cargo-home/registry/src/index.crates.io-1949cf8c6b5b557f/tokio-1.42.0/src/runtime/scheduler/current_thread/mod.rs:428:19
[INFO] [stdout]   29:     0x6060bf16d74e - tokio::runtime::scheduler::current_thread::CoreGuard::block_on::{{closure}}::h1fb2a32ac7e92796
[INFO] [stdout]                                at /opt/rustwide/cargo-home/registry/src/index.crates.io-1949cf8c6b5b557f/tokio-1.42.0/src/runtime/scheduler/current_thread/mod.rs:728:36
[INFO] [stdout]   30:     0x6060bf16d434 - tokio::runtime::scheduler::current_thread::CoreGuard::enter::{{closure}}::h0674d485cb575b99
[INFO] [stdout]                                at /opt/rustwide/cargo-home/registry/src/index.crates.io-1949cf8c6b5b557f/tokio-1.42.0/src/runtime/scheduler/current_thread/mod.rs:807:68
[INFO] [stdout]   31:     0x6060bf09a1db - tokio::runtime::context::scoped::Scoped<T>::set::h2f1fbcf0833d3f9b
[INFO] [stdout]                                at /opt/rustwide/cargo-home/registry/src/index.crates.io-1949cf8c6b5b557f/tokio-1.42.0/src/runtime/context/scoped.rs:40:9
[INFO] [stdout]   32:     0x6060bef7fed9 - tokio::runtime::context::set_scheduler::{{closure}}::h825a160f739f0041
[INFO] [stdout]                                at /opt/rustwide/cargo-home/registry/src/index.crates.io-1949cf8c6b5b557f/tokio-1.42.0/src/runtime/context.rs:180:26
[INFO] [stdout]   33:     0x6060bef7b4b2 - std::thread::local::LocalKey<T>::try_with::he4bb7332c770b625
[INFO] [stdout]                                at /rustc/6067b36314ab5eb2eb47cecc464545ba58e1ad24/library/std/src/thread/local.rs:308:12
[INFO] [stdout]   34:     0x6060bef78ada - std::thread::local::LocalKey<T>::with::h47d15c2b89f1fb48
[INFO] [stdout]                                at /rustc/6067b36314ab5eb2eb47cecc464545ba58e1ad24/library/std/src/thread/local.rs:272:9
[INFO] [stdout]   35:     0x6060bef7fe4d - tokio::runtime::context::set_scheduler::h8891d2fbc7d8bd14
[INFO] [stdout]                                at /opt/rustwide/cargo-home/registry/src/index.crates.io-1949cf8c6b5b557f/tokio-1.42.0/src/runtime/context.rs:180:9
[INFO] [stdout]   36:     0x6060bf16d1e0 - tokio::runtime::scheduler::current_thread::CoreGuard::enter::hdd12176fb24885e5
[INFO] [stdout]                                at /opt/rustwide/cargo-home/registry/src/index.crates.io-1949cf8c6b5b557f/tokio-1.42.0/src/runtime/scheduler/current_thread/mod.rs:807:27
[INFO] [stdout]   37:     0x6060bf16d473 - tokio::runtime::scheduler::current_thread::CoreGuard::block_on::h91c14207c2975d49
[INFO] [stdout]                                at /opt/rustwide/cargo-home/registry/src/index.crates.io-1949cf8c6b5b557f/tokio-1.42.0/src/runtime/scheduler/current_thread/mod.rs:716:19
[INFO] [stdout]   38:     0x6060bf164f48 - tokio::runtime::scheduler::current_thread::CurrentThread::block_on::{{closure}}::h10d791ce85b983f7
[INFO] [stdout]                                at /opt/rustwide/cargo-home/registry/src/index.crates.io-1949cf8c6b5b557f/tokio-1.42.0/src/runtime/scheduler/current_thread/mod.rs:196:28
[INFO] [stdout]   39:     0x6060bf1cf156 - tokio::runtime::context::runtime::enter_runtime::h95d61a23aca7bbca
[INFO] [stdout]                                at /opt/rustwide/cargo-home/registry/src/index.crates.io-1949cf8c6b5b557f/tokio-1.42.0/src/runtime/context/runtime.rs:65:16
[INFO] [stdout]   40:     0x6060bf164d01 - tokio::runtime::scheduler::current_thread::CurrentThread::block_on::hfe7924d601ea6907
[INFO] [stdout]                                at /opt/rustwide/cargo-home/registry/src/index.crates.io-1949cf8c6b5b557f/tokio-1.42.0/src/runtime/scheduler/current_thread/mod.rs:184:9
[INFO] [stdout]   41:     0x6060bf0e8c13 - tokio::runtime::runtime::Runtime::block_on_inner::h69113004206df55a
[INFO] [stdout]                                at /opt/rustwide/cargo-home/registry/src/index.crates.io-1949cf8c6b5b557f/tokio-1.42.0/src/runtime/runtime.rs:368:47
[INFO] [stdout]   42:     0x6060bf0e8e07 - tokio::runtime::runtime::Runtime::block_on::haed9ab6ccf205fc2
[INFO] [stdout]                                at /opt/rustwide/cargo-home/registry/src/index.crates.io-1949cf8c6b5b557f/tokio-1.42.0/src/runtime/runtime.rs:342:13
[INFO] [stdout]   43:     0x6060bef61b31 - tonic_h3_test::axum::apache_client_test::h4592d54c6faf774b
[INFO] [stdout]                                at /opt/rustwide/workdir/tonic-h3-tests/src/axum.rs:75:5
[INFO] [stdout]   44:     0x6060bef619d7 - tonic_h3_test::axum::apache_client_test::{{closure}}::ha4064ace16777d7e
[INFO] [stdout]                                at /opt/rustwide/workdir/tonic-h3-tests/src/axum.rs:73:30
[INFO] [stdout]   45:     0x6060beea3746 - core::ops::function::FnOnce::call_once::hbc10a33467dff5ed
[INFO] [stdout]                                at /rustc/6067b36314ab5eb2eb47cecc464545ba58e1ad24/library/core/src/ops/function.rs:250:5
[INFO] [stdout]   46:     0x6060bf57869b - core::ops::function::FnOnce::call_once::he27718dfdd183f43
[INFO] [stdout]                                at /rustc/6067b36314ab5eb2eb47cecc464545ba58e1ad24/library/core/src/ops/function.rs:250:5
[INFO] [stdout]   47:     0x6060bf57869b - test::__rust_begin_short_backtrace::h4e84902998457a5d
[INFO] [stdout]                                at /rustc/6067b36314ab5eb2eb47cecc464545ba58e1ad24/library/test/src/lib.rs:632:18
[INFO] [stdout]   48:     0x6060bf5775d3 - test::run_test_in_process::{{closure}}::h7176fd18fc1feca0
[INFO] [stdout]                                at /rustc/6067b36314ab5eb2eb47cecc464545ba58e1ad24/library/test/src/lib.rs:655:60
[INFO] [stdout]   49:     0x6060bf5775d3 - <core::panic::unwind_safe::AssertUnwindSafe<F> as core::ops::function::FnOnce<()>>::call_once::hf79cff2a624d8cf7
[INFO] [stdout]                                at /rustc/6067b36314ab5eb2eb47cecc464545ba58e1ad24/library/core/src/panic/unwind_safe.rs:272:9
[INFO] [stdout]   50:     0x6060bf5775d3 - std::panicking::try::do_call::h3da0561d9ab99c25
[INFO] [stdout]                                at /rustc/6067b36314ab5eb2eb47cecc464545ba58e1ad24/library/std/src/panicking.rs:587:40
[INFO] [stdout]   51:     0x6060bf5775d3 - std::panicking::try::h41c9fa508bc61df6
[INFO] [stdout]                                at /rustc/6067b36314ab5eb2eb47cecc464545ba58e1ad24/library/std/src/panicking.rs:550:19
[INFO] [stdout]   52:     0x6060bf5775d3 - std::panic::catch_unwind::h6b3ff07bb5afad93
[INFO] [stdout]                                at /rustc/6067b36314ab5eb2eb47cecc464545ba58e1ad24/library/std/src/panic.rs:358:14
[INFO] [stdout]   53:     0x6060bf5775d3 - test::run_test_in_process::hc7253dd11b39b9f4
[INFO] [stdout]                                at /rustc/6067b36314ab5eb2eb47cecc464545ba58e1ad24/library/test/src/lib.rs:655:27
[INFO] [stdout]   54:     0x6060bf5775d3 - test::run_test::{{closure}}::hfb2007f8649c30bb
[INFO] [stdout]                                at /rustc/6067b36314ab5eb2eb47cecc464545ba58e1ad24/library/test/src/lib.rs:576:43
[INFO] [stdout]   55:     0x6060bf53a6b5 - test::run_test::{{closure}}::h56a17aa7a282a9f4
[INFO] [stdout]                                at /rustc/6067b36314ab5eb2eb47cecc464545ba58e1ad24/library/test/src/lib.rs:606:41
[INFO] [stdout]   56:     0x6060bf53a6b5 - std::sys::backtrace::__rust_begin_short_backtrace::hd2d2d2fb8e8c6aac
[INFO] [stdout]                                at /rustc/6067b36314ab5eb2eb47cecc464545ba58e1ad24/library/std/src/sys/backtrace.rs:152:18
[INFO] [stdout]   57:     0x6060bf53df9a - std::thread::Builder::spawn_unchecked_::{{closure}}::{{closure}}::h4faa3f9db6133423
[INFO] [stdout]                                at /rustc/6067b36314ab5eb2eb47cecc464545ba58e1ad24/library/std/src/thread/mod.rs:559:17
[INFO] [stdout]   58:     0x6060bf53df9a - <core::panic::unwind_safe::AssertUnwindSafe<F> as core::ops::function::FnOnce<()>>::call_once::hf2e855a36a4ea846
[INFO] [stdout]                                at /rustc/6067b36314ab5eb2eb47cecc464545ba58e1ad24/library/core/src/panic/unwind_safe.rs:272:9
[INFO] [stdout]   59:     0x6060bf53df9a - std::panicking::try::do_call::h2f73af3616c35465
[INFO] [stdout]                                at /rustc/6067b36314ab5eb2eb47cecc464545ba58e1ad24/library/std/src/panicking.rs:587:40
[INFO] [stdout]   60:     0x6060bf53df9a - std::panicking::try::hd1660ce9efadef5a
[INFO] [stdout]                                at /rustc/6067b36314ab5eb2eb47cecc464545ba58e1ad24/library/std/src/panicking.rs:550:19
[INFO] [stdout]   61:     0x6060bf53df9a - std::panic::catch_unwind::h5ee8d7823b8ca744
[INFO] [stdout]                                at /rustc/6067b36314ab5eb2eb47cecc464545ba58e1ad24/library/std/src/panic.rs:358:14
[INFO] [stdout]   62:     0x6060bf53df9a - std::thread::Builder::spawn_unchecked_::{{closure}}::h53c3a1894dce8407
[INFO] [stdout]                                at /rustc/6067b36314ab5eb2eb47cecc464545ba58e1ad24/library/std/src/thread/mod.rs:557:30
[INFO] [stdout]   63:     0x6060bf53df9a - core::ops::function::FnOnce::call_once{{vtable.shim}}::h048ce291ad4f62bf
[INFO] [stdout]                                at /rustc/6067b36314ab5eb2eb47cecc464545ba58e1ad24/library/core/src/ops/function.rs:250:5
[INFO] [stdout]   64:     0x6060bfa77dab - <alloc::boxed::Box<F,A> as core::ops::function::FnOnce<Args>>::call_once::ha52bedf99a3b4981
[INFO] [stdout]                                at /rustc/6067b36314ab5eb2eb47cecc464545ba58e1ad24/library/alloc/src/boxed.rs:2013:9
[INFO] [stdout]   65:     0x6060bfa77dab - <alloc::boxed::Box<F,A> as core::ops::function::FnOnce<Args>>::call_once::h567748934d80ccf8
[INFO] [stdout]                                at /rustc/6067b36314ab5eb2eb47cecc464545ba58e1ad24/library/alloc/src/boxed.rs:2013:9
[INFO] [stdout]   66:     0x6060bfa77dab - std::sys::pal::unix::thread::Thread::new::thread_start::h2d970728ae887adc
[INFO] [stdout]                                at /rustc/6067b36314ab5eb2eb47cecc464545ba58e1ad24/library/std/src/sys/pal/unix/thread.rs:106:17
[INFO] [stdout]   67:     0x77062fd1aac3 - <unknown>
[INFO] [stdout]   68:     0x77062fdaba04 - clone
[INFO] [stdout]   69:                0x0 - <unknown>
[INFO] [stdout] 
[INFO] [stdout] ---- axum::h2o_client_test stdout ----
[INFO] [stdout] 
[INFO] [stdout] thread 'axum::h2o_client_test' panicked at tonic-h3-tests/src/axum.rs:96:43:
[INFO] [stdout] called `Result::unwrap()` on an `Err` value: Custom { kind: Uncategorized, error: "failed to lookup address information: Temporary failure in name resolution" }
[INFO] [stdout] stack backtrace:
[INFO] [stdout]    0:     0x6060bfa71cca - std::backtrace_rs::backtrace::libunwind::trace::hb059275cfc8d6126
[INFO] [stdout]                                at /rustc/6067b36314ab5eb2eb47cecc464545ba58e1ad24/library/std/src/../../backtrace/src/backtrace/libunwind.rs:116:5
[INFO] [stdout]    1:     0x6060bfa71cca - std::backtrace_rs::backtrace::trace_unsynchronized::h2da071e4327ce3ee
[INFO] [stdout]                                at /rustc/6067b36314ab5eb2eb47cecc464545ba58e1ad24/library/std/src/../../backtrace/src/backtrace/mod.rs:66:5
[INFO] [stdout]    2:     0x6060bfa71cca - std::sys::backtrace::_print_fmt::h842a1474e6f8d23f
[INFO] [stdout]                                at /rustc/6067b36314ab5eb2eb47cecc464545ba58e1ad24/library/std/src/sys/backtrace.rs:66:9
[INFO] [stdout]    3:     0x6060bfa71cca - <std::sys::backtrace::BacktraceLock::print::DisplayBacktrace as core::fmt::Display>::fmt::h71a62eb3b9696b12
[INFO] [stdout]                                at /rustc/6067b36314ab5eb2eb47cecc464545ba58e1ad24/library/std/src/sys/backtrace.rs:39:26
[INFO] [stdout]    4:     0x6060bfa9da23 - core::fmt::rt::Argument::fmt::hdb6b616786b41dc1
[INFO] [stdout]                                at /rustc/6067b36314ab5eb2eb47cecc464545ba58e1ad24/library/core/src/fmt/rt.rs:177:76
[INFO] [stdout]    5:     0x6060bfa9da23 - core::fmt::write::h2cc1698af7e2d686
[INFO] [stdout]                                at /rustc/6067b36314ab5eb2eb47cecc464545ba58e1ad24/library/core/src/fmt/mod.rs:1440:21
[INFO] [stdout]    6:     0x6060bfa6df53 - std::io::Write::write_fmt::hab1b4cd059a79022
[INFO] [stdout]                                at /rustc/6067b36314ab5eb2eb47cecc464545ba58e1ad24/library/std/src/io/mod.rs:1887:15
[INFO] [stdout]    7:     0x6060bfa71b12 - std::sys::backtrace::BacktraceLock::print::h147fe35b4ea13b08
[INFO] [stdout]                                at /rustc/6067b36314ab5eb2eb47cecc464545ba58e1ad24/library/std/src/sys/backtrace.rs:42:9
[INFO] [stdout]    8:     0x6060bfa730ef - std::panicking::default_hook::{{closure}}::hbd44223dbdc0d208
[INFO] [stdout]                                at /rustc/6067b36314ab5eb2eb47cecc464545ba58e1ad24/library/std/src/panicking.rs:298:22
[INFO] [stdout]    9:     0x6060bfa72f08 - std::panicking::default_hook::h20f81eb0576efcec
[INFO] [stdout]                                at /rustc/6067b36314ab5eb2eb47cecc464545ba58e1ad24/library/std/src/panicking.rs:322:9
[INFO] [stdout]   10:     0x6060bf572f43 - <alloc::boxed::Box<F,A> as core::ops::function::Fn<Args>>::call::hdb53814c496a4d34
[INFO] [stdout]                                at /rustc/6067b36314ab5eb2eb47cecc464545ba58e1ad24/library/alloc/src/boxed.rs:2027:9
[INFO] [stdout]   11:     0x6060bf572f43 - test::test_main::{{closure}}::hc0a4963c59427c24
[INFO] [stdout]                                at /rustc/6067b36314ab5eb2eb47cecc464545ba58e1ad24/library/test/src/lib.rs:134:21
[INFO] [stdout]   12:     0x6060bfa73be3 - <alloc::boxed::Box<F,A> as core::ops::function::Fn<Args>>::call::h591b2225413a77e9
[INFO] [stdout]                                at /rustc/6067b36314ab5eb2eb47cecc464545ba58e1ad24/library/alloc/src/boxed.rs:2027:9
[INFO] [stdout]   13:     0x6060bfa73be3 - std::panicking::rust_panic_with_hook::h625eea43051b2edc
[INFO] [stdout]                                at /rustc/6067b36314ab5eb2eb47cecc464545ba58e1ad24/library/std/src/panicking.rs:839:13
[INFO] [stdout]   14:     0x6060bfa7389a - std::panicking::begin_panic_handler::{{closure}}::h4f9159cfbc3f6bd3
[INFO] [stdout]                                at /rustc/6067b36314ab5eb2eb47cecc464545ba58e1ad24/library/std/src/panicking.rs:704:13
[INFO] [stdout]   15:     0x6060bfa721c9 - std::sys::backtrace::__rust_end_short_backtrace::h0390abce48353151
[INFO] [stdout]                                at /rustc/6067b36314ab5eb2eb47cecc464545ba58e1ad24/library/std/src/sys/backtrace.rs:168:18
[INFO] [stdout]   16:     0x6060bfa7352d - rust_begin_unwind
[INFO] [stdout]                                at /rustc/6067b36314ab5eb2eb47cecc464545ba58e1ad24/library/std/src/panicking.rs:695:5
[INFO] [stdout]   17:     0x6060bfa9b290 - core::panicking::panic_fmt::h9e7c637e9e5f29c9
[INFO] [stdout]                                at /rustc/6067b36314ab5eb2eb47cecc464545ba58e1ad24/library/core/src/panicking.rs:75:14
[INFO] [stdout]   18:     0x6060bfa9b766 - core::result::unwrap_failed::h7979f09313fe1849
[INFO] [stdout]                                at /rustc/6067b36314ab5eb2eb47cecc464545ba58e1ad24/library/core/src/result.rs:1704:5
[INFO] [stdout]   19:     0x6060bef5f001 - core::result::Result<T,E>::unwrap::h2181a2f67a8b688b
[INFO] [stdout]                                at /rustc/6067b36314ab5eb2eb47cecc464545ba58e1ad24/library/core/src/result.rs:1109:23
[INFO] [stdout]   20:     0x6060bef5f001 - tonic_h3_test::axum::test_client::{{closure}}::hee5e1f0bd9f70899
[INFO] [stdout]                                at /opt/rustwide/workdir/tonic-h3-tests/src/axum.rs:96:20
[INFO] [stdout]   21:     0x6060bef6193b - tonic_h3_test::axum::h2o_client_test::{{closure}}::h37cdf58aafec3b11
[INFO] [stdout]                                at /opt/rustwide/workdir/tonic-h3-tests/src/axum.rs:69:22
[INFO] [stdout]   22:     0x6060befb6a72 - <core::pin::Pin<P> as core::future::future::Future>::poll::hc61e0e110b5b767a
[INFO] [stdout]                                at /rustc/6067b36314ab5eb2eb47cecc464545ba58e1ad24/library/core/src/future/future.rs:124:9
[INFO] [stdout]   23:     0x6060befb6b0d - <core::pin::Pin<P> as core::future::future::Future>::poll::hd2e3d09235a70234
[INFO] [stdout]                                at /rustc/6067b36314ab5eb2eb47cecc464545ba58e1ad24/library/core/src/future/future.rs:124:9
[INFO] [stdout]   24:     0x6060bf16e9ef - tokio::runtime::scheduler::current_thread::CoreGuard::block_on::{{closure}}::{{closure}}::{{closure}}::h0e9d0e26ea6f9179
[INFO] [stdout]                                at /opt/rustwide/cargo-home/registry/src/index.crates.io-1949cf8c6b5b557f/tokio-1.42.0/src/runtime/scheduler/current_thread/mod.rs:729:57
[INFO] [stdout]   25:     0x6060bf16e935 - tokio::runtime::coop::with_budget::h78fa32ead0d7e959
[INFO] [stdout]                                at /opt/rustwide/cargo-home/registry/src/index.crates.io-1949cf8c6b5b557f/tokio-1.42.0/src/runtime/coop.rs:107:5
[INFO] [stdout]   26:     0x6060bf16e935 - tokio::runtime::coop::budget::hbf4cf86d4c6f7056
[INFO] [stdout]                                at /opt/rustwide/cargo-home/registry/src/index.crates.io-1949cf8c6b5b557f/tokio-1.42.0/src/runtime/coop.rs:73:5
[INFO] [stdout]   27:     0x6060bf16e935 - tokio::runtime::scheduler::current_thread::CoreGuard::block_on::{{closure}}::{{closure}}::hbca8f8e736048518
[INFO] [stdout]                                at /opt/rustwide/cargo-home/registry/src/index.crates.io-1949cf8c6b5b557f/tokio-1.42.0/src/runtime/scheduler/current_thread/mod.rs:729:25
[INFO] [stdout]   28:     0x6060bf16c280 - tokio::runtime::scheduler::current_thread::Context::enter::h82385e2940e8d3f3
[INFO] [stdout]                                at /opt/rustwide/cargo-home/registry/src/index.crates.io-1949cf8c6b5b557f/tokio-1.42.0/src/runtime/scheduler/current_thread/mod.rs:428:19
[INFO] [stdout]   29:     0x6060bf16d74e - tokio::runtime::scheduler::current_thread::CoreGuard::block_on::{{closure}}::h1fb2a32ac7e92796
[INFO] [stdout]                                at /opt/rustwide/cargo-home/registry/src/index.crates.io-1949cf8c6b5b557f/tokio-1.42.0/src/runtime/scheduler/current_thread/mod.rs:728:36
[INFO] [stdout]   30:     0x6060bf16d434 - tokio::runtime::scheduler::current_thread::CoreGuard::enter::{{closure}}::h0674d485cb575b99
[INFO] [stdout]                                at /opt/rustwide/cargo-home/registry/src/index.crates.io-1949cf8c6b5b557f/tokio-1.42.0/src/runtime/scheduler/current_thread/mod.rs:807:68
[INFO] [stdout]   31:     0x6060bf09a1db - tokio::runtime::context::scoped::Scoped<T>::set::h2f1fbcf0833d3f9b
[INFO] [stdout]                                at /opt/rustwide/cargo-home/registry/src/index.crates.io-1949cf8c6b5b557f/tokio-1.42.0/src/runtime/context/scoped.rs:40:9
[INFO] [stdout]   32:     0x6060bef7fed9 - tokio::runtime::context::set_scheduler::{{closure}}::h825a160f739f0041
[INFO] [stdout]                                at /opt/rustwide/cargo-home/registry/src/index.crates.io-1949cf8c6b5b557f/tokio-1.42.0/src/runtime/context.rs:180:26
[INFO] [stdout]   33:     0x6060bef7b4b2 - std::thread::local::LocalKey<T>::try_with::he4bb7332c770b625
[INFO] [stdout]                                at /rustc/6067b36314ab5eb2eb47cecc464545ba58e1ad24/library/std/src/thread/local.rs:308:12
[INFO] [stdout]   34:     0x6060bef78ada - std::thread::local::LocalKey<T>::with::h47d15c2b89f1fb48
[INFO] [stdout]                                at /rustc/6067b36314ab5eb2eb47cecc464545ba58e1ad24/library/std/src/thread/local.rs:272:9
[INFO] [stdout]   35:     0x6060bef7fe4d - tokio::runtime::context::set_scheduler::h8891d2fbc7d8bd14
[INFO] [stdout]                                at /opt/rustwide/cargo-home/registry/src/index.crates.io-1949cf8c6b5b557f/tokio-1.42.0/src/runtime/context.rs:180:9
[INFO] [stdout]   36:     0x6060bf16d1e0 - tokio::runtime::scheduler::current_thread::CoreGuard::enter::hdd12176fb24885e5
[INFO] [stdout]                                at /opt/rustwide/cargo-home/registry/src/index.crates.io-1949cf8c6b5b557f/tokio-1.42.0/src/runtime/scheduler/current_thread/mod.rs:807:27
[INFO] [stdout]   37:     0x6060bf16d473 - tokio::runtime::scheduler::current_thread::CoreGuard::block_on::h91c14207c2975d49
[INFO] [stdout]                                at /opt/rustwide/cargo-home/registry/src/index.crates.io-1949cf8c6b5b557f/tokio-1.42.0/src/runtime/scheduler/current_thread/mod.rs:716:19
[INFO] [stdout]   38:     0x6060bf164f48 - tokio::runtime::scheduler::current_thread::CurrentThread::block_on::{{closure}}::h10d791ce85b983f7
[INFO] [stdout]                                at /opt/rustwide/cargo-home/registry/src/index.crates.io-1949cf8c6b5b557f/tokio-1.42.0/src/runtime/scheduler/current_thread/mod.rs:196:28
[INFO] [stdout]   39:     0x6060bf1cf156 - tokio::runtime::context::runtime::enter_runtime::h95d61a23aca7bbca
[INFO] [stdout]                                at /opt/rustwide/cargo-home/registry/src/index.crates.io-1949cf8c6b5b557f/tokio-1.42.0/src/runtime/context/runtime.rs:65:16
[INFO] [stdout]   40:     0x6060bf164d01 - tokio::runtime::scheduler::current_thread::CurrentThread::block_on::hfe7924d601ea6907
[INFO] [stdout]                                at /opt/rustwide/cargo-home/registry/src/index.crates.io-1949cf8c6b5b557f/tokio-1.42.0/src/runtime/scheduler/current_thread/mod.rs:184:9
[INFO] [stdout]   41:     0x6060bf0e8c13 - tokio::runtime::runtime::Runtime::block_on_inner::h69113004206df55a
[INFO] [stdout]                                at /opt/rustwide/cargo-home/registry/src/index.crates.io-1949cf8c6b5b557f/tokio-1.42.0/src/runtime/runtime.rs:368:47
[INFO] [stdout]   42:     0x6060bf0e8e07 - tokio::runtime::runtime::Runtime::block_on::haed9ab6ccf205fc2
[INFO] [stdout]                                at /opt/rustwide/cargo-home/registry/src/index.crates.io-1949cf8c6b5b557f/tokio-1.42.0/src/runtime/runtime.rs:342:13
[INFO] [stdout]   43:     0x6060bef61751 - tonic_h3_test::axum::h2o_client_test::hf5ae03e526bc7e9b
[INFO] [stdout]                                at /opt/rustwide/workdir/tonic-h3-tests/src/axum.rs:69:5
[INFO] [stdout]   44:     0x6060bef615f7 - tonic_h3_test::axum::h2o_client_test::{{closure}}::ha85a5c1826b5bf59
[INFO] [stdout]                                at /opt/rustwide/workdir/tonic-h3-tests/src/axum.rs:63:27
[INFO] [stdout]   45:     0x6060beea2546 - core::ops::function::FnOnce::call_once::h9fee4a12e559dea1
[INFO] [stdout]                                at /rustc/6067b36314ab5eb2eb47cecc464545ba58e1ad24/library/core/src/ops/function.rs:250:5
[INFO] [stdout]   46:     0x6060bf57869b - core::ops::function::FnOnce::call_once::he27718dfdd183f43
[INFO] [stdout]                                at /rustc/6067b36314ab5eb2eb47cecc464545ba58e1ad24/library/core/src/ops/function.rs:250:5
[INFO] [stdout]   47:     0x6060bf57869b - test::__rust_begin_short_backtrace::h4e84902998457a5d
[INFO] [stdout]                                at /rustc/6067b36314ab5eb2eb47cecc464545ba58e1ad24/library/test/src/lib.rs:632:18
[INFO] [stdout]   48:     0x6060bf5775d3 - test::run_test_in_process::{{closure}}::h7176fd18fc1feca0
[INFO] [stdout]                                at /rustc/6067b36314ab5eb2eb47cecc464545ba58e1ad24/library/test/src/lib.rs:655:60
[INFO] [stdout]   49:     0x6060bf5775d3 - <core::panic::unwind_safe::AssertUnwindSafe<F> as core::ops::function::FnOnce<()>>::call_once::hf79cff2a624d8cf7
[INFO] [stdout]                                at /rustc/6067b36314ab5eb2eb47cecc464545ba58e1ad24/library/core/src/panic/unwind_safe.rs:272:9
[INFO] [stdout]   50:     0x6060bf5775d3 - std::panicking::try::do_call::h3da0561d9ab99c25
[INFO] [stdout]                                at /rustc/6067b36314ab5eb2eb47cecc464545ba58e1ad24/library/std/src/panicking.rs:587:40
[INFO] [stdout]   51:     0x6060bf5775d3 - std::panicking::try::h41c9fa508bc61df6
[INFO] [stdout]                                at /rustc/6067b36314ab5eb2eb47cecc464545ba58e1ad24/library/std/src/panicking.rs:550:19
[INFO] [stdout]   52:     0x6060bf5775d3 - std::panic::catch_unwind::h6b3ff07bb5afad93
[INFO] [stdout]                                at /rustc/6067b36314ab5eb2eb47cecc464545ba58e1ad24/library/std/src/panic.rs:358:14
[INFO] [stdout]   53:     0x6060bf5775d3 - test::run_test_in_process::hc7253dd11b39b9f4
[INFO] [stdout]                                at /rustc/6067b36314ab5eb2eb47cecc464545ba58e1ad24/library/test/src/lib.rs:655:27
[INFO] [stdout]   54:     0x6060bf5775d3 - test::run_test::{{closure}}::hfb2007f8649c30bb
[INFO] [stdout]                                at /rustc/6067b36314ab5eb2eb47cecc464545ba58e1ad24/library/test/src/lib.rs:576:43
[INFO] [stdout]   55:     0x6060bf53a6b5 - test::run_test::{{closure}}::h56a17aa7a282a9f4
[INFO] [stdout]                                at /rustc/6067b36314ab5eb2eb47cecc464545ba58e1ad24/library/test/src/lib.rs:606:41
[INFO] [stdout]   56:     0x6060bf53a6b5 - std::sys::backtrace::__rust_begin_short_backtrace::hd2d2d2fb8e8c6aac
[INFO] [stdout]                                at /rustc/6067b36314ab5eb2eb47cecc464545ba58e1ad24/library/std/src/sys/backtrace.rs:152:18
[INFO] [stdout]   57:     0x6060bf53df9a - std::thread::Builder::spawn_unchecked_::{{closure}}::{{closure}}::h4faa3f9db6133423
[INFO] [stdout]                                at /rustc/6067b36314ab5eb2eb47cecc464545ba58e1ad24/library/std/src/thread/mod.rs:559:17
[INFO] [stdout]   58:     0x6060bf53df9a - <core::panic::unwind_safe::AssertUnwindSafe<F> as core::ops::function::FnOnce<()>>::call_once::hf2e855a36a4ea846
[INFO] [stdout]                                at /rustc/6067b36314ab5eb2eb47cecc464545ba58e1ad24/library/core/src/panic/unwind_safe.rs:272:9
[INFO] [stdout]   59:     0x6060bf53df9a - std::panicking::try::do_call::h2f73af3616c35465
[INFO] [stdout]                                at /rustc/6067b36314ab5eb2eb47cecc464545ba58e1ad24/library/std/src/panicking.rs:587:40
[INFO] [stdout]   60:     0x6060bf53df9a - std::panicking::try::hd1660ce9efadef5a
[INFO] [stdout]                                at /rustc/6067b36314ab5eb2eb47cecc464545ba58e1ad24/library/std/src/panicking.rs:550:19
[INFO] [stdout]   61:     0x6060bf53df9a - std::panic::catch_unwind::h5ee8d7823b8ca744
[INFO] [stdout]                                at /rustc/6067b36314ab5eb2eb47cecc464545ba58e1ad24/library/std/src/panic.rs:358:14
[INFO] [stdout]   62:     0x6060bf53df9a - std::thread::Builder::spawn_unchecked_::{{closure}}::h53c3a1894dce8407
[INFO] [stdout]                                at /rustc/6067b36314ab5eb2eb47cecc464545ba58e1ad24/library/std/src/thread/mod.rs:557:30
[INFO] [stdout]   63:     0x6060bf53df9a - core::ops::function::FnOnce::call_once{{vtable.shim}}::h048ce291ad4f62bf
[INFO] [stdout]                                at /rustc/6067b36314ab5eb2eb47cecc464545ba58e1ad24/library/core/src/ops/function.rs:250:5
[INFO] [stdout]   64:     0x6060bfa77dab - <alloc::boxed::Box<F,A> as core::ops::function::FnOnce<Args>>::call_once::ha52bedf99a3b4981
[INFO] [stdout]                                at /rustc/6067b36314ab5eb2eb47cecc464545ba58e1ad24/library/alloc/src/boxed.rs:2013:9
[INFO] [stdout]   65:     0x6060bfa77dab - <alloc::boxed::Box<F,A> as core::ops::function::FnOnce<Args>>::call_once::h567748934d80ccf8
[INFO] [stdout]                                at /rustc/6067b36314ab5eb2eb47cecc464545ba58e1ad24/library/alloc/src/boxed.rs:2013:9
[INFO] [stdout]   66:     0x6060bfa77dab - std::sys::pal::unix::thread::Thread::new::thread_start::h2d970728ae887adc
[INFO] [stdout]                                at /rustc/6067b36314ab5eb2eb47cecc464545ba58e1ad24/library/std/src/sys/pal/unix/thread.rs:106:17
[INFO] [stdout]   67:     0x77062fd1aac3 - <unknown>
[INFO] [stdout]   68:     0x77062fdaba04 - clone
[INFO] [stdout]   69:                0x0 - <unknown>
[INFO] [stdout] 
[INFO] [stdout] 
[INFO] [stdout] failures:
[INFO] [stdout]     axum::apache_client_test
[INFO] [stdout]     axum::h2o_client_test
[INFO] [stdout] 
[INFO] [stdout] test result: FAILED. 3 passed; 2 failed; 0 ignored; 0 measured; 0 filtered out; finished in 1.36s
[INFO] [stdout] 
[INFO] [stderr] error: test failed, to rerun pass `-p tonic-h3-test --lib`
[INFO] running `Command { std: "docker" "inspect" "7e3ca73dad271edf271e9bf08aaafc3d7f1b102bfd176eb7290bbb5d38db8008", kill_on_drop: false }`
[INFO] running `Command { std: "docker" "rm" "-f" "7e3ca73dad271edf271e9bf08aaafc3d7f1b102bfd176eb7290bbb5d38db8008", kill_on_drop: false }`
[INFO] [stdout] 7e3ca73dad271edf271e9bf08aaafc3d7f1b102bfd176eb7290bbb5d38db8008
