[INFO] cloning repository https://github.com/yongkyuns/rust_robotics
[INFO] running `Command { std: "git" "-c" "credential.helper=" "-c" "credential.helper=/workspace/cargo-home/bin/git-credential-null" "clone" "--bare" "https://github.com/yongkyuns/rust_robotics" "/workspace/cache/git-repos/https%3A%2F%2Fgithub.com%2Fyongkyuns%2Frust_robotics", kill_on_drop: false }`
[INFO] [stderr] Cloning into bare repository '/workspace/cache/git-repos/https%3A%2F%2Fgithub.com%2Fyongkyuns%2Frust_robotics'...
[INFO] running `Command { std: "git" "rev-parse" "HEAD", kill_on_drop: false }`
[INFO] [stdout] cba2c154e03bf679fefad78f12c3ff0c33572726
[INFO] testing yongkyuns/rust_robotics against nightly-2025-01-18 for randomize-layout-2
[INFO] running `Command { std: "git" "clone" "/workspace/cache/git-repos/https%3A%2F%2Fgithub.com%2Fyongkyuns%2Frust_robotics" "/workspace/builds/worker-4-tc1/source", kill_on_drop: false }`
[INFO] [stderr] Cloning into '/workspace/builds/worker-4-tc1/source'...
[INFO] [stderr] done.
[INFO] validating manifest of git repo https://github.com/yongkyuns/rust_robotics on toolchain nightly-2025-01-18
[INFO] running `Command { std: CARGO_HOME="/workspace/cargo-home" RUSTUP_HOME="/workspace/rustup-home" "/workspace/cargo-home/bin/cargo" "+nightly-2025-01-18" "metadata" "--manifest-path" "Cargo.toml" "--no-deps", kill_on_drop: false }`
[INFO] started tweaking git repo https://github.com/yongkyuns/rust_robotics
[INFO] finished tweaking git repo https://github.com/yongkyuns/rust_robotics
[INFO] tweaked toml for git repo https://github.com/yongkyuns/rust_robotics written to /workspace/builds/worker-4-tc1/source/Cargo.toml
[INFO] running `Command { std: CARGO_HOME="/workspace/cargo-home" RUSTUP_HOME="/workspace/rustup-home" "/workspace/cargo-home/bin/cargo" "+nightly-2025-01-18" "generate-lockfile" "--manifest-path" "Cargo.toml", kill_on_drop: false }`
[INFO] [stderr]     Updating crates.io index
[INFO] [stderr]     Blocking waiting for file lock on package cache
[INFO] [stderr]      Locking 432 packages to latest compatible versions
[INFO] [stderr]       Adding eframe v0.18.0 (available: v0.30.0)
[INFO] [stderr]       Adding egui v0.18.1 (available: v0.30.0)
[INFO] [stderr]       Adding indoc-impl v0.3.6 (available: v0.3.7)
[INFO] [stderr]       Adding nalgebra v0.30.1 (available: v0.33.2)
[INFO] [stderr]       Adding nannou v0.18.1 (available: v0.19.0)
[INFO] [stderr]       Adding nix v0.20.0 (available: v0.20.2)
[INFO] [stderr]       Adding wasm-bindgen-futures v0.4.45 (available: v0.4.50)
[INFO] [stderr]       Adding web-sys v0.3.57 (available: v0.3.77)
[INFO] running `Command { std: CARGO_HOME="/workspace/cargo-home" RUSTUP_HOME="/workspace/rustup-home" "/workspace/cargo-home/bin/cargo" "+nightly-2025-01-18" "fetch" "--manifest-path" "Cargo.toml", kill_on_drop: false }`
[INFO] [stderr]     Blocking waiting for file lock on package cache
[INFO] [stderr]  Downloading crates ...
[INFO] [stderr]   Downloaded nalgebra-numpy v0.3.0
[INFO] [stderr]   Downloaded ghost v0.1.18
[INFO] [stderr]   Downloaded osqp v0.6.3
[INFO] [stderr]   Downloaded osqp-sys v0.6.3
[INFO] running `Command { std: "docker" "create" "-v" "/var/lib/crater-agent-workspace/builds/worker-4-tc1/target:/opt/rustwide/target:rw,Z" "-v" "/var/lib/crater-agent-workspace/builds/worker-4-tc1/source:/opt/rustwide/workdir:ro,Z" "-v" "/var/lib/crater-agent-workspace/cargo-home:/opt/rustwide/cargo-home:ro,Z" "-v" "/var/lib/crater-agent-workspace/rustup-home:/opt/rustwide/rustup-home:ro,Z" "-e" "SOURCE_DIR=/opt/rustwide/workdir" "-e" "CARGO_TARGET_DIR=/opt/rustwide/target" "-e" "CARGO_HOME=/opt/rustwide/cargo-home" "-e" "RUSTUP_HOME=/opt/rustwide/rustup-home" "-w" "/opt/rustwide/workdir" "-m" "1610612736" "--user" "0:0" "--network" "none" "ghcr.io/rust-lang/crates-build-env/linux@sha256:819108c5571ea2e421544af4d832f968d213c87fbe3707a016657f43d2f853bc" "/opt/rustwide/cargo-home/bin/cargo" "+nightly-2025-01-18" "metadata" "--no-deps" "--format-version=1", kill_on_drop: false }`
[INFO] [stdout] 5012f5bc3da7d14c0f051de1e7b239a35418e5269a4d52296e5ed3319d4d1847
[INFO] running `Command { std: "docker" "start" "-a" "5012f5bc3da7d14c0f051de1e7b239a35418e5269a4d52296e5ed3319d4d1847", kill_on_drop: false }`
[INFO] running `Command { std: "docker" "inspect" "5012f5bc3da7d14c0f051de1e7b239a35418e5269a4d52296e5ed3319d4d1847", kill_on_drop: false }`
[INFO] running `Command { std: "docker" "rm" "-f" "5012f5bc3da7d14c0f051de1e7b239a35418e5269a4d52296e5ed3319d4d1847", kill_on_drop: false }`
[INFO] [stdout] 5012f5bc3da7d14c0f051de1e7b239a35418e5269a4d52296e5ed3319d4d1847
[INFO] running `Command { std: "docker" "create" "-v" "/var/lib/crater-agent-workspace/builds/worker-4-tc1/target:/opt/rustwide/target:rw,Z" "-v" "/var/lib/crater-agent-workspace/builds/worker-4-tc1/source:/opt/rustwide/workdir:ro,Z" "-v" "/var/lib/crater-agent-workspace/cargo-home:/opt/rustwide/cargo-home:ro,Z" "-v" "/var/lib/crater-agent-workspace/rustup-home:/opt/rustwide/rustup-home:ro,Z" "-e" "SOURCE_DIR=/opt/rustwide/workdir" "-e" "CARGO_TARGET_DIR=/opt/rustwide/target" "-e" "CARGO_INCREMENTAL=0" "-e" "RUST_BACKTRACE=full" "-e" "RUSTFLAGS=--cap-lints=forbid" "-e" "RUSTDOCFLAGS=--cap-lints=forbid" "-e" "CARGO_HOME=/opt/rustwide/cargo-home" "-e" "RUSTUP_HOME=/opt/rustwide/rustup-home" "-w" "/opt/rustwide/workdir" "-m" "1610612736" "--user" "0:0" "--network" "none" "ghcr.io/rust-lang/crates-build-env/linux@sha256:819108c5571ea2e421544af4d832f968d213c87fbe3707a016657f43d2f853bc" "/opt/rustwide/cargo-home/bin/cargo" "+nightly-2025-01-18" "build" "--frozen" "--message-format=json", kill_on_drop: false }`
[INFO] [stdout] 243120a52f955b8887c2f9ec6b92af3c4b89c7938be0fc3f84d67e53ff45b394
[INFO] running `Command { std: "docker" "start" "-a" "243120a52f955b8887c2f9ec6b92af3c4b89c7938be0fc3f84d67e53ff45b394", kill_on_drop: false }`
[INFO] [stderr]    Compiling proc-macro2 v1.0.93
[INFO] [stderr]    Compiling unicode-ident v1.0.14
[INFO] [stderr]    Compiling autocfg v1.4.0
[INFO] [stderr]    Compiling libc v0.2.169
[INFO] [stderr]    Compiling cfg-if v1.0.0
[INFO] [stderr]    Compiling smallvec v1.13.2
[INFO] [stderr]    Compiling once_cell v1.20.2
[INFO] [stderr]    Compiling xml-rs v0.8.25
[INFO] [stderr]    Compiling pkg-config v0.3.31
[INFO] [stderr]    Compiling bitflags v1.3.2
[INFO] [stderr]    Compiling stable_deref_trait v1.2.0
[INFO] [stderr]    Compiling lazy_static v1.5.0
[INFO] [stderr]    Compiling libloading v0.8.6
[INFO] [stderr]    Compiling scopeguard v1.2.0
[INFO] [stderr]    Compiling litemap v0.7.4
[INFO] [stderr]    Compiling khronos_api v3.1.0
[INFO] [stderr]    Compiling dlib v0.5.2
[INFO] [stderr]    Compiling writeable v0.5.5
[INFO] [stderr]    Compiling log v0.4.25
[INFO] [stderr]    Compiling serde v1.0.217
[INFO] [stderr]    Compiling memoffset v0.6.5
[INFO] [stderr]    Compiling wayland-sys v0.29.5
[INFO] [stderr]    Compiling lock_api v0.4.12
[INFO] [stderr]    Compiling num-traits v0.2.19
[INFO] [stderr]    Compiling scoped-tls v1.0.1
[INFO] [stderr]    Compiling downcast-rs v1.2.1
[INFO] [stderr]    Compiling icu_locid_transform_data v1.5.0
[INFO] [stderr]    Compiling parking_lot_core v0.9.10
[INFO] [stderr]    Compiling quote v1.0.38
[INFO] [stderr]    Compiling gl_generator v0.14.0
[INFO] [stderr]    Compiling icu_properties_data v1.5.0
[INFO] [stderr]    Compiling version_check v0.9.5
[INFO] [stderr]    Compiling x11-dl v2.21.0
[INFO] [stderr]    Compiling tracing-core v0.1.33
[INFO] [stderr]    Compiling syn v2.0.96
[INFO] [stderr]    Compiling wayland-scanner v0.29.5
[INFO] [stderr]    Compiling parking_lot_core v0.8.6
[INFO] [stderr]    Compiling ahash v0.7.8
[INFO] [stderr]    Compiling utf8_iter v1.0.4
[INFO] [stderr]    Compiling write16 v1.0.0
[INFO] [stderr]    Compiling icu_normalizer_data v1.5.0
[INFO] [stderr]    Compiling utf16_iter v1.0.5
[INFO] [stderr]    Compiling percent-encoding v2.3.1
[INFO] [stderr]    Compiling ttf-parser v0.25.1
[INFO] [stderr]    Compiling smithay-client-toolkit v0.15.4
[INFO] [stderr]    Compiling instant v0.1.13
[INFO] [stderr]    Compiling ab_glyph_rasterizer v0.1.8
[INFO] [stderr]    Compiling xcursor v0.3.8
[INFO] [stderr]    Compiling cty v0.2.2
[INFO] [stderr]    Compiling nohash-hasher v0.2.0
[INFO] [stderr]    Compiling syn v1.0.109
[INFO] [stderr]    Compiling pin-project-lite v0.2.16
[INFO] [stderr]    Compiling paste v1.0.15
[INFO] [stderr]    Compiling byteorder v1.5.0
[INFO] [stderr]    Compiling base64 v0.13.1
[INFO] [stderr]    Compiling winit v0.26.1
[INFO] [stderr]    Compiling thiserror v1.0.69
[INFO] [stderr]    Compiling raw-window-handle v0.4.3
[INFO] [stderr]    Compiling form_urlencoded v1.2.1
[INFO] [stderr]    Compiling glutin_egl_sys v0.1.6
[INFO] [stderr]    Compiling nix v0.24.3
[INFO] [stderr]    Compiling getrandom v0.2.15
[INFO] [stderr]    Compiling nix v0.22.3
[INFO] [stderr]    Compiling memmap2 v0.3.1
[INFO] [stderr]    Compiling wayland-client v0.29.5
[INFO] [stderr]    Compiling wayland-protocols v0.29.5
[INFO] [stderr]    Compiling parking_lot v0.12.3
[INFO] [stderr]    Compiling parking_lot v0.11.2
[INFO] [stderr]    Compiling gethostname v0.2.3
[INFO] [stderr]    Compiling mio v0.8.11
[INFO] [stderr]    Compiling wayland-commons v0.29.5
[INFO] [stderr]    Compiling owned_ttf_parser v0.25.0
[INFO] [stderr]    Compiling ab_glyph v0.2.29
[INFO] [stderr]    Compiling glutin_glx_sys v0.1.8
[INFO] [stderr]    Compiling synstructure v0.13.1
[INFO] [stderr]    Compiling calloop v0.9.3
[INFO] [stderr]    Compiling matrixmultiply v0.3.9
[INFO] [stderr]    Compiling wayland-cursor v0.29.5
[INFO] [stderr]    Compiling typenum v1.17.0
[INFO] [stderr]    Compiling x11rb v0.9.0
[INFO] [stderr]    Compiling rand_core v0.6.4
[INFO] [stderr]    Compiling shared_library v0.1.9
[INFO] [stderr]    Compiling num-integer v0.1.46
[INFO] [stderr]    Compiling approx v0.5.1
[INFO] [stderr]    Compiling num-complex v0.4.6
[INFO] [stderr]    Compiling rawpointer v0.2.1
[INFO] [stderr]    Compiling num-rational v0.4.2
[INFO] [stderr]    Compiling zerofrom-derive v0.1.5
[INFO] [stderr]    Compiling yoke-derive v0.7.5
[INFO] [stderr]    Compiling zerovec-derive v0.10.3
[INFO] [stderr]    Compiling displaydoc v0.2.5
[INFO] [stderr]    Compiling bytemuck_derive v1.8.1
[INFO] [stderr]    Compiling zerofrom v0.1.5
[INFO] [stderr]    Compiling yoke v0.7.5
[INFO] [stderr]    Compiling icu_provider_macros v1.5.0
[INFO] [stderr]    Compiling serde_derive v1.0.217
[INFO] [stderr]    Compiling zerovec v0.10.4
[INFO] [stderr]    Compiling tracing-attributes v0.1.28
[INFO] [stderr]    Compiling zerocopy-derive v0.7.35
[INFO] [stderr]    Compiling bytemuck v1.21.0
[INFO] [stderr]    Compiling safe_arch v0.7.4
[INFO] [stderr]    Compiling zerocopy v0.7.35
[INFO] [stderr]    Compiling tinystr v0.7.6
[INFO] [stderr]    Compiling icu_collections v1.5.0
[INFO] [stderr]    Compiling icu_locid v1.5.0
[INFO] [stderr]    Compiling tracing v0.1.41
[INFO] [stderr]    Compiling thiserror-impl v1.0.69
[INFO] [stderr]    Compiling ppv-lite86 v0.2.20
[INFO] [stderr]    Compiling wide v0.7.32
[INFO] [stderr]    Compiling icu_provider v1.5.0
[INFO] [stderr]    Compiling nalgebra-macros v0.1.0
[INFO] [stderr]    Compiling icu_locid_transform v1.5.0
[INFO] [stderr]    Compiling rand_chacha v0.3.1
[INFO] [stderr]    Compiling arboard v2.1.1
[INFO] [stderr]    Compiling simba v0.7.3
[INFO] [stderr]    Compiling osmesa-sys v0.1.2
[INFO] [stderr]    Compiling icu_properties v1.5.1
[INFO] [stderr]    Compiling wayland-egl v0.29.5
[INFO] [stderr]    Compiling dirs-sys-next v0.1.2
[INFO] [stderr]    Compiling libloading v0.7.4
[INFO] [stderr]    Compiling glow v0.11.2
[INFO] [stderr]    Compiling overload v0.1.1
[INFO] [stderr]    Compiling nu-ansi-term v0.46.0
[INFO] [stderr]    Compiling directories-next v2.0.0
[INFO] [stderr]    Compiling rand v0.8.5
[INFO] [stderr]    Compiling tracing-log v0.2.0
[INFO] [stderr]    Compiling icu_normalizer v1.5.0
[INFO] [stderr]    Compiling thread_local v1.1.8
[INFO] [stderr]    Compiling sharded-slab v0.1.7
[INFO] [stderr]    Compiling idna_adapter v1.2.0
[INFO] [stderr]    Compiling iana-time-zone v0.1.61
[INFO] [stderr]    Compiling idna v1.0.3
[INFO] [stderr]    Compiling chrono v0.4.39
[INFO] [stderr]    Compiling url v2.5.4
[INFO] [stderr]    Compiling tracing-subscriber v0.3.19
[INFO] [stderr]    Compiling emath v0.18.0
[INFO] [stderr]    Compiling ron v0.7.1
[INFO] [stderr]    Compiling epaint v0.18.1
[INFO] [stderr]    Compiling webbrowser v0.7.1
[INFO] [stderr]    Compiling nalgebra v0.30.1
[INFO] [stderr]    Compiling egui v0.18.1
[INFO] [stderr]    Compiling egui_glow v0.18.1
[INFO] [stderr]    Compiling rust_robotics_algo v0.1.0 (/opt/rustwide/workdir/rust_robotics_algo)
[INFO] [stdout] warning: unexpected `cfg` condition value: `libm`
[INFO] [stdout]  --> rust_robotics_algo/src/control/inverted_pendulum/mod.rs:4:11
[INFO] [stdout]   |
[INFO] [stdout] 4 | #[cfg(not(feature = "libm"))]
[INFO] [stdout]   |           ^^^^^^^^^^^^^^^^
[INFO] [stdout]   |
[INFO] [stdout]   = note: expected values for `feature` are: `default`, `nalgebra-numpy`, `numpy`, and `osqp`
[INFO] [stdout]   = help: consider adding `libm` as a feature in `Cargo.toml`
[INFO] [stdout]   = note: see <https://doc.rust-lang.org/nightly/rustc/check-cfg/cargo-specifics.html> for more information about checking conditional configuration
[INFO] [stdout]   = note: `#[warn(unexpected_cfgs)]` on by default
[INFO] [stdout] 
[INFO] [stdout] 
[INFO] [stdout] warning: unexpected `cfg` condition value: `libm`
[INFO] [stdout]   --> rust_robotics_algo/src/control/inverted_pendulum/mod.rs:10:11
[INFO] [stdout]    |
[INFO] [stdout] 10 | #[cfg(not(feature = "libm"))]
[INFO] [stdout]    |           ^^^^^^^^^^^^^^^^
[INFO] [stdout]    |
[INFO] [stdout]    = note: expected values for `feature` are: `default`, `nalgebra-numpy`, `numpy`, and `osqp`
[INFO] [stdout]    = help: consider adding `libm` as a feature in `Cargo.toml`
[INFO] [stdout]    = note: see <https://doc.rust-lang.org/nightly/rustc/check-cfg/cargo-specifics.html> for more information about checking conditional configuration
[INFO] [stdout] 
[INFO] [stdout] 
[INFO] [stdout] warning: unused import: `lqr::*`
[INFO] [stdout]  --> rust_robotics_algo/src/control/inverted_pendulum/mod.rs:7:9
[INFO] [stdout]   |
[INFO] [stdout] 7 | pub use lqr::*;
[INFO] [stdout]   |         ^^^^^^
[INFO] [stdout]   |
[INFO] [stdout]   = note: `#[warn(unused_imports)]` on by default
[INFO] [stdout] 
[INFO] [stdout] 
[INFO] [stderr]    Compiling egui-winit v0.18.0
[INFO] [stderr]    Compiling glutin v0.28.0
[INFO] [stderr]    Compiling eframe v0.18.0
[INFO] [stderr]    Compiling rust_robotics_sim v0.1.0 (/opt/rustwide/workdir/rust_robotics_sim)
[INFO] [stdout] warning: unused imports: `Circle` and `Point`
[INFO] [stdout]  --> rust_robotics_sim/src/item/vehicle.rs:1:13
[INFO] [stdout]   |
[INFO] [stdout] 1 | use super::{Circle, Point, Rectangle, Shape, WithAngle, WithPosition, WithSize};
[INFO] [stdout]   |             ^^^^^^  ^^^^^
[INFO] [stdout]   |
[INFO] [stdout]   = note: `#[warn(unused_imports)]` on by default
[INFO] [stdout] 
[INFO] [stdout] 
[INFO] [stdout] warning: unused imports: `cos` and `sin`
[INFO] [stdout]  --> rust_robotics_sim/src/item/vehicle.rs:2:19
[INFO] [stdout]   |
[INFO] [stdout] 2 | use crate::math::{cos, sin};
[INFO] [stdout]   |                   ^^^  ^^^
[INFO] [stdout] 
[INFO] [stdout] 
[INFO] [stdout] warning: unused imports: `Line` and `Values`
[INFO] [stdout]  --> rust_robotics_sim/src/item/vehicle.rs:3:18
[INFO] [stdout]   |
[INFO] [stdout] 3 | use egui::plot::{Line, PlotUi, Values};
[INFO] [stdout]   |                  ^^^^          ^^^^^^
[INFO] [stdout] 
[INFO] [stdout] 
[INFO] [stdout] warning: unused import: `inverted_pendulum::Model`
[INFO] [stdout]  --> rust_robotics_sim/src/item/vehicle.rs:5:26
[INFO] [stdout]   |
[INFO] [stdout] 5 | use rust_robotics_algo::{inverted_pendulum::Model, Vector4};
[INFO] [stdout]   |                          ^^^^^^^^^^^^^^^^^^^^^^^^
[INFO] [stdout] 
[INFO] [stdout] 
[INFO] [stdout] warning: unused import: `TimeTable`
[INFO] [stdout]  --> rust_robotics_sim/src/simulator/localization.rs:3:19
[INFO] [stdout]   |
[INFO] [stdout] 3 | use crate::data::{TimeTable, VehiclePlot};
[INFO] [stdout]   |                   ^^^^^^^^^
[INFO] [stdout] 
[INFO] [stdout] 
[INFO] [stdout] warning: unused imports: `ComboBox` and `DragValue`
[INFO] [stdout]  --> rust_robotics_sim/src/simulator/localization.rs:7:26
[INFO] [stdout]   |
[INFO] [stdout] 7 | use egui::{plot::PlotUi, ComboBox, DragValue, Ui};
[INFO] [stdout]   |                          ^^^^^^^^  ^^^^^^^^^
[INFO] [stdout] 
[INFO] [stdout] 
[INFO] [stdout] warning: unused variable: `ui`
[INFO] [stdout]    --> rust_robotics_sim/src/simulator/localization.rs:124:27
[INFO] [stdout]     |
[INFO] [stdout] 124 |     fn options(&mut self, ui: &mut Ui) {}
[INFO] [stdout]     |                           ^^ help: if this is intentional, prefix it with an underscore: `_ui`
[INFO] [stdout]     |
[INFO] [stdout]     = note: `#[warn(unused_variables)]` on by default
[INFO] [stdout] 
[INFO] [stdout] 
[INFO] [stdout] warning: unused variable: `ui`
[INFO] [stdout]    --> rust_robotics_sim/src/simulator/mod.rs:228:27
[INFO] [stdout]     |
[INFO] [stdout] 228 |     fn options(&mut self, ui: &mut Ui) {
[INFO] [stdout]     |                           ^^ help: if this is intentional, prefix it with an underscore: `_ui`
[INFO] [stdout] 
[INFO] [stdout] 
[INFO] [stdout] warning: field `init_time` is never read
[INFO] [stdout]   --> rust_robotics_sim/src/simulator/localization.rs:34:5
[INFO] [stdout]    |
[INFO] [stdout] 23 | pub struct ParticleFilter {
[INFO] [stdout]    |            -------------- field in this struct
[INFO] [stdout] ...
[INFO] [stdout] 34 |     init_time: f32,
[INFO] [stdout]    |     ^^^^^^^^^
[INFO] [stdout]    |
[INFO] [stdout]    = note: `#[warn(dead_code)]` on by default
[INFO] [stdout] 
[INFO] [stdout] 
[INFO] [stderr]     Finished `dev` profile [unoptimized + debuginfo] target(s) in 3m 21s
[INFO] running `Command { std: "docker" "inspect" "243120a52f955b8887c2f9ec6b92af3c4b89c7938be0fc3f84d67e53ff45b394", kill_on_drop: false }`
[INFO] running `Command { std: "docker" "rm" "-f" "243120a52f955b8887c2f9ec6b92af3c4b89c7938be0fc3f84d67e53ff45b394", kill_on_drop: false }`
[INFO] [stdout] 243120a52f955b8887c2f9ec6b92af3c4b89c7938be0fc3f84d67e53ff45b394
[INFO] running `Command { std: "docker" "create" "-v" "/var/lib/crater-agent-workspace/builds/worker-4-tc1/target:/opt/rustwide/target:rw,Z" "-v" "/var/lib/crater-agent-workspace/builds/worker-4-tc1/source:/opt/rustwide/workdir:ro,Z" "-v" "/var/lib/crater-agent-workspace/cargo-home:/opt/rustwide/cargo-home:ro,Z" "-v" "/var/lib/crater-agent-workspace/rustup-home:/opt/rustwide/rustup-home:ro,Z" "-e" "SOURCE_DIR=/opt/rustwide/workdir" "-e" "CARGO_TARGET_DIR=/opt/rustwide/target" "-e" "CARGO_INCREMENTAL=0" "-e" "RUST_BACKTRACE=full" "-e" "RUSTFLAGS=--cap-lints=forbid" "-e" "RUSTDOCFLAGS=--cap-lints=forbid" "-e" "CARGO_HOME=/opt/rustwide/cargo-home" "-e" "RUSTUP_HOME=/opt/rustwide/rustup-home" "-w" "/opt/rustwide/workdir" "-m" "1610612736" "--user" "0:0" "--network" "none" "ghcr.io/rust-lang/crates-build-env/linux@sha256:819108c5571ea2e421544af4d832f968d213c87fbe3707a016657f43d2f853bc" "/opt/rustwide/cargo-home/bin/cargo" "+nightly-2025-01-18" "test" "--frozen" "--no-run" "--message-format=json", kill_on_drop: false }`
[INFO] [stdout] 917b8548209c5ece2c740f2d00aac62799aae56e6884afc8dfc66a836709e2ae
[INFO] running `Command { std: "docker" "start" "-a" "917b8548209c5ece2c740f2d00aac62799aae56e6884afc8dfc66a836709e2ae", kill_on_drop: false }`
[INFO] [stderr]    Compiling xml-rs v0.8.25
[INFO] [stderr]    Compiling crossbeam-utils v0.8.21
[INFO] [stderr]    Compiling ahash v0.8.11
[INFO] [stderr]    Compiling wayland-sys v0.28.6
[INFO] [stderr]    Compiling cfg-if v0.1.10
[INFO] [stderr]    Compiling rayon-core v1.12.1
[INFO] [stderr]    Compiling indexmap v1.9.3
[INFO] [stderr]    Compiling getrandom v0.1.16
[INFO] [stderr]    Compiling nix v0.20.0
[INFO] [stderr]    Compiling slab v0.4.9
[INFO] [stderr]    Compiling miniz_oxide v0.4.4
[INFO] [stderr]    Compiling bit-vec v0.6.3
[INFO] [stderr]    Compiling unicode-width v0.1.14
[INFO] [stderr]    Compiling termcolor v1.4.1
[INFO] [stderr]    Compiling hashbrown v0.12.3
[INFO] [stderr]    Compiling either v1.13.0
[INFO] [stderr]    Compiling allocator-api2 v0.2.21
[INFO] [stderr]    Compiling adler32 v1.2.0
[INFO] [stderr]    Compiling khronos-egl v4.1.0
[INFO] [stderr]    Compiling crossbeam-epoch v0.9.18
[INFO] [stderr]    Compiling bitflags v2.8.0
[INFO] [stderr]    Compiling codespan-reporting v0.11.1
[INFO] [stderr]    Compiling wayland-scanner v0.29.5
[INFO] [stderr]    Compiling wayland-scanner v0.28.6
[INFO] [stderr]    Compiling gl_generator v0.14.0
[INFO] [stderr]    Compiling hashbrown v0.14.5
[INFO] [stderr]    Compiling crossbeam-deque v0.8.6
[INFO] [stderr]    Compiling gpu-descriptor-types v0.1.2
[INFO] [stderr]    Compiling bit-set v0.5.3
[INFO] [stderr]    Compiling wayland-commons v0.28.6
[INFO] [stderr]    Compiling raw-window-handle v0.3.4
[INFO] [stderr]    Compiling rayon v1.10.0
[INFO] [stderr]    Compiling spirv v0.2.0+1.5.4
[INFO] [stderr]    Compiling wayland-client v0.29.5
[INFO] [stderr]    Compiling wayland-protocols v0.29.5
[INFO] [stderr]    Compiling wayland-client v0.28.6
[INFO] [stderr]    Compiling euclid v0.22.11
[INFO] [stderr]    Compiling fxhash v0.2.1
[INFO] [stderr]    Compiling crossbeam-utils v0.7.2
[INFO] [stderr]    Compiling memoffset v0.5.6
[INFO] [stderr]    Compiling gpu-alloc-types v0.2.0
[INFO] [stderr]    Compiling num-rational v0.3.2
[INFO] [stderr]    Compiling futures-core v0.3.31
[INFO] [stderr]    Compiling shlex v1.3.0
[INFO] [stderr]    Compiling weezl v0.1.8
[INFO] [stderr]    Compiling arrayvec v0.5.2
[INFO] [stderr]    Compiling memchr v2.7.4
[INFO] [stderr]    Compiling hexf-parse v0.2.1
[INFO] [stderr]    Compiling cfg_aliases v0.1.1
[INFO] [stderr]    Compiling maybe-uninit v2.0.0
[INFO] [stderr]    Compiling adler v1.0.2
[INFO] [stderr]    Compiling nix v0.18.0
[INFO] [stderr]    Compiling ttf-parser v0.15.2
[INFO] [stderr]    Compiling futures-sink v0.3.31
[INFO] [stderr]    Compiling futures-channel v0.3.31
[INFO] [stderr]    Compiling lyon_geom v0.17.7
[INFO] [stderr]    Compiling wgpu-core v0.11.3
[INFO] [stderr]    Compiling naga v0.7.3
[INFO] [stderr]    Compiling cc v1.2.10
[INFO] [stderr]    Compiling wayland-cursor v0.29.5
[INFO] [stderr]    Compiling jpeg-decoder v0.1.22
[INFO] [stderr]    Compiling owned_ttf_parser v0.15.2
[INFO] [stderr]    Compiling gpu-alloc v0.5.4
[INFO] [stderr]    Compiling wayland-protocols v0.28.6
[INFO] [stderr]    Compiling rand_core v0.5.1
[INFO] [stderr]    Compiling glutin_glx_sys v0.1.8
[INFO] [stderr]    Compiling glutin_egl_sys v0.1.6
[INFO] [stderr]    Compiling gpu-descriptor v0.2.4
[INFO] [stderr]    Compiling deflate v0.8.6
[INFO] [stderr]    Compiling miniz_oxide v0.3.7
[INFO] [stderr]    Compiling ash v0.33.3+1.2.191
[INFO] [stdout] warning: unexpected `cfg` condition value: `libm`
[INFO] [stdout]  --> rust_robotics_algo/src/control/inverted_pendulum/mod.rs:4:11
[INFO] [stdout]   |
[INFO] [stdout] 4 | #[cfg(not(feature = "libm"))]
[INFO] [stdout]   |           ^^^^^^^^^^^^^^^^
[INFO] [stdout]   |
[INFO] [stdout]   = note: expected values for `feature` are: `default`, `nalgebra-numpy`, `numpy`, and `osqp`
[INFO] [stdout]   = help: consider adding `libm` as a feature in `Cargo.toml`
[INFO] [stdout]   = note: see <https://doc.rust-lang.org/nightly/rustc/check-cfg/cargo-specifics.html> for more information about checking conditional configuration
[INFO] [stdout]   = note: `#[warn(unexpected_cfgs)]` on by default
[INFO] [stdout] 
[INFO] [stdout] 
[INFO] [stdout] warning: unexpected `cfg` condition value: `libm`
[INFO] [stdout]   --> rust_robotics_algo/src/control/inverted_pendulum/mod.rs:10:11
[INFO] [stdout]    |
[INFO] [stdout] 10 | #[cfg(not(feature = "libm"))]
[INFO] [stdout]    |           ^^^^^^^^^^^^^^^^
[INFO] [stdout]    |
[INFO] [stdout]    = note: expected values for `feature` are: `default`, `nalgebra-numpy`, `numpy`, and `osqp`
[INFO] [stdout]    = help: consider adding `libm` as a feature in `Cargo.toml`
[INFO] [stdout]    = note: see <https://doc.rust-lang.org/nightly/rustc/check-cfg/cargo-specifics.html> for more information about checking conditional configuration
[INFO] [stdout] 
[INFO] [stdout] 
[INFO] [stdout] warning: unused import: `lqr::*`
[INFO] [stdout]  --> rust_robotics_algo/src/control/inverted_pendulum/mod.rs:7:9
[INFO] [stdout]   |
[INFO] [stdout] 7 | pub use lqr::*;
[INFO] [stdout]   |         ^^^^^^
[INFO] [stdout]   |
[INFO] [stdout]   = note: `#[warn(unused_imports)]` on by default
[INFO] [stdout] 
[INFO] [stdout] 
[INFO] [stderr]    Compiling futures-macro v0.3.31
[INFO] [stderr]    Compiling approx v0.3.2
[INFO] [stderr]    Compiling num_cpus v1.16.0
[INFO] [stderr]    Compiling crc32fast v1.4.2
[INFO] [stderr]    Compiling crossbeam-epoch v0.8.2
[INFO] [stderr]    Compiling wgpu-types v0.11.0
[INFO] [stderr]    Compiling renderdoc-sys v0.7.1
[INFO] [stderr]    Compiling color_quant v1.1.0
[INFO] [stderr]    Compiling profiling v1.0.16
[INFO] [stderr]    Compiling futures-task v0.3.31
[INFO] [stderr]    Compiling palette v0.5.0
[INFO] [stderr]    Compiling futures-io v0.3.31
[INFO] [stderr]    Compiling inplace_it v0.3.6
[INFO] [stderr]    Compiling same-file v1.0.6
[INFO] [stderr]    Compiling arrayvec v0.7.6
[INFO] [stderr]    Compiling pin-utils v0.1.0
[INFO] [stderr]    Compiling futures-util v0.3.31
[INFO] [stderr]    Compiling walkdir v2.5.0
[INFO] [stderr]    Compiling gif v0.11.4
[INFO] [stderr]    Compiling png v0.16.8
[INFO] [stderr]    Compiling cmake v0.1.52
[INFO] [stderr]    Compiling tiff v0.6.1
[INFO] [stderr]    Compiling rusttype v0.9.3
[INFO] [stderr]    Compiling lyon_path v0.17.7
[INFO] [stderr]    Compiling crossbeam-channel v0.5.14
[INFO] [stderr]    Compiling crossbeam-queue v0.3.12
[INFO] [stderr]    Compiling palette_derive v0.5.0
[INFO] [stderr]    Compiling num-iter v0.1.45
[INFO] [stderr]    Compiling libloading v0.6.7
[INFO] [stderr]    Compiling fs_extra v1.3.0
[INFO] [stderr]    Compiling scoped_threadpool v0.1.9
[INFO] [stderr]    Compiling copyless v0.1.5
[INFO] [stderr]    Compiling xdg v2.5.2
[INFO] [stderr]    Compiling andrew v0.3.1
[INFO] [stderr]    Compiling osqp-sys v0.6.3
[INFO] [stderr]    Compiling image v0.23.14
[INFO] [stderr]    Compiling futures-executor v0.3.31
[INFO] [stderr]    Compiling dlib v0.4.2
[INFO] [stderr]    Compiling crossbeam v0.8.4
[INFO] [stderr]    Compiling rand_chacha v0.2.2
[INFO] [stderr]    Compiling wayland-cursor v0.28.6
[INFO] [stderr]    Compiling wayland-egl v0.29.5
[INFO] [stderr]    Compiling glam v0.17.3
[INFO] [stderr]    Compiling float_next_after v0.1.5
[INFO] [stderr]    Compiling sid v0.6.1
[INFO] [stderr]    Compiling calloop v0.6.5
[INFO] [stderr]    Compiling mio v0.7.14
[INFO] [stderr]    Compiling memmap2 v0.1.0
[INFO] [stderr]    Compiling winit v0.25.0
[INFO] [stderr]    Compiling serde_json v1.0.137
[INFO] [stderr]    Compiling mio-misc v1.2.2
[INFO] [stderr]    Compiling lyon_algorithms v0.17.7
[INFO] [stderr]    Compiling lyon_tessellation v0.17.10
[INFO] [stderr]    Compiling rand v0.7.3
[INFO] [stderr]    Compiling crossbeam-deque v0.7.4
[INFO] [stderr]    Compiling futures v0.3.31
[INFO] [stderr]    Compiling rand_xorshift v0.2.0
[INFO] [stderr]    Compiling ordered-float v1.1.1
[INFO] [stderr]    Compiling stb_truetype v0.3.1
[INFO] [stderr]    Compiling linked-hash-map v0.5.6
[INFO] [stderr]    Compiling nannou_core v0.18.0
[INFO] [stderr]    Compiling rustc-hash v1.1.0
[INFO] [stderr]    Compiling ryu v1.0.18
[INFO] [stderr]    Compiling itoa v1.0.14
[INFO] [stderr]    Compiling rusttype v0.8.3
[INFO] [stderr]    Compiling wgpu-hal v0.11.5
[INFO] [stderr]    Compiling nannou_mesh v0.18.0
[INFO] [stderr]    Compiling noise v0.7.0
[INFO] [stderr]    Compiling lyon v0.17.10
[INFO] [stderr]    Compiling toml v0.5.11
[INFO] [stderr]    Compiling pennereq v0.3.1
[INFO] [stderr]    Compiling notosans v0.1.0
[INFO] [stderr]    Compiling find_folder v0.3.0
[INFO] [stderr]    Compiling osqp v0.6.3
[INFO] [stderr]    Compiling rust_robotics_algo v0.1.0 (/opt/rustwide/workdir/rust_robotics_algo)
[INFO] [stdout] warning: unexpected `cfg` condition value: `libm`
[INFO] [stdout]  --> rust_robotics_algo/src/control/inverted_pendulum/mod.rs:4:11
[INFO] [stdout]   |
[INFO] [stdout] 4 | #[cfg(not(feature = "libm"))]
[INFO] [stdout]   |           ^^^^^^^^^^^^^^^^
[INFO] [stdout]   |
[INFO] [stdout]   = note: expected values for `feature` are: `default`, `nalgebra-numpy`, `numpy`, and `osqp`
[INFO] [stdout]   = help: consider adding `libm` as a feature in `Cargo.toml`
[INFO] [stdout]   = note: see <https://doc.rust-lang.org/nightly/rustc/check-cfg/cargo-specifics.html> for more information about checking conditional configuration
[INFO] [stdout]   = note: `#[warn(unexpected_cfgs)]` on by default
[INFO] [stdout] 
[INFO] [stdout] 
[INFO] [stdout] warning: unexpected `cfg` condition value: `libm`
[INFO] [stdout]   --> rust_robotics_algo/src/control/inverted_pendulum/mod.rs:10:11
[INFO] [stdout]    |
[INFO] [stdout] 10 | #[cfg(not(feature = "libm"))]
[INFO] [stdout]    |           ^^^^^^^^^^^^^^^^
[INFO] [stdout]    |
[INFO] [stdout]    = note: expected values for `feature` are: `default`, `nalgebra-numpy`, `numpy`, and `osqp`
[INFO] [stdout]    = help: consider adding `libm` as a feature in `Cargo.toml`
[INFO] [stdout]    = note: see <https://doc.rust-lang.org/nightly/rustc/check-cfg/cargo-specifics.html> for more information about checking conditional configuration
[INFO] [stdout] 
[INFO] [stdout] 
[INFO] [stdout] warning: unused import: `lqr::*`
[INFO] [stdout]  --> rust_robotics_algo/src/control/inverted_pendulum/mod.rs:7:9
[INFO] [stdout]   |
[INFO] [stdout] 7 | pub use lqr::*;
[INFO] [stdout]   |         ^^^^^^
[INFO] [stdout]   |
[INFO] [stdout]   = note: `#[warn(unused_imports)]` on by default
[INFO] [stdout] 
[INFO] [stdout] 
[INFO] [stderr]    Compiling wgpu v0.11.1
[INFO] [stderr]    Compiling nannou_wgpu v0.18.0
[INFO] [stderr]    Compiling smithay-client-toolkit v0.15.4
[INFO] [stderr]    Compiling winit v0.26.1
[INFO] [stderr]    Compiling smithay-client-toolkit v0.12.3
[INFO] [stderr]    Compiling glutin v0.28.0
[INFO] [stderr]    Compiling egui-winit v0.18.0
[INFO] [stderr]    Compiling eframe v0.18.0
[INFO] [stderr]    Compiling nannou v0.18.1
[INFO] [stderr]    Compiling rust_robotics_sim v0.1.0 (/opt/rustwide/workdir/rust_robotics_sim)
[INFO] [stdout] warning: unused imports: `Circle` and `Point`
[INFO] [stdout]  --> rust_robotics_sim/src/item/vehicle.rs:1:13
[INFO] [stdout]   |
[INFO] [stdout] 1 | use super::{Circle, Point, Rectangle, Shape, WithAngle, WithPosition, WithSize};
[INFO] [stdout]   |             ^^^^^^  ^^^^^
[INFO] [stdout]   |
[INFO] [stdout]   = note: `#[warn(unused_imports)]` on by default
[INFO] [stdout] 
[INFO] [stdout] 
[INFO] [stdout] warning: unused imports: `cos` and `sin`
[INFO] [stdout]  --> rust_robotics_sim/src/item/vehicle.rs:2:19
[INFO] [stdout]   |
[INFO] [stdout] 2 | use crate::math::{cos, sin};
[INFO] [stdout]   |                   ^^^  ^^^
[INFO] [stdout] 
[INFO] [stdout] 
[INFO] [stdout] warning: unused imports: `Line` and `Values`
[INFO] [stdout]  --> rust_robotics_sim/src/item/vehicle.rs:3:18
[INFO] [stdout]   |
[INFO] [stdout] 3 | use egui::plot::{Line, PlotUi, Values};
[INFO] [stdout]   |                  ^^^^          ^^^^^^
[INFO] [stdout] 
[INFO] [stdout] 
[INFO] [stdout] warning: unused import: `inverted_pendulum::Model`
[INFO] [stdout]  --> rust_robotics_sim/src/item/vehicle.rs:5:26
[INFO] [stdout]   |
[INFO] [stdout] 5 | use rust_robotics_algo::{inverted_pendulum::Model, Vector4};
[INFO] [stdout]   |                          ^^^^^^^^^^^^^^^^^^^^^^^^
[INFO] [stdout] 
[INFO] [stdout] 
[INFO] [stdout] warning: unused import: `TimeTable`
[INFO] [stdout]  --> rust_robotics_sim/src/simulator/localization.rs:3:19
[INFO] [stdout]   |
[INFO] [stdout] 3 | use crate::data::{TimeTable, VehiclePlot};
[INFO] [stdout]   |                   ^^^^^^^^^
[INFO] [stdout] 
[INFO] [stdout] 
[INFO] [stdout] warning: unused imports: `ComboBox` and `DragValue`
[INFO] [stdout]  --> rust_robotics_sim/src/simulator/localization.rs:7:26
[INFO] [stdout]   |
[INFO] [stdout] 7 | use egui::{plot::PlotUi, ComboBox, DragValue, Ui};
[INFO] [stdout]   |                          ^^^^^^^^  ^^^^^^^^^
[INFO] [stdout] 
[INFO] [stdout] 
[INFO] [stdout] warning: unused imports: `Circle` and `Point`
[INFO] [stdout]  --> rust_robotics_sim/src/item/vehicle.rs:1:13
[INFO] [stdout]   |
[INFO] [stdout] 1 | use super::{Circle, Point, Rectangle, Shape, WithAngle, WithPosition, WithSize};
[INFO] [stdout]   |             ^^^^^^  ^^^^^
[INFO] [stdout]   |
[INFO] [stdout]   = note: `#[warn(unused_imports)]` on by default
[INFO] [stdout] 
[INFO] [stdout] 
[INFO] [stdout] warning: unused imports: `cos` and `sin`
[INFO] [stdout]  --> rust_robotics_sim/src/item/vehicle.rs:2:19
[INFO] [stdout]   |
[INFO] [stdout] 2 | use crate::math::{cos, sin};
[INFO] [stdout]   |                   ^^^  ^^^
[INFO] [stdout] 
[INFO] [stdout] 
[INFO] [stdout] warning: unused imports: `Line` and `Values`
[INFO] [stdout]  --> rust_robotics_sim/src/item/vehicle.rs:3:18
[INFO] [stdout]   |
[INFO] [stdout] 3 | use egui::plot::{Line, PlotUi, Values};
[INFO] [stdout]   |                  ^^^^          ^^^^^^
[INFO] [stdout] 
[INFO] [stdout] 
[INFO] [stdout] warning: unused import: `inverted_pendulum::Model`
[INFO] [stdout]  --> rust_robotics_sim/src/item/vehicle.rs:5:26
[INFO] [stdout]   |
[INFO] [stdout] 5 | use rust_robotics_algo::{inverted_pendulum::Model, Vector4};
[INFO] [stdout]   |                          ^^^^^^^^^^^^^^^^^^^^^^^^
[INFO] [stdout] 
[INFO] [stdout] 
[INFO] [stdout] warning: unused import: `TimeTable`
[INFO] [stdout]  --> rust_robotics_sim/src/simulator/localization.rs:3:19
[INFO] [stdout]   |
[INFO] [stdout] 3 | use crate::data::{TimeTable, VehiclePlot};
[INFO] [stdout]   |                   ^^^^^^^^^
[INFO] [stdout] 
[INFO] [stdout] 
[INFO] [stdout] warning: unused imports: `ComboBox` and `DragValue`
[INFO] [stdout]  --> rust_robotics_sim/src/simulator/localization.rs:7:26
[INFO] [stdout]   |
[INFO] [stdout] 7 | use egui::{plot::PlotUi, ComboBox, DragValue, Ui};
[INFO] [stdout]   |                          ^^^^^^^^  ^^^^^^^^^
[INFO] [stdout] 
[INFO] [stdout] 
[INFO] [stdout] warning: unused variable: `ui`
[INFO] [stdout]    --> rust_robotics_sim/src/simulator/localization.rs:124:27
[INFO] [stdout]     |
[INFO] [stdout] 124 |     fn options(&mut self, ui: &mut Ui) {}
[INFO] [stdout]     |                           ^^ help: if this is intentional, prefix it with an underscore: `_ui`
[INFO] [stdout]     |
[INFO] [stdout]     = note: `#[warn(unused_variables)]` on by default
[INFO] [stdout] 
[INFO] [stdout] 
[INFO] [stdout] warning: unused variable: `ui`
[INFO] [stdout]    --> rust_robotics_sim/src/simulator/localization.rs:124:27
[INFO] [stdout]     |
[INFO] [stdout] 124 |     fn options(&mut self, ui: &mut Ui) {}
[INFO] [stdout]     |                           ^^ help: if this is intentional, prefix it with an underscore: `_ui`
[INFO] [stdout]     |
[INFO] [stdout]     = note: `#[warn(unused_variables)]` on by default
[INFO] [stdout] 
[INFO] [stdout] 
[INFO] [stdout] warning: unused variable: `ui`
[INFO] [stdout]    --> rust_robotics_sim/src/simulator/mod.rs:228:27
[INFO] [stdout]     |
[INFO] [stdout] 228 |     fn options(&mut self, ui: &mut Ui) {
[INFO] [stdout]     |                           ^^ help: if this is intentional, prefix it with an underscore: `_ui`
[INFO] [stdout] 
[INFO] [stdout] 
[INFO] [stdout] warning: field `init_time` is never read
[INFO] [stdout]   --> rust_robotics_sim/src/simulator/localization.rs:34:5
[INFO] [stdout]    |
[INFO] [stdout] 23 | pub struct ParticleFilter {
[INFO] [stdout]    |            -------------- field in this struct
[INFO] [stdout] ...
[INFO] [stdout] 34 |     init_time: f32,
[INFO] [stdout]    |     ^^^^^^^^^
[INFO] [stdout]    |
[INFO] [stdout]    = note: `#[warn(dead_code)]` on by default
[INFO] [stdout] 
[INFO] [stdout] 
[INFO] [stdout] warning: unused variable: `ui`
[INFO] [stdout]    --> rust_robotics_sim/src/simulator/mod.rs:228:27
[INFO] [stdout]     |
[INFO] [stdout] 228 |     fn options(&mut self, ui: &mut Ui) {
[INFO] [stdout]     |                           ^^ help: if this is intentional, prefix it with an underscore: `_ui`
[INFO] [stdout] 
[INFO] [stdout] 
[INFO] [stdout] warning: field `init_time` is never read
[INFO] [stdout]   --> rust_robotics_sim/src/simulator/localization.rs:34:5
[INFO] [stdout]    |
[INFO] [stdout] 23 | pub struct ParticleFilter {
[INFO] [stdout]    |            -------------- field in this struct
[INFO] [stdout] ...
[INFO] [stdout] 34 |     init_time: f32,
[INFO] [stdout]    |     ^^^^^^^^^
[INFO] [stdout]    |
[INFO] [stdout]    = note: `#[warn(dead_code)]` on by default
[INFO] [stdout] 
[INFO] [stdout] 
[INFO] [stderr]    Compiling examples v0.1.0 (/opt/rustwide/workdir/examples)
[INFO] [stderr]     Finished `test` profile [unoptimized + debuginfo] target(s) in 4m 05s
[INFO] running `Command { std: "docker" "inspect" "917b8548209c5ece2c740f2d00aac62799aae56e6884afc8dfc66a836709e2ae", kill_on_drop: false }`
[INFO] running `Command { std: "docker" "rm" "-f" "917b8548209c5ece2c740f2d00aac62799aae56e6884afc8dfc66a836709e2ae", kill_on_drop: false }`
[INFO] [stdout] 917b8548209c5ece2c740f2d00aac62799aae56e6884afc8dfc66a836709e2ae
[INFO] running `Command { std: "docker" "create" "-v" "/var/lib/crater-agent-workspace/builds/worker-4-tc1/target:/opt/rustwide/target:rw,Z" "-v" "/var/lib/crater-agent-workspace/builds/worker-4-tc1/source:/opt/rustwide/workdir:ro,Z" "-v" "/var/lib/crater-agent-workspace/cargo-home:/opt/rustwide/cargo-home:ro,Z" "-v" "/var/lib/crater-agent-workspace/rustup-home:/opt/rustwide/rustup-home:ro,Z" "-e" "SOURCE_DIR=/opt/rustwide/workdir" "-e" "CARGO_TARGET_DIR=/opt/rustwide/target" "-e" "CARGO_INCREMENTAL=0" "-e" "RUST_BACKTRACE=full" "-e" "RUSTFLAGS=--cap-lints=forbid" "-e" "RUSTDOCFLAGS=--cap-lints=forbid" "-e" "CARGO_HOME=/opt/rustwide/cargo-home" "-e" "RUSTUP_HOME=/opt/rustwide/rustup-home" "-w" "/opt/rustwide/workdir" "-m" "1610612736" "--user" "0:0" "--network" "none" "ghcr.io/rust-lang/crates-build-env/linux@sha256:819108c5571ea2e421544af4d832f968d213c87fbe3707a016657f43d2f853bc" "/opt/rustwide/cargo-home/bin/cargo" "+nightly-2025-01-18" "test" "--frozen", kill_on_drop: false }`
[INFO] [stdout] 452239c5292d7d20249e173efe780440366687706699cbb53956259c1eae5a41
[INFO] running `Command { std: "docker" "start" "-a" "452239c5292d7d20249e173efe780440366687706699cbb53956259c1eae5a41", kill_on_drop: false }`
[INFO] [stderr] warning: unexpected `cfg` condition value: `libm`
[INFO] [stderr]  --> rust_robotics_algo/src/control/inverted_pendulum/mod.rs:4:11
[INFO] [stderr]   |
[INFO] [stderr] 4 | #[cfg(not(feature = "libm"))]
[INFO] [stderr]   |           ^^^^^^^^^^^^^^^^
[INFO] [stderr]   |
[INFO] [stderr]   = note: expected values for `feature` are: `default`, `nalgebra-numpy`, `numpy`, and `osqp`
[INFO] [stderr]   = help: consider adding `libm` as a feature in `Cargo.toml`
[INFO] [stderr]   = note: see <https://doc.rust-lang.org/nightly/rustc/check-cfg/cargo-specifics.html> for more information about checking conditional configuration
[INFO] [stderr]   = note: `#[warn(unexpected_cfgs)]` on by default
[INFO] [stderr] 
[INFO] [stderr] warning: unexpected `cfg` condition value: `libm`
[INFO] [stderr]   --> rust_robotics_algo/src/control/inverted_pendulum/mod.rs:10:11
[INFO] [stderr]    |
[INFO] [stderr] 10 | #[cfg(not(feature = "libm"))]
[INFO] [stderr]    |           ^^^^^^^^^^^^^^^^
[INFO] [stderr]    |
[INFO] [stderr]    = note: expected values for `feature` are: `default`, `nalgebra-numpy`, `numpy`, and `osqp`
[INFO] [stderr]    = help: consider adding `libm` as a feature in `Cargo.toml`
[INFO] [stderr]    = note: see <https://doc.rust-lang.org/nightly/rustc/check-cfg/cargo-specifics.html> for more information about checking conditional configuration
[INFO] [stderr] 
[INFO] [stderr] warning: unused import: `lqr::*`
[INFO] [stderr]  --> rust_robotics_algo/src/control/inverted_pendulum/mod.rs:7:9
[INFO] [stderr]   |
[INFO] [stderr] 7 | pub use lqr::*;
[INFO] [stderr]   |         ^^^^^^
[INFO] [stderr]   |
[INFO] [stderr]   = note: `#[warn(unused_imports)]` on by default
[INFO] [stderr] 
[INFO] [stderr] warning: `rust_robotics_algo` (lib) generated 3 warnings (run `cargo fix --lib -p rust_robotics_algo` to apply 1 suggestion)
[INFO] [stderr] warning: unused imports: `Circle` and `Point`
[INFO] [stderr]  --> rust_robotics_sim/src/item/vehicle.rs:1:13
[INFO] [stderr]   |
[INFO] [stderr] 1 | use super::{Circle, Point, Rectangle, Shape, WithAngle, WithPosition, WithSize};
[INFO] [stderr]   |             ^^^^^^  ^^^^^
[INFO] [stderr]   |
[INFO] [stderr]   = note: `#[warn(unused_imports)]` on by default
[INFO] [stderr] 
[INFO] [stderr] warning: unused imports: `cos` and `sin`
[INFO] [stderr]  --> rust_robotics_sim/src/item/vehicle.rs:2:19
[INFO] [stderr]   |
[INFO] [stderr] 2 | use crate::math::{cos, sin};
[INFO] [stderr]   |                   ^^^  ^^^
[INFO] [stderr] 
[INFO] [stderr] warning: unused imports: `Line` and `Values`
[INFO] [stderr]  --> rust_robotics_sim/src/item/vehicle.rs:3:18
[INFO] [stderr]   |
[INFO] [stderr] 3 | use egui::plot::{Line, PlotUi, Values};
[INFO] [stderr]   |                  ^^^^          ^^^^^^
[INFO] [stderr] 
[INFO] [stderr] warning: unused import: `inverted_pendulum::Model`
[INFO] [stderr]  --> rust_robotics_sim/src/item/vehicle.rs:5:26
[INFO] [stderr]   |
[INFO] [stderr] 5 | use rust_robotics_algo::{inverted_pendulum::Model, Vector4};
[INFO] [stderr]   |                          ^^^^^^^^^^^^^^^^^^^^^^^^
[INFO] [stderr] 
[INFO] [stderr] warning: unused import: `TimeTable`
[INFO] [stderr]  --> rust_robotics_sim/src/simulator/localization.rs:3:19
[INFO] [stderr]   |
[INFO] [stderr] 3 | use crate::data::{TimeTable, VehiclePlot};
[INFO] [stderr]   |                   ^^^^^^^^^
[INFO] [stderr] 
[INFO] [stderr] warning: unused imports: `ComboBox` and `DragValue`
[INFO] [stderr]  --> rust_robotics_sim/src/simulator/localization.rs:7:26
[INFO] [stderr]   |
[INFO] [stderr] 7 | use egui::{plot::PlotUi, ComboBox, DragValue, Ui};
[INFO] [stderr]   |                          ^^^^^^^^  ^^^^^^^^^
[INFO] [stderr] 
[INFO] [stderr] warning: unused variable: `ui`
[INFO] [stderr]    --> rust_robotics_sim/src/simulator/localization.rs:124:27
[INFO] [stderr]     |
[INFO] [stderr] 124 |     fn options(&mut self, ui: &mut Ui) {}
[INFO] [stderr]     |                           ^^ help: if this is intentional, prefix it with an underscore: `_ui`
[INFO] [stderr]     |
[INFO] [stderr]     = note: `#[warn(unused_variables)]` on by default
[INFO] [stderr] 
[INFO] [stderr] warning: unused variable: `ui`
[INFO] [stderr]    --> rust_robotics_sim/src/simulator/mod.rs:228:27
[INFO] [stderr]     |
[INFO] [stderr] 228 |     fn options(&mut self, ui: &mut Ui) {
[INFO] [stderr]     |                           ^^ help: if this is intentional, prefix it with an underscore: `_ui`
[INFO] [stderr] 
[INFO] [stderr] warning: field `init_time` is never read
[INFO] [stderr]   --> rust_robotics_sim/src/simulator/localization.rs:34:5
[INFO] [stderr]    |
[INFO] [stderr] 23 | pub struct ParticleFilter {
[INFO] [stderr]    |            -------------- field in this struct
[INFO] [stderr] ...
[INFO] [stderr] 34 |     init_time: f32,
[INFO] [stderr]    |     ^^^^^^^^^
[INFO] [stderr]    |
[INFO] [stderr]    = note: `#[warn(dead_code)]` on by default
[INFO] [stderr] 
[INFO] [stderr] warning: `rust_robotics_sim` (lib) generated 9 warnings (run `cargo fix --lib -p rust_robotics_sim` to apply 6 suggestions)
[INFO] [stderr] warning: `rust_robotics_sim` (lib test) generated 9 warnings (9 duplicates)
[INFO] [stderr] warning: `rust_robotics_algo` (lib test) generated 3 warnings (3 duplicates)
[INFO] [stderr]     Finished `test` profile [unoptimized + debuginfo] target(s) in 0.64s
[INFO] [stderr]      Running unittests src/lib.rs (/opt/rustwide/target/debug/deps/rust_robotics_algo-9012078588812f6f)
[INFO] [stdout] 
[INFO] [stdout] running 3 tests
[INFO] [stdout] test localization::particle_filter::tests::check_rand ... ok
[INFO] [stdout] test control::inverted_pendulum::mpc::tests::test_mpc_control ... ok
[INFO] [stdout] test localization::particle_filter::tests::test_main ... ok
[INFO] [stdout] 
[INFO] [stdout] test result: ok. 3 passed; 0 failed; 0 ignored; 0 measured; 0 filtered out; finished in 1.17s
[INFO] [stdout] 
[INFO] [stderr]      Running unittests src/lib.rs (/opt/rustwide/target/debug/deps/rust_robotics_sim-ad1ad9a2114d5b0a)
[INFO] [stdout] 
[INFO] [stdout] running 4 tests
[INFO] [stdout] test data::tests::add_timeseries ... ok
[INFO] [stdout] test data::tests::check_range ... ok
[INFO] [stdout] test data::tests::series_to_table ... ok
[INFO] [stdout] test data::tests::check_index ... FAILED
[INFO] [stdout] 
[INFO] [stdout] failures:
[INFO] [stdout] 
[INFO] [stdout] ---- data::tests::check_index stdout ----
[INFO] [stdout] 
[INFO] [stdout] thread 'data::tests::check_index' panicked at rust_robotics_sim/src/data/mod.rs:390:9:
[INFO] [stdout] assertion `left == right` failed
[INFO] [stdout]   left: 2
[INFO] [stdout]  right: 1
[INFO] [stdout] stack backtrace:
[INFO] [stdout]    0:     0x59d938aa858a - std::backtrace_rs::backtrace::libunwind::trace::hb059275cfc8d6126
[INFO] [stdout]                                at /rustc/6067b36314ab5eb2eb47cecc464545ba58e1ad24/library/std/src/../../backtrace/src/backtrace/libunwind.rs:116:5
[INFO] [stdout]    1:     0x59d938aa858a - std::backtrace_rs::backtrace::trace_unsynchronized::h2da071e4327ce3ee
[INFO] [stdout]                                at /rustc/6067b36314ab5eb2eb47cecc464545ba58e1ad24/library/std/src/../../backtrace/src/backtrace/mod.rs:66:5
[INFO] [stdout]    2:     0x59d938aa858a - std::sys::backtrace::_print_fmt::h842a1474e6f8d23f
[INFO] [stdout]                                at /rustc/6067b36314ab5eb2eb47cecc464545ba58e1ad24/library/std/src/sys/backtrace.rs:66:9
[INFO] [stdout]    3:     0x59d938aa858a - <std::sys::backtrace::BacktraceLock::print::DisplayBacktrace as core::fmt::Display>::fmt::h71a62eb3b9696b12
[INFO] [stdout]                                at /rustc/6067b36314ab5eb2eb47cecc464545ba58e1ad24/library/std/src/sys/backtrace.rs:39:26
[INFO] [stdout]    4:     0x59d938ad0583 - core::fmt::rt::Argument::fmt::hdb6b616786b41dc1
[INFO] [stdout]                                at /rustc/6067b36314ab5eb2eb47cecc464545ba58e1ad24/library/core/src/fmt/rt.rs:177:76
[INFO] [stdout]    5:     0x59d938ad0583 - core::fmt::write::h2cc1698af7e2d686
[INFO] [stdout]                                at /rustc/6067b36314ab5eb2eb47cecc464545ba58e1ad24/library/core/src/fmt/mod.rs:1440:21
[INFO] [stdout]    6:     0x59d938aa50e3 - std::io::Write::write_fmt::hab1b4cd059a79022
[INFO] [stdout]                                at /rustc/6067b36314ab5eb2eb47cecc464545ba58e1ad24/library/std/src/io/mod.rs:1887:15
[INFO] [stdout]    7:     0x59d938aa83d2 - std::sys::backtrace::BacktraceLock::print::h147fe35b4ea13b08
[INFO] [stdout]                                at /rustc/6067b36314ab5eb2eb47cecc464545ba58e1ad24/library/std/src/sys/backtrace.rs:42:9
[INFO] [stdout]    8:     0x59d938aa99af - std::panicking::default_hook::{{closure}}::hbd44223dbdc0d208
[INFO] [stdout]                                at /rustc/6067b36314ab5eb2eb47cecc464545ba58e1ad24/library/std/src/panicking.rs:298:22
[INFO] [stdout]    9:     0x59d938aa97c8 - std::panicking::default_hook::h20f81eb0576efcec
[INFO] [stdout]                                at /rustc/6067b36314ab5eb2eb47cecc464545ba58e1ad24/library/std/src/panicking.rs:322:9
[INFO] [stdout]   10:     0x59d938a6eb93 - <alloc::boxed::Box<F,A> as core::ops::function::Fn<Args>>::call::hdb53814c496a4d34
[INFO] [stdout]                                at /rustc/6067b36314ab5eb2eb47cecc464545ba58e1ad24/library/alloc/src/boxed.rs:2027:9
[INFO] [stdout]   11:     0x59d938a6eb93 - test::test_main::{{closure}}::hc0a4963c59427c24
[INFO] [stdout]                                at /rustc/6067b36314ab5eb2eb47cecc464545ba58e1ad24/library/test/src/lib.rs:134:21
[INFO] [stdout]   12:     0x59d938aaa4a3 - <alloc::boxed::Box<F,A> as core::ops::function::Fn<Args>>::call::h591b2225413a77e9
[INFO] [stdout]                                at /rustc/6067b36314ab5eb2eb47cecc464545ba58e1ad24/library/alloc/src/boxed.rs:2027:9
[INFO] [stdout]   13:     0x59d938aaa4a3 - std::panicking::rust_panic_with_hook::h625eea43051b2edc
[INFO] [stdout]                                at /rustc/6067b36314ab5eb2eb47cecc464545ba58e1ad24/library/std/src/panicking.rs:839:13
[INFO] [stdout]   14:     0x59d938aaa15a - std::panicking::begin_panic_handler::{{closure}}::h4f9159cfbc3f6bd3
[INFO] [stdout]                                at /rustc/6067b36314ab5eb2eb47cecc464545ba58e1ad24/library/std/src/panicking.rs:704:13
[INFO] [stdout]   15:     0x59d938aa8a89 - std::sys::backtrace::__rust_end_short_backtrace::h0390abce48353151
[INFO] [stdout]                                at /rustc/6067b36314ab5eb2eb47cecc464545ba58e1ad24/library/std/src/sys/backtrace.rs:168:18
[INFO] [stdout]   16:     0x59d938aa9ded - rust_begin_unwind
[INFO] [stdout]                                at /rustc/6067b36314ab5eb2eb47cecc464545ba58e1ad24/library/std/src/panicking.rs:695:5
[INFO] [stdout]   17:     0x59d938ace5a0 - core::panicking::panic_fmt::h9e7c637e9e5f29c9
[INFO] [stdout]                                at /rustc/6067b36314ab5eb2eb47cecc464545ba58e1ad24/library/core/src/panicking.rs:75:14
[INFO] [stdout]   18:     0x59d938ace8f2 - core::panicking::assert_failed_inner::h538bec7c1374cd9c
[INFO] [stdout]   19:     0x59d938ace7a9 - core::panicking::assert_failed::h7fe8c93d80615b71
[INFO] [stdout]                                at /rustc/6067b36314ab5eb2eb47cecc464545ba58e1ad24/library/core/src/panicking.rs:364:5
[INFO] [stdout]   20:     0x59d938a34137 - rust_robotics_sim::data::tests::check_index::hc89a35a5e6a6fbe9
[INFO] [stdout]                                at /opt/rustwide/workdir/rust_robotics_sim/src/data/mod.rs:390:9
[INFO] [stdout]   21:     0x59d938a33ff7 - rust_robotics_sim::data::tests::check_index::{{closure}}::h3c113dc219ab49f0
[INFO] [stdout]                                at /opt/rustwide/workdir/rust_robotics_sim/src/data/mod.rs:386:21
[INFO] [stdout]   22:     0x59d938a31506 - core::ops::function::FnOnce::call_once::h62c248c81c4dc2bb
[INFO] [stdout]                                at /rustc/6067b36314ab5eb2eb47cecc464545ba58e1ad24/library/core/src/ops/function.rs:250:5
[INFO] [stdout]   23:     0x59d938a742eb - core::ops::function::FnOnce::call_once::he27718dfdd183f43
[INFO] [stdout]                                at /rustc/6067b36314ab5eb2eb47cecc464545ba58e1ad24/library/core/src/ops/function.rs:250:5
[INFO] [stdout]   24:     0x59d938a742eb - test::__rust_begin_short_backtrace::h4e84902998457a5d
[INFO] [stdout]                                at /rustc/6067b36314ab5eb2eb47cecc464545ba58e1ad24/library/test/src/lib.rs:632:18
[INFO] [stdout]   25:     0x59d938a73223 - test::run_test_in_process::{{closure}}::h7176fd18fc1feca0
[INFO] [stdout]                                at /rustc/6067b36314ab5eb2eb47cecc464545ba58e1ad24/library/test/src/lib.rs:655:60
[INFO] [stdout]   26:     0x59d938a73223 - <core::panic::unwind_safe::AssertUnwindSafe<F> as core::ops::function::FnOnce<()>>::call_once::hf79cff2a624d8cf7
[INFO] [stdout]                                at /rustc/6067b36314ab5eb2eb47cecc464545ba58e1ad24/library/core/src/panic/unwind_safe.rs:272:9
[INFO] [stdout]   27:     0x59d938a73223 - std::panicking::try::do_call::h3da0561d9ab99c25
[INFO] [stdout]                                at /rustc/6067b36314ab5eb2eb47cecc464545ba58e1ad24/library/std/src/panicking.rs:587:40
[INFO] [stdout]   28:     0x59d938a73223 - std::panicking::try::h41c9fa508bc61df6
[INFO] [stdout]                                at /rustc/6067b36314ab5eb2eb47cecc464545ba58e1ad24/library/std/src/panicking.rs:550:19
[INFO] [stdout]   29:     0x59d938a73223 - std::panic::catch_unwind::h6b3ff07bb5afad93
[INFO] [stdout]                                at /rustc/6067b36314ab5eb2eb47cecc464545ba58e1ad24/library/std/src/panic.rs:358:14
[INFO] [stdout]   30:     0x59d938a73223 - test::run_test_in_process::hc7253dd11b39b9f4
[INFO] [stdout]                                at /rustc/6067b36314ab5eb2eb47cecc464545ba58e1ad24/library/test/src/lib.rs:655:27
[INFO] [stdout]   31:     0x59d938a73223 - test::run_test::{{closure}}::hfb2007f8649c30bb
[INFO] [stdout]                                at /rustc/6067b36314ab5eb2eb47cecc464545ba58e1ad24/library/test/src/lib.rs:576:43
[INFO] [stdout]   32:     0x59d938a36305 - test::run_test::{{closure}}::h56a17aa7a282a9f4
[INFO] [stdout]                                at /rustc/6067b36314ab5eb2eb47cecc464545ba58e1ad24/library/test/src/lib.rs:606:41
[INFO] [stdout]   33:     0x59d938a36305 - std::sys::backtrace::__rust_begin_short_backtrace::hd2d2d2fb8e8c6aac
[INFO] [stdout]                                at /rustc/6067b36314ab5eb2eb47cecc464545ba58e1ad24/library/std/src/sys/backtrace.rs:152:18
[INFO] [stdout]   34:     0x59d938a39bea - std::thread::Builder::spawn_unchecked_::{{closure}}::{{closure}}::h4faa3f9db6133423
[INFO] [stdout]                                at /rustc/6067b36314ab5eb2eb47cecc464545ba58e1ad24/library/std/src/thread/mod.rs:559:17
[INFO] [stdout]   35:     0x59d938a39bea - <core::panic::unwind_safe::AssertUnwindSafe<F> as core::ops::function::FnOnce<()>>::call_once::hf2e855a36a4ea846
[INFO] [stdout]                                at /rustc/6067b36314ab5eb2eb47cecc464545ba58e1ad24/library/core/src/panic/unwind_safe.rs:272:9
[INFO] [stdout]   36:     0x59d938a39bea - std::panicking::try::do_call::h2f73af3616c35465
[INFO] [stdout]                                at /rustc/6067b36314ab5eb2eb47cecc464545ba58e1ad24/library/std/src/panicking.rs:587:40
[INFO] [stdout]   37:     0x59d938a39bea - std::panicking::try::hd1660ce9efadef5a
[INFO] [stdout]                                at /rustc/6067b36314ab5eb2eb47cecc464545ba58e1ad24/library/std/src/panicking.rs:550:19
[INFO] [stdout]   38:     0x59d938a39bea - std::panic::catch_unwind::h5ee8d7823b8ca744
[INFO] [stdout]                                at /rustc/6067b36314ab5eb2eb47cecc464545ba58e1ad24/library/std/src/panic.rs:358:14
[INFO] [stdout]   39:     0x59d938a39bea - std::thread::Builder::spawn_unchecked_::{{closure}}::h53c3a1894dce8407
[INFO] [stdout]                                at /rustc/6067b36314ab5eb2eb47cecc464545ba58e1ad24/library/std/src/thread/mod.rs:557:30
[INFO] [stdout]   40:     0x59d938a39bea - core::ops::function::FnOnce::call_once{{vtable.shim}}::h048ce291ad4f62bf
[INFO] [stdout]                                at /rustc/6067b36314ab5eb2eb47cecc464545ba58e1ad24/library/core/src/ops/function.rs:250:5
[INFO] [stdout]   41:     0x59d938aae3db - <alloc::boxed::Box<F,A> as core::ops::function::FnOnce<Args>>::call_once::ha52bedf99a3b4981
[INFO] [stdout]                                at /rustc/6067b36314ab5eb2eb47cecc464545ba58e1ad24/library/alloc/src/boxed.rs:2013:9
[INFO] [stdout]   42:     0x59d938aae3db - <alloc::boxed::Box<F,A> as core::ops::function::FnOnce<Args>>::call_once::h567748934d80ccf8
[INFO] [stdout]                                at /rustc/6067b36314ab5eb2eb47cecc464545ba58e1ad24/library/alloc/src/boxed.rs:2013:9
[INFO] [stdout]   43:     0x59d938aae3db - std::sys::pal::unix::thread::Thread::new::thread_start::h2d970728ae887adc
[INFO] [stdout]                                at /rustc/6067b36314ab5eb2eb47cecc464545ba58e1ad24/library/std/src/sys/pal/unix/thread.rs:106:17
[INFO] [stdout]   44:     0x7a9f04bb9ac3 - <unknown>
[INFO] [stdout]   45:     0x7a9f04c4aa04 - clone
[INFO] [stdout]   46:                0x0 - <unknown>
[INFO] [stdout] 
[INFO] [stdout] 
[INFO] [stdout] failures:
[INFO] [stdout]     data::tests::check_index
[INFO] [stdout] 
[INFO] [stdout] test result: FAILED. 3 passed; 1 failed; 0 ignored; 0 measured; 0 filtered out; finished in 0.33s
[INFO] [stdout] 
[INFO] [stderr] error: test failed, to rerun pass `-p rust_robotics_sim --lib`
[INFO] running `Command { std: "docker" "inspect" "452239c5292d7d20249e173efe780440366687706699cbb53956259c1eae5a41", kill_on_drop: false }`
[INFO] running `Command { std: "docker" "rm" "-f" "452239c5292d7d20249e173efe780440366687706699cbb53956259c1eae5a41", kill_on_drop: false }`
[INFO] [stdout] 452239c5292d7d20249e173efe780440366687706699cbb53956259c1eae5a41
