[INFO] cloning repository https://github.com/ykafia/Nes-Emulator-Rust
[INFO] running `Command { std: "git" "-c" "credential.helper=" "-c" "credential.helper=/workspace/cargo-home/bin/git-credential-null" "clone" "--bare" "https://github.com/ykafia/Nes-Emulator-Rust" "/workspace/cache/git-repos/https%3A%2F%2Fgithub.com%2Fykafia%2FNes-Emulator-Rust", kill_on_drop: false }`
[INFO] [stderr] Cloning into bare repository '/workspace/cache/git-repos/https%3A%2F%2Fgithub.com%2Fykafia%2FNes-Emulator-Rust'...
[INFO] running `Command { std: "git" "rev-parse" "HEAD", kill_on_drop: false }`
[INFO] [stdout] def58b375147cf7e153bed0fcf9167ba6bf8d22c
[INFO] testing ykafia/Nes-Emulator-Rust against nightly-2025-01-18 for randomize-layout-2
[INFO] running `Command { std: "git" "clone" "/workspace/cache/git-repos/https%3A%2F%2Fgithub.com%2Fykafia%2FNes-Emulator-Rust" "/workspace/builds/worker-5-tc1/source", kill_on_drop: false }`
[INFO] [stderr] Cloning into '/workspace/builds/worker-5-tc1/source'...
[INFO] [stderr] done.
[INFO] validating manifest of git repo https://github.com/ykafia/Nes-Emulator-Rust on toolchain nightly-2025-01-18
[INFO] running `Command { std: CARGO_HOME="/workspace/cargo-home" RUSTUP_HOME="/workspace/rustup-home" "/workspace/cargo-home/bin/cargo" "+nightly-2025-01-18" "metadata" "--manifest-path" "Cargo.toml" "--no-deps", kill_on_drop: false }`
[INFO] started tweaking git repo https://github.com/ykafia/Nes-Emulator-Rust
[INFO] finished tweaking git repo https://github.com/ykafia/Nes-Emulator-Rust
[INFO] tweaked toml for git repo https://github.com/ykafia/Nes-Emulator-Rust written to /workspace/builds/worker-5-tc1/source/Cargo.toml
[INFO] crate git repo https://github.com/ykafia/Nes-Emulator-Rust already has a lockfile, it will not be regenerated
[INFO] running `Command { std: CARGO_HOME="/workspace/cargo-home" RUSTUP_HOME="/workspace/rustup-home" "/workspace/cargo-home/bin/cargo" "+nightly-2025-01-18" "fetch" "--manifest-path" "Cargo.toml", kill_on_drop: false }`
[INFO] [stderr]     Blocking waiting for file lock on package cache
[INFO] [stderr]  Downloading crates ...
[INFO] [stderr]   Downloaded console v0.9.0
[INFO] [stderr]   Downloaded modular-bitfield v0.6.0
[INFO] [stderr]   Downloaded modular-bitfield-impl v0.6.0
[INFO] running `Command { std: "docker" "create" "-v" "/var/lib/crater-agent-workspace/builds/worker-5-tc1/target:/opt/rustwide/target:rw,Z" "-v" "/var/lib/crater-agent-workspace/builds/worker-5-tc1/source:/opt/rustwide/workdir:ro,Z" "-v" "/var/lib/crater-agent-workspace/cargo-home:/opt/rustwide/cargo-home:ro,Z" "-v" "/var/lib/crater-agent-workspace/rustup-home:/opt/rustwide/rustup-home:ro,Z" "-e" "SOURCE_DIR=/opt/rustwide/workdir" "-e" "CARGO_TARGET_DIR=/opt/rustwide/target" "-e" "CARGO_HOME=/opt/rustwide/cargo-home" "-e" "RUSTUP_HOME=/opt/rustwide/rustup-home" "-w" "/opt/rustwide/workdir" "-m" "1610612736" "--user" "0:0" "--network" "none" "ghcr.io/rust-lang/crates-build-env/linux@sha256:819108c5571ea2e421544af4d832f968d213c87fbe3707a016657f43d2f853bc" "/opt/rustwide/cargo-home/bin/cargo" "+nightly-2025-01-18" "metadata" "--no-deps" "--format-version=1", kill_on_drop: false }`
[INFO] [stdout] 20e9c8d866e86f2545f56368337c1e88024d6996e49361284a9f60fb88c369a7
[INFO] running `Command { std: "docker" "start" "-a" "20e9c8d866e86f2545f56368337c1e88024d6996e49361284a9f60fb88c369a7", kill_on_drop: false }`
[INFO] running `Command { std: "docker" "inspect" "20e9c8d866e86f2545f56368337c1e88024d6996e49361284a9f60fb88c369a7", kill_on_drop: false }`
[INFO] running `Command { std: "docker" "rm" "-f" "20e9c8d866e86f2545f56368337c1e88024d6996e49361284a9f60fb88c369a7", kill_on_drop: false }`
[INFO] [stdout] 20e9c8d866e86f2545f56368337c1e88024d6996e49361284a9f60fb88c369a7
[INFO] running `Command { std: "docker" "create" "-v" "/var/lib/crater-agent-workspace/builds/worker-5-tc1/target:/opt/rustwide/target:rw,Z" "-v" "/var/lib/crater-agent-workspace/builds/worker-5-tc1/source:/opt/rustwide/workdir:ro,Z" "-v" "/var/lib/crater-agent-workspace/cargo-home:/opt/rustwide/cargo-home:ro,Z" "-v" "/var/lib/crater-agent-workspace/rustup-home:/opt/rustwide/rustup-home:ro,Z" "-e" "SOURCE_DIR=/opt/rustwide/workdir" "-e" "CARGO_TARGET_DIR=/opt/rustwide/target" "-e" "CARGO_INCREMENTAL=0" "-e" "RUST_BACKTRACE=full" "-e" "RUSTFLAGS=--cap-lints=forbid" "-e" "RUSTDOCFLAGS=--cap-lints=forbid" "-e" "CARGO_HOME=/opt/rustwide/cargo-home" "-e" "RUSTUP_HOME=/opt/rustwide/rustup-home" "-w" "/opt/rustwide/workdir" "-m" "1610612736" "--user" "0:0" "--network" "none" "ghcr.io/rust-lang/crates-build-env/linux@sha256:819108c5571ea2e421544af4d832f968d213c87fbe3707a016657f43d2f853bc" "/opt/rustwide/cargo-home/bin/cargo" "+nightly-2025-01-18" "build" "--frozen" "--message-format=json", kill_on_drop: false }`
[INFO] [stdout] 4d85ceadcfc92f8ec4e38f8b9cd55c890a5145fce6b3856573df0ba2b577ca73
[INFO] running `Command { std: "docker" "start" "-a" "4d85ceadcfc92f8ec4e38f8b9cd55c890a5145fce6b3856573df0ba2b577ca73", kill_on_drop: false }`
[INFO] [stderr]    Compiling proc-macro2 v1.0.3
[INFO] [stderr]    Compiling unicode-xid v0.2.0
[INFO] [stderr]    Compiling libc v0.2.65
[INFO] [stderr]    Compiling syn v1.0.5
[INFO] [stderr]    Compiling unicode-segmentation v1.3.0
[INFO] [stderr]    Compiling regex-syntax v0.6.12
[INFO] [stderr]    Compiling lazy_static v1.4.0
[INFO] [stderr]    Compiling unicode-width v0.1.6
[INFO] [stderr]    Compiling heck v0.3.1
[INFO] [stderr]    Compiling clicolors-control v1.0.1
[INFO] [stderr]    Compiling termios v0.3.1
[INFO] [stderr]    Compiling quote v1.0.2
[INFO] [stderr]    Compiling regex v1.3.1
[INFO] [stderr]    Compiling console v0.9.0
[INFO] [stderr]    Compiling modular-bitfield-impl v0.6.0
[INFO] [stderr]    Compiling modular-bitfield v0.6.0
[INFO] [stderr]    Compiling rustnes v0.1.0 (/opt/rustwide/workdir)
[INFO] [stdout] warning: unused import: `self::instruction_generator::get_lookup_list`
[INFO] [stdout]  --> src/components/mod.rs:3:9
[INFO] [stdout]   |
[INFO] [stdout] 3 | pub use self::instruction_generator::get_lookup_list;
[INFO] [stdout]   |         ^^^^^^^^^^^^^^^^^^^^^^^^^^^^^^^^^^^^^^^^^^^^
[INFO] [stdout]   |
[INFO] [stdout]   = note: `#[warn(unused_imports)]` on by default
[INFO] [stdout] 
[INFO] [stdout] 
[INFO] [stdout] warning: unused import: `convert::TryInto`
[INFO] [stdout]  --> src/components/cartridge.rs:1:11
[INFO] [stdout]   |
[INFO] [stdout] 1 | use std::{convert::TryInto, fmt, ops::{Index, IndexMut}};
[INFO] [stdout]   |           ^^^^^^^^^^^^^^^^
[INFO] [stdout] 
[INFO] [stdout] 
[INFO] [stdout] warning: unused imports: `BaseByte` and `Convert`
[INFO] [stdout]  --> src/utils/mod.rs:1:28
[INFO] [stdout]   |
[INFO] [stdout] 1 | pub use self::byte_types::{BaseByte, Convert};
[INFO] [stdout]   |                            ^^^^^^^^  ^^^^^^^
[INFO] [stdout] 
[INFO] [stdout] 
[INFO] [stdout] warning: unused variable: `read_only`
[INFO] [stdout]   --> src/components/nes.rs:84:39
[INFO] [stdout]    |
[INFO] [stdout] 84 |     fn ppu_read(&mut self, addr: u16, read_only: bool) -> u8 {
[INFO] [stdout]    |                                       ^^^^^^^^^ help: if this is intentional, prefix it with an underscore: `_read_only`
[INFO] [stdout]    |
[INFO] [stdout]    = note: `#[warn(unused_variables)]` on by default
[INFO] [stdout] 
[INFO] [stdout] 
[INFO] [stdout] warning: unused variable: `src`
[INFO] [stdout]   --> src/components/mapper.rs:54:26
[INFO] [stdout]    |
[INFO] [stdout] 54 |     fn mapper_001(&self, src: Source, addr: u16) -> Option<usize> {
[INFO] [stdout]    |                          ^^^ help: if this is intentional, prefix it with an underscore: `_src`
[INFO] [stdout] 
[INFO] [stdout] 
[INFO] [stdout] warning: unused variable: `addr`
[INFO] [stdout]   --> src/components/mapper.rs:54:39
[INFO] [stdout]    |
[INFO] [stdout] 54 |     fn mapper_001(&self, src: Source, addr: u16) -> Option<usize> {
[INFO] [stdout]    |                                       ^^^^ help: if this is intentional, prefix it with an underscore: `_addr`
[INFO] [stdout] 
[INFO] [stdout] 
[INFO] [stdout] warning: unused variable: `nb_bank`
[INFO] [stdout]   --> src/components/cartridge.rs:52:13
[INFO] [stdout]    |
[INFO] [stdout] 52 |         let nb_bank = self.header.nb_prg_banks as usize;
[INFO] [stdout]    |             ^^^^^^^ help: if this is intentional, prefix it with an underscore: `_nb_bank`
[INFO] [stdout] 
[INFO] [stdout] 
[INFO] [stdout] warning: unused variable: `nb_bank2`
[INFO] [stdout]   --> src/components/cartridge.rs:53:13
[INFO] [stdout]    |
[INFO] [stdout] 53 |         let nb_bank2 = self.header.nb_chr_banks as usize;
[INFO] [stdout]    |             ^^^^^^^^ help: if this is intentional, prefix it with an underscore: `_nb_bank2`
[INFO] [stdout] 
[INFO] [stdout] 
[INFO] [stdout] warning: methods `reset`, `interupt_req`, and `non_maskable_interupt_req` are never used
[INFO] [stdout]   --> src/components/cpu.rs:93:8
[INFO] [stdout]    |
[INFO] [stdout] 86 | pub trait CPUFunctions {
[INFO] [stdout]    |           ------------ methods in this trait
[INFO] [stdout] ...
[INFO] [stdout] 93 |     fn reset(&mut self, nes: &mut NesData);
[INFO] [stdout]    |        ^^^^^
[INFO] [stdout] 94 |     fn power(&mut self, nes: &mut NesData);
[INFO] [stdout] 95 |     fn interupt_req(&mut self, nes: &mut NesData);
[INFO] [stdout]    |        ^^^^^^^^^^^^
[INFO] [stdout] 96 |     fn non_maskable_interupt_req(&mut self, nes: &mut NesData);
[INFO] [stdout]    |        ^^^^^^^^^^^^^^^^^^^^^^^^^
[INFO] [stdout]    |
[INFO] [stdout]    = note: `#[warn(dead_code)]` on by default
[INFO] [stdout] 
[INFO] [stdout] 
[INFO] [stdout] warning: field `clock_counter` is never read
[INFO] [stdout]   --> src/components/nes.rs:16:9
[INFO] [stdout]    |
[INFO] [stdout] 4  | pub struct NesData {
[INFO] [stdout]    |            ------- field in this struct
[INFO] [stdout] ...
[INFO] [stdout] 16 |     pub clock_counter : u128,
[INFO] [stdout]    |         ^^^^^^^^^^^^^
[INFO] [stdout] 
[INFO] [stdout] 
[INFO] [stdout] warning: methods `ppu_write` and `ppu_read` are never used
[INFO] [stdout]   --> src/components/nes.rs:22:8
[INFO] [stdout]    |
[INFO] [stdout] 19 | pub trait DataActions {
[INFO] [stdout]    |           ----------- methods in this trait
[INFO] [stdout] ...
[INFO] [stdout] 22 |     fn ppu_write(&mut self, addr: u16, data: u8);
[INFO] [stdout]    |        ^^^^^^^^^
[INFO] [stdout] 23 |     fn ppu_read(&mut self, addr: u16, read_only: bool) -> u8;
[INFO] [stdout]    |        ^^^^^^^^
[INFO] [stdout] 
[INFO] [stdout] 
[INFO] [stdout] warning: methods `insert_cartridge`, `reset_memory`, and `clock` are never used
[INFO] [stdout]   --> src/components/nes.rs:37:12
[INFO] [stdout]    |
[INFO] [stdout] 26 | impl NesData {
[INFO] [stdout]    | ------------ methods in this implementation
[INFO] [stdout] ...
[INFO] [stdout] 37 |     pub fn insert_cartridge(&mut self, cartridge: Vec<u8>) {
[INFO] [stdout]    |            ^^^^^^^^^^^^^^^^
[INFO] [stdout] ...
[INFO] [stdout] 40 |     pub fn reset_memory(&mut self) {}
[INFO] [stdout]    |            ^^^^^^^^^^^^
[INFO] [stdout] 41 |     pub fn clock(&mut self) {}
[INFO] [stdout]    |            ^^^^^
[INFO] [stdout] 
[INFO] [stdout] 
[INFO] [stdout] warning: field `oam` is never read
[INFO] [stdout]   --> src/components/ppu.rs:15:9
[INFO] [stdout]    |
[INFO] [stdout] 7  | pub struct PPU {
[INFO] [stdout]    |            --- field in this struct
[INFO] [stdout] ...
[INFO] [stdout] 15 |     pub oam: [u8; 256],
[INFO] [stdout]    |         ^^^
[INFO] [stdout] 
[INFO] [stdout] 
[INFO] [stdout] warning: field `nb_chr_banks` is never read
[INFO] [stdout]  --> src/components/mapper.rs:6:9
[INFO] [stdout]   |
[INFO] [stdout] 3 | pub struct Mapper {
[INFO] [stdout]   |            ------ field in this struct
[INFO] [stdout] ...
[INFO] [stdout] 6 |     pub nb_chr_banks: usize,
[INFO] [stdout]   |         ^^^^^^^^^^^^
[INFO] [stdout] 
[INFO] [stdout] 
[INFO] [stdout] warning: associated function `new` is never used
[INFO] [stdout]   --> src/components/mapper.rs:15:12
[INFO] [stdout]    |
[INFO] [stdout] 14 | impl Mapper {
[INFO] [stdout]    | ----------- associated function in this implementation
[INFO] [stdout] 15 |     pub fn new(header: Header) -> Self {
[INFO] [stdout]    |            ^^^
[INFO] [stdout] 
[INFO] [stdout] 
[INFO] [stdout] warning: field `header` is never read
[INFO] [stdout]  --> src/components/cartridge.rs:9:9
[INFO] [stdout]   |
[INFO] [stdout] 6 | pub struct Cartridge{
[INFO] [stdout]   |            --------- field in this struct
[INFO] [stdout] ...
[INFO] [stdout] 9 |     pub header : Header,
[INFO] [stdout]   |         ^^^^^^
[INFO] [stdout] 
[INFO] [stdout] 
[INFO] [stdout] warning: fields `flags_8`, `flags_9`, `flags_10`, and `padding` are never read
[INFO] [stdout]   --> src/components/cartridge.rs:28:9
[INFO] [stdout]    |
[INFO] [stdout] 16 | pub struct Header {
[INFO] [stdout]    |            ------ fields in this struct
[INFO] [stdout] ...
[INFO] [stdout] 28 |     pub flags_8 : u8,
[INFO] [stdout]    |         ^^^^^^^
[INFO] [stdout] 29 |     /// TV System, rarely used
[INFO] [stdout] 30 |     pub flags_9 : u8,
[INFO] [stdout]    |         ^^^^^^^
[INFO] [stdout] 31 |     /// TV System, PRG RAM presence, rarely used
[INFO] [stdout] 32 |     pub flags_10 : u8,
[INFO] [stdout]    |         ^^^^^^^^
[INFO] [stdout] 33 |     /// Empty padding, used to store names of hackers
[INFO] [stdout] 34 |     pub padding : [u8;5],
[INFO] [stdout]    |         ^^^^^^^
[INFO] [stdout]    |
[INFO] [stdout]    = note: `Header` has a derived impl for the trait `Debug`, but this is intentionally ignored during dead code analysis
[INFO] [stdout] 
[INFO] [stdout] 
[INFO] [stdout] warning: methods `load` and `ppu_write` are never used
[INFO] [stdout]   --> src/components/cartridge.rs:47:12
[INFO] [stdout]    |
[INFO] [stdout] 37 | impl Cartridge {
[INFO] [stdout]    | -------------- methods in this implementation
[INFO] [stdout] ...
[INFO] [stdout] 47 |     pub fn load(&mut self, data : Vec<u8>){
[INFO] [stdout]    |            ^^^^
[INFO] [stdout] ...
[INFO] [stdout] 83 |     pub fn ppu_write(&mut self, addr : u16, data : u8) {
[INFO] [stdout]    |            ^^^^^^^^^
[INFO] [stdout] 
[INFO] [stdout] 
[INFO] [stdout] warning: associated items `new` and `has_trainer` are never used
[INFO] [stdout]    --> src/components/cartridge.rs:100:12
[INFO] [stdout]     |
[INFO] [stdout] 99  | impl Header {
[INFO] [stdout]     | ----------- associated items in this implementation
[INFO] [stdout] 100 |     pub fn new(data : &[u8]) -> Self {
[INFO] [stdout]     |            ^^^
[INFO] [stdout] ...
[INFO] [stdout] 119 |     pub fn has_trainer(&self) -> bool{
[INFO] [stdout]     |            ^^^^^^^^^^^
[INFO] [stdout] 
[INFO] [stdout] 
[INFO] [stdout] warning: function `load_mario` is never used
[INFO] [stdout]   --> src/test/mod.rs:98:4
[INFO] [stdout]    |
[INFO] [stdout] 98 | fn load_mario() -> Vec<u8> {
[INFO] [stdout]    |    ^^^^^^^^^^
[INFO] [stdout] 
[INFO] [stdout] 
[INFO] [stdout] warning: function `load_metroid` is never used
[INFO] [stdout]    --> src/test/mod.rs:104:4
[INFO] [stdout]     |
[INFO] [stdout] 104 | fn load_metroid() -> Vec<u8> {
[INFO] [stdout]     |    ^^^^^^^^^^^^
[INFO] [stdout] 
[INFO] [stdout] 
[INFO] [stdout] warning: method `to_byte` is never used
[INFO] [stdout]   --> src/utils/byte_types.rs:13:8
[INFO] [stdout]    |
[INFO] [stdout] 12 | pub trait Convert {
[INFO] [stdout]    |           ------- method in this trait
[INFO] [stdout] 13 |     fn to_byte(&self) -> u8;
[INFO] [stdout]    |        ^^^^^^^
[INFO] [stdout] 
[INFO] [stdout] 
[INFO] [stdout] warning: method `sub_overflow` is never used
[INFO] [stdout]   --> src/utils/traits.rs:49:8
[INFO] [stdout]    |
[INFO] [stdout] 47 | pub trait OverflowOp<T> {
[INFO] [stdout]    |           ---------- method in this trait
[INFO] [stdout] 48 |     fn add_overflow(&self, value: T) -> T;
[INFO] [stdout] 49 |     fn sub_overflow(&self, value: T) -> T;
[INFO] [stdout]    |        ^^^^^^^^^^^^
[INFO] [stdout] 
[INFO] [stdout] 
[INFO] [stdout] warning: trait `InBetween` is never used
[INFO] [stdout]   --> src/utils/traits.rs:66:11
[INFO] [stdout]    |
[INFO] [stdout] 66 | pub trait InBetween<T> {
[INFO] [stdout]    |           ^^^^^^^^^
[INFO] [stdout] 
[INFO] [stdout] 
[INFO] [stderr]     Finished `dev` profile [unoptimized + debuginfo] target(s) in 7.23s
[INFO] running `Command { std: "docker" "inspect" "4d85ceadcfc92f8ec4e38f8b9cd55c890a5145fce6b3856573df0ba2b577ca73", kill_on_drop: false }`
[INFO] running `Command { std: "docker" "rm" "-f" "4d85ceadcfc92f8ec4e38f8b9cd55c890a5145fce6b3856573df0ba2b577ca73", kill_on_drop: false }`
[INFO] [stdout] 4d85ceadcfc92f8ec4e38f8b9cd55c890a5145fce6b3856573df0ba2b577ca73
[INFO] running `Command { std: "docker" "create" "-v" "/var/lib/crater-agent-workspace/builds/worker-5-tc1/target:/opt/rustwide/target:rw,Z" "-v" "/var/lib/crater-agent-workspace/builds/worker-5-tc1/source:/opt/rustwide/workdir:ro,Z" "-v" "/var/lib/crater-agent-workspace/cargo-home:/opt/rustwide/cargo-home:ro,Z" "-v" "/var/lib/crater-agent-workspace/rustup-home:/opt/rustwide/rustup-home:ro,Z" "-e" "SOURCE_DIR=/opt/rustwide/workdir" "-e" "CARGO_TARGET_DIR=/opt/rustwide/target" "-e" "CARGO_INCREMENTAL=0" "-e" "RUST_BACKTRACE=full" "-e" "RUSTFLAGS=--cap-lints=forbid" "-e" "RUSTDOCFLAGS=--cap-lints=forbid" "-e" "CARGO_HOME=/opt/rustwide/cargo-home" "-e" "RUSTUP_HOME=/opt/rustwide/rustup-home" "-w" "/opt/rustwide/workdir" "-m" "1610612736" "--user" "0:0" "--network" "none" "ghcr.io/rust-lang/crates-build-env/linux@sha256:819108c5571ea2e421544af4d832f968d213c87fbe3707a016657f43d2f853bc" "/opt/rustwide/cargo-home/bin/cargo" "+nightly-2025-01-18" "test" "--frozen" "--no-run" "--message-format=json", kill_on_drop: false }`
[INFO] [stdout] e8378368f52c4397c96715544fa29d4b099aee318183e29884b17059a24b1636
[INFO] running `Command { std: "docker" "start" "-a" "e8378368f52c4397c96715544fa29d4b099aee318183e29884b17059a24b1636", kill_on_drop: false }`
[INFO] [stderr]    Compiling rustnes v0.1.0 (/opt/rustwide/workdir)
[INFO] [stdout] warning: unused import: `self::instruction_generator::get_lookup_list`
[INFO] [stdout]  --> src/components/mod.rs:3:9
[INFO] [stdout]   |
[INFO] [stdout] 3 | pub use self::instruction_generator::get_lookup_list;
[INFO] [stdout]   |         ^^^^^^^^^^^^^^^^^^^^^^^^^^^^^^^^^^^^^^^^^^^^
[INFO] [stdout]   |
[INFO] [stdout]   = note: `#[warn(unused_imports)]` on by default
[INFO] [stdout] 
[INFO] [stdout] 
[INFO] [stdout] warning: unused import: `convert::TryInto`
[INFO] [stdout]  --> src/components/cartridge.rs:1:11
[INFO] [stdout]   |
[INFO] [stdout] 1 | use std::{convert::TryInto, fmt, ops::{Index, IndexMut}};
[INFO] [stdout]   |           ^^^^^^^^^^^^^^^^
[INFO] [stdout] 
[INFO] [stdout] 
[INFO] [stdout] warning: unused imports: `BaseByte` and `Convert`
[INFO] [stdout]  --> src/utils/mod.rs:1:28
[INFO] [stdout]   |
[INFO] [stdout] 1 | pub use self::byte_types::{BaseByte, Convert};
[INFO] [stdout]   |                            ^^^^^^^^  ^^^^^^^
[INFO] [stdout] 
[INFO] [stdout] 
[INFO] [stdout] warning: unused variable: `read_only`
[INFO] [stdout]   --> src/components/nes.rs:84:39
[INFO] [stdout]    |
[INFO] [stdout] 84 |     fn ppu_read(&mut self, addr: u16, read_only: bool) -> u8 {
[INFO] [stdout]    |                                       ^^^^^^^^^ help: if this is intentional, prefix it with an underscore: `_read_only`
[INFO] [stdout]    |
[INFO] [stdout]    = note: `#[warn(unused_variables)]` on by default
[INFO] [stdout] 
[INFO] [stdout] 
[INFO] [stdout] warning: unused variable: `src`
[INFO] [stdout]   --> src/components/mapper.rs:54:26
[INFO] [stdout]    |
[INFO] [stdout] 54 |     fn mapper_001(&self, src: Source, addr: u16) -> Option<usize> {
[INFO] [stdout]    |                          ^^^ help: if this is intentional, prefix it with an underscore: `_src`
[INFO] [stdout] 
[INFO] [stdout] 
[INFO] [stdout] warning: unused variable: `addr`
[INFO] [stdout]   --> src/components/mapper.rs:54:39
[INFO] [stdout]    |
[INFO] [stdout] 54 |     fn mapper_001(&self, src: Source, addr: u16) -> Option<usize> {
[INFO] [stdout]    |                                       ^^^^ help: if this is intentional, prefix it with an underscore: `_addr`
[INFO] [stdout] 
[INFO] [stdout] 
[INFO] [stdout] warning: unused variable: `nb_bank`
[INFO] [stdout]   --> src/components/cartridge.rs:52:13
[INFO] [stdout]    |
[INFO] [stdout] 52 |         let nb_bank = self.header.nb_prg_banks as usize;
[INFO] [stdout]    |             ^^^^^^^ help: if this is intentional, prefix it with an underscore: `_nb_bank`
[INFO] [stdout] 
[INFO] [stdout] 
[INFO] [stdout] warning: unused variable: `nb_bank2`
[INFO] [stdout]   --> src/components/cartridge.rs:53:13
[INFO] [stdout]    |
[INFO] [stdout] 53 |         let nb_bank2 = self.header.nb_chr_banks as usize;
[INFO] [stdout]    |             ^^^^^^^^ help: if this is intentional, prefix it with an underscore: `_nb_bank2`
[INFO] [stdout] 
[INFO] [stdout] 
[INFO] [stdout] warning: methods `reset`, `interupt_req`, and `non_maskable_interupt_req` are never used
[INFO] [stdout]   --> src/components/cpu.rs:93:8
[INFO] [stdout]    |
[INFO] [stdout] 86 | pub trait CPUFunctions {
[INFO] [stdout]    |           ------------ methods in this trait
[INFO] [stdout] ...
[INFO] [stdout] 93 |     fn reset(&mut self, nes: &mut NesData);
[INFO] [stdout]    |        ^^^^^
[INFO] [stdout] 94 |     fn power(&mut self, nes: &mut NesData);
[INFO] [stdout] 95 |     fn interupt_req(&mut self, nes: &mut NesData);
[INFO] [stdout]    |        ^^^^^^^^^^^^
[INFO] [stdout] 96 |     fn non_maskable_interupt_req(&mut self, nes: &mut NesData);
[INFO] [stdout]    |        ^^^^^^^^^^^^^^^^^^^^^^^^^
[INFO] [stdout]    |
[INFO] [stdout]    = note: `#[warn(dead_code)]` on by default
[INFO] [stdout] 
[INFO] [stdout] 
[INFO] [stdout] warning: field `clock_counter` is never read
[INFO] [stdout]   --> src/components/nes.rs:16:9
[INFO] [stdout]    |
[INFO] [stdout] 4  | pub struct NesData {
[INFO] [stdout]    |            ------- field in this struct
[INFO] [stdout] ...
[INFO] [stdout] 16 |     pub clock_counter : u128,
[INFO] [stdout]    |         ^^^^^^^^^^^^^
[INFO] [stdout] 
[INFO] [stdout] 
[INFO] [stdout] warning: methods `ppu_write` and `ppu_read` are never used
[INFO] [stdout]   --> src/components/nes.rs:22:8
[INFO] [stdout]    |
[INFO] [stdout] 19 | pub trait DataActions {
[INFO] [stdout]    |           ----------- methods in this trait
[INFO] [stdout] ...
[INFO] [stdout] 22 |     fn ppu_write(&mut self, addr: u16, data: u8);
[INFO] [stdout]    |        ^^^^^^^^^
[INFO] [stdout] 23 |     fn ppu_read(&mut self, addr: u16, read_only: bool) -> u8;
[INFO] [stdout]    |        ^^^^^^^^
[INFO] [stdout] 
[INFO] [stdout] 
[INFO] [stdout] warning: methods `insert_cartridge`, `reset_memory`, and `clock` are never used
[INFO] [stdout]   --> src/components/nes.rs:37:12
[INFO] [stdout]    |
[INFO] [stdout] 26 | impl NesData {
[INFO] [stdout]    | ------------ methods in this implementation
[INFO] [stdout] ...
[INFO] [stdout] 37 |     pub fn insert_cartridge(&mut self, cartridge: Vec<u8>) {
[INFO] [stdout]    |            ^^^^^^^^^^^^^^^^
[INFO] [stdout] ...
[INFO] [stdout] 40 |     pub fn reset_memory(&mut self) {}
[INFO] [stdout]    |            ^^^^^^^^^^^^
[INFO] [stdout] 41 |     pub fn clock(&mut self) {}
[INFO] [stdout]    |            ^^^^^
[INFO] [stdout] 
[INFO] [stdout] 
[INFO] [stdout] warning: field `oam` is never read
[INFO] [stdout]   --> src/components/ppu.rs:15:9
[INFO] [stdout]    |
[INFO] [stdout] 7  | pub struct PPU {
[INFO] [stdout]    |            --- field in this struct
[INFO] [stdout] ...
[INFO] [stdout] 15 |     pub oam: [u8; 256],
[INFO] [stdout]    |         ^^^
[INFO] [stdout] 
[INFO] [stdout] 
[INFO] [stdout] warning: field `nb_chr_banks` is never read
[INFO] [stdout]  --> src/components/mapper.rs:6:9
[INFO] [stdout]   |
[INFO] [stdout] 3 | pub struct Mapper {
[INFO] [stdout]   |            ------ field in this struct
[INFO] [stdout] ...
[INFO] [stdout] 6 |     pub nb_chr_banks: usize,
[INFO] [stdout]   |         ^^^^^^^^^^^^
[INFO] [stdout] 
[INFO] [stdout] 
[INFO] [stdout] warning: associated function `new` is never used
[INFO] [stdout]   --> src/components/mapper.rs:15:12
[INFO] [stdout]    |
[INFO] [stdout] 14 | impl Mapper {
[INFO] [stdout]    | ----------- associated function in this implementation
[INFO] [stdout] 15 |     pub fn new(header: Header) -> Self {
[INFO] [stdout]    |            ^^^
[INFO] [stdout] 
[INFO] [stdout] 
[INFO] [stdout] warning: fields `flags_8`, `flags_9`, `flags_10`, and `padding` are never read
[INFO] [stdout]   --> src/components/cartridge.rs:28:9
[INFO] [stdout]    |
[INFO] [stdout] 16 | pub struct Header {
[INFO] [stdout]    |            ------ fields in this struct
[INFO] [stdout] ...
[INFO] [stdout] 28 |     pub flags_8 : u8,
[INFO] [stdout]    |         ^^^^^^^
[INFO] [stdout] 29 |     /// TV System, rarely used
[INFO] [stdout] 30 |     pub flags_9 : u8,
[INFO] [stdout]    |         ^^^^^^^
[INFO] [stdout] 31 |     /// TV System, PRG RAM presence, rarely used
[INFO] [stdout] 32 |     pub flags_10 : u8,
[INFO] [stdout]    |         ^^^^^^^^
[INFO] [stdout] 33 |     /// Empty padding, used to store names of hackers
[INFO] [stdout] 34 |     pub padding : [u8;5],
[INFO] [stdout]    |         ^^^^^^^
[INFO] [stdout]    |
[INFO] [stdout]    = note: `Header` has a derived impl for the trait `Debug`, but this is intentionally ignored during dead code analysis
[INFO] [stdout] 
[INFO] [stdout] 
[INFO] [stdout] warning: method `ppu_write` is never used
[INFO] [stdout]   --> src/components/cartridge.rs:83:12
[INFO] [stdout]    |
[INFO] [stdout] 37 | impl Cartridge {
[INFO] [stdout]    | -------------- method in this implementation
[INFO] [stdout] ...
[INFO] [stdout] 83 |     pub fn ppu_write(&mut self, addr : u16, data : u8) {
[INFO] [stdout]    |            ^^^^^^^^^
[INFO] [stdout] 
[INFO] [stdout] 
[INFO] [stdout] warning: function `load_metroid` is never used
[INFO] [stdout]    --> src/test/mod.rs:104:4
[INFO] [stdout]     |
[INFO] [stdout] 104 | fn load_metroid() -> Vec<u8> {
[INFO] [stdout]     |    ^^^^^^^^^^^^
[INFO] [stdout] 
[INFO] [stdout] 
[INFO] [stdout] warning: method `to_byte` is never used
[INFO] [stdout]   --> src/utils/byte_types.rs:13:8
[INFO] [stdout]    |
[INFO] [stdout] 12 | pub trait Convert {
[INFO] [stdout]    |           ------- method in this trait
[INFO] [stdout] 13 |     fn to_byte(&self) -> u8;
[INFO] [stdout]    |        ^^^^^^^
[INFO] [stdout] 
[INFO] [stdout] 
[INFO] [stdout] warning: method `sub_overflow` is never used
[INFO] [stdout]   --> src/utils/traits.rs:49:8
[INFO] [stdout]    |
[INFO] [stdout] 47 | pub trait OverflowOp<T> {
[INFO] [stdout]    |           ---------- method in this trait
[INFO] [stdout] 48 |     fn add_overflow(&self, value: T) -> T;
[INFO] [stdout] 49 |     fn sub_overflow(&self, value: T) -> T;
[INFO] [stdout]    |        ^^^^^^^^^^^^
[INFO] [stdout] 
[INFO] [stdout] 
[INFO] [stdout] warning: trait `InBetween` is never used
[INFO] [stdout]   --> src/utils/traits.rs:66:11
[INFO] [stdout]    |
[INFO] [stdout] 66 | pub trait InBetween<T> {
[INFO] [stdout]    |           ^^^^^^^^^
[INFO] [stdout] 
[INFO] [stdout] 
[INFO] [stderr]     Finished `test` profile [unoptimized + debuginfo] target(s) in 0.53s
[INFO] running `Command { std: "docker" "inspect" "e8378368f52c4397c96715544fa29d4b099aee318183e29884b17059a24b1636", kill_on_drop: false }`
[INFO] running `Command { std: "docker" "rm" "-f" "e8378368f52c4397c96715544fa29d4b099aee318183e29884b17059a24b1636", kill_on_drop: false }`
[INFO] [stdout] e8378368f52c4397c96715544fa29d4b099aee318183e29884b17059a24b1636
[INFO] running `Command { std: "docker" "create" "-v" "/var/lib/crater-agent-workspace/builds/worker-5-tc1/target:/opt/rustwide/target:rw,Z" "-v" "/var/lib/crater-agent-workspace/builds/worker-5-tc1/source:/opt/rustwide/workdir:ro,Z" "-v" "/var/lib/crater-agent-workspace/cargo-home:/opt/rustwide/cargo-home:ro,Z" "-v" "/var/lib/crater-agent-workspace/rustup-home:/opt/rustwide/rustup-home:ro,Z" "-e" "SOURCE_DIR=/opt/rustwide/workdir" "-e" "CARGO_TARGET_DIR=/opt/rustwide/target" "-e" "CARGO_INCREMENTAL=0" "-e" "RUST_BACKTRACE=full" "-e" "RUSTFLAGS=--cap-lints=forbid" "-e" "RUSTDOCFLAGS=--cap-lints=forbid" "-e" "CARGO_HOME=/opt/rustwide/cargo-home" "-e" "RUSTUP_HOME=/opt/rustwide/rustup-home" "-w" "/opt/rustwide/workdir" "-m" "1610612736" "--user" "0:0" "--network" "none" "ghcr.io/rust-lang/crates-build-env/linux@sha256:819108c5571ea2e421544af4d832f968d213c87fbe3707a016657f43d2f853bc" "/opt/rustwide/cargo-home/bin/cargo" "+nightly-2025-01-18" "test" "--frozen", kill_on_drop: false }`
[INFO] [stdout] b205d3f717dbfa6c44a3527a0bf8c818c226e3504030b58c74fd29906aeaa1e9
[INFO] running `Command { std: "docker" "start" "-a" "b205d3f717dbfa6c44a3527a0bf8c818c226e3504030b58c74fd29906aeaa1e9", kill_on_drop: false }`
[INFO] [stderr] warning: unused import: `self::instruction_generator::get_lookup_list`
[INFO] [stderr]  --> src/components/mod.rs:3:9
[INFO] [stderr]   |
[INFO] [stderr] 3 | pub use self::instruction_generator::get_lookup_list;
[INFO] [stderr]   |         ^^^^^^^^^^^^^^^^^^^^^^^^^^^^^^^^^^^^^^^^^^^^
[INFO] [stderr]   |
[INFO] [stderr]   = note: `#[warn(unused_imports)]` on by default
[INFO] [stderr] 
[INFO] [stderr] warning: unused import: `convert::TryInto`
[INFO] [stderr]  --> src/components/cartridge.rs:1:11
[INFO] [stderr]   |
[INFO] [stderr] 1 | use std::{convert::TryInto, fmt, ops::{Index, IndexMut}};
[INFO] [stderr]   |           ^^^^^^^^^^^^^^^^
[INFO] [stderr] 
[INFO] [stderr] warning: unused imports: `BaseByte` and `Convert`
[INFO] [stderr]  --> src/utils/mod.rs:1:28
[INFO] [stderr]   |
[INFO] [stderr] 1 | pub use self::byte_types::{BaseByte, Convert};
[INFO] [stderr]   |                            ^^^^^^^^  ^^^^^^^
[INFO] [stderr] 
[INFO] [stderr] warning: unused variable: `read_only`
[INFO] [stderr]   --> src/components/nes.rs:84:39
[INFO] [stderr]    |
[INFO] [stderr] 84 |     fn ppu_read(&mut self, addr: u16, read_only: bool) -> u8 {
[INFO] [stderr]    |                                       ^^^^^^^^^ help: if this is intentional, prefix it with an underscore: `_read_only`
[INFO] [stderr]    |
[INFO] [stderr]    = note: `#[warn(unused_variables)]` on by default
[INFO] [stderr] 
[INFO] [stderr] warning: unused variable: `src`
[INFO] [stderr]   --> src/components/mapper.rs:54:26
[INFO] [stderr]    |
[INFO] [stderr] 54 |     fn mapper_001(&self, src: Source, addr: u16) -> Option<usize> {
[INFO] [stderr]    |                          ^^^ help: if this is intentional, prefix it with an underscore: `_src`
[INFO] [stderr] 
[INFO] [stderr] warning: unused variable: `addr`
[INFO] [stderr]   --> src/components/mapper.rs:54:39
[INFO] [stderr]    |
[INFO] [stderr] 54 |     fn mapper_001(&self, src: Source, addr: u16) -> Option<usize> {
[INFO] [stderr]    |                                       ^^^^ help: if this is intentional, prefix it with an underscore: `_addr`
[INFO] [stderr] 
[INFO] [stderr] warning: unused variable: `nb_bank`
[INFO] [stderr]   --> src/components/cartridge.rs:52:13
[INFO] [stderr]    |
[INFO] [stderr] 52 |         let nb_bank = self.header.nb_prg_banks as usize;
[INFO] [stderr]    |             ^^^^^^^ help: if this is intentional, prefix it with an underscore: `_nb_bank`
[INFO] [stderr] 
[INFO] [stderr] warning: unused variable: `nb_bank2`
[INFO] [stderr]   --> src/components/cartridge.rs:53:13
[INFO] [stderr]    |
[INFO] [stderr] 53 |         let nb_bank2 = self.header.nb_chr_banks as usize;
[INFO] [stderr]    |             ^^^^^^^^ help: if this is intentional, prefix it with an underscore: `_nb_bank2`
[INFO] [stderr] 
[INFO] [stderr] warning: methods `reset`, `interupt_req`, and `non_maskable_interupt_req` are never used
[INFO] [stderr]   --> src/components/cpu.rs:93:8
[INFO] [stderr]    |
[INFO] [stderr] 86 | pub trait CPUFunctions {
[INFO] [stderr]    |           ------------ methods in this trait
[INFO] [stderr] ...
[INFO] [stderr] 93 |     fn reset(&mut self, nes: &mut NesData);
[INFO] [stderr]    |        ^^^^^
[INFO] [stderr] 94 |     fn power(&mut self, nes: &mut NesData);
[INFO] [stderr] 95 |     fn interupt_req(&mut self, nes: &mut NesData);
[INFO] [stderr]    |        ^^^^^^^^^^^^
[INFO] [stderr] 96 |     fn non_maskable_interupt_req(&mut self, nes: &mut NesData);
[INFO] [stderr]    |        ^^^^^^^^^^^^^^^^^^^^^^^^^
[INFO] [stderr]    |
[INFO] [stderr]    = note: `#[warn(dead_code)]` on by default
[INFO] [stderr] 
[INFO] [stderr] warning: field `clock_counter` is never read
[INFO] [stderr]   --> src/components/nes.rs:16:9
[INFO] [stderr]    |
[INFO] [stderr] 4  | pub struct NesData {
[INFO] [stderr]    |            ------- field in this struct
[INFO] [stderr] ...
[INFO] [stderr] 16 |     pub clock_counter : u128,
[INFO] [stderr]    |         ^^^^^^^^^^^^^
[INFO] [stderr] 
[INFO] [stderr] warning: methods `ppu_write` and `ppu_read` are never used
[INFO] [stderr]   --> src/components/nes.rs:22:8
[INFO] [stderr]    |
[INFO] [stderr] 19 | pub trait DataActions {
[INFO] [stderr]    |           ----------- methods in this trait
[INFO] [stderr] ...
[INFO] [stderr] 22 |     fn ppu_write(&mut self, addr: u16, data: u8);
[INFO] [stderr]    |        ^^^^^^^^^
[INFO] [stderr] 23 |     fn ppu_read(&mut self, addr: u16, read_only: bool) -> u8;
[INFO] [stderr]    |        ^^^^^^^^
[INFO] [stderr] 
[INFO] [stderr] warning: methods `insert_cartridge`, `reset_memory`, and `clock` are never used
[INFO] [stderr]   --> src/components/nes.rs:37:12
[INFO] [stderr]    |
[INFO] [stderr] 26 | impl NesData {
[INFO] [stderr]    | ------------ methods in this implementation
[INFO] [stderr] ...
[INFO] [stderr] 37 |     pub fn insert_cartridge(&mut self, cartridge: Vec<u8>) {
[INFO] [stderr]    |            ^^^^^^^^^^^^^^^^
[INFO] [stderr] ...
[INFO] [stderr] 40 |     pub fn reset_memory(&mut self) {}
[INFO] [stderr]    |            ^^^^^^^^^^^^
[INFO] [stderr] 41 |     pub fn clock(&mut self) {}
[INFO] [stderr]    |            ^^^^^
[INFO] [stderr] 
[INFO] [stderr] warning: field `oam` is never read
[INFO] [stderr]   --> src/components/ppu.rs:15:9
[INFO] [stderr]    |
[INFO] [stderr] 7  | pub struct PPU {
[INFO] [stderr]    |            --- field in this struct
[INFO] [stderr] ...
[INFO] [stderr] 15 |     pub oam: [u8; 256],
[INFO] [stderr]    |         ^^^
[INFO] [stderr] 
[INFO] [stderr] warning: field `nb_chr_banks` is never read
[INFO] [stderr]  --> src/components/mapper.rs:6:9
[INFO] [stderr]   |
[INFO] [stderr] 3 | pub struct Mapper {
[INFO] [stderr]   |            ------ field in this struct
[INFO] [stderr] ...
[INFO] [stderr] 6 |     pub nb_chr_banks: usize,
[INFO] [stderr]   |         ^^^^^^^^^^^^
[INFO] [stderr] 
[INFO] [stderr] warning: associated function `new` is never used
[INFO] [stderr]   --> src/components/mapper.rs:15:12
[INFO] [stderr]    |
[INFO] [stderr] 14 | impl Mapper {
[INFO] [stderr]    | ----------- associated function in this implementation
[INFO] [stderr] 15 |     pub fn new(header: Header) -> Self {
[INFO] [stderr]    |            ^^^
[INFO] [stderr] 
[INFO] [stderr] warning: fields `flags_8`, `flags_9`, `flags_10`, and `padding` are never read
[INFO] [stderr]   --> src/components/cartridge.rs:28:9
[INFO] [stderr]    |
[INFO] [stderr] 16 | pub struct Header {
[INFO] [stderr]    |            ------ fields in this struct
[INFO] [stderr] ...
[INFO] [stderr] 28 |     pub flags_8 : u8,
[INFO] [stderr]    |         ^^^^^^^
[INFO] [stderr] 29 |     /// TV System, rarely used
[INFO] [stderr] 30 |     pub flags_9 : u8,
[INFO] [stderr]    |         ^^^^^^^
[INFO] [stderr] 31 |     /// TV System, PRG RAM presence, rarely used
[INFO] [stderr] 32 |     pub flags_10 : u8,
[INFO] [stderr]    |         ^^^^^^^^
[INFO] [stderr] 33 |     /// Empty padding, used to store names of hackers
[INFO] [stderr] 34 |     pub padding : [u8;5],
[INFO] [stderr]    |         ^^^^^^^
[INFO] [stderr]    |
[INFO] [stderr]    = note: `Header` has a derived impl for the trait `Debug`, but this is intentionally ignored during dead code analysis
[INFO] [stderr] 
[INFO] [stderr] warning: method `ppu_write` is never used
[INFO] [stderr]   --> src/components/cartridge.rs:83:12
[INFO] [stderr]    |
[INFO] [stderr] 37 | impl Cartridge {
[INFO] [stderr]    | -------------- method in this implementation
[INFO] [stderr] ...
[INFO] [stderr] 83 |     pub fn ppu_write(&mut self, addr : u16, data : u8) {
[INFO] [stderr]    |            ^^^^^^^^^
[INFO] [stderr] 
[INFO] [stderr] warning: function `load_metroid` is never used
[INFO] [stderr]    --> src/test/mod.rs:104:4
[INFO] [stderr]     |
[INFO] [stderr] 104 | fn load_metroid() -> Vec<u8> {
[INFO] [stderr]     |    ^^^^^^^^^^^^
[INFO] [stderr] 
[INFO] [stderr] warning: method `to_byte` is never used
[INFO] [stderr]   --> src/utils/byte_types.rs:13:8
[INFO] [stderr]    |
[INFO] [stderr] 12 | pub trait Convert {
[INFO] [stderr]    |           ------- method in this trait
[INFO] [stderr] 13 |     fn to_byte(&self) -> u8;
[INFO] [stderr]    |        ^^^^^^^
[INFO] [stderr] 
[INFO] [stderr] warning: method `sub_overflow` is never used
[INFO] [stderr]   --> src/utils/traits.rs:49:8
[INFO] [stderr]    |
[INFO] [stderr] 47 | pub trait OverflowOp<T> {
[INFO] [stderr]    |           ---------- method in this trait
[INFO] [stderr] 48 |     fn add_overflow(&self, value: T) -> T;
[INFO] [stderr] 49 |     fn sub_overflow(&self, value: T) -> T;
[INFO] [stderr]    |        ^^^^^^^^^^^^
[INFO] [stderr] 
[INFO] [stderr] warning: trait `InBetween` is never used
[INFO] [stderr]   --> src/utils/traits.rs:66:11
[INFO] [stderr]    |
[INFO] [stderr] 66 | pub trait InBetween<T> {
[INFO] [stderr]    |           ^^^^^^^^^
[INFO] [stderr] 
[INFO] [stderr] warning: `rustnes` (bin "rustnes" test) generated 21 warnings (run `cargo fix --bin "rustnes" --tests` to apply 3 suggestions)
[INFO] [stderr]     Finished `test` profile [unoptimized + debuginfo] target(s) in 0.03s
[INFO] [stderr]      Running unittests src/main.rs (/opt/rustwide/target/debug/deps/rustnes-b2463efc7ce476ae)
[INFO] [stdout] 
[INFO] [stdout] running 2 tests
[INFO] [stdout] test test::metroid_header ... FAILED
[INFO] [stdout] test test::test_mapper1_read ... FAILED
[INFO] [stdout] 
[INFO] [stdout] failures:
[INFO] [stdout] 
[INFO] [stdout] ---- test::metroid_header stdout ----
[INFO] [stdout] 
[INFO] [stdout] thread 'test::metroid_header' panicked at src/test/mod.rs:99:60:
[INFO] [stdout] called `Result::unwrap()` on an `Err` value: Os { code: 2, kind: NotFound, message: "No such file or directory" }
[INFO] [stdout] stack backtrace:
[INFO] [stdout]    0:     0x5d81df2013da - std::backtrace_rs::backtrace::libunwind::trace::hb059275cfc8d6126
[INFO] [stdout]                                at /rustc/6067b36314ab5eb2eb47cecc464545ba58e1ad24/library/std/src/../../backtrace/src/backtrace/libunwind.rs:116:5
[INFO] [stdout]    1:     0x5d81df2013da - std::backtrace_rs::backtrace::trace_unsynchronized::h2da071e4327ce3ee
[INFO] [stdout]                                at /rustc/6067b36314ab5eb2eb47cecc464545ba58e1ad24/library/std/src/../../backtrace/src/backtrace/mod.rs:66:5
[INFO] [stdout]    2:     0x5d81df2013da - std::sys::backtrace::_print_fmt::h842a1474e6f8d23f
[INFO] [stdout]                                at /rustc/6067b36314ab5eb2eb47cecc464545ba58e1ad24/library/std/src/sys/backtrace.rs:66:9
[INFO] [stdout]    3:     0x5d81df2013da - <std::sys::backtrace::BacktraceLock::print::DisplayBacktrace as core::fmt::Display>::fmt::h71a62eb3b9696b12
[INFO] [stdout]                                at /rustc/6067b36314ab5eb2eb47cecc464545ba58e1ad24/library/std/src/sys/backtrace.rs:39:26
[INFO] [stdout]    4:     0x5d81df228953 - core::fmt::rt::Argument::fmt::hdb6b616786b41dc1
[INFO] [stdout]                                at /rustc/6067b36314ab5eb2eb47cecc464545ba58e1ad24/library/core/src/fmt/rt.rs:177:76
[INFO] [stdout]    5:     0x5d81df228953 - core::fmt::write::h2cc1698af7e2d686
[INFO] [stdout]                                at /rustc/6067b36314ab5eb2eb47cecc464545ba58e1ad24/library/core/src/fmt/mod.rs:1440:21
[INFO] [stdout]    6:     0x5d81df1fdf33 - std::io::Write::write_fmt::hab1b4cd059a79022
[INFO] [stdout]                                at /rustc/6067b36314ab5eb2eb47cecc464545ba58e1ad24/library/std/src/io/mod.rs:1887:15
[INFO] [stdout]    7:     0x5d81df201222 - std::sys::backtrace::BacktraceLock::print::h147fe35b4ea13b08
[INFO] [stdout]                                at /rustc/6067b36314ab5eb2eb47cecc464545ba58e1ad24/library/std/src/sys/backtrace.rs:42:9
[INFO] [stdout]    8:     0x5d81df2027ff - std::panicking::default_hook::{{closure}}::hbd44223dbdc0d208
[INFO] [stdout]                                at /rustc/6067b36314ab5eb2eb47cecc464545ba58e1ad24/library/std/src/panicking.rs:298:22
[INFO] [stdout]    9:     0x5d81df202618 - std::panicking::default_hook::h20f81eb0576efcec
[INFO] [stdout]                                at /rustc/6067b36314ab5eb2eb47cecc464545ba58e1ad24/library/std/src/panicking.rs:322:9
[INFO] [stdout]   10:     0x5d81df1c87a3 - <alloc::boxed::Box<F,A> as core::ops::function::Fn<Args>>::call::hdb53814c496a4d34
[INFO] [stdout]                                at /rustc/6067b36314ab5eb2eb47cecc464545ba58e1ad24/library/alloc/src/boxed.rs:2027:9
[INFO] [stdout]   11:     0x5d81df1c87a3 - test::test_main::{{closure}}::hc0a4963c59427c24
[INFO] [stdout]                                at /rustc/6067b36314ab5eb2eb47cecc464545ba58e1ad24/library/test/src/lib.rs:134:21
[INFO] [stdout]   12:     0x5d81df2032f3 - <alloc::boxed::Box<F,A> as core::ops::function::Fn<Args>>::call::h591b2225413a77e9
[INFO] [stdout]                                at /rustc/6067b36314ab5eb2eb47cecc464545ba58e1ad24/library/alloc/src/boxed.rs:2027:9
[INFO] [stdout]   13:     0x5d81df2032f3 - std::panicking::rust_panic_with_hook::h625eea43051b2edc
[INFO] [stdout]                                at /rustc/6067b36314ab5eb2eb47cecc464545ba58e1ad24/library/std/src/panicking.rs:839:13
[INFO] [stdout]   14:     0x5d81df202faa - std::panicking::begin_panic_handler::{{closure}}::h4f9159cfbc3f6bd3
[INFO] [stdout]                                at /rustc/6067b36314ab5eb2eb47cecc464545ba58e1ad24/library/std/src/panicking.rs:704:13
[INFO] [stdout]   15:     0x5d81df2018d9 - std::sys::backtrace::__rust_end_short_backtrace::h0390abce48353151
[INFO] [stdout]                                at /rustc/6067b36314ab5eb2eb47cecc464545ba58e1ad24/library/std/src/sys/backtrace.rs:168:18
[INFO] [stdout]   16:     0x5d81df202c3d - rust_begin_unwind
[INFO] [stdout]                                at /rustc/6067b36314ab5eb2eb47cecc464545ba58e1ad24/library/std/src/panicking.rs:695:5
[INFO] [stdout]   17:     0x5d81df227400 - core::panicking::panic_fmt::h9e7c637e9e5f29c9
[INFO] [stdout]                                at /rustc/6067b36314ab5eb2eb47cecc464545ba58e1ad24/library/core/src/panicking.rs:75:14
[INFO] [stdout]   18:     0x5d81df2277a6 - core::result::unwrap_failed::h7979f09313fe1849
[INFO] [stdout]                                at /rustc/6067b36314ab5eb2eb47cecc464545ba58e1ad24/library/core/src/result.rs:1704:5
[INFO] [stdout]   19:     0x5d81df18df74 - core::result::Result<T,E>::unwrap::h58a288674bcd6902
[INFO] [stdout]                                at /rustc/6067b36314ab5eb2eb47cecc464545ba58e1ad24/library/core/src/result.rs:1109:23
[INFO] [stdout]   20:     0x5d81df18df74 - rustnes::test::load_mario::h2392da93bcb48d69
[INFO] [stdout]                                at /opt/rustwide/workdir/src/test/mod.rs:99:20
[INFO] [stdout]   21:     0x5d81df18e26b - rustnes::test::metroid_header::hc5548ee1df28ea50
[INFO] [stdout]                                at /opt/rustwide/workdir/src/test/mod.rs:114:20
[INFO] [stdout]   22:     0x5d81df18e237 - rustnes::test::metroid_header::{{closure}}::h2e0b41e79849d322
[INFO] [stdout]                                at /opt/rustwide/workdir/src/test/mod.rs:112:24
[INFO] [stdout]   23:     0x5d81df18c8d6 - core::ops::function::FnOnce::call_once::hefcaac551bda2bec
[INFO] [stdout]                                at /rustc/6067b36314ab5eb2eb47cecc464545ba58e1ad24/library/core/src/ops/function.rs:250:5
[INFO] [stdout]   24:     0x5d81df1cdefb - core::ops::function::FnOnce::call_once::he27718dfdd183f43
[INFO] [stdout]                                at /rustc/6067b36314ab5eb2eb47cecc464545ba58e1ad24/library/core/src/ops/function.rs:250:5
[INFO] [stdout]   25:     0x5d81df1cdefb - test::__rust_begin_short_backtrace::h4e84902998457a5d
[INFO] [stdout]                                at /rustc/6067b36314ab5eb2eb47cecc464545ba58e1ad24/library/test/src/lib.rs:632:18
[INFO] [stdout]   26:     0x5d81df1cce33 - test::run_test_in_process::{{closure}}::h7176fd18fc1feca0
[INFO] [stdout]                                at /rustc/6067b36314ab5eb2eb47cecc464545ba58e1ad24/library/test/src/lib.rs:655:60
[INFO] [stdout]   27:     0x5d81df1cce33 - <core::panic::unwind_safe::AssertUnwindSafe<F> as core::ops::function::FnOnce<()>>::call_once::hf79cff2a624d8cf7
[INFO] [stdout]                                at /rustc/6067b36314ab5eb2eb47cecc464545ba58e1ad24/library/core/src/panic/unwind_safe.rs:272:9
[INFO] [stdout]   28:     0x5d81df1cce33 - std::panicking::try::do_call::h3da0561d9ab99c25
[INFO] [stdout]                                at /rustc/6067b36314ab5eb2eb47cecc464545ba58e1ad24/library/std/src/panicking.rs:587:40
[INFO] [stdout]   29:     0x5d81df1cce33 - std::panicking::try::h41c9fa508bc61df6
[INFO] [stdout]                                at /rustc/6067b36314ab5eb2eb47cecc464545ba58e1ad24/library/std/src/panicking.rs:550:19
[INFO] [stdout]   30:     0x5d81df1cce33 - std::panic::catch_unwind::h6b3ff07bb5afad93
[INFO] [stdout]                                at /rustc/6067b36314ab5eb2eb47cecc464545ba58e1ad24/library/std/src/panic.rs:358:14
[INFO] [stdout]   31:     0x5d81df1cce33 - test::run_test_in_process::hc7253dd11b39b9f4
[INFO] [stdout]                                at /rustc/6067b36314ab5eb2eb47cecc464545ba58e1ad24/library/test/src/lib.rs:655:27
[INFO] [stdout]   32:     0x5d81df1cce33 - test::run_test::{{closure}}::hfb2007f8649c30bb
[INFO] [stdout]                                at /rustc/6067b36314ab5eb2eb47cecc464545ba58e1ad24/library/test/src/lib.rs:576:43
[INFO] [stdout]   33:     0x5d81df18ff15 - test::run_test::{{closure}}::h56a17aa7a282a9f4
[INFO] [stdout]                                at /rustc/6067b36314ab5eb2eb47cecc464545ba58e1ad24/library/test/src/lib.rs:606:41
[INFO] [stdout]   34:     0x5d81df18ff15 - std::sys::backtrace::__rust_begin_short_backtrace::hd2d2d2fb8e8c6aac
[INFO] [stdout]                                at /rustc/6067b36314ab5eb2eb47cecc464545ba58e1ad24/library/std/src/sys/backtrace.rs:152:18
[INFO] [stdout]   35:     0x5d81df1937fa - std::thread::Builder::spawn_unchecked_::{{closure}}::{{closure}}::h4faa3f9db6133423
[INFO] [stdout]                                at /rustc/6067b36314ab5eb2eb47cecc464545ba58e1ad24/library/std/src/thread/mod.rs:559:17
[INFO] [stdout]   36:     0x5d81df1937fa - <core::panic::unwind_safe::AssertUnwindSafe<F> as core::ops::function::FnOnce<()>>::call_once::hf2e855a36a4ea846
[INFO] [stdout]                                at /rustc/6067b36314ab5eb2eb47cecc464545ba58e1ad24/library/core/src/panic/unwind_safe.rs:272:9
[INFO] [stdout]   37:     0x5d81df1937fa - std::panicking::try::do_call::h2f73af3616c35465
[INFO] [stdout]                                at /rustc/6067b36314ab5eb2eb47cecc464545ba58e1ad24/library/std/src/panicking.rs:587:40
[INFO] [stdout]   38:     0x5d81df1937fa - std::panicking::try::hd1660ce9efadef5a
[INFO] [stdout]                                at /rustc/6067b36314ab5eb2eb47cecc464545ba58e1ad24/library/std/src/panicking.rs:550:19
[INFO] [stdout]   39:     0x5d81df1937fa - std::panic::catch_unwind::h5ee8d7823b8ca744
[INFO] [stdout]                                at /rustc/6067b36314ab5eb2eb47cecc464545ba58e1ad24/library/std/src/panic.rs:358:14
[INFO] [stdout]   40:     0x5d81df1937fa - std::thread::Builder::spawn_unchecked_::{{closure}}::h53c3a1894dce8407
[INFO] [stdout]                                at /rustc/6067b36314ab5eb2eb47cecc464545ba58e1ad24/library/std/src/thread/mod.rs:557:30
[INFO] [stdout]   41:     0x5d81df1937fa - core::ops::function::FnOnce::call_once{{vtable.shim}}::h048ce291ad4f62bf
[INFO] [stdout]                                at /rustc/6067b36314ab5eb2eb47cecc464545ba58e1ad24/library/core/src/ops/function.rs:250:5
[INFO] [stdout]   42:     0x5d81df20723b - <alloc::boxed::Box<F,A> as core::ops::function::FnOnce<Args>>::call_once::ha52bedf99a3b4981
[INFO] [stdout]                                at /rustc/6067b36314ab5eb2eb47cecc464545ba58e1ad24/library/alloc/src/boxed.rs:2013:9
[INFO] [stdout]   43:     0x5d81df20723b - <alloc::boxed::Box<F,A> as core::ops::function::FnOnce<Args>>::call_once::h567748934d80ccf8
[INFO] [stdout]                                at /rustc/6067b36314ab5eb2eb47cecc464545ba58e1ad24/library/alloc/src/boxed.rs:2013:9
[INFO] [stdout]   44:     0x5d81df20723b - std::sys::pal::unix::thread::Thread::new::thread_start::h2d970728ae887adc
[INFO] [stdout]                                at /rustc/6067b36314ab5eb2eb47cecc464545ba58e1ad24/library/std/src/sys/pal/unix/thread.rs:106:17
[INFO] [stdout]   45:     0x7480998e4ac3 - <unknown>
[INFO] [stdout]   46:     0x748099975a04 - clone
[INFO] [stdout]   47:                0x0 - <unknown>
[INFO] [stdout] 
[INFO] [stdout] ---- test::test_mapper1_read stdout ----
[INFO] [stdout] 
[INFO] [stdout] thread 'test::test_mapper1_read' panicked at src/test/mod.rs:99:60:
[INFO] [stdout] called `Result::unwrap()` on an `Err` value: Os { code: 2, kind: NotFound, message: "No such file or directory" }
[INFO] [stdout] stack backtrace:
[INFO] [stdout]    0:     0x5d81df2013da - std::backtrace_rs::backtrace::libunwind::trace::hb059275cfc8d6126
[INFO] [stdout]                                at /rustc/6067b36314ab5eb2eb47cecc464545ba58e1ad24/library/std/src/../../backtrace/src/backtrace/libunwind.rs:116:5
[INFO] [stdout]    1:     0x5d81df2013da - std::backtrace_rs::backtrace::trace_unsynchronized::h2da071e4327ce3ee
[INFO] [stdout]                                at /rustc/6067b36314ab5eb2eb47cecc464545ba58e1ad24/library/std/src/../../backtrace/src/backtrace/mod.rs:66:5
[INFO] [stdout]    2:     0x5d81df2013da - std::sys::backtrace::_print_fmt::h842a1474e6f8d23f
[INFO] [stdout]                                at /rustc/6067b36314ab5eb2eb47cecc464545ba58e1ad24/library/std/src/sys/backtrace.rs:66:9
[INFO] [stdout]    3:     0x5d81df2013da - <std::sys::backtrace::BacktraceLock::print::DisplayBacktrace as core::fmt::Display>::fmt::h71a62eb3b9696b12
[INFO] [stdout]                                at /rustc/6067b36314ab5eb2eb47cecc464545ba58e1ad24/library/std/src/sys/backtrace.rs:39:26
[INFO] [stdout]    4:     0x5d81df228953 - core::fmt::rt::Argument::fmt::hdb6b616786b41dc1
[INFO] [stdout]                                at /rustc/6067b36314ab5eb2eb47cecc464545ba58e1ad24/library/core/src/fmt/rt.rs:177:76
[INFO] [stdout]    5:     0x5d81df228953 - core::fmt::write::h2cc1698af7e2d686
[INFO] [stdout]                                at /rustc/6067b36314ab5eb2eb47cecc464545ba58e1ad24/library/core/src/fmt/mod.rs:1440:21
[INFO] [stdout]    6:     0x5d81df1fdf33 - std::io::Write::write_fmt::hab1b4cd059a79022
[INFO] [stdout]                                at /rustc/6067b36314ab5eb2eb47cecc464545ba58e1ad24/library/std/src/io/mod.rs:1887:15
[INFO] [stdout]    7:     0x5d81df201222 - std::sys::backtrace::BacktraceLock::print::h147fe35b4ea13b08
[INFO] [stdout]                                at /rustc/6067b36314ab5eb2eb47cecc464545ba58e1ad24/library/std/src/sys/backtrace.rs:42:9
[INFO] [stdout]    8:     0x5d81df2027ff - std::panicking::default_hook::{{closure}}::hbd44223dbdc0d208
[INFO] [stdout]                                at /rustc/6067b36314ab5eb2eb47cecc464545ba58e1ad24/library/std/src/panicking.rs:298:22
[INFO] [stdout]    9:     0x5d81df202618 - std::panicking::default_hook::h20f81eb0576efcec
[INFO] [stdout]                                at /rustc/6067b36314ab5eb2eb47cecc464545ba58e1ad24/library/std/src/panicking.rs:322:9
[INFO] [stdout]   10:     0x5d81df1c87a3 - <alloc::boxed::Box<F,A> as core::ops::function::Fn<Args>>::call::hdb53814c496a4d34
[INFO] [stdout]                                at /rustc/6067b36314ab5eb2eb47cecc464545ba58e1ad24/library/alloc/src/boxed.rs:2027:9
[INFO] [stdout]   11:     0x5d81df1c87a3 - test::test_main::{{closure}}::hc0a4963c59427c24
[INFO] [stdout]                                at /rustc/6067b36314ab5eb2eb47cecc464545ba58e1ad24/library/test/src/lib.rs:134:21
[INFO] [stdout]   12:     0x5d81df2032f3 - <alloc::boxed::Box<F,A> as core::ops::function::Fn<Args>>::call::h591b2225413a77e9
[INFO] [stdout]                                at /rustc/6067b36314ab5eb2eb47cecc464545ba58e1ad24/library/alloc/src/boxed.rs:2027:9
[INFO] [stdout]   13:     0x5d81df2032f3 - std::panicking::rust_panic_with_hook::h625eea43051b2edc
[INFO] [stdout]                                at /rustc/6067b36314ab5eb2eb47cecc464545ba58e1ad24/library/std/src/panicking.rs:839:13
[INFO] [stdout]   14:     0x5d81df202faa - std::panicking::begin_panic_handler::{{closure}}::h4f9159cfbc3f6bd3
[INFO] [stdout]                                at /rustc/6067b36314ab5eb2eb47cecc464545ba58e1ad24/library/std/src/panicking.rs:704:13
[INFO] [stdout]   15:     0x5d81df2018d9 - std::sys::backtrace::__rust_end_short_backtrace::h0390abce48353151
[INFO] [stdout]                                at /rustc/6067b36314ab5eb2eb47cecc464545ba58e1ad24/library/std/src/sys/backtrace.rs:168:18
[INFO] [stdout]   16:     0x5d81df202c3d - rust_begin_unwind
[INFO] [stdout]                                at /rustc/6067b36314ab5eb2eb47cecc464545ba58e1ad24/library/std/src/panicking.rs:695:5
[INFO] [stdout]   17:     0x5d81df227400 - core::panicking::panic_fmt::h9e7c637e9e5f29c9
[INFO] [stdout]                                at /rustc/6067b36314ab5eb2eb47cecc464545ba58e1ad24/library/core/src/panicking.rs:75:14
[INFO] [stdout]   18:     0x5d81df2277a6 - core::result::unwrap_failed::h7979f09313fe1849
[INFO] [stdout]                                at /rustc/6067b36314ab5eb2eb47cecc464545ba58e1ad24/library/core/src/result.rs:1704:5
[INFO] [stdout]   19:     0x5d81df18df74 - core::result::Result<T,E>::unwrap::h58a288674bcd6902
[INFO] [stdout]                                at /rustc/6067b36314ab5eb2eb47cecc464545ba58e1ad24/library/core/src/result.rs:1109:23
[INFO] [stdout]   20:     0x5d81df18df74 - rustnes::test::load_mario::h2392da93bcb48d69
[INFO] [stdout]                                at /opt/rustwide/workdir/src/test/mod.rs:99:20
[INFO] [stdout]   21:     0x5d81df18e37e - rustnes::test::test_mapper1_read::heaa7d2286b67eec6
[INFO] [stdout]                                at /opt/rustwide/workdir/src/test/mod.rs:122:20
[INFO] [stdout]   22:     0x5d81df18e347 - rustnes::test::test_mapper1_read::{{closure}}::hb864a4a5cfc43978
[INFO] [stdout]                                at /opt/rustwide/workdir/src/test/mod.rs:120:27
[INFO] [stdout]   23:     0x5d81df18c856 - core::ops::function::FnOnce::call_once::h988e116fea722f66
[INFO] [stdout]                                at /rustc/6067b36314ab5eb2eb47cecc464545ba58e1ad24/library/core/src/ops/function.rs:250:5
[INFO] [stdout]   24:     0x5d81df1cdefb - core::ops::function::FnOnce::call_once::he27718dfdd183f43
[INFO] [stdout]                                at /rustc/6067b36314ab5eb2eb47cecc464545ba58e1ad24/library/core/src/ops/function.rs:250:5
[INFO] [stdout]   25:     0x5d81df1cdefb - test::__rust_begin_short_backtrace::h4e84902998457a5d
[INFO] [stdout]                                at /rustc/6067b36314ab5eb2eb47cecc464545ba58e1ad24/library/test/src/lib.rs:632:18
[INFO] [stdout]   26:     0x5d81df1cce33 - test::run_test_in_process::{{closure}}::h7176fd18fc1feca0
[INFO] [stdout]                                at /rustc/6067b36314ab5eb2eb47cecc464545ba58e1ad24/library/test/src/lib.rs:655:60
[INFO] [stdout]   27:     0x5d81df1cce33 - <core::panic::unwind_safe::AssertUnwindSafe<F> as core::ops::function::FnOnce<()>>::call_once::hf79cff2a624d8cf7
[INFO] [stdout]                                at /rustc/6067b36314ab5eb2eb47cecc464545ba58e1ad24/library/core/src/panic/unwind_safe.rs:272:9
[INFO] [stdout]   28:     0x5d81df1cce33 - std::panicking::try::do_call::h3da0561d9ab99c25
[INFO] [stdout]                                at /rustc/6067b36314ab5eb2eb47cecc464545ba58e1ad24/library/std/src/panicking.rs:587:40
[INFO] [stdout]   29:     0x5d81df1cce33 - std::panicking::try::h41c9fa508bc61df6
[INFO] [stdout]                                at /rustc/6067b36314ab5eb2eb47cecc464545ba58e1ad24/library/std/src/panicking.rs:550:19
[INFO] [stdout]   30:     0x5d81df1cce33 - std::panic::catch_unwind::h6b3ff07bb5afad93
[INFO] [stdout]                                at /rustc/6067b36314ab5eb2eb47cecc464545ba58e1ad24/library/std/src/panic.rs:358:14
[INFO] [stdout]   31:     0x5d81df1cce33 - test::run_test_in_process::hc7253dd11b39b9f4
[INFO] [stdout]                                at /rustc/6067b36314ab5eb2eb47cecc464545ba58e1ad24/library/test/src/lib.rs:655:27
[INFO] [stdout]   32:     0x5d81df1cce33 - test::run_test::{{closure}}::hfb2007f8649c30bb
[INFO] [stdout]                                at /rustc/6067b36314ab5eb2eb47cecc464545ba58e1ad24/library/test/src/lib.rs:576:43
[INFO] [stdout]   33:     0x5d81df18ff15 - test::run_test::{{closure}}::h56a17aa7a282a9f4
[INFO] [stdout]                                at /rustc/6067b36314ab5eb2eb47cecc464545ba58e1ad24/library/test/src/lib.rs:606:41
[INFO] [stdout]   34:     0x5d81df18ff15 - std::sys::backtrace::__rust_begin_short_backtrace::hd2d2d2fb8e8c6aac
[INFO] [stdout]                                at /rustc/6067b36314ab5eb2eb47cecc464545ba58e1ad24/library/std/src/sys/backtrace.rs:152:18
[INFO] [stdout]   35:     0x5d81df1937fa - std::thread::Builder::spawn_unchecked_::{{closure}}::{{closure}}::h4faa3f9db6133423
[INFO] [stdout]                                at /rustc/6067b36314ab5eb2eb47cecc464545ba58e1ad24/library/std/src/thread/mod.rs:559:17
[INFO] [stdout]   36:     0x5d81df1937fa - <core::panic::unwind_safe::AssertUnwindSafe<F> as core::ops::function::FnOnce<()>>::call_once::hf2e855a36a4ea846
[INFO] [stdout]                                at /rustc/6067b36314ab5eb2eb47cecc464545ba58e1ad24/library/core/src/panic/unwind_safe.rs:272:9
[INFO] [stdout]   37:     0x5d81df1937fa - std::panicking::try::do_call::h2f73af3616c35465
[INFO] [stdout]                                at /rustc/6067b36314ab5eb2eb47cecc464545ba58e1ad24/library/std/src/panicking.rs:587:40
[INFO] [stdout]   38:     0x5d81df1937fa - std::panicking::try::hd1660ce9efadef5a
[INFO] [stdout]                                at /rustc/6067b36314ab5eb2eb47cecc464545ba58e1ad24/library/std/src/panicking.rs:550:19
[INFO] [stdout]   39:     0x5d81df1937fa - std::panic::catch_unwind::h5ee8d7823b8ca744
[INFO] [stdout]                                at /rustc/6067b36314ab5eb2eb47cecc464545ba58e1ad24/library/std/src/panic.rs:358:14
[INFO] [stdout]   40:     0x5d81df1937fa - std::thread::Builder::spawn_unchecked_::{{closure}}::h53c3a1894dce8407
[INFO] [stdout]                                at /rustc/6067b36314ab5eb2eb47cecc464545ba58e1ad24/library/std/src/thread/mod.rs:557:30
[INFO] [stdout]   41:     0x5d81df1937fa - core::ops::function::FnOnce::call_once{{vtable.shim}}::h048ce291ad4f62bf
[INFO] [stdout]                                at /rustc/6067b36314ab5eb2eb47cecc464545ba58e1ad24/library/core/src/ops/function.rs:250:5
[INFO] [stdout]   42:     0x5d81df20723b - <alloc::boxed::Box<F,A> as core::ops::function::FnOnce<Args>>::call_once::ha52bedf99a3b4981
[INFO] [stdout]                                at /rustc/6067b36314ab5eb2eb47cecc464545ba58e1ad24/library/alloc/src/boxed.rs:2013:9
[INFO] [stdout]   43:     0x5d81df20723b - <alloc::boxed::Box<F,A> as core::ops::function::FnOnce<Args>>::call_once::h567748934d80ccf8
[INFO] [stdout]                                at /rustc/6067b36314ab5eb2eb47cecc464545ba58e1ad24/library/alloc/src/boxed.rs:2013:9
[INFO] [stdout]   44:     0x5d81df20723b - std::sys::pal::unix::thread::Thread::new::thread_start::h2d970728ae887adc
[INFO] [stdout]                                at /rustc/6067b36314ab5eb2eb47cecc464545ba58e1ad24/library/std/src/sys/pal/unix/thread.rs:106:17
[INFO] [stdout]   45:     0x7480998e4ac3 - <unknown>
[INFO] [stdout]   46:     0x748099975a04 - clone
[INFO] [stdout]   47:                0x0 - <unknown>
[INFO] [stdout] 
[INFO] [stdout] 
[INFO] [stdout] failures:
[INFO] [stdout]     test::metroid_header
[INFO] [stdout]     test::test_mapper1_read
[INFO] [stdout] 
[INFO] [stdout] test result: FAILED. 0 passed; 2 failed; 0 ignored; 0 measured; 0 filtered out; finished in 0.03s
[INFO] [stdout] 
[INFO] [stderr] error: test failed, to rerun pass `--bin rustnes`
[INFO] running `Command { std: "docker" "inspect" "b205d3f717dbfa6c44a3527a0bf8c818c226e3504030b58c74fd29906aeaa1e9", kill_on_drop: false }`
[INFO] running `Command { std: "docker" "rm" "-f" "b205d3f717dbfa6c44a3527a0bf8c818c226e3504030b58c74fd29906aeaa1e9", kill_on_drop: false }`
[INFO] [stdout] b205d3f717dbfa6c44a3527a0bf8c818c226e3504030b58c74fd29906aeaa1e9
