[INFO] cloning repository https://github.com/yifaaan/json-parser-demo
[INFO] running `Command { std: "git" "-c" "credential.helper=" "-c" "credential.helper=/workspace/cargo-home/bin/git-credential-null" "clone" "--bare" "https://github.com/yifaaan/json-parser-demo" "/workspace/cache/git-repos/https%3A%2F%2Fgithub.com%2Fyifaaan%2Fjson-parser-demo", kill_on_drop: false }`
[INFO] [stderr] Cloning into bare repository '/workspace/cache/git-repos/https%3A%2F%2Fgithub.com%2Fyifaaan%2Fjson-parser-demo'...
[INFO] running `Command { std: "git" "rev-parse" "HEAD", kill_on_drop: false }`
[INFO] [stdout] da03a3e0b1a3ad42414504a9c48eae0ec1177dbd
[INFO] testing yifaaan/json-parser-demo against nightly-2025-01-18 for randomize-layout-2
[INFO] running `Command { std: "git" "clone" "/workspace/cache/git-repos/https%3A%2F%2Fgithub.com%2Fyifaaan%2Fjson-parser-demo" "/workspace/builds/worker-6-tc1/source", kill_on_drop: false }`
[INFO] [stderr] Cloning into '/workspace/builds/worker-6-tc1/source'...
[INFO] [stderr] done.
[INFO] validating manifest of git repo https://github.com/yifaaan/json-parser-demo on toolchain nightly-2025-01-18
[INFO] running `Command { std: CARGO_HOME="/workspace/cargo-home" RUSTUP_HOME="/workspace/rustup-home" "/workspace/cargo-home/bin/cargo" "+nightly-2025-01-18" "metadata" "--manifest-path" "Cargo.toml" "--no-deps", kill_on_drop: false }`
[INFO] started tweaking git repo https://github.com/yifaaan/json-parser-demo
[INFO] finished tweaking git repo https://github.com/yifaaan/json-parser-demo
[INFO] tweaked toml for git repo https://github.com/yifaaan/json-parser-demo written to /workspace/builds/worker-6-tc1/source/Cargo.toml
[INFO] crate git repo https://github.com/yifaaan/json-parser-demo already has a lockfile, it will not be regenerated
[INFO] running `Command { std: CARGO_HOME="/workspace/cargo-home" RUSTUP_HOME="/workspace/rustup-home" "/workspace/cargo-home/bin/cargo" "+nightly-2025-01-18" "fetch" "--manifest-path" "Cargo.toml", kill_on_drop: false }`
[INFO] running `Command { std: "docker" "create" "-v" "/var/lib/crater-agent-workspace/builds/worker-6-tc1/target:/opt/rustwide/target:rw,Z" "-v" "/var/lib/crater-agent-workspace/builds/worker-6-tc1/source:/opt/rustwide/workdir:ro,Z" "-v" "/var/lib/crater-agent-workspace/cargo-home:/opt/rustwide/cargo-home:ro,Z" "-v" "/var/lib/crater-agent-workspace/rustup-home:/opt/rustwide/rustup-home:ro,Z" "-e" "SOURCE_DIR=/opt/rustwide/workdir" "-e" "CARGO_TARGET_DIR=/opt/rustwide/target" "-e" "CARGO_HOME=/opt/rustwide/cargo-home" "-e" "RUSTUP_HOME=/opt/rustwide/rustup-home" "-w" "/opt/rustwide/workdir" "-m" "1610612736" "--user" "0:0" "--network" "none" "ghcr.io/rust-lang/crates-build-env/linux@sha256:819108c5571ea2e421544af4d832f968d213c87fbe3707a016657f43d2f853bc" "/opt/rustwide/cargo-home/bin/cargo" "+nightly-2025-01-18" "metadata" "--no-deps" "--format-version=1", kill_on_drop: false }`
[INFO] [stdout] 3c9b78e440120fc349d18ac4f838d76090c9789e03e351bf89e1a1427c0d81e6
[INFO] running `Command { std: "docker" "start" "-a" "3c9b78e440120fc349d18ac4f838d76090c9789e03e351bf89e1a1427c0d81e6", kill_on_drop: false }`
[INFO] running `Command { std: "docker" "inspect" "3c9b78e440120fc349d18ac4f838d76090c9789e03e351bf89e1a1427c0d81e6", kill_on_drop: false }`
[INFO] running `Command { std: "docker" "rm" "-f" "3c9b78e440120fc349d18ac4f838d76090c9789e03e351bf89e1a1427c0d81e6", kill_on_drop: false }`
[INFO] [stdout] 3c9b78e440120fc349d18ac4f838d76090c9789e03e351bf89e1a1427c0d81e6
[INFO] running `Command { std: "docker" "create" "-v" "/var/lib/crater-agent-workspace/builds/worker-6-tc1/target:/opt/rustwide/target:rw,Z" "-v" "/var/lib/crater-agent-workspace/builds/worker-6-tc1/source:/opt/rustwide/workdir:ro,Z" "-v" "/var/lib/crater-agent-workspace/cargo-home:/opt/rustwide/cargo-home:ro,Z" "-v" "/var/lib/crater-agent-workspace/rustup-home:/opt/rustwide/rustup-home:ro,Z" "-e" "SOURCE_DIR=/opt/rustwide/workdir" "-e" "CARGO_TARGET_DIR=/opt/rustwide/target" "-e" "CARGO_INCREMENTAL=0" "-e" "RUST_BACKTRACE=full" "-e" "RUSTFLAGS=--cap-lints=forbid" "-e" "RUSTDOCFLAGS=--cap-lints=forbid" "-e" "CARGO_HOME=/opt/rustwide/cargo-home" "-e" "RUSTUP_HOME=/opt/rustwide/rustup-home" "-w" "/opt/rustwide/workdir" "-m" "1610612736" "--user" "0:0" "--network" "none" "ghcr.io/rust-lang/crates-build-env/linux@sha256:819108c5571ea2e421544af4d832f968d213c87fbe3707a016657f43d2f853bc" "/opt/rustwide/cargo-home/bin/cargo" "+nightly-2025-01-18" "build" "--frozen" "--message-format=json", kill_on_drop: false }`
[INFO] [stdout] c1d52e912898d61c9d51df48c99cd5ba7af61d69b1bd3619dfd1b7fb46105802
[INFO] running `Command { std: "docker" "start" "-a" "c1d52e912898d61c9d51df48c99cd5ba7af61d69b1bd3619dfd1b7fb46105802", kill_on_drop: false }`
[INFO] [stderr]    Compiling json-parser v0.1.0 (/opt/rustwide/workdir)
[INFO] [stdout] warning: unreachable pattern
[INFO] [stdout]   --> src/tokenize.rs:39:9
[INFO] [stdout]    |
[INFO] [stdout] 39 |         _ => todo!("implement other tokens"),
[INFO] [stdout]    |         ^ no value can reach this
[INFO] [stdout]    |
[INFO] [stdout] note: multiple earlier patterns match some of the same values
[INFO] [stdout]   --> src/tokenize.rs:39:9
[INFO] [stdout]    |
[INFO] [stdout] 27 |         '[' => Token::LeftBracket,
[INFO] [stdout]    |         --- matches some of the same values
[INFO] [stdout] 28 |         ']' => Token::RightBracket,
[INFO] [stdout]    |         --- matches some of the same values
[INFO] [stdout] 29 |         '{' => Token::LeftBrace,
[INFO] [stdout]    |         --- matches some of the same values
[INFO] [stdout] 30 |         '}' => Token::RightBrace,
[INFO] [stdout]    |         --- matches some of the same values
[INFO] [stdout] ...
[INFO] [stdout] 39 |         _ => todo!("implement other tokens"),
[INFO] [stdout]    |         ^ ...and 7 other patterns collectively make this unreachable
[INFO] [stdout]    = note: `#[warn(unreachable_patterns)]` on by default
[INFO] [stdout] 
[INFO] [stdout] 
[INFO] [stdout] warning: type alias `ParseResult` is never used
[INFO] [stdout]  --> src/parse.rs:8:6
[INFO] [stdout]   |
[INFO] [stdout] 8 | type ParseResult = Result<Value, TokenParseError>;
[INFO] [stdout]   |      ^^^^^^^^^^^
[INFO] [stdout]   |
[INFO] [stdout]   = note: `#[warn(dead_code)]` on by default
[INFO] [stdout] 
[INFO] [stdout] 
[INFO] [stdout] warning: function `parse` is never used
[INFO] [stdout]   --> src/parse.rs:10:4
[INFO] [stdout]    |
[INFO] [stdout] 10 | fn parse(input: String) -> Result<Value, ParseError> {
[INFO] [stdout]    |    ^^^^^
[INFO] [stdout] 
[INFO] [stdout] 
[INFO] [stdout] warning: function `parse_tokens` is never used
[INFO] [stdout]   --> src/parse.rs:34:4
[INFO] [stdout]    |
[INFO] [stdout] 34 | fn parse_tokens(tokens: &[Token], index: &mut usize) -> ParseResult {
[INFO] [stdout]    |    ^^^^^^^^^^^^
[INFO] [stdout] 
[INFO] [stdout] 
[INFO] [stdout] warning: variants `UnfinishedEscape`, `InvalidHexValue`, `InvalidCodePointValue`, `ExpectedComma`, `ExpectedProperty`, and `ExpectedColon` are never constructed
[INFO] [stdout]   --> src/parse.rs:57:5
[INFO] [stdout]    |
[INFO] [stdout] 55 | pub enum TokenParseError {
[INFO] [stdout]    |          --------------- variants in this enum
[INFO] [stdout] 56 |     /// An escape sequence was started without 4 hexadecimaldigits afterwards
[INFO] [stdout] 57 |     UnfinishedEscape,
[INFO] [stdout]    |     ^^^^^^^^^^^^^^^^
[INFO] [stdout] ...
[INFO] [stdout] 60 |     InvalidHexValue,
[INFO] [stdout]    |     ^^^^^^^^^^^^^^^
[INFO] [stdout] ...
[INFO] [stdout] 63 |     InvalidCodePointValue,
[INFO] [stdout]    |     ^^^^^^^^^^^^^^^^^^^^^
[INFO] [stdout] 64 |
[INFO] [stdout] 65 |     ExpectedComma,
[INFO] [stdout]    |     ^^^^^^^^^^^^^
[INFO] [stdout] 66 |     ExpectedProperty,
[INFO] [stdout]    |     ^^^^^^^^^^^^^^^^
[INFO] [stdout] 67 |     ExpectedColon,
[INFO] [stdout]    |     ^^^^^^^^^^^^^
[INFO] [stdout]    |
[INFO] [stdout]    = note: `TokenParseError` has a derived impl for the trait `Debug`, but this is intentionally ignored during dead code analysis
[INFO] [stdout] 
[INFO] [stdout] 
[INFO] [stdout] warning: function `parse_string` is never used
[INFO] [stdout]   --> src/parse.rs:70:4
[INFO] [stdout]    |
[INFO] [stdout] 70 | fn parse_string(input: &str) -> ParseResult {
[INFO] [stdout]    |    ^^^^^^^^^^^^
[INFO] [stdout] 
[INFO] [stdout] 
[INFO] [stdout] warning: function `parse_array` is never used
[INFO] [stdout]    --> src/parse.rs:111:4
[INFO] [stdout]     |
[INFO] [stdout] 111 | fn parse_array(tokens: &[Token], index: &mut usize) -> ParseResult {
[INFO] [stdout]     |    ^^^^^^^^^^^
[INFO] [stdout] 
[INFO] [stdout] 
[INFO] [stdout] warning: function `parse_object` is never used
[INFO] [stdout]    --> src/parse.rs:144:4
[INFO] [stdout]     |
[INFO] [stdout] 144 | fn parse_object(tokens: &[Token], index: &mut usize) -> ParseResult {
[INFO] [stdout]     |    ^^^^^^^^^^^^
[INFO] [stdout] 
[INFO] [stdout] 
[INFO] [stdout] warning: function `tokenize` is never used
[INFO] [stdout]  --> src/tokenize.rs:1:8
[INFO] [stdout]   |
[INFO] [stdout] 1 | pub fn tokenize(input: String) -> Result<Vec<Token>, TokenizeError> {
[INFO] [stdout]   |        ^^^^^^^^
[INFO] [stdout] 
[INFO] [stdout] 
[INFO] [stdout] warning: function `make_token` is never used
[INFO] [stdout]   --> src/tokenize.rs:15:4
[INFO] [stdout]    |
[INFO] [stdout] 15 | fn make_token(chars: &Vec<char>, index: &mut usize) -> Result<Token, TokenizeError> {
[INFO] [stdout]    |    ^^^^^^^^^^
[INFO] [stdout] 
[INFO] [stdout] 
[INFO] [stdout] warning: variants `UnfinishedLiteralValue`, `ParseNumberError`, `UnclosedQuotes`, `UnexpectedEof`, and `CharNotRecognized` are never constructed
[INFO] [stdout]   --> src/tokenize.rs:48:5
[INFO] [stdout]    |
[INFO] [stdout] 46 | pub enum TokenizeError {
[INFO] [stdout]    |          ------------- variants in this enum
[INFO] [stdout] 47 |     /// The input apperaed to be the start of the literal value but dit not finished
[INFO] [stdout] 48 |     UnfinishedLiteralValue,
[INFO] [stdout]    |     ^^^^^^^^^^^^^^^^^^^^^^
[INFO] [stdout] 49 |     /// Unable to parse the float value
[INFO] [stdout] 50 |     ParseNumberError,
[INFO] [stdout]    |     ^^^^^^^^^^^^^^^^
[INFO] [stdout] 51 |     /// String was never completed
[INFO] [stdout] 52 |     UnclosedQuotes,
[INFO] [stdout]    |     ^^^^^^^^^^^^^^
[INFO] [stdout] 53 |     /// The input ended early
[INFO] [stdout] 54 |     UnexpectedEof,
[INFO] [stdout]    |     ^^^^^^^^^^^^^
[INFO] [stdout] 55 |     /// Character is not part of a json token
[INFO] [stdout] 56 |     CharNotRecognized(char),
[INFO] [stdout]    |     ^^^^^^^^^^^^^^^^^
[INFO] [stdout]    |
[INFO] [stdout]    = note: `TokenizeError` has derived impls for the traits `Clone` and `Debug`, but these are intentionally ignored during dead code analysis
[INFO] [stdout] 
[INFO] [stdout] 
[INFO] [stdout] warning: function `tokenize_null` is never used
[INFO] [stdout]   --> src/tokenize.rs:59:4
[INFO] [stdout]    |
[INFO] [stdout] 59 | fn tokenize_null(chars: &Vec<char>, index: &mut usize) -> Result<Token, TokenizeError> {
[INFO] [stdout]    |    ^^^^^^^^^^^^^
[INFO] [stdout] 
[INFO] [stdout] 
[INFO] [stdout] warning: function `tokenize_false` is never used
[INFO] [stdout]   --> src/tokenize.rs:70:4
[INFO] [stdout]    |
[INFO] [stdout] 70 | fn tokenize_false(chars: &Vec<char>, index: &mut usize) -> Result<Token, TokenizeError> {
[INFO] [stdout]    |    ^^^^^^^^^^^^^^
[INFO] [stdout] 
[INFO] [stdout] 
[INFO] [stdout] warning: function `tokenize_true` is never used
[INFO] [stdout]   --> src/tokenize.rs:81:4
[INFO] [stdout]    |
[INFO] [stdout] 81 | fn tokenize_true(chars: &Vec<char>, index: &mut usize) -> Result<Token, TokenizeError> {
[INFO] [stdout]    |    ^^^^^^^^^^^^^
[INFO] [stdout] 
[INFO] [stdout] 
[INFO] [stdout] warning: function `tokenize_float` is never used
[INFO] [stdout]   --> src/tokenize.rs:92:4
[INFO] [stdout]    |
[INFO] [stdout] 92 | fn tokenize_float(chars: &Vec<char>, cur_idx: &mut usize) -> Result<Token, TokenizeError> {
[INFO] [stdout]    |    ^^^^^^^^^^^^^^
[INFO] [stdout] 
[INFO] [stdout] 
[INFO] [stdout] warning: function `tokenize_string` is never used
[INFO] [stdout]    --> src/tokenize.rs:115:4
[INFO] [stdout]     |
[INFO] [stdout] 115 | fn tokenize_string(chars: &Vec<char>, cur_idx: &mut usize) -> Result<Token, TokenizeError> {
[INFO] [stdout]     |    ^^^^^^^^^^^^^^^
[INFO] [stdout] 
[INFO] [stdout] 
[INFO] [stdout] warning: multiple variants are never constructed
[INFO] [stdout]    --> src/tokenize.rs:158:5
[INFO] [stdout]     |
[INFO] [stdout] 156 | pub enum Token {
[INFO] [stdout]     |          ----- variants in this enum
[INFO] [stdout] 157 |     /// `{`
[INFO] [stdout] 158 |     LeftBrace,
[INFO] [stdout]     |     ^^^^^^^^^
[INFO] [stdout] ...
[INFO] [stdout] 161 |     RightBrace,
[INFO] [stdout]     |     ^^^^^^^^^^
[INFO] [stdout] ...
[INFO] [stdout] 164 |     LeftBracket,
[INFO] [stdout]     |     ^^^^^^^^^^^
[INFO] [stdout] ...
[INFO] [stdout] 167 |     RightBracket,
[INFO] [stdout]     |     ^^^^^^^^^^^^
[INFO] [stdout] ...
[INFO] [stdout] 170 |     Comma,
[INFO] [stdout]     |     ^^^^^
[INFO] [stdout] ...
[INFO] [stdout] 173 |     Colon,
[INFO] [stdout]     |     ^^^^^
[INFO] [stdout] ...
[INFO] [stdout] 176 |     Null,
[INFO] [stdout]     |     ^^^^
[INFO] [stdout] ...
[INFO] [stdout] 179 |     False,
[INFO] [stdout]     |     ^^^^^
[INFO] [stdout] ...
[INFO] [stdout] 182 |     True,
[INFO] [stdout]     |     ^^^^
[INFO] [stdout] ...
[INFO] [stdout] 185 |     Number(f64),
[INFO] [stdout]     |     ^^^^^^
[INFO] [stdout] ...
[INFO] [stdout] 188 |     String(String),
[INFO] [stdout]     |     ^^^^^^
[INFO] [stdout]     |
[INFO] [stdout]     = note: `Token` has a derived impl for the trait `Debug`, but this is intentionally ignored during dead code analysis
[INFO] [stdout] 
[INFO] [stdout] 
[INFO] [stderr]     Finished `dev` profile [unoptimized + debuginfo] target(s) in 0.30s
[INFO] running `Command { std: "docker" "inspect" "c1d52e912898d61c9d51df48c99cd5ba7af61d69b1bd3619dfd1b7fb46105802", kill_on_drop: false }`
[INFO] running `Command { std: "docker" "rm" "-f" "c1d52e912898d61c9d51df48c99cd5ba7af61d69b1bd3619dfd1b7fb46105802", kill_on_drop: false }`
[INFO] [stdout] c1d52e912898d61c9d51df48c99cd5ba7af61d69b1bd3619dfd1b7fb46105802
[INFO] running `Command { std: "docker" "create" "-v" "/var/lib/crater-agent-workspace/builds/worker-6-tc1/target:/opt/rustwide/target:rw,Z" "-v" "/var/lib/crater-agent-workspace/builds/worker-6-tc1/source:/opt/rustwide/workdir:ro,Z" "-v" "/var/lib/crater-agent-workspace/cargo-home:/opt/rustwide/cargo-home:ro,Z" "-v" "/var/lib/crater-agent-workspace/rustup-home:/opt/rustwide/rustup-home:ro,Z" "-e" "SOURCE_DIR=/opt/rustwide/workdir" "-e" "CARGO_TARGET_DIR=/opt/rustwide/target" "-e" "CARGO_INCREMENTAL=0" "-e" "RUST_BACKTRACE=full" "-e" "RUSTFLAGS=--cap-lints=forbid" "-e" "RUSTDOCFLAGS=--cap-lints=forbid" "-e" "CARGO_HOME=/opt/rustwide/cargo-home" "-e" "RUSTUP_HOME=/opt/rustwide/rustup-home" "-w" "/opt/rustwide/workdir" "-m" "1610612736" "--user" "0:0" "--network" "none" "ghcr.io/rust-lang/crates-build-env/linux@sha256:819108c5571ea2e421544af4d832f968d213c87fbe3707a016657f43d2f853bc" "/opt/rustwide/cargo-home/bin/cargo" "+nightly-2025-01-18" "test" "--frozen" "--no-run" "--message-format=json", kill_on_drop: false }`
[INFO] [stdout] 19c732e41e7c7ec9e0ab9c1916dbb9e065b45111ca02b30952f3d5d68fe26e72
[INFO] running `Command { std: "docker" "start" "-a" "19c732e41e7c7ec9e0ab9c1916dbb9e065b45111ca02b30952f3d5d68fe26e72", kill_on_drop: false }`
[INFO] [stdout] warning: unreachable pattern
[INFO] [stdout]   --> src/tokenize.rs:39:9
[INFO] [stdout]    |
[INFO] [stdout] 39 |         _ => todo!("implement other tokens"),
[INFO] [stdout]    |         ^ no value can reach this
[INFO] [stdout]    |
[INFO] [stdout] note: multiple earlier patterns match some of the same values
[INFO] [stdout]   --> src/tokenize.rs:39:9
[INFO] [stdout]    |
[INFO] [stdout] 27 |         '[' => Token::LeftBracket,
[INFO] [stdout]    |         --- matches some of the same values
[INFO] [stdout] 28 |         ']' => Token::RightBracket,
[INFO] [stdout]    |         --- matches some of the same values
[INFO] [stdout] 29 |         '{' => Token::LeftBrace,
[INFO] [stdout]    |         --- matches some of the same values
[INFO] [stdout] 30 |         '}' => Token::RightBrace,
[INFO] [stdout]    |         --- matches some of the same values
[INFO] [stdout] ...
[INFO] [stdout] 39 |         _ => todo!("implement other tokens"),
[INFO] [stdout]    |         ^ ...and 7 other patterns collectively make this unreachable
[INFO] [stdout]    = note: `#[warn(unreachable_patterns)]` on by default
[INFO] [stdout] 
[INFO] [stdout] 
[INFO] [stdout] warning: type alias `ParseResult` is never used
[INFO] [stdout]  --> src/parse.rs:8:6
[INFO] [stdout]   |
[INFO] [stdout] 8 | type ParseResult = Result<Value, TokenParseError>;
[INFO] [stdout]   |      ^^^^^^^^^^^
[INFO] [stdout]   |
[INFO] [stdout]   = note: `#[warn(dead_code)]` on by default
[INFO] [stdout] 
[INFO] [stdout] 
[INFO] [stdout] warning: function `parse` is never used
[INFO] [stdout]   --> src/parse.rs:10:4
[INFO] [stdout]    |
[INFO] [stdout] 10 | fn parse(input: String) -> Result<Value, ParseError> {
[INFO] [stdout]    |    ^^^^^
[INFO] [stdout] 
[INFO] [stdout] 
[INFO] [stdout] warning: function `parse_tokens` is never used
[INFO] [stdout]   --> src/parse.rs:34:4
[INFO] [stdout]    |
[INFO] [stdout] 34 | fn parse_tokens(tokens: &[Token], index: &mut usize) -> ParseResult {
[INFO] [stdout]    |    ^^^^^^^^^^^^
[INFO] [stdout] 
[INFO] [stdout] 
[INFO] [stdout] warning: variants `UnfinishedEscape`, `InvalidHexValue`, `InvalidCodePointValue`, `ExpectedComma`, `ExpectedProperty`, and `ExpectedColon` are never constructed
[INFO] [stdout]   --> src/parse.rs:57:5
[INFO] [stdout]    |
[INFO] [stdout] 55 | pub enum TokenParseError {
[INFO] [stdout]    |          --------------- variants in this enum
[INFO] [stdout] 56 |     /// An escape sequence was started without 4 hexadecimaldigits afterwards
[INFO] [stdout] 57 |     UnfinishedEscape,
[INFO] [stdout]    |     ^^^^^^^^^^^^^^^^
[INFO] [stdout] ...
[INFO] [stdout] 60 |     InvalidHexValue,
[INFO] [stdout]    |     ^^^^^^^^^^^^^^^
[INFO] [stdout] ...
[INFO] [stdout] 63 |     InvalidCodePointValue,
[INFO] [stdout]    |     ^^^^^^^^^^^^^^^^^^^^^
[INFO] [stdout] 64 |
[INFO] [stdout] 65 |     ExpectedComma,
[INFO] [stdout]    |     ^^^^^^^^^^^^^
[INFO] [stdout] 66 |     ExpectedProperty,
[INFO] [stdout]    |     ^^^^^^^^^^^^^^^^
[INFO] [stdout] 67 |     ExpectedColon,
[INFO] [stdout]    |     ^^^^^^^^^^^^^
[INFO] [stdout]    |
[INFO] [stdout]    = note: `TokenParseError` has a derived impl for the trait `Debug`, but this is intentionally ignored during dead code analysis
[INFO] [stdout] 
[INFO] [stdout] 
[INFO] [stderr]    Compiling json-parser v0.1.0 (/opt/rustwide/workdir)
[INFO] [stdout] warning: function `parse_string` is never used
[INFO] [stdout]   --> src/parse.rs:70:4
[INFO] [stdout]    |
[INFO] [stdout] 70 | fn parse_string(input: &str) -> ParseResult {
[INFO] [stdout]    |    ^^^^^^^^^^^^
[INFO] [stdout] 
[INFO] [stdout] 
[INFO] [stdout] warning: function `parse_array` is never used
[INFO] [stdout]    --> src/parse.rs:111:4
[INFO] [stdout]     |
[INFO] [stdout] 111 | fn parse_array(tokens: &[Token], index: &mut usize) -> ParseResult {
[INFO] [stdout]     |    ^^^^^^^^^^^
[INFO] [stdout] 
[INFO] [stdout] 
[INFO] [stdout] warning: function `parse_object` is never used
[INFO] [stdout]    --> src/parse.rs:144:4
[INFO] [stdout]     |
[INFO] [stdout] 144 | fn parse_object(tokens: &[Token], index: &mut usize) -> ParseResult {
[INFO] [stdout]     |    ^^^^^^^^^^^^
[INFO] [stdout] 
[INFO] [stdout] 
[INFO] [stdout] warning: function `tokenize` is never used
[INFO] [stdout]  --> src/tokenize.rs:1:8
[INFO] [stdout]   |
[INFO] [stdout] 1 | pub fn tokenize(input: String) -> Result<Vec<Token>, TokenizeError> {
[INFO] [stdout]   |        ^^^^^^^^
[INFO] [stdout] 
[INFO] [stdout] 
[INFO] [stdout] warning: function `make_token` is never used
[INFO] [stdout]   --> src/tokenize.rs:15:4
[INFO] [stdout]    |
[INFO] [stdout] 15 | fn make_token(chars: &Vec<char>, index: &mut usize) -> Result<Token, TokenizeError> {
[INFO] [stdout]    |    ^^^^^^^^^^
[INFO] [stdout] 
[INFO] [stdout] 
[INFO] [stdout] warning: variants `UnfinishedLiteralValue`, `ParseNumberError`, `UnclosedQuotes`, `UnexpectedEof`, and `CharNotRecognized` are never constructed
[INFO] [stdout]   --> src/tokenize.rs:48:5
[INFO] [stdout]    |
[INFO] [stdout] 46 | pub enum TokenizeError {
[INFO] [stdout]    |          ------------- variants in this enum
[INFO] [stdout] 47 |     /// The input apperaed to be the start of the literal value but dit not finished
[INFO] [stdout] 48 |     UnfinishedLiteralValue,
[INFO] [stdout]    |     ^^^^^^^^^^^^^^^^^^^^^^
[INFO] [stdout] 49 |     /// Unable to parse the float value
[INFO] [stdout] 50 |     ParseNumberError,
[INFO] [stdout]    |     ^^^^^^^^^^^^^^^^
[INFO] [stdout] 51 |     /// String was never completed
[INFO] [stdout] 52 |     UnclosedQuotes,
[INFO] [stdout]    |     ^^^^^^^^^^^^^^
[INFO] [stdout] 53 |     /// The input ended early
[INFO] [stdout] 54 |     UnexpectedEof,
[INFO] [stdout]    |     ^^^^^^^^^^^^^
[INFO] [stdout] 55 |     /// Character is not part of a json token
[INFO] [stdout] 56 |     CharNotRecognized(char),
[INFO] [stdout]    |     ^^^^^^^^^^^^^^^^^
[INFO] [stdout]    |
[INFO] [stdout]    = note: `TokenizeError` has derived impls for the traits `Clone` and `Debug`, but these are intentionally ignored during dead code analysis
[INFO] [stdout] 
[INFO] [stdout] 
[INFO] [stdout] warning: function `tokenize_null` is never used
[INFO] [stdout]   --> src/tokenize.rs:59:4
[INFO] [stdout]    |
[INFO] [stdout] 59 | fn tokenize_null(chars: &Vec<char>, index: &mut usize) -> Result<Token, TokenizeError> {
[INFO] [stdout]    |    ^^^^^^^^^^^^^
[INFO] [stdout] 
[INFO] [stdout] 
[INFO] [stdout] warning: function `tokenize_false` is never used
[INFO] [stdout]   --> src/tokenize.rs:70:4
[INFO] [stdout]    |
[INFO] [stdout] 70 | fn tokenize_false(chars: &Vec<char>, index: &mut usize) -> Result<Token, TokenizeError> {
[INFO] [stdout]    |    ^^^^^^^^^^^^^^
[INFO] [stdout] 
[INFO] [stdout] 
[INFO] [stdout] warning: function `tokenize_true` is never used
[INFO] [stdout]   --> src/tokenize.rs:81:4
[INFO] [stdout]    |
[INFO] [stdout] 81 | fn tokenize_true(chars: &Vec<char>, index: &mut usize) -> Result<Token, TokenizeError> {
[INFO] [stdout]    |    ^^^^^^^^^^^^^
[INFO] [stdout] 
[INFO] [stdout] 
[INFO] [stdout] warning: function `tokenize_float` is never used
[INFO] [stdout]   --> src/tokenize.rs:92:4
[INFO] [stdout]    |
[INFO] [stdout] 92 | fn tokenize_float(chars: &Vec<char>, cur_idx: &mut usize) -> Result<Token, TokenizeError> {
[INFO] [stdout]    |    ^^^^^^^^^^^^^^
[INFO] [stdout] 
[INFO] [stdout] 
[INFO] [stdout] warning: function `tokenize_string` is never used
[INFO] [stdout]    --> src/tokenize.rs:115:4
[INFO] [stdout]     |
[INFO] [stdout] 115 | fn tokenize_string(chars: &Vec<char>, cur_idx: &mut usize) -> Result<Token, TokenizeError> {
[INFO] [stdout]     |    ^^^^^^^^^^^^^^^
[INFO] [stdout] 
[INFO] [stdout] 
[INFO] [stdout] warning: multiple variants are never constructed
[INFO] [stdout]    --> src/tokenize.rs:158:5
[INFO] [stdout]     |
[INFO] [stdout] 156 | pub enum Token {
[INFO] [stdout]     |          ----- variants in this enum
[INFO] [stdout] 157 |     /// `{`
[INFO] [stdout] 158 |     LeftBrace,
[INFO] [stdout]     |     ^^^^^^^^^
[INFO] [stdout] ...
[INFO] [stdout] 161 |     RightBrace,
[INFO] [stdout]     |     ^^^^^^^^^^
[INFO] [stdout] ...
[INFO] [stdout] 164 |     LeftBracket,
[INFO] [stdout]     |     ^^^^^^^^^^^
[INFO] [stdout] ...
[INFO] [stdout] 167 |     RightBracket,
[INFO] [stdout]     |     ^^^^^^^^^^^^
[INFO] [stdout] ...
[INFO] [stdout] 170 |     Comma,
[INFO] [stdout]     |     ^^^^^
[INFO] [stdout] ...
[INFO] [stdout] 173 |     Colon,
[INFO] [stdout]     |     ^^^^^
[INFO] [stdout] ...
[INFO] [stdout] 176 |     Null,
[INFO] [stdout]     |     ^^^^
[INFO] [stdout] ...
[INFO] [stdout] 179 |     False,
[INFO] [stdout]     |     ^^^^^
[INFO] [stdout] ...
[INFO] [stdout] 182 |     True,
[INFO] [stdout]     |     ^^^^
[INFO] [stdout] ...
[INFO] [stdout] 185 |     Number(f64),
[INFO] [stdout]     |     ^^^^^^
[INFO] [stdout] ...
[INFO] [stdout] 188 |     String(String),
[INFO] [stdout]     |     ^^^^^^
[INFO] [stdout]     |
[INFO] [stdout]     = note: `Token` has a derived impl for the trait `Debug`, but this is intentionally ignored during dead code analysis
[INFO] [stdout] 
[INFO] [stdout] 
[INFO] [stdout] warning: unreachable pattern
[INFO] [stdout]   --> src/tokenize.rs:39:9
[INFO] [stdout]    |
[INFO] [stdout] 39 |         _ => todo!("implement other tokens"),
[INFO] [stdout]    |         ^ no value can reach this
[INFO] [stdout]    |
[INFO] [stdout] note: multiple earlier patterns match some of the same values
[INFO] [stdout]   --> src/tokenize.rs:39:9
[INFO] [stdout]    |
[INFO] [stdout] 27 |         '[' => Token::LeftBracket,
[INFO] [stdout]    |         --- matches some of the same values
[INFO] [stdout] 28 |         ']' => Token::RightBracket,
[INFO] [stdout]    |         --- matches some of the same values
[INFO] [stdout] 29 |         '{' => Token::LeftBrace,
[INFO] [stdout]    |         --- matches some of the same values
[INFO] [stdout] 30 |         '}' => Token::RightBrace,
[INFO] [stdout]    |         --- matches some of the same values
[INFO] [stdout] ...
[INFO] [stdout] 39 |         _ => todo!("implement other tokens"),
[INFO] [stdout]    |         ^ ...and 7 other patterns collectively make this unreachable
[INFO] [stdout]    = note: `#[warn(unreachable_patterns)]` on by default
[INFO] [stdout] 
[INFO] [stdout] 
[INFO] [stdout] warning: function `parse` is never used
[INFO] [stdout]   --> src/parse.rs:10:4
[INFO] [stdout]    |
[INFO] [stdout] 10 | fn parse(input: String) -> Result<Value, ParseError> {
[INFO] [stdout]    |    ^^^^^
[INFO] [stdout]    |
[INFO] [stdout]    = note: `#[warn(dead_code)]` on by default
[INFO] [stdout] 
[INFO] [stdout] 
[INFO] [stderr]     Finished `test` profile [unoptimized + debuginfo] target(s) in 0.72s
[INFO] running `Command { std: "docker" "inspect" "19c732e41e7c7ec9e0ab9c1916dbb9e065b45111ca02b30952f3d5d68fe26e72", kill_on_drop: false }`
[INFO] running `Command { std: "docker" "rm" "-f" "19c732e41e7c7ec9e0ab9c1916dbb9e065b45111ca02b30952f3d5d68fe26e72", kill_on_drop: false }`
[INFO] [stdout] 19c732e41e7c7ec9e0ab9c1916dbb9e065b45111ca02b30952f3d5d68fe26e72
[INFO] running `Command { std: "docker" "create" "-v" "/var/lib/crater-agent-workspace/builds/worker-6-tc1/target:/opt/rustwide/target:rw,Z" "-v" "/var/lib/crater-agent-workspace/builds/worker-6-tc1/source:/opt/rustwide/workdir:ro,Z" "-v" "/var/lib/crater-agent-workspace/cargo-home:/opt/rustwide/cargo-home:ro,Z" "-v" "/var/lib/crater-agent-workspace/rustup-home:/opt/rustwide/rustup-home:ro,Z" "-e" "SOURCE_DIR=/opt/rustwide/workdir" "-e" "CARGO_TARGET_DIR=/opt/rustwide/target" "-e" "CARGO_INCREMENTAL=0" "-e" "RUST_BACKTRACE=full" "-e" "RUSTFLAGS=--cap-lints=forbid" "-e" "RUSTDOCFLAGS=--cap-lints=forbid" "-e" "CARGO_HOME=/opt/rustwide/cargo-home" "-e" "RUSTUP_HOME=/opt/rustwide/rustup-home" "-w" "/opt/rustwide/workdir" "-m" "1610612736" "--user" "0:0" "--network" "none" "ghcr.io/rust-lang/crates-build-env/linux@sha256:819108c5571ea2e421544af4d832f968d213c87fbe3707a016657f43d2f853bc" "/opt/rustwide/cargo-home/bin/cargo" "+nightly-2025-01-18" "test" "--frozen", kill_on_drop: false }`
[INFO] [stdout] 937450b7a9de0a24804dbcfe9161d84a315bcc0d98c10867051d44a0365ff697
[INFO] running `Command { std: "docker" "start" "-a" "937450b7a9de0a24804dbcfe9161d84a315bcc0d98c10867051d44a0365ff697", kill_on_drop: false }`
[INFO] [stderr] warning: unreachable pattern
[INFO] [stderr]   --> src/tokenize.rs:39:9
[INFO] [stderr]    |
[INFO] [stderr] 39 |         _ => todo!("implement other tokens"),
[INFO] [stderr]    |         ^ no value can reach this
[INFO] [stderr]    |
[INFO] [stderr] note: multiple earlier patterns match some of the same values
[INFO] [stderr]   --> src/tokenize.rs:39:9
[INFO] [stderr]    |
[INFO] [stderr] 27 |         '[' => Token::LeftBracket,
[INFO] [stderr]    |         --- matches some of the same values
[INFO] [stderr] 28 |         ']' => Token::RightBracket,
[INFO] [stderr]    |         --- matches some of the same values
[INFO] [stderr] 29 |         '{' => Token::LeftBrace,
[INFO] [stderr]    |         --- matches some of the same values
[INFO] [stderr] 30 |         '}' => Token::RightBrace,
[INFO] [stderr]    |         --- matches some of the same values
[INFO] [stderr] ...
[INFO] [stderr] 39 |         _ => todo!("implement other tokens"),
[INFO] [stderr]    |         ^ ...and 7 other patterns collectively make this unreachable
[INFO] [stderr]    = note: `#[warn(unreachable_patterns)]` on by default
[INFO] [stderr] 
[INFO] [stderr] warning: type alias `ParseResult` is never used
[INFO] [stderr]  --> src/parse.rs:8:6
[INFO] [stderr]   |
[INFO] [stderr] 8 | type ParseResult = Result<Value, TokenParseError>;
[INFO] [stderr]   |      ^^^^^^^^^^^
[INFO] [stderr]   |
[INFO] [stderr]   = note: `#[warn(dead_code)]` on by default
[INFO] [stderr] 
[INFO] [stderr] warning: function `parse` is never used
[INFO] [stderr]   --> src/parse.rs:10:4
[INFO] [stderr]    |
[INFO] [stderr] 10 | fn parse(input: String) -> Result<Value, ParseError> {
[INFO] [stderr]    |    ^^^^^
[INFO] [stderr] 
[INFO] [stderr] warning: function `parse_tokens` is never used
[INFO] [stderr]   --> src/parse.rs:34:4
[INFO] [stderr]    |
[INFO] [stderr] 34 | fn parse_tokens(tokens: &[Token], index: &mut usize) -> ParseResult {
[INFO] [stderr]    |    ^^^^^^^^^^^^
[INFO] [stderr] 
[INFO] [stderr] warning: variants `UnfinishedEscape`, `InvalidHexValue`, `InvalidCodePointValue`, `ExpectedComma`, `ExpectedProperty`, and `ExpectedColon` are never constructed
[INFO] [stderr]   --> src/parse.rs:57:5
[INFO] [stderr]    |
[INFO] [stderr] 55 | pub enum TokenParseError {
[INFO] [stderr]    |          --------------- variants in this enum
[INFO] [stderr] 56 |     /// An escape sequence was started without 4 hexadecimaldigits afterwards
[INFO] [stderr] 57 |     UnfinishedEscape,
[INFO] [stderr]    |     ^^^^^^^^^^^^^^^^
[INFO] [stderr] ...
[INFO] [stderr] 60 |     InvalidHexValue,
[INFO] [stderr]    |     ^^^^^^^^^^^^^^^
[INFO] [stderr] ...
[INFO] [stderr] 63 |     InvalidCodePointValue,
[INFO] [stderr]    |     ^^^^^^^^^^^^^^^^^^^^^
[INFO] [stderr] 64 |
[INFO] [stderr] 65 |     ExpectedComma,
[INFO] [stderr]    |     ^^^^^^^^^^^^^
[INFO] [stderr] 66 |     ExpectedProperty,
[INFO] [stderr]    |     ^^^^^^^^^^^^^^^^
[INFO] [stderr] 67 |     ExpectedColon,
[INFO] [stderr]    |     ^^^^^^^^^^^^^
[INFO] [stderr]    |
[INFO] [stderr]    = note: `TokenParseError` has a derived impl for the trait `Debug`, but this is intentionally ignored during dead code analysis
[INFO] [stderr] 
[INFO] [stderr] warning: function `parse_string` is never used
[INFO] [stderr]   --> src/parse.rs:70:4
[INFO] [stderr]    |
[INFO] [stderr] 70 | fn parse_string(input: &str) -> ParseResult {
[INFO] [stderr]    |    ^^^^^^^^^^^^
[INFO] [stderr] 
[INFO] [stderr] warning: function `parse_array` is never used
[INFO] [stderr]    --> src/parse.rs:111:4
[INFO] [stderr]     |
[INFO] [stderr] 111 | fn parse_array(tokens: &[Token], index: &mut usize) -> ParseResult {
[INFO] [stderr]     |    ^^^^^^^^^^^
[INFO] [stderr] 
[INFO] [stderr] warning: function `parse_object` is never used
[INFO] [stderr]    --> src/parse.rs:144:4
[INFO] [stderr]     |
[INFO] [stderr] 144 | fn parse_object(tokens: &[Token], index: &mut usize) -> ParseResult {
[INFO] [stderr]     |    ^^^^^^^^^^^^
[INFO] [stderr] 
[INFO] [stderr] warning: function `tokenize` is never used
[INFO] [stderr]  --> src/tokenize.rs:1:8
[INFO] [stderr]   |
[INFO] [stderr] 1 | pub fn tokenize(input: String) -> Result<Vec<Token>, TokenizeError> {
[INFO] [stderr]   |        ^^^^^^^^
[INFO] [stderr] 
[INFO] [stderr] warning: function `make_token` is never used
[INFO] [stderr]   --> src/tokenize.rs:15:4
[INFO] [stderr]    |
[INFO] [stderr] 15 | fn make_token(chars: &Vec<char>, index: &mut usize) -> Result<Token, TokenizeError> {
[INFO] [stderr]    |    ^^^^^^^^^^
[INFO] [stderr] 
[INFO] [stderr] warning: variants `UnfinishedLiteralValue`, `ParseNumberError`, `UnclosedQuotes`, `UnexpectedEof`, and `CharNotRecognized` are never constructed
[INFO] [stderr]   --> src/tokenize.rs:48:5
[INFO] [stderr]    |
[INFO] [stderr] 46 | pub enum TokenizeError {
[INFO] [stderr]    |          ------------- variants in this enum
[INFO] [stderr] 47 |     /// The input apperaed to be the start of the literal value but dit not finished
[INFO] [stderr] 48 |     UnfinishedLiteralValue,
[INFO] [stderr]    |     ^^^^^^^^^^^^^^^^^^^^^^
[INFO] [stderr] 49 |     /// Unable to parse the float value
[INFO] [stderr] 50 |     ParseNumberError,
[INFO] [stderr]    |     ^^^^^^^^^^^^^^^^
[INFO] [stderr] 51 |     /// String was never completed
[INFO] [stderr] 52 |     UnclosedQuotes,
[INFO] [stderr]    |     ^^^^^^^^^^^^^^
[INFO] [stderr] 53 |     /// The input ended early
[INFO] [stderr] 54 |     UnexpectedEof,
[INFO] [stderr]    |     ^^^^^^^^^^^^^
[INFO] [stderr] 55 |     /// Character is not part of a json token
[INFO] [stderr] 56 |     CharNotRecognized(char),
[INFO] [stderr]    |     ^^^^^^^^^^^^^^^^^
[INFO] [stderr]    |
[INFO] [stderr]    = note: `TokenizeError` has derived impls for the traits `Clone` and `Debug`, but these are intentionally ignored during dead code analysis
[INFO] [stderr] 
[INFO] [stderr] warning: function `tokenize_null` is never used
[INFO] [stderr]   --> src/tokenize.rs:59:4
[INFO] [stderr]    |
[INFO] [stderr] 59 | fn tokenize_null(chars: &Vec<char>, index: &mut usize) -> Result<Token, TokenizeError> {
[INFO] [stderr]    |    ^^^^^^^^^^^^^
[INFO] [stderr] 
[INFO] [stderr] warning: function `tokenize_false` is never used
[INFO] [stderr]   --> src/tokenize.rs:70:4
[INFO] [stderr]    |
[INFO] [stderr] 70 | fn tokenize_false(chars: &Vec<char>, index: &mut usize) -> Result<Token, TokenizeError> {
[INFO] [stderr]    |    ^^^^^^^^^^^^^^
[INFO] [stderr] 
[INFO] [stderr] warning: function `tokenize_true` is never used
[INFO] [stderr]   --> src/tokenize.rs:81:4
[INFO] [stderr]    |
[INFO] [stderr] 81 | fn tokenize_true(chars: &Vec<char>, index: &mut usize) -> Result<Token, TokenizeError> {
[INFO] [stderr]    |    ^^^^^^^^^^^^^
[INFO] [stderr] 
[INFO] [stderr] warning: function `tokenize_float` is never used
[INFO] [stderr]   --> src/tokenize.rs:92:4
[INFO] [stderr]    |
[INFO] [stderr] 92 | fn tokenize_float(chars: &Vec<char>, cur_idx: &mut usize) -> Result<Token, TokenizeError> {
[INFO] [stderr]    |    ^^^^^^^^^^^^^^
[INFO] [stderr] 
[INFO] [stderr] warning: function `tokenize_string` is never used
[INFO] [stderr]    --> src/tokenize.rs:115:4
[INFO] [stderr]     |
[INFO] [stderr] 115 | fn tokenize_string(chars: &Vec<char>, cur_idx: &mut usize) -> Result<Token, TokenizeError> {
[INFO] [stderr]     |    ^^^^^^^^^^^^^^^
[INFO] [stderr] 
[INFO] [stderr] warning: multiple variants are never constructed
[INFO] [stderr]    --> src/tokenize.rs:158:5
[INFO] [stderr]     |
[INFO] [stderr] 156 | pub enum Token {
[INFO] [stderr]     |          ----- variants in this enum
[INFO] [stderr] 157 |     /// `{`
[INFO] [stderr] 158 |     LeftBrace,
[INFO] [stderr]     |     ^^^^^^^^^
[INFO] [stderr] ...
[INFO] [stderr] 161 |     RightBrace,
[INFO] [stderr]     |     ^^^^^^^^^^
[INFO] [stderr] ...
[INFO] [stderr] 164 |     LeftBracket,
[INFO] [stderr]     |     ^^^^^^^^^^^
[INFO] [stderr] ...
[INFO] [stderr] 167 |     RightBracket,
[INFO] [stderr]     |     ^^^^^^^^^^^^
[INFO] [stderr] ...
[INFO] [stderr] 170 |     Comma,
[INFO] [stderr]     |     ^^^^^
[INFO] [stderr] ...
[INFO] [stderr] 173 |     Colon,
[INFO] [stderr]     |     ^^^^^
[INFO] [stderr] ...
[INFO] [stderr] 176 |     Null,
[INFO] [stderr]     |     ^^^^
[INFO] [stderr] ...
[INFO] [stderr] 179 |     False,
[INFO] [stderr]     |     ^^^^^
[INFO] [stderr] ...
[INFO] [stderr] 182 |     True,
[INFO] [stderr]     |     ^^^^
[INFO] [stderr] ...
[INFO] [stderr] 185 |     Number(f64),
[INFO] [stderr]     |     ^^^^^^
[INFO] [stderr] ...
[INFO] [stderr] 188 |     String(String),
[INFO] [stderr]     |     ^^^^^^
[INFO] [stderr]     |
[INFO] [stderr]     = note: `Token` has a derived impl for the trait `Debug`, but this is intentionally ignored during dead code analysis
[INFO] [stderr] 
[INFO] [stderr] warning: `json-parser` (lib) generated 17 warnings
[INFO] [stderr] warning: function `parse` is never used
[INFO] [stderr]   --> src/parse.rs:10:4
[INFO] [stderr]    |
[INFO] [stderr] 10 | fn parse(input: String) -> Result<Value, ParseError> {
[INFO] [stderr]    |    ^^^^^
[INFO] [stderr]    |
[INFO] [stderr]    = note: `#[warn(dead_code)]` on by default
[INFO] [stderr] 
[INFO] [stderr] warning: `json-parser` (lib test) generated 2 warnings (1 duplicate)
[INFO] [stderr]     Finished `test` profile [unoptimized + debuginfo] target(s) in 0.01s
[INFO] [stderr]      Running unittests src/lib.rs (/opt/rustwide/target/debug/deps/json_parser-b9ca1426220a88e0)
[INFO] [stdout] 
[INFO] [stdout] running 26 tests
[INFO] [stdout] test parse::tests::parses_empty_array ... ok
[INFO] [stdout] test parse::tests::parses_object_escaped_key ... ok
[INFO] [stdout] test parse::tests::parses_string_with_emoji ... ok
[INFO] [stdout] test parse::tests::parses_array_two_elements ... ok
[INFO] [stdout] test parse::tests::parses_array_one_element ... ok
[INFO] [stdout] test parse::tests::parses_string_no_escapes ... ok
[INFO] [stdout] test tokenize::tests::escaped_quote ... ok
[INFO] [stdout] test tokenize::tests::float_comma ... ok
[INFO] [stdout] test tokenize::tests::integer_comma ... ok
[INFO] [stdout] test tokenize::tests::just_comma ... ok
[INFO] [stdout] test tokenize::tests::just_float ... ok
[INFO] [stdout] test tokenize::tests::just_false ... ok
[INFO] [stdout] test tokenize::tests::just_integer ... ok
[INFO] [stdout] test tokenize::tests::just_ken ... ok
[INFO] [stdout] test tokenize::tests::just_null ... ok
[INFO] [stdout] test parse::tests::parse_empty_object ... ok
[INFO] [stdout] test tokenize::tests::all_punctuation ... ok
[INFO] [stdout] test parse::tests::parses_null ... ok
[INFO] [stdout] test tokenize::tests::just_true ... ok
[INFO] [stdout] test parse::tests::parses_string_non_ascii ... ok
[INFO] [stdout] test tokenize::tests::true_comma ... ok
[INFO] [stdout] test tokenize::tests::unclosed_string ... ok
[INFO] [stdout] test parse::tests::parses_nested_array ... ok
[INFO] [stdout] test parse::tests::parse_object_one_string_value ... ok
[INFO] [stdout] test tokenize::tests::negative_integer ... FAILED
[INFO] [stdout] test parse::tests::parses_string_unescape_backslash ... FAILED
[INFO] [stdout] 
[INFO] [stdout] failures:
[INFO] [stdout] 
[INFO] [stdout] ---- tokenize::tests::negative_integer stdout ----
[INFO] [stdout] 
[INFO] [stdout] thread 'tokenize::tests::negative_integer' panicked at src/tokenize.rs:279:38:
[INFO] [stdout] called `Result::unwrap()` on an `Err` value: CharNotRecognized('-')
[INFO] [stdout] stack backtrace:
[INFO] [stdout]    0:     0x5c21e0ab5e8a - std::backtrace_rs::backtrace::libunwind::trace::hb059275cfc8d6126
[INFO] [stdout]                                at /rustc/6067b36314ab5eb2eb47cecc464545ba58e1ad24/library/std/src/../../backtrace/src/backtrace/libunwind.rs:116:5
[INFO] [stdout]    1:     0x5c21e0ab5e8a - std::backtrace_rs::backtrace::trace_unsynchronized::h2da071e4327ce3ee
[INFO] [stdout]                                at /rustc/6067b36314ab5eb2eb47cecc464545ba58e1ad24/library/std/src/../../backtrace/src/backtrace/mod.rs:66:5
[INFO] [stdout]    2:     0x5c21e0ab5e8a - std::sys::backtrace::_print_fmt::h842a1474e6f8d23f
[INFO] [stdout]                                at /rustc/6067b36314ab5eb2eb47cecc464545ba58e1ad24/library/std/src/sys/backtrace.rs:66:9
[INFO] [stdout]    3:     0x5c21e0ab5e8a - <std::sys::backtrace::BacktraceLock::print::DisplayBacktrace as core::fmt::Display>::fmt::h71a62eb3b9696b12
[INFO] [stdout]                                at /rustc/6067b36314ab5eb2eb47cecc464545ba58e1ad24/library/std/src/sys/backtrace.rs:39:26
[INFO] [stdout]    4:     0x5c21e0adead3 - core::fmt::rt::Argument::fmt::hdb6b616786b41dc1
[INFO] [stdout]                                at /rustc/6067b36314ab5eb2eb47cecc464545ba58e1ad24/library/core/src/fmt/rt.rs:177:76
[INFO] [stdout]    5:     0x5c21e0adead3 - core::fmt::write::h2cc1698af7e2d686
[INFO] [stdout]                                at /rustc/6067b36314ab5eb2eb47cecc464545ba58e1ad24/library/core/src/fmt/mod.rs:1440:21
[INFO] [stdout]    6:     0x5c21e0ab29e3 - std::io::Write::write_fmt::hab1b4cd059a79022
[INFO] [stdout]                                at /rustc/6067b36314ab5eb2eb47cecc464545ba58e1ad24/library/std/src/io/mod.rs:1887:15
[INFO] [stdout]    7:     0x5c21e0ab5cd2 - std::sys::backtrace::BacktraceLock::print::h147fe35b4ea13b08
[INFO] [stdout]                                at /rustc/6067b36314ab5eb2eb47cecc464545ba58e1ad24/library/std/src/sys/backtrace.rs:42:9
[INFO] [stdout]    8:     0x5c21e0ab72af - std::panicking::default_hook::{{closure}}::hbd44223dbdc0d208
[INFO] [stdout]                                at /rustc/6067b36314ab5eb2eb47cecc464545ba58e1ad24/library/std/src/panicking.rs:298:22
[INFO] [stdout]    9:     0x5c21e0ab70c8 - std::panicking::default_hook::h20f81eb0576efcec
[INFO] [stdout]                                at /rustc/6067b36314ab5eb2eb47cecc464545ba58e1ad24/library/std/src/panicking.rs:322:9
[INFO] [stdout]   10:     0x5c21e0a7fee3 - <alloc::boxed::Box<F,A> as core::ops::function::Fn<Args>>::call::hdb53814c496a4d34
[INFO] [stdout]                                at /rustc/6067b36314ab5eb2eb47cecc464545ba58e1ad24/library/alloc/src/boxed.rs:2027:9
[INFO] [stdout]   11:     0x5c21e0a7fee3 - test::test_main::{{closure}}::hc0a4963c59427c24
[INFO] [stdout]                                at /rustc/6067b36314ab5eb2eb47cecc464545ba58e1ad24/library/test/src/lib.rs:134:21
[INFO] [stdout]   12:     0x5c21e0ab7da3 - <alloc::boxed::Box<F,A> as core::ops::function::Fn<Args>>::call::h591b2225413a77e9
[INFO] [stdout]                                at /rustc/6067b36314ab5eb2eb47cecc464545ba58e1ad24/library/alloc/src/boxed.rs:2027:9
[INFO] [stdout]   13:     0x5c21e0ab7da3 - std::panicking::rust_panic_with_hook::h625eea43051b2edc
[INFO] [stdout]                                at /rustc/6067b36314ab5eb2eb47cecc464545ba58e1ad24/library/std/src/panicking.rs:839:13
[INFO] [stdout]   14:     0x5c21e0ab7a5a - std::panicking::begin_panic_handler::{{closure}}::h4f9159cfbc3f6bd3
[INFO] [stdout]                                at /rustc/6067b36314ab5eb2eb47cecc464545ba58e1ad24/library/std/src/panicking.rs:704:13
[INFO] [stdout]   15:     0x5c21e0ab6389 - std::sys::backtrace::__rust_end_short_backtrace::h0390abce48353151
[INFO] [stdout]                                at /rustc/6067b36314ab5eb2eb47cecc464545ba58e1ad24/library/std/src/sys/backtrace.rs:168:18
[INFO] [stdout]   16:     0x5c21e0ab76ed - rust_begin_unwind
[INFO] [stdout]                                at /rustc/6067b36314ab5eb2eb47cecc464545ba58e1ad24/library/std/src/panicking.rs:695:5
[INFO] [stdout]   17:     0x5c21e0adce20 - core::panicking::panic_fmt::h9e7c637e9e5f29c9
[INFO] [stdout]                                at /rustc/6067b36314ab5eb2eb47cecc464545ba58e1ad24/library/core/src/panicking.rs:75:14
[INFO] [stdout]   18:     0x5c21e0add266 - core::result::unwrap_failed::h7979f09313fe1849
[INFO] [stdout]                                at /rustc/6067b36314ab5eb2eb47cecc464545ba58e1ad24/library/core/src/result.rs:1704:5
[INFO] [stdout]   19:     0x5c21e0a450ad - core::result::Result<T,E>::unwrap::h92618868346f2ae9
[INFO] [stdout]                                at /rustc/6067b36314ab5eb2eb47cecc464545ba58e1ad24/library/core/src/result.rs:1109:23
[INFO] [stdout]   20:     0x5c21e0a450ad - json_parser::tokenize::tests::negative_integer::he750a05794b6e32e
[INFO] [stdout]                                at /opt/rustwide/workdir/src/tokenize.rs:279:22
[INFO] [stdout]   21:     0x5c21e0a44f97 - json_parser::tokenize::tests::negative_integer::{{closure}}::hadd9e8c693ec4ea2
[INFO] [stdout]                                at /opt/rustwide/workdir/src/tokenize.rs:275:26
[INFO] [stdout]   22:     0x5c21e0a3cec6 - core::ops::function::FnOnce::call_once::he29adacb9dde6f71
[INFO] [stdout]                                at /rustc/6067b36314ab5eb2eb47cecc464545ba58e1ad24/library/core/src/ops/function.rs:250:5
[INFO] [stdout]   23:     0x5c21e0a8563b - core::ops::function::FnOnce::call_once::he27718dfdd183f43
[INFO] [stdout]                                at /rustc/6067b36314ab5eb2eb47cecc464545ba58e1ad24/library/core/src/ops/function.rs:250:5
[INFO] [stdout]   24:     0x5c21e0a8563b - test::__rust_begin_short_backtrace::h4e84902998457a5d
[INFO] [stdout]                                at /rustc/6067b36314ab5eb2eb47cecc464545ba58e1ad24/library/test/src/lib.rs:632:18
[INFO] [stdout]   25:     0x5c21e0a84573 - test::run_test_in_process::{{closure}}::h7176fd18fc1feca0
[INFO] [stdout]                                at /rustc/6067b36314ab5eb2eb47cecc464545ba58e1ad24/library/test/src/lib.rs:655:60
[INFO] [stdout]   26:     0x5c21e0a84573 - <core::panic::unwind_safe::AssertUnwindSafe<F> as core::ops::function::FnOnce<()>>::call_once::hf79cff2a624d8cf7
[INFO] [stdout]                                at /rustc/6067b36314ab5eb2eb47cecc464545ba58e1ad24/library/core/src/panic/unwind_safe.rs:272:9
[INFO] [stdout]   27:     0x5c21e0a84573 - std::panicking::try::do_call::h3da0561d9ab99c25
[INFO] [stdout]                                at /rustc/6067b36314ab5eb2eb47cecc464545ba58e1ad24/library/std/src/panicking.rs:587:40
[INFO] [stdout]   28:     0x5c21e0a84573 - std::panicking::try::h41c9fa508bc61df6
[INFO] [stdout]                                at /rustc/6067b36314ab5eb2eb47cecc464545ba58e1ad24/library/std/src/panicking.rs:550:19
[INFO] [stdout]   29:     0x5c21e0a84573 - std::panic::catch_unwind::h6b3ff07bb5afad93
[INFO] [stdout]                                at /rustc/6067b36314ab5eb2eb47cecc464545ba58e1ad24/library/std/src/panic.rs:358:14
[INFO] [stdout]   30:     0x5c21e0a84573 - test::run_test_in_process::hc7253dd11b39b9f4
[INFO] [stdout]                                at /rustc/6067b36314ab5eb2eb47cecc464545ba58e1ad24/library/test/src/lib.rs:655:27
[INFO] [stdout]   31:     0x5c21e0a84573 - test::run_test::{{closure}}::hfb2007f8649c30bb
[INFO] [stdout]                                at /rustc/6067b36314ab5eb2eb47cecc464545ba58e1ad24/library/test/src/lib.rs:576:43
[INFO] [stdout]   32:     0x5c21e0a47655 - test::run_test::{{closure}}::h56a17aa7a282a9f4
[INFO] [stdout]                                at /rustc/6067b36314ab5eb2eb47cecc464545ba58e1ad24/library/test/src/lib.rs:606:41
[INFO] [stdout]   33:     0x5c21e0a47655 - std::sys::backtrace::__rust_begin_short_backtrace::hd2d2d2fb8e8c6aac
[INFO] [stdout]                                at /rustc/6067b36314ab5eb2eb47cecc464545ba58e1ad24/library/std/src/sys/backtrace.rs:152:18
[INFO] [stdout]   34:     0x5c21e0a4af3a - std::thread::Builder::spawn_unchecked_::{{closure}}::{{closure}}::h4faa3f9db6133423
[INFO] [stdout]                                at /rustc/6067b36314ab5eb2eb47cecc464545ba58e1ad24/library/std/src/thread/mod.rs:559:17
[INFO] [stdout]   35:     0x5c21e0a4af3a - <core::panic::unwind_safe::AssertUnwindSafe<F> as core::ops::function::FnOnce<()>>::call_once::hf2e855a36a4ea846
[INFO] [stdout]                                at /rustc/6067b36314ab5eb2eb47cecc464545ba58e1ad24/library/core/src/panic/unwind_safe.rs:272:9
[INFO] [stdout]   36:     0x5c21e0a4af3a - std::panicking::try::do_call::h2f73af3616c35465
[INFO] [stdout]                                at /rustc/6067b36314ab5eb2eb47cecc464545ba58e1ad24/library/std/src/panicking.rs:587:40
[INFO] [stdout]   37:     0x5c21e0a4af3a - std::panicking::try::hd1660ce9efadef5a
[INFO] [stdout]                                at /rustc/6067b36314ab5eb2eb47cecc464545ba58e1ad24/library/std/src/panicking.rs:550:19
[INFO] [stdout]   38:     0x5c21e0a4af3a - std::panic::catch_unwind::h5ee8d7823b8ca744
[INFO] [stdout]                                at /rustc/6067b36314ab5eb2eb47cecc464545ba58e1ad24/library/std/src/panic.rs:358:14
[INFO] [stdout]   39:     0x5c21e0a4af3a - std::thread::Builder::spawn_unchecked_::{{closure}}::h53c3a1894dce8407
[INFO] [stdout]                                at /rustc/6067b36314ab5eb2eb47cecc464545ba58e1ad24/library/std/src/thread/mod.rs:557:30
[INFO] [stdout]   40:     0x5c21e0a4af3a - core::ops::function::FnOnce::call_once{{vtable.shim}}::h048ce291ad4f62bf
[INFO] [stdout]                                at /rustc/6067b36314ab5eb2eb47cecc464545ba58e1ad24/library/core/src/ops/function.rs:250:5
[INFO] [stdout]   41:     0x5c21e0abbcdb - <alloc::boxed::Box<F,A> as core::ops::function::FnOnce<Args>>::call_once::ha52bedf99a3b4981
[INFO] [stdout]                                at /rustc/6067b36314ab5eb2eb47cecc464545ba58e1ad24/library/alloc/src/boxed.rs:2013:9
[INFO] [stdout]   42:     0x5c21e0abbcdb - <alloc::boxed::Box<F,A> as core::ops::function::FnOnce<Args>>::call_once::h567748934d80ccf8
[INFO] [stdout]                                at /rustc/6067b36314ab5eb2eb47cecc464545ba58e1ad24/library/alloc/src/boxed.rs:2013:9
[INFO] [stdout]   43:     0x5c21e0abbcdb - std::sys::pal::unix::thread::Thread::new::thread_start::h2d970728ae887adc
[INFO] [stdout]                                at /rustc/6067b36314ab5eb2eb47cecc464545ba58e1ad24/library/std/src/sys/pal/unix/thread.rs:106:17
[INFO] [stdout]   44:     0x79786875cac3 - <unknown>
[INFO] [stdout]   45:     0x7978687eda04 - clone
[INFO] [stdout]   46:                0x0 - <unknown>
[INFO] [stdout] 
[INFO] [stdout] ---- parse::tests::parses_string_unescape_backslash stdout ----
[INFO] [stdout] 
[INFO] [stdout] thread 'parse::tests::parses_string_unescape_backslash' panicked at src/parse.rs:192:9:
[INFO] [stdout] assertion `left == right` failed
[INFO] [stdout]   left: String("hello\\world")
[INFO] [stdout]  right: String("hello\\\\world")
[INFO] [stdout] stack backtrace:
[INFO] [stdout]    0:     0x5c21e0ab5e8a - std::backtrace_rs::backtrace::libunwind::trace::hb059275cfc8d6126
[INFO] [stdout]                                at /rustc/6067b36314ab5eb2eb47cecc464545ba58e1ad24/library/std/src/../../backtrace/src/backtrace/libunwind.rs:116:5
[INFO] [stdout]    1:     0x5c21e0ab5e8a - std::backtrace_rs::backtrace::trace_unsynchronized::h2da071e4327ce3ee
[INFO] [stdout]                                at /rustc/6067b36314ab5eb2eb47cecc464545ba58e1ad24/library/std/src/../../backtrace/src/backtrace/mod.rs:66:5
[INFO] [stdout]    2:     0x5c21e0ab5e8a - std::sys::backtrace::_print_fmt::h842a1474e6f8d23f
[INFO] [stdout]                                at /rustc/6067b36314ab5eb2eb47cecc464545ba58e1ad24/library/std/src/sys/backtrace.rs:66:9
[INFO] [stdout]    3:     0x5c21e0ab5e8a - <std::sys::backtrace::BacktraceLock::print::DisplayBacktrace as core::fmt::Display>::fmt::h71a62eb3b9696b12
[INFO] [stdout]                                at /rustc/6067b36314ab5eb2eb47cecc464545ba58e1ad24/library/std/src/sys/backtrace.rs:39:26
[INFO] [stdout]    4:     0x5c21e0adead3 - core::fmt::rt::Argument::fmt::hdb6b616786b41dc1
[INFO] [stdout]                                at /rustc/6067b36314ab5eb2eb47cecc464545ba58e1ad24/library/core/src/fmt/rt.rs:177:76
[INFO] [stdout]    5:     0x5c21e0adead3 - core::fmt::write::h2cc1698af7e2d686
[INFO] [stdout]                                at /rustc/6067b36314ab5eb2eb47cecc464545ba58e1ad24/library/core/src/fmt/mod.rs:1440:21
[INFO] [stdout]    6:     0x5c21e0ab29e3 - std::io::Write::write_fmt::hab1b4cd059a79022
[INFO] [stdout]                                at /rustc/6067b36314ab5eb2eb47cecc464545ba58e1ad24/library/std/src/io/mod.rs:1887:15
[INFO] [stdout]    7:     0x5c21e0ab5cd2 - std::sys::backtrace::BacktraceLock::print::h147fe35b4ea13b08
[INFO] [stdout]                                at /rustc/6067b36314ab5eb2eb47cecc464545ba58e1ad24/library/std/src/sys/backtrace.rs:42:9
[INFO] [stdout]    8:     0x5c21e0ab72af - std::panicking::default_hook::{{closure}}::hbd44223dbdc0d208
[INFO] [stdout]                                at /rustc/6067b36314ab5eb2eb47cecc464545ba58e1ad24/library/std/src/panicking.rs:298:22
[INFO] [stdout]    9:     0x5c21e0ab70c8 - std::panicking::default_hook::h20f81eb0576efcec
[INFO] [stdout]                                at /rustc/6067b36314ab5eb2eb47cecc464545ba58e1ad24/library/std/src/panicking.rs:322:9
[INFO] [stdout]   10:     0x5c21e0a7fee3 - <alloc::boxed::Box<F,A> as core::ops::function::Fn<Args>>::call::hdb53814c496a4d34
[INFO] [stdout]                                at /rustc/6067b36314ab5eb2eb47cecc464545ba58e1ad24/library/alloc/src/boxed.rs:2027:9
[INFO] [stdout]   11:     0x5c21e0a7fee3 - test::test_main::{{closure}}::hc0a4963c59427c24
[INFO] [stdout]                                at /rustc/6067b36314ab5eb2eb47cecc464545ba58e1ad24/library/test/src/lib.rs:134:21
[INFO] [stdout]   12:     0x5c21e0ab7da3 - <alloc::boxed::Box<F,A> as core::ops::function::Fn<Args>>::call::h591b2225413a77e9
[INFO] [stdout]                                at /rustc/6067b36314ab5eb2eb47cecc464545ba58e1ad24/library/alloc/src/boxed.rs:2027:9
[INFO] [stdout]   13:     0x5c21e0ab7da3 - std::panicking::rust_panic_with_hook::h625eea43051b2edc
[INFO] [stdout]                                at /rustc/6067b36314ab5eb2eb47cecc464545ba58e1ad24/library/std/src/panicking.rs:839:13
[INFO] [stdout]   14:     0x5c21e0ab7a5a - std::panicking::begin_panic_handler::{{closure}}::h4f9159cfbc3f6bd3
[INFO] [stdout]                                at /rustc/6067b36314ab5eb2eb47cecc464545ba58e1ad24/library/std/src/panicking.rs:704:13
[INFO] [stdout]   15:     0x5c21e0ab6389 - std::sys::backtrace::__rust_end_short_backtrace::h0390abce48353151
[INFO] [stdout]                                at /rustc/6067b36314ab5eb2eb47cecc464545ba58e1ad24/library/std/src/sys/backtrace.rs:168:18
[INFO] [stdout]   16:     0x5c21e0ab76ed - rust_begin_unwind
[INFO] [stdout]                                at /rustc/6067b36314ab5eb2eb47cecc464545ba58e1ad24/library/std/src/panicking.rs:695:5
[INFO] [stdout]   17:     0x5c21e0adce20 - core::panicking::panic_fmt::h9e7c637e9e5f29c9
[INFO] [stdout]                                at /rustc/6067b36314ab5eb2eb47cecc464545ba58e1ad24/library/core/src/panicking.rs:75:14
[INFO] [stdout]   18:     0x5c21e0add1e2 - core::panicking::assert_failed_inner::h538bec7c1374cd9c
[INFO] [stdout]   19:     0x5c21e0a3e80b - core::panicking::assert_failed::h46342bea226ea428
[INFO] [stdout]                                at /rustc/6067b36314ab5eb2eb47cecc464545ba58e1ad24/library/core/src/panicking.rs:364:5
[INFO] [stdout]   20:     0x5c21e0a3f4d1 - json_parser::parse::tests::check::h0fba087f3d179b29
[INFO] [stdout]                                at /opt/rustwide/workdir/src/parse.rs:192:9
[INFO] [stdout]   21:     0x5c21e0a3fa4c - json_parser::parse::tests::parses_string_unescape_backslash::he165c975d3ff08be
[INFO] [stdout]                                at /opt/rustwide/workdir/src/parse.rs:231:9
[INFO] [stdout]   22:     0x5c21e0a3f967 - json_parser::parse::tests::parses_string_unescape_backslash::{{closure}}::h8c140ea233389f82
[INFO] [stdout]                                at /opt/rustwide/workdir/src/parse.rs:227:42
[INFO] [stdout]   23:     0x5c21e0a3cac6 - core::ops::function::FnOnce::call_once::h7a1df2315f1eda0d
[INFO] [stdout]                                at /rustc/6067b36314ab5eb2eb47cecc464545ba58e1ad24/library/core/src/ops/function.rs:250:5
[INFO] [stdout]   24:     0x5c21e0a8563b - core::ops::function::FnOnce::call_once::he27718dfdd183f43
[INFO] [stdout]                                at /rustc/6067b36314ab5eb2eb47cecc464545ba58e1ad24/library/core/src/ops/function.rs:250:5
[INFO] [stdout]   25:     0x5c21e0a8563b - test::__rust_begin_short_backtrace::h4e84902998457a5d
[INFO] [stdout]                                at /rustc/6067b36314ab5eb2eb47cecc464545ba58e1ad24/library/test/src/lib.rs:632:18
[INFO] [stdout]   26:     0x5c21e0a84573 - test::run_test_in_process::{{closure}}::h7176fd18fc1feca0
[INFO] [stdout]                                at /rustc/6067b36314ab5eb2eb47cecc464545ba58e1ad24/library/test/src/lib.rs:655:60
[INFO] [stdout]   27:     0x5c21e0a84573 - <core::panic::unwind_safe::AssertUnwindSafe<F> as core::ops::function::FnOnce<()>>::call_once::hf79cff2a624d8cf7
[INFO] [stdout]                                at /rustc/6067b36314ab5eb2eb47cecc464545ba58e1ad24/library/core/src/panic/unwind_safe.rs:272:9
[INFO] [stdout]   28:     0x5c21e0a84573 - std::panicking::try::do_call::h3da0561d9ab99c25
[INFO] [stdout]                                at /rustc/6067b36314ab5eb2eb47cecc464545ba58e1ad24/library/std/src/panicking.rs:587:40
[INFO] [stdout]   29:     0x5c21e0a84573 - std::panicking::try::h41c9fa508bc61df6
[INFO] [stdout]                                at /rustc/6067b36314ab5eb2eb47cecc464545ba58e1ad24/library/std/src/panicking.rs:550:19
[INFO] [stdout]   30:     0x5c21e0a84573 - std::panic::catch_unwind::h6b3ff07bb5afad93
[INFO] [stdout]                                at /rustc/6067b36314ab5eb2eb47cecc464545ba58e1ad24/library/std/src/panic.rs:358:14
[INFO] [stdout]   31:     0x5c21e0a84573 - test::run_test_in_process::hc7253dd11b39b9f4
[INFO] [stdout]                                at /rustc/6067b36314ab5eb2eb47cecc464545ba58e1ad24/library/test/src/lib.rs:655:27
[INFO] [stdout]   32:     0x5c21e0a84573 - test::run_test::{{closure}}::hfb2007f8649c30bb
[INFO] [stdout]                                at /rustc/6067b36314ab5eb2eb47cecc464545ba58e1ad24/library/test/src/lib.rs:576:43
[INFO] [stdout]   33:     0x5c21e0a47655 - test::run_test::{{closure}}::h56a17aa7a282a9f4
[INFO] [stdout]                                at /rustc/6067b36314ab5eb2eb47cecc464545ba58e1ad24/library/test/src/lib.rs:606:41
[INFO] [stdout]   34:     0x5c21e0a47655 - std::sys::backtrace::__rust_begin_short_backtrace::hd2d2d2fb8e8c6aac
[INFO] [stdout]                                at /rustc/6067b36314ab5eb2eb47cecc464545ba58e1ad24/library/std/src/sys/backtrace.rs:152:18
[INFO] [stdout]   35:     0x5c21e0a4af3a - std::thread::Builder::spawn_unchecked_::{{closure}}::{{closure}}::h4faa3f9db6133423
[INFO] [stdout]                                at /rustc/6067b36314ab5eb2eb47cecc464545ba58e1ad24/library/std/src/thread/mod.rs:559:17
[INFO] [stdout]   36:     0x5c21e0a4af3a - <core::panic::unwind_safe::AssertUnwindSafe<F> as core::ops::function::FnOnce<()>>::call_once::hf2e855a36a4ea846
[INFO] [stdout]                                at /rustc/6067b36314ab5eb2eb47cecc464545ba58e1ad24/library/core/src/panic/unwind_safe.rs:272:9
[INFO] [stdout]   37:     0x5c21e0a4af3a - std::panicking::try::do_call::h2f73af3616c35465
[INFO] [stdout]                                at /rustc/6067b36314ab5eb2eb47cecc464545ba58e1ad24/library/std/src/panicking.rs:587:40
[INFO] [stdout]   38:     0x5c21e0a4af3a - std::panicking::try::hd1660ce9efadef5a
[INFO] [stdout]                                at /rustc/6067b36314ab5eb2eb47cecc464545ba58e1ad24/library/std/src/panicking.rs:550:19
[INFO] [stdout]   39:     0x5c21e0a4af3a - std::panic::catch_unwind::h5ee8d7823b8ca744
[INFO] [stdout]                                at /rustc/6067b36314ab5eb2eb47cecc464545ba58e1ad24/library/std/src/panic.rs:358:14
[INFO] [stdout]   40:     0x5c21e0a4af3a - std::thread::Builder::spawn_unchecked_::{{closure}}::h53c3a1894dce8407
[INFO] [stdout]                                at /rustc/6067b36314ab5eb2eb47cecc464545ba58e1ad24/library/std/src/thread/mod.rs:557:30
[INFO] [stdout]   41:     0x5c21e0a4af3a - core::ops::function::FnOnce::call_once{{vtable.shim}}::h048ce291ad4f62bf
[INFO] [stdout]                                at /rustc/6067b36314ab5eb2eb47cecc464545ba58e1ad24/library/core/src/ops/function.rs:250:5
[INFO] [stdout]   42:     0x5c21e0abbcdb - <alloc::boxed::Box<F,A> as core::ops::function::FnOnce<Args>>::call_once::ha52bedf99a3b4981
[INFO] [stdout]                                at /rustc/6067b36314ab5eb2eb47cecc464545ba58e1ad24/library/alloc/src/boxed.rs:2013:9
[INFO] [stdout]   43:     0x5c21e0abbcdb - <alloc::boxed::Box<F,A> as core::ops::function::FnOnce<Args>>::call_once::h567748934d80ccf8
[INFO] [stdout]                                at /rustc/6067b36314ab5eb2eb47cecc464545ba58e1ad24/library/alloc/src/boxed.rs:2013:9
[INFO] [stdout]   44:     0x5c21e0abbcdb - std::sys::pal::unix::thread::Thread::new::thread_start::h2d970728ae887adc
[INFO] [stdout]                                at /rustc/6067b36314ab5eb2eb47cecc464545ba58e1ad24/library/std/src/sys/pal/unix/thread.rs:106:17
[INFO] [stdout]   45:     0x79786875cac3 - <unknown>
[INFO] [stdout]   46:     0x7978687eda04 - clone
[INFO] [stdout]   47:                0x0 - <unknown>
[INFO] [stdout] 
[INFO] [stdout] 
[INFO] [stdout] failures:
[INFO] [stdout]     parse::tests::parses_string_unescape_backslash
[INFO] [stdout]     tokenize::tests::negative_integer
[INFO] [stdout] 
[INFO] [stdout] test result: FAILED. 24 passed; 2 failed; 0 ignored; 0 measured; 0 filtered out; finished in 0.06s
[INFO] [stdout] 
[INFO] [stderr] error: test failed, to rerun pass `--lib`
[INFO] running `Command { std: "docker" "inspect" "937450b7a9de0a24804dbcfe9161d84a315bcc0d98c10867051d44a0365ff697", kill_on_drop: false }`
[INFO] running `Command { std: "docker" "rm" "-f" "937450b7a9de0a24804dbcfe9161d84a315bcc0d98c10867051d44a0365ff697", kill_on_drop: false }`
[INFO] [stdout] 937450b7a9de0a24804dbcfe9161d84a315bcc0d98c10867051d44a0365ff697
