[INFO] cloning repository https://github.com/yexiyue/dialogue-macro
[INFO] running `Command { std: "git" "-c" "credential.helper=" "-c" "credential.helper=/workspace/cargo-home/bin/git-credential-null" "clone" "--bare" "https://github.com/yexiyue/dialogue-macro" "/workspace/cache/git-repos/https%3A%2F%2Fgithub.com%2Fyexiyue%2Fdialogue-macro", kill_on_drop: false }`
[INFO] [stderr] Cloning into bare repository '/workspace/cache/git-repos/https%3A%2F%2Fgithub.com%2Fyexiyue%2Fdialogue-macro'...
[INFO] running `Command { std: "git" "rev-parse" "HEAD", kill_on_drop: false }`
[INFO] [stdout] 2a40e61db0e004cdde4811577a6cf2fe914974d9
[INFO] testing yexiyue/dialogue-macro against nightly-2025-01-18 for randomize-layout-2
[INFO] running `Command { std: "git" "clone" "/workspace/cache/git-repos/https%3A%2F%2Fgithub.com%2Fyexiyue%2Fdialogue-macro" "/workspace/builds/worker-2-tc1/source", kill_on_drop: false }`
[INFO] [stderr] Cloning into '/workspace/builds/worker-2-tc1/source'...
[INFO] [stderr] done.
[INFO] validating manifest of git repo https://github.com/yexiyue/dialogue-macro on toolchain nightly-2025-01-18
[INFO] running `Command { std: CARGO_HOME="/workspace/cargo-home" RUSTUP_HOME="/workspace/rustup-home" "/workspace/cargo-home/bin/cargo" "+nightly-2025-01-18" "metadata" "--manifest-path" "Cargo.toml" "--no-deps", kill_on_drop: false }`
[INFO] started tweaking git repo https://github.com/yexiyue/dialogue-macro
[INFO] removed 0 missing tests
[INFO] finished tweaking git repo https://github.com/yexiyue/dialogue-macro
[INFO] tweaked toml for git repo https://github.com/yexiyue/dialogue-macro written to /workspace/builds/worker-2-tc1/source/Cargo.toml
[INFO] crate git repo https://github.com/yexiyue/dialogue-macro already has a lockfile, it will not be regenerated
[INFO] running `Command { std: CARGO_HOME="/workspace/cargo-home" RUSTUP_HOME="/workspace/rustup-home" "/workspace/cargo-home/bin/cargo" "+nightly-2025-01-18" "fetch" "--manifest-path" "Cargo.toml", kill_on_drop: false }`
[INFO] [stderr]  Downloading crates ...
[INFO] [stderr]   Downloaded trybuild v1.0.89
[INFO] running `Command { std: "docker" "create" "-v" "/var/lib/crater-agent-workspace/builds/worker-2-tc1/target:/opt/rustwide/target:rw,Z" "-v" "/var/lib/crater-agent-workspace/builds/worker-2-tc1/source:/opt/rustwide/workdir:ro,Z" "-v" "/var/lib/crater-agent-workspace/cargo-home:/opt/rustwide/cargo-home:ro,Z" "-v" "/var/lib/crater-agent-workspace/rustup-home:/opt/rustwide/rustup-home:ro,Z" "-e" "SOURCE_DIR=/opt/rustwide/workdir" "-e" "CARGO_TARGET_DIR=/opt/rustwide/target" "-e" "CARGO_HOME=/opt/rustwide/cargo-home" "-e" "RUSTUP_HOME=/opt/rustwide/rustup-home" "-w" "/opt/rustwide/workdir" "-m" "1610612736" "--user" "0:0" "--network" "none" "ghcr.io/rust-lang/crates-build-env/linux@sha256:819108c5571ea2e421544af4d832f968d213c87fbe3707a016657f43d2f853bc" "/opt/rustwide/cargo-home/bin/cargo" "+nightly-2025-01-18" "metadata" "--no-deps" "--format-version=1", kill_on_drop: false }`
[INFO] [stdout] a5524805100e3ee8b41cd7dbb4fe45e96cdc3694ccc2c336a4e6556ba48e6ad7
[INFO] running `Command { std: "docker" "start" "-a" "a5524805100e3ee8b41cd7dbb4fe45e96cdc3694ccc2c336a4e6556ba48e6ad7", kill_on_drop: false }`
[INFO] running `Command { std: "docker" "inspect" "a5524805100e3ee8b41cd7dbb4fe45e96cdc3694ccc2c336a4e6556ba48e6ad7", kill_on_drop: false }`
[INFO] running `Command { std: "docker" "rm" "-f" "a5524805100e3ee8b41cd7dbb4fe45e96cdc3694ccc2c336a4e6556ba48e6ad7", kill_on_drop: false }`
[INFO] [stdout] a5524805100e3ee8b41cd7dbb4fe45e96cdc3694ccc2c336a4e6556ba48e6ad7
[INFO] running `Command { std: "docker" "create" "-v" "/var/lib/crater-agent-workspace/builds/worker-2-tc1/target:/opt/rustwide/target:rw,Z" "-v" "/var/lib/crater-agent-workspace/builds/worker-2-tc1/source:/opt/rustwide/workdir:ro,Z" "-v" "/var/lib/crater-agent-workspace/cargo-home:/opt/rustwide/cargo-home:ro,Z" "-v" "/var/lib/crater-agent-workspace/rustup-home:/opt/rustwide/rustup-home:ro,Z" "-e" "SOURCE_DIR=/opt/rustwide/workdir" "-e" "CARGO_TARGET_DIR=/opt/rustwide/target" "-e" "CARGO_INCREMENTAL=0" "-e" "RUST_BACKTRACE=full" "-e" "RUSTFLAGS=--cap-lints=forbid" "-e" "RUSTDOCFLAGS=--cap-lints=forbid" "-e" "CARGO_HOME=/opt/rustwide/cargo-home" "-e" "RUSTUP_HOME=/opt/rustwide/rustup-home" "-w" "/opt/rustwide/workdir" "-m" "1610612736" "--user" "0:0" "--network" "none" "ghcr.io/rust-lang/crates-build-env/linux@sha256:819108c5571ea2e421544af4d832f968d213c87fbe3707a016657f43d2f853bc" "/opt/rustwide/cargo-home/bin/cargo" "+nightly-2025-01-18" "build" "--frozen" "--message-format=json", kill_on_drop: false }`
[INFO] [stdout] 323dfdfae404f0ad787546f1a9acc321b5fcb6a126e82699313d6aa81e8d6d99
[INFO] running `Command { std: "docker" "start" "-a" "323dfdfae404f0ad787546f1a9acc321b5fcb6a126e82699313d6aa81e8d6d99", kill_on_drop: false }`
[INFO] [stderr]    Compiling proc-macro2 v1.0.79
[INFO] [stderr]    Compiling unicode-ident v1.0.12
[INFO] [stderr]    Compiling rustix v0.38.31
[INFO] [stderr]    Compiling libc v0.2.153
[INFO] [stderr]    Compiling thiserror v1.0.58
[INFO] [stderr]    Compiling bitflags v2.4.2
[INFO] [stderr]    Compiling linux-raw-sys v0.4.13
[INFO] [stderr]    Compiling lazy_static v1.4.0
[INFO] [stderr]    Compiling fastrand v2.0.1
[INFO] [stderr]    Compiling cfg-if v1.0.0
[INFO] [stderr]    Compiling unicode-width v0.1.11
[INFO] [stderr]    Compiling shell-words v1.1.0
[INFO] [stderr]    Compiling zeroize v1.7.0
[INFO] [stderr]    Compiling quote v1.0.35
[INFO] [stderr]    Compiling console v0.15.8
[INFO] [stderr]    Compiling syn v2.0.52
[INFO] [stderr]    Compiling tempfile v3.10.1
[INFO] [stderr]    Compiling thiserror-impl v1.0.58
[INFO] [stderr]    Compiling dialogue-core v0.3.3 (/opt/rustwide/workdir/dialogue-core)
[INFO] [stderr]    Compiling dialoguer v0.11.0
[INFO] [stderr]    Compiling dialogue-macro v0.3.3 (/opt/rustwide/workdir)
[INFO] [stdout] warning: unexpected `cfg` condition value: `fuzzy-select`
[INFO] [stdout]   --> src/theme.rs:46:11
[INFO] [stdout]    |
[INFO] [stdout] 46 |     #[cfg(feature = "fuzzy-select")]
[INFO] [stdout]    |           ^^^^^^^^^^^^^^^^^^^^^^^^ help: remove the condition
[INFO] [stdout]    |
[INFO] [stdout]    = note: no expected values for `feature`
[INFO] [stdout]    = help: consider adding `fuzzy-select` as a feature in `Cargo.toml`
[INFO] [stdout]    = note: see <https://doc.rust-lang.org/nightly/rustc/check-cfg/cargo-specifics.html> for more information about checking conditional configuration
[INFO] [stdout]    = note: `#[warn(unexpected_cfgs)]` on by default
[INFO] [stdout] 
[INFO] [stdout] 
[INFO] [stdout] warning: unexpected `cfg` condition value: `fuzzy-select`
[INFO] [stdout]   --> src/theme.rs:49:11
[INFO] [stdout]    |
[INFO] [stdout] 49 |     #[cfg(feature = "fuzzy-select")]
[INFO] [stdout]    |           ^^^^^^^^^^^^^^^^^^^^^^^^ help: remove the condition
[INFO] [stdout]    |
[INFO] [stdout]    = note: no expected values for `feature`
[INFO] [stdout]    = help: consider adding `fuzzy-select` as a feature in `Cargo.toml`
[INFO] [stdout]    = note: see <https://doc.rust-lang.org/nightly/rustc/check-cfg/cargo-specifics.html> for more information about checking conditional configuration
[INFO] [stdout] 
[INFO] [stdout] 
[INFO] [stdout] warning: unexpected `cfg` condition value: `fuzzy-select`
[INFO] [stdout]   --> src/theme.rs:76:19
[INFO] [stdout]    |
[INFO] [stdout] 76 |             #[cfg(feature = "fuzzy-select")]
[INFO] [stdout]    |                   ^^^^^^^^^^^^^^^^^^^^^^^^ help: remove the condition
[INFO] [stdout]    |
[INFO] [stdout]    = note: no expected values for `feature`
[INFO] [stdout]    = help: consider adding `fuzzy-select` as a feature in `Cargo.toml`
[INFO] [stdout]    = note: see <https://doc.rust-lang.org/nightly/rustc/check-cfg/cargo-specifics.html> for more information about checking conditional configuration
[INFO] [stdout] 
[INFO] [stdout] 
[INFO] [stdout] warning: unexpected `cfg` condition value: `fuzzy-select`
[INFO] [stdout]   --> src/theme.rs:78:19
[INFO] [stdout]    |
[INFO] [stdout] 78 |             #[cfg(feature = "fuzzy-select")]
[INFO] [stdout]    |                   ^^^^^^^^^^^^^^^^^^^^^^^^ help: remove the condition
[INFO] [stdout]    |
[INFO] [stdout]    = note: no expected values for `feature`
[INFO] [stdout]    = help: consider adding `fuzzy-select` as a feature in `Cargo.toml`
[INFO] [stdout]    = note: see <https://doc.rust-lang.org/nightly/rustc/check-cfg/cargo-specifics.html> for more information about checking conditional configuration
[INFO] [stdout] 
[INFO] [stdout] 
[INFO] [stdout] warning: unexpected `cfg` condition value: `fuzzy-select`
[INFO] [stdout]    --> src/theme.rs:360:11
[INFO] [stdout]     |
[INFO] [stdout] 360 |     #[cfg(feature = "fuzzy-select")]
[INFO] [stdout]     |           ^^^^^^^^^^^^^^^^^^^^^^^^ help: remove the condition
[INFO] [stdout]     |
[INFO] [stdout]     = note: no expected values for `feature`
[INFO] [stdout]     = help: consider adding `fuzzy-select` as a feature in `Cargo.toml`
[INFO] [stdout]     = note: see <https://doc.rust-lang.org/nightly/rustc/check-cfg/cargo-specifics.html> for more information about checking conditional configuration
[INFO] [stdout] 
[INFO] [stdout] 
[INFO] [stdout] warning: unexpected `cfg` condition value: `fuzzy-select`
[INFO] [stdout]    --> src/theme.rs:411:11
[INFO] [stdout]     |
[INFO] [stdout] 411 |     #[cfg(feature = "fuzzy-select")]
[INFO] [stdout]     |           ^^^^^^^^^^^^^^^^^^^^^^^^ help: remove the condition
[INFO] [stdout]     |
[INFO] [stdout]     = note: no expected values for `feature`
[INFO] [stdout]     = help: consider adding `fuzzy-select` as a feature in `Cargo.toml`
[INFO] [stdout]     = note: see <https://doc.rust-lang.org/nightly/rustc/check-cfg/cargo-specifics.html> for more information about checking conditional configuration
[INFO] [stdout] 
[INFO] [stdout] 
[INFO] [stderr]     Finished `dev` profile [unoptimized + debuginfo] target(s) in 6.83s
[INFO] running `Command { std: "docker" "inspect" "323dfdfae404f0ad787546f1a9acc321b5fcb6a126e82699313d6aa81e8d6d99", kill_on_drop: false }`
[INFO] running `Command { std: "docker" "rm" "-f" "323dfdfae404f0ad787546f1a9acc321b5fcb6a126e82699313d6aa81e8d6d99", kill_on_drop: false }`
[INFO] [stdout] 323dfdfae404f0ad787546f1a9acc321b5fcb6a126e82699313d6aa81e8d6d99
[INFO] running `Command { std: "docker" "create" "-v" "/var/lib/crater-agent-workspace/builds/worker-2-tc1/target:/opt/rustwide/target:rw,Z" "-v" "/var/lib/crater-agent-workspace/builds/worker-2-tc1/source:/opt/rustwide/workdir:ro,Z" "-v" "/var/lib/crater-agent-workspace/cargo-home:/opt/rustwide/cargo-home:ro,Z" "-v" "/var/lib/crater-agent-workspace/rustup-home:/opt/rustwide/rustup-home:ro,Z" "-e" "SOURCE_DIR=/opt/rustwide/workdir" "-e" "CARGO_TARGET_DIR=/opt/rustwide/target" "-e" "CARGO_INCREMENTAL=0" "-e" "RUST_BACKTRACE=full" "-e" "RUSTFLAGS=--cap-lints=forbid" "-e" "RUSTDOCFLAGS=--cap-lints=forbid" "-e" "CARGO_HOME=/opt/rustwide/cargo-home" "-e" "RUSTUP_HOME=/opt/rustwide/rustup-home" "-w" "/opt/rustwide/workdir" "-m" "1610612736" "--user" "0:0" "--network" "none" "ghcr.io/rust-lang/crates-build-env/linux@sha256:819108c5571ea2e421544af4d832f968d213c87fbe3707a016657f43d2f853bc" "/opt/rustwide/cargo-home/bin/cargo" "+nightly-2025-01-18" "test" "--frozen" "--no-run" "--message-format=json", kill_on_drop: false }`
[INFO] [stdout] f971cfcba9483b7d7d43677f3d98fcabe563438cbb3e70ff0751169f83f04b92
[INFO] running `Command { std: "docker" "start" "-a" "f971cfcba9483b7d7d43677f3d98fcabe563438cbb3e70ff0751169f83f04b92", kill_on_drop: false }`
[INFO] [stderr]    Compiling serde v1.0.197
[INFO] [stderr]    Compiling serde_json v1.0.114
[INFO] [stderr]    Compiling ryu v1.0.17
[INFO] [stderr]    Compiling itoa v1.0.10
[INFO] [stderr]    Compiling trybuild v1.0.89
[INFO] [stderr]    Compiling termcolor v1.4.1
[INFO] [stderr]    Compiling glob v0.3.1
[INFO] [stderr]    Compiling once_cell v1.19.0
[INFO] [stderr]    Compiling dissimilar v1.0.7
[INFO] [stderr]    Compiling serde_derive v1.0.197
[INFO] [stdout] warning: unexpected `cfg` condition value: `fuzzy-select`
[INFO] [stdout]   --> src/theme.rs:46:11
[INFO] [stdout]    |
[INFO] [stdout] 46 |     #[cfg(feature = "fuzzy-select")]
[INFO] [stdout]    |           ^^^^^^^^^^^^^^^^^^^^^^^^ help: remove the condition
[INFO] [stdout]    |
[INFO] [stdout]    = note: no expected values for `feature`
[INFO] [stdout]    = help: consider adding `fuzzy-select` as a feature in `Cargo.toml`
[INFO] [stdout]    = note: see <https://doc.rust-lang.org/nightly/rustc/check-cfg/cargo-specifics.html> for more information about checking conditional configuration
[INFO] [stdout]    = note: `#[warn(unexpected_cfgs)]` on by default
[INFO] [stdout] 
[INFO] [stdout] 
[INFO] [stdout] warning: unexpected `cfg` condition value: `fuzzy-select`
[INFO] [stdout]   --> src/theme.rs:49:11
[INFO] [stdout]    |
[INFO] [stdout] 49 |     #[cfg(feature = "fuzzy-select")]
[INFO] [stdout]    |           ^^^^^^^^^^^^^^^^^^^^^^^^ help: remove the condition
[INFO] [stdout]    |
[INFO] [stdout]    = note: no expected values for `feature`
[INFO] [stdout]    = help: consider adding `fuzzy-select` as a feature in `Cargo.toml`
[INFO] [stdout]    = note: see <https://doc.rust-lang.org/nightly/rustc/check-cfg/cargo-specifics.html> for more information about checking conditional configuration
[INFO] [stdout] 
[INFO] [stdout] 
[INFO] [stdout] warning: unexpected `cfg` condition value: `fuzzy-select`
[INFO] [stdout]   --> src/theme.rs:76:19
[INFO] [stdout]    |
[INFO] [stdout] 76 |             #[cfg(feature = "fuzzy-select")]
[INFO] [stdout]    |                   ^^^^^^^^^^^^^^^^^^^^^^^^ help: remove the condition
[INFO] [stdout]    |
[INFO] [stdout]    = note: no expected values for `feature`
[INFO] [stdout]    = help: consider adding `fuzzy-select` as a feature in `Cargo.toml`
[INFO] [stdout]    = note: see <https://doc.rust-lang.org/nightly/rustc/check-cfg/cargo-specifics.html> for more information about checking conditional configuration
[INFO] [stdout] 
[INFO] [stdout] 
[INFO] [stdout] warning: unexpected `cfg` condition value: `fuzzy-select`
[INFO] [stdout]   --> src/theme.rs:78:19
[INFO] [stdout]    |
[INFO] [stdout] 78 |             #[cfg(feature = "fuzzy-select")]
[INFO] [stdout]    |                   ^^^^^^^^^^^^^^^^^^^^^^^^ help: remove the condition
[INFO] [stdout]    |
[INFO] [stdout]    = note: no expected values for `feature`
[INFO] [stdout]    = help: consider adding `fuzzy-select` as a feature in `Cargo.toml`
[INFO] [stdout]    = note: see <https://doc.rust-lang.org/nightly/rustc/check-cfg/cargo-specifics.html> for more information about checking conditional configuration
[INFO] [stdout] 
[INFO] [stdout] 
[INFO] [stdout] warning: unexpected `cfg` condition value: `fuzzy-select`
[INFO] [stdout]    --> src/theme.rs:360:11
[INFO] [stdout]     |
[INFO] [stdout] 360 |     #[cfg(feature = "fuzzy-select")]
[INFO] [stdout]     |           ^^^^^^^^^^^^^^^^^^^^^^^^ help: remove the condition
[INFO] [stdout]     |
[INFO] [stdout]     = note: no expected values for `feature`
[INFO] [stdout]     = help: consider adding `fuzzy-select` as a feature in `Cargo.toml`
[INFO] [stdout]     = note: see <https://doc.rust-lang.org/nightly/rustc/check-cfg/cargo-specifics.html> for more information about checking conditional configuration
[INFO] [stdout] 
[INFO] [stdout] 
[INFO] [stdout] warning: unexpected `cfg` condition value: `fuzzy-select`
[INFO] [stdout]    --> src/theme.rs:411:11
[INFO] [stdout]     |
[INFO] [stdout] 411 |     #[cfg(feature = "fuzzy-select")]
[INFO] [stdout]     |           ^^^^^^^^^^^^^^^^^^^^^^^^ help: remove the condition
[INFO] [stdout]     |
[INFO] [stdout]     = note: no expected values for `feature`
[INFO] [stdout]     = help: consider adding `fuzzy-select` as a feature in `Cargo.toml`
[INFO] [stdout]     = note: see <https://doc.rust-lang.org/nightly/rustc/check-cfg/cargo-specifics.html> for more information about checking conditional configuration
[INFO] [stdout] 
[INFO] [stdout] 
[INFO] [stderr]    Compiling basic-toml v0.1.9
[INFO] [stderr]    Compiling dialogue-macro v0.3.3 (/opt/rustwide/workdir)
[INFO] [stdout] warning: unexpected `cfg` condition value: `fuzzy-select`
[INFO] [stdout]   --> src/theme.rs:46:11
[INFO] [stdout]    |
[INFO] [stdout] 46 |     #[cfg(feature = "fuzzy-select")]
[INFO] [stdout]    |           ^^^^^^^^^^^^^^^^^^^^^^^^ help: remove the condition
[INFO] [stdout]    |
[INFO] [stdout]    = note: no expected values for `feature`
[INFO] [stdout]    = help: consider adding `fuzzy-select` as a feature in `Cargo.toml`
[INFO] [stdout]    = note: see <https://doc.rust-lang.org/nightly/rustc/check-cfg/cargo-specifics.html> for more information about checking conditional configuration
[INFO] [stdout]    = note: `#[warn(unexpected_cfgs)]` on by default
[INFO] [stdout] 
[INFO] [stdout] 
[INFO] [stdout] warning: unexpected `cfg` condition value: `fuzzy-select`
[INFO] [stdout]   --> src/theme.rs:49:11
[INFO] [stdout]    |
[INFO] [stdout] 49 |     #[cfg(feature = "fuzzy-select")]
[INFO] [stdout]    |           ^^^^^^^^^^^^^^^^^^^^^^^^ help: remove the condition
[INFO] [stdout]    |
[INFO] [stdout]    = note: no expected values for `feature`
[INFO] [stdout]    = help: consider adding `fuzzy-select` as a feature in `Cargo.toml`
[INFO] [stdout]    = note: see <https://doc.rust-lang.org/nightly/rustc/check-cfg/cargo-specifics.html> for more information about checking conditional configuration
[INFO] [stdout] 
[INFO] [stdout] 
[INFO] [stdout] warning: unexpected `cfg` condition value: `fuzzy-select`
[INFO] [stdout]   --> src/theme.rs:76:19
[INFO] [stdout]    |
[INFO] [stdout] 76 |             #[cfg(feature = "fuzzy-select")]
[INFO] [stdout]    |                   ^^^^^^^^^^^^^^^^^^^^^^^^ help: remove the condition
[INFO] [stdout]    |
[INFO] [stdout]    = note: no expected values for `feature`
[INFO] [stdout]    = help: consider adding `fuzzy-select` as a feature in `Cargo.toml`
[INFO] [stdout]    = note: see <https://doc.rust-lang.org/nightly/rustc/check-cfg/cargo-specifics.html> for more information about checking conditional configuration
[INFO] [stdout] 
[INFO] [stdout] 
[INFO] [stdout] warning: unexpected `cfg` condition value: `fuzzy-select`
[INFO] [stdout]   --> src/theme.rs:78:19
[INFO] [stdout]    |
[INFO] [stdout] 78 |             #[cfg(feature = "fuzzy-select")]
[INFO] [stdout]    |                   ^^^^^^^^^^^^^^^^^^^^^^^^ help: remove the condition
[INFO] [stdout]    |
[INFO] [stdout]    = note: no expected values for `feature`
[INFO] [stdout]    = help: consider adding `fuzzy-select` as a feature in `Cargo.toml`
[INFO] [stdout]    = note: see <https://doc.rust-lang.org/nightly/rustc/check-cfg/cargo-specifics.html> for more information about checking conditional configuration
[INFO] [stdout] 
[INFO] [stdout] 
[INFO] [stdout] warning: unexpected `cfg` condition value: `fuzzy-select`
[INFO] [stdout]    --> src/theme.rs:360:11
[INFO] [stdout]     |
[INFO] [stdout] 360 |     #[cfg(feature = "fuzzy-select")]
[INFO] [stdout]     |           ^^^^^^^^^^^^^^^^^^^^^^^^ help: remove the condition
[INFO] [stdout]     |
[INFO] [stdout]     = note: no expected values for `feature`
[INFO] [stdout]     = help: consider adding `fuzzy-select` as a feature in `Cargo.toml`
[INFO] [stdout]     = note: see <https://doc.rust-lang.org/nightly/rustc/check-cfg/cargo-specifics.html> for more information about checking conditional configuration
[INFO] [stdout] 
[INFO] [stdout] 
[INFO] [stdout] warning: unexpected `cfg` condition value: `fuzzy-select`
[INFO] [stdout]    --> src/theme.rs:411:11
[INFO] [stdout]     |
[INFO] [stdout] 411 |     #[cfg(feature = "fuzzy-select")]
[INFO] [stdout]     |           ^^^^^^^^^^^^^^^^^^^^^^^^ help: remove the condition
[INFO] [stdout]     |
[INFO] [stdout]     = note: no expected values for `feature`
[INFO] [stdout]     = help: consider adding `fuzzy-select` as a feature in `Cargo.toml`
[INFO] [stdout]     = note: see <https://doc.rust-lang.org/nightly/rustc/check-cfg/cargo-specifics.html> for more information about checking conditional configuration
[INFO] [stdout] 
[INFO] [stdout] 
[INFO] [stderr]     Finished `test` profile [unoptimized + debuginfo] target(s) in 7.15s
[INFO] running `Command { std: "docker" "inspect" "f971cfcba9483b7d7d43677f3d98fcabe563438cbb3e70ff0751169f83f04b92", kill_on_drop: false }`
[INFO] running `Command { std: "docker" "rm" "-f" "f971cfcba9483b7d7d43677f3d98fcabe563438cbb3e70ff0751169f83f04b92", kill_on_drop: false }`
[INFO] [stdout] f971cfcba9483b7d7d43677f3d98fcabe563438cbb3e70ff0751169f83f04b92
[INFO] running `Command { std: "docker" "create" "-v" "/var/lib/crater-agent-workspace/builds/worker-2-tc1/target:/opt/rustwide/target:rw,Z" "-v" "/var/lib/crater-agent-workspace/builds/worker-2-tc1/source:/opt/rustwide/workdir:ro,Z" "-v" "/var/lib/crater-agent-workspace/cargo-home:/opt/rustwide/cargo-home:ro,Z" "-v" "/var/lib/crater-agent-workspace/rustup-home:/opt/rustwide/rustup-home:ro,Z" "-e" "SOURCE_DIR=/opt/rustwide/workdir" "-e" "CARGO_TARGET_DIR=/opt/rustwide/target" "-e" "CARGO_INCREMENTAL=0" "-e" "RUST_BACKTRACE=full" "-e" "RUSTFLAGS=--cap-lints=forbid" "-e" "RUSTDOCFLAGS=--cap-lints=forbid" "-e" "CARGO_HOME=/opt/rustwide/cargo-home" "-e" "RUSTUP_HOME=/opt/rustwide/rustup-home" "-w" "/opt/rustwide/workdir" "-m" "1610612736" "--user" "0:0" "--network" "none" "ghcr.io/rust-lang/crates-build-env/linux@sha256:819108c5571ea2e421544af4d832f968d213c87fbe3707a016657f43d2f853bc" "/opt/rustwide/cargo-home/bin/cargo" "+nightly-2025-01-18" "test" "--frozen", kill_on_drop: false }`
[INFO] [stdout] 7cb8862d26ae6828b50c61bc95d4401ad04a786195354ea05246598542af2352
[INFO] running `Command { std: "docker" "start" "-a" "7cb8862d26ae6828b50c61bc95d4401ad04a786195354ea05246598542af2352", kill_on_drop: false }`
[INFO] [stderr] warning: unexpected `cfg` condition value: `fuzzy-select`
[INFO] [stderr]   --> src/theme.rs:46:11
[INFO] [stderr]    |
[INFO] [stderr] 46 |     #[cfg(feature = "fuzzy-select")]
[INFO] [stderr]    |           ^^^^^^^^^^^^^^^^^^^^^^^^ help: remove the condition
[INFO] [stderr]    |
[INFO] [stderr]    = note: no expected values for `feature`
[INFO] [stderr]    = help: consider adding `fuzzy-select` as a feature in `Cargo.toml`
[INFO] [stderr]    = note: see <https://doc.rust-lang.org/nightly/rustc/check-cfg/cargo-specifics.html> for more information about checking conditional configuration
[INFO] [stderr]    = note: `#[warn(unexpected_cfgs)]` on by default
[INFO] [stderr] 
[INFO] [stderr] warning: unexpected `cfg` condition value: `fuzzy-select`
[INFO] [stderr]   --> src/theme.rs:49:11
[INFO] [stderr]    |
[INFO] [stderr] 49 |     #[cfg(feature = "fuzzy-select")]
[INFO] [stderr]    |           ^^^^^^^^^^^^^^^^^^^^^^^^ help: remove the condition
[INFO] [stderr]    |
[INFO] [stderr]    = note: no expected values for `feature`
[INFO] [stderr]    = help: consider adding `fuzzy-select` as a feature in `Cargo.toml`
[INFO] [stderr]    = note: see <https://doc.rust-lang.org/nightly/rustc/check-cfg/cargo-specifics.html> for more information about checking conditional configuration
[INFO] [stderr] 
[INFO] [stderr] warning: unexpected `cfg` condition value: `fuzzy-select`
[INFO] [stderr]   --> src/theme.rs:76:19
[INFO] [stderr]    |
[INFO] [stderr] 76 |             #[cfg(feature = "fuzzy-select")]
[INFO] [stderr]    |                   ^^^^^^^^^^^^^^^^^^^^^^^^ help: remove the condition
[INFO] [stderr]    |
[INFO] [stderr]    = note: no expected values for `feature`
[INFO] [stderr]    = help: consider adding `fuzzy-select` as a feature in `Cargo.toml`
[INFO] [stderr]    = note: see <https://doc.rust-lang.org/nightly/rustc/check-cfg/cargo-specifics.html> for more information about checking conditional configuration
[INFO] [stderr] 
[INFO] [stderr] warning: unexpected `cfg` condition value: `fuzzy-select`
[INFO] [stderr]   --> src/theme.rs:78:19
[INFO] [stderr]    |
[INFO] [stderr] 78 |             #[cfg(feature = "fuzzy-select")]
[INFO] [stderr]    |                   ^^^^^^^^^^^^^^^^^^^^^^^^ help: remove the condition
[INFO] [stderr]    |
[INFO] [stderr]    = note: no expected values for `feature`
[INFO] [stderr]    = help: consider adding `fuzzy-select` as a feature in `Cargo.toml`
[INFO] [stderr]    = note: see <https://doc.rust-lang.org/nightly/rustc/check-cfg/cargo-specifics.html> for more information about checking conditional configuration
[INFO] [stderr] 
[INFO] [stderr] warning: unexpected `cfg` condition value: `fuzzy-select`
[INFO] [stderr]    --> src/theme.rs:360:11
[INFO] [stderr]     |
[INFO] [stderr] 360 |     #[cfg(feature = "fuzzy-select")]
[INFO] [stderr]     |           ^^^^^^^^^^^^^^^^^^^^^^^^ help: remove the condition
[INFO] [stderr]     |
[INFO] [stderr]     = note: no expected values for `feature`
[INFO] [stderr]     = help: consider adding `fuzzy-select` as a feature in `Cargo.toml`
[INFO] [stderr]     = note: see <https://doc.rust-lang.org/nightly/rustc/check-cfg/cargo-specifics.html> for more information about checking conditional configuration
[INFO] [stderr] 
[INFO] [stderr] warning: unexpected `cfg` condition value: `fuzzy-select`
[INFO] [stderr]    --> src/theme.rs:411:11
[INFO] [stderr]     |
[INFO] [stderr] 411 |     #[cfg(feature = "fuzzy-select")]
[INFO] [stderr]     |           ^^^^^^^^^^^^^^^^^^^^^^^^ help: remove the condition
[INFO] [stderr]     |
[INFO] [stderr]     = note: no expected values for `feature`
[INFO] [stderr]     = help: consider adding `fuzzy-select` as a feature in `Cargo.toml`
[INFO] [stderr]     = note: see <https://doc.rust-lang.org/nightly/rustc/check-cfg/cargo-specifics.html> for more information about checking conditional configuration
[INFO] [stderr] 
[INFO] [stderr] warning: `dialogue-macro` (lib) generated 6 warnings
[INFO] [stderr] warning: `dialogue-macro` (lib test) generated 6 warnings (6 duplicates)
[INFO] [stderr]     Finished `test` profile [unoptimized + debuginfo] target(s) in 0.06s
[INFO] [stderr]      Running unittests src/lib.rs (/opt/rustwide/target/debug/deps/dialogue_macro-7404c6aac103b704)
[INFO] [stderr]      Running tests/progress.rs (/opt/rustwide/target/debug/deps/tests-65eb869401147e15)
[INFO] [stdout] 
[INFO] [stdout] running 0 tests
[INFO] [stdout] 
[INFO] [stdout] test result: ok. 0 passed; 0 failed; 0 ignored; 0 measured; 0 filtered out; finished in 0.00s
[INFO] [stdout] 
[INFO] [stdout] 
[INFO] [stdout] running 1 test
[INFO] [stderr]    Compiling proc-macro2 v1.0.79
[INFO] [stderr]    Compiling unicode-ident v1.0.12
[INFO] [stderr]    Compiling libc v0.2.153
[INFO] [stderr]    Compiling rustix v0.38.31
[INFO] [stderr]    Compiling thiserror v1.0.58
[INFO] [stderr]    Compiling bitflags v2.4.2
[INFO] [stderr]    Compiling linux-raw-sys v0.4.13
[INFO] [stderr]    Compiling lazy_static v1.4.0
[INFO] [stderr]    Compiling unicode-width v0.1.11
[INFO] [stderr]    Compiling cfg-if v1.0.0
[INFO] [stderr]    Compiling fastrand v2.0.1
[INFO] [stderr]    Compiling zeroize v1.7.0
[INFO] [stderr]    Compiling shell-words v1.1.0
[INFO] [stderr]    Compiling quote v1.0.35
[INFO] [stderr]    Compiling syn v2.0.52
[INFO] [stderr]    Compiling console v0.15.8
[INFO] [stderr]    Compiling tempfile v3.10.1
[INFO] [stderr]    Compiling thiserror-impl v1.0.58
[INFO] [stderr]    Compiling dialogue-core v0.3.3 (/opt/rustwide/workdir/dialogue-core)
[INFO] [stderr]    Compiling dialoguer v0.11.0
[INFO] [stderr]    Compiling dialogue-macro v0.3.3 (/opt/rustwide/workdir)
[INFO] [stderr] warning: unexpected `cfg` condition value: `fuzzy-select`
[INFO] [stderr]   --> /opt/rustwide/workdir/src/theme.rs:46:11
[INFO] [stderr]    |
[INFO] [stderr] 46 |     #[cfg(feature = "fuzzy-select")]
[INFO] [stderr]    |           ^^^^^^^^^^^^^^^^^^^^^^^^ help: remove the condition
[INFO] [stderr]    |
[INFO] [stderr]    = note: no expected values for `feature`
[INFO] [stderr]    = help: consider adding `fuzzy-select` as a feature in `Cargo.toml`
[INFO] [stderr]    = note: see <https://doc.rust-lang.org/nightly/rustc/check-cfg/cargo-specifics.html> for more information about checking conditional configuration
[INFO] [stderr]    = note: `#[warn(unexpected_cfgs)]` on by default
[INFO] [stderr] 
[INFO] [stderr] warning: unexpected `cfg` condition value: `fuzzy-select`
[INFO] [stderr]   --> /opt/rustwide/workdir/src/theme.rs:49:11
[INFO] [stderr]    |
[INFO] [stderr] 49 |     #[cfg(feature = "fuzzy-select")]
[INFO] [stderr]    |           ^^^^^^^^^^^^^^^^^^^^^^^^ help: remove the condition
[INFO] [stderr]    |
[INFO] [stderr]    = note: no expected values for `feature`
[INFO] [stderr]    = help: consider adding `fuzzy-select` as a feature in `Cargo.toml`
[INFO] [stderr]    = note: see <https://doc.rust-lang.org/nightly/rustc/check-cfg/cargo-specifics.html> for more information about checking conditional configuration
[INFO] [stderr] 
[INFO] [stderr] warning: unexpected `cfg` condition value: `fuzzy-select`
[INFO] [stderr]   --> /opt/rustwide/workdir/src/theme.rs:76:19
[INFO] [stderr]    |
[INFO] [stderr] 76 |             #[cfg(feature = "fuzzy-select")]
[INFO] [stderr]    |                   ^^^^^^^^^^^^^^^^^^^^^^^^ help: remove the condition
[INFO] [stderr]    |
[INFO] [stderr]    = note: no expected values for `feature`
[INFO] [stderr]    = help: consider adding `fuzzy-select` as a feature in `Cargo.toml`
[INFO] [stderr]    = note: see <https://doc.rust-lang.org/nightly/rustc/check-cfg/cargo-specifics.html> for more information about checking conditional configuration
[INFO] [stderr] 
[INFO] [stderr] warning: unexpected `cfg` condition value: `fuzzy-select`
[INFO] [stderr]   --> /opt/rustwide/workdir/src/theme.rs:78:19
[INFO] [stderr]    |
[INFO] [stderr] 78 |             #[cfg(feature = "fuzzy-select")]
[INFO] [stderr]    |                   ^^^^^^^^^^^^^^^^^^^^^^^^ help: remove the condition
[INFO] [stderr]    |
[INFO] [stderr]    = note: no expected values for `feature`
[INFO] [stderr]    = help: consider adding `fuzzy-select` as a feature in `Cargo.toml`
[INFO] [stderr]    = note: see <https://doc.rust-lang.org/nightly/rustc/check-cfg/cargo-specifics.html> for more information about checking conditional configuration
[INFO] [stderr] 
[INFO] [stderr] warning: unexpected `cfg` condition value: `fuzzy-select`
[INFO] [stderr]    --> /opt/rustwide/workdir/src/theme.rs:360:11
[INFO] [stderr]     |
[INFO] [stderr] 360 |     #[cfg(feature = "fuzzy-select")]
[INFO] [stderr]     |           ^^^^^^^^^^^^^^^^^^^^^^^^ help: remove the condition
[INFO] [stderr]     |
[INFO] [stderr]     = note: no expected values for `feature`
[INFO] [stderr]     = help: consider adding `fuzzy-select` as a feature in `Cargo.toml`
[INFO] [stderr]     = note: see <https://doc.rust-lang.org/nightly/rustc/check-cfg/cargo-specifics.html> for more information about checking conditional configuration
[INFO] [stderr] 
[INFO] [stderr] warning: unexpected `cfg` condition value: `fuzzy-select`
[INFO] [stderr]    --> /opt/rustwide/workdir/src/theme.rs:411:11
[INFO] [stderr]     |
[INFO] [stderr] 411 |     #[cfg(feature = "fuzzy-select")]
[INFO] [stderr]     |           ^^^^^^^^^^^^^^^^^^^^^^^^ help: remove the condition
[INFO] [stderr]     |
[INFO] [stderr]     = note: no expected values for `feature`
[INFO] [stderr]     = help: consider adding `fuzzy-select` as a feature in `Cargo.toml`
[INFO] [stderr]     = note: see <https://doc.rust-lang.org/nightly/rustc/check-cfg/cargo-specifics.html> for more information about checking conditional configuration
[INFO] [stderr] 
[INFO] [stderr] warning: `dialogue-macro` (lib) generated 6 warnings
[INFO] [stderr]    Compiling dialogue-macro-tests v0.0.0 (/opt/rustwide/target/tests/trybuild/dialogue-macro)
[INFO] [stderr]     Finished `dev` profile [unoptimized + debuginfo] target(s) in 8.25s
[INFO] [stderr] 
[INFO] [stderr] 
[INFO] [stderr] test tests/fail/01-struct.rs [should fail to compile] ... ok
[INFO] [stderr] test tests/fail/02-theme.rs [should fail to compile] ... ok
[INFO] [stderr] test tests/fail/confirm.rs [should fail to compile] ... ok
[INFO] [stderr] test tests/fail/input.rs [should fail to compile] ... ok
[INFO] [stderr] test tests/fail/password.rs [should fail to compile] ... ok
[INFO] [stderr] test tests/pass.rs [should pass] ... ok
[INFO] [stderr] 
[INFO] [stderr] STDERR:
[INFO] [stderr] ┈┈┈┈┈┈┈┈┈┈┈┈┈┈┈┈┈┈┈┈┈┈┈┈┈┈┈┈┈┈┈┈┈┈┈┈┈┈┈┈┈┈┈┈┈┈┈┈┈┈┈┈┈┈┈┈┈┈┈┈
[INFO] [stderr] warning: unexpected `cfg` condition value: `fuzzy-select`
[INFO] [stderr]   --> /opt/rustwide/workdir/src/theme.rs:46:11
[INFO] [stderr]    |
[INFO] [stderr] 46 |     #[cfg(feature = "fuzzy-select")]
[INFO] [stderr]    |           ^^^^^^^^^^^^^^^^^^^^^^^^ help: remove the condition
[INFO] [stderr]    |
[INFO] [stderr]    = note: no expected values for `feature`
[INFO] [stderr]    = help: consider adding `fuzzy-select` as a feature in `Cargo.toml`
[INFO] [stderr]    = note: see <https://doc.rust-lang.org/nightly/rustc/check-cfg/cargo-specifics.html> for more information about checking conditional configuration
[INFO] [stderr]    = note: `#[warn(unexpected_cfgs)]` on by default
[INFO] [stderr] 
[INFO] [stderr] warning: unexpected `cfg` condition value: `fuzzy-select`
[INFO] [stderr]   --> /opt/rustwide/workdir/src/theme.rs:49:11
[INFO] [stderr]    |
[INFO] [stderr] 49 |     #[cfg(feature = "fuzzy-select")]
[INFO] [stderr]    |           ^^^^^^^^^^^^^^^^^^^^^^^^ help: remove the condition
[INFO] [stderr]    |
[INFO] [stderr]    = note: no expected values for `feature`
[INFO] [stderr]    = help: consider adding `fuzzy-select` as a feature in `Cargo.toml`
[INFO] [stderr]    = note: see <https://doc.rust-lang.org/nightly/rustc/check-cfg/cargo-specifics.html> for more information about checking conditional configuration
[INFO] [stderr] 
[INFO] [stderr] warning: unexpected `cfg` condition value: `fuzzy-select`
[INFO] [stderr]   --> /opt/rustwide/workdir/src/theme.rs:76:19
[INFO] [stderr]    |
[INFO] [stdout] test tests ... ok
[INFO] [stderr] 76 |             #[cfg(feature = "fuzzy-select")]
[INFO] [stdout] 
[INFO] [stderr]    |                   ^^^^^^^^^^^^^^^^^^^^^^^^ help: remove the condition
[INFO] [stderr]    |
[INFO] [stderr]    = note: no expected values for `feature`
[INFO] [stderr]    = help: consider adding `fuzzy-select` as a feature in `Cargo.toml`
[INFO] [stderr]    = note: see <https://doc.rust-lang.org/nightly/rustc/check-cfg/cargo-specifics.html> for more information about checking conditional configuration
[INFO] [stderr] 
[INFO] [stderr] warning: unexpected `cfg` condition value: `fuzzy-select`
[INFO] [stderr]   --> /opt/rustwide/workdir/src/theme.rs:78:19
[INFO] [stderr]    |
[INFO] [stderr] 78 |             #[cfg(feature = "fuzzy-select")]
[INFO] [stderr]    |                   ^^^^^^^^^^^^^^^^^^^^^^^^ help: remove the condition
[INFO] [stderr]    |
[INFO] [stderr]    = note: no expected values for `feature`
[INFO] [stdout] test result: ok. 1 passed; 0 failed; 0 ignored; 0 measured; 0 filtered out; finished in 9.73s
[INFO] [stderr]    = help: consider adding `fuzzy-select` as a feature in `Cargo.toml`
[INFO] [stdout] 
[INFO] [stderr]    = note: see <https://doc.rust-lang.org/nightly/rustc/check-cfg/cargo-specifics.html> for more information about checking conditional configuration
[INFO] [stderr] 
[INFO] [stderr] warning: unexpected `cfg` condition value: `fuzzy-select`
[INFO] [stderr]    --> /opt/rustwide/workdir/src/theme.rs:360:11
[INFO] [stderr]     |
[INFO] [stderr] 360 |     #[cfg(feature = "fuzzy-select")]
[INFO] [stderr]     |           ^^^^^^^^^^^^^^^^^^^^^^^^ help: remove the condition
[INFO] [stderr]     |
[INFO] [stderr]     = note: no expected values for `feature`
[INFO] [stderr]     = help: consider adding `fuzzy-select` as a feature in `Cargo.toml`
[INFO] [stderr]     = note: see <https://doc.rust-lang.org/nightly/rustc/check-cfg/cargo-specifics.html> for more information about checking conditional configuration
[INFO] [stderr] 
[INFO] [stderr] warning: unexpected `cfg` condition value: `fuzzy-select`
[INFO] [stderr]    --> /opt/rustwide/workdir/src/theme.rs:411:11
[INFO] [stderr]     |
[INFO] [stderr] 411 |     #[cfg(feature = "fuzzy-select")]
[INFO] [stderr]     |           ^^^^^^^^^^^^^^^^^^^^^^^^ help: remove the condition
[INFO] [stderr]     |
[INFO] [stderr]     = note: no expected values for `feature`
[INFO] [stderr]     = help: consider adding `fuzzy-select` as a feature in `Cargo.toml`
[INFO] [stderr]     = note: see <https://doc.rust-lang.org/nightly/rustc/check-cfg/cargo-specifics.html> for more information about checking conditional configuration
[INFO] [stderr] ┈┈┈┈┈┈┈┈┈┈┈┈┈┈┈┈┈┈┈┈┈┈┈┈┈┈┈┈┈┈┈┈┈┈┈┈┈┈┈┈┈┈┈┈┈┈┈┈┈┈┈┈┈┈┈┈┈┈┈┈
[INFO] [stderr] 
[INFO] [stderr] 
[INFO] [stderr] 
[INFO] [stderr]    Doc-tests dialogue_macro
[INFO] [stdout] 
[INFO] [stdout] running 4 tests
[INFO] [stdout] test src/lib.rs - (line 38) ... FAILED
[INFO] [stdout] test src/lib.rs - (line 51) ... FAILED
[INFO] [stdout] test src/lib.rs - (line 32) ... ok
[INFO] [stdout] test src/lib.rs - Build (line 80) ... FAILED
[INFO] [stdout] 
[INFO] [stdout] failures:
[INFO] [stdout] 
[INFO] [stdout] ---- src/lib.rs - (line 38) stdout ----
[INFO] [stdout] error: cannot find derive macro `Asker` in this scope
[INFO] [stdout]  --> src/lib.rs:39:10
[INFO] [stdout]   |
[INFO] [stdout] 3 | #[derive(Asker, Debug)]
[INFO] [stdout]   |          ^^^^^
[INFO] [stdout]   |
[INFO] [stdout] help: consider importing one of these derive macros
[INFO] [stdout]   |
[INFO] [stdout] 2 + use dialogue_core::Asker;
[INFO] [stdout]   |
[INFO] [stdout] 2 + use dialogue_macro::Asker;
[INFO] [stdout]   |
[INFO] [stdout] 
[INFO] [stdout] error: cannot find attribute `input` in this scope
[INFO] [stdout]  --> src/lib.rs:41:7
[INFO] [stdout]   |
[INFO] [stdout] 5 |     #[input(prompt = "请输入您的名字:")]
[INFO] [stdout]   |       ^^^^^
[INFO] [stdout] 
[INFO] [stdout] error: aborting due to 2 previous errors
[INFO] [stdout] 
[INFO] [stdout] Couldn't compile the test.
[INFO] [stdout] ---- src/lib.rs - (line 51) stdout ----
[INFO] [stdout] error[E0433]: failed to resolve: use of undeclared type `User`
[INFO] [stdout]  --> src/lib.rs:53:16
[INFO] [stdout]   |
[INFO] [stdout] 3 |     let user = User::asker()
[INFO] [stdout]   |                ^^^^ use of undeclared type `User`
[INFO] [stdout] 
[INFO] [stdout] error: aborting due to 1 previous error
[INFO] [stdout] 
[INFO] [stdout] For more information about this error, try `rustc --explain E0433`.
[INFO] [stdout] Couldn't compile the test.
[INFO] [stdout] ---- src/lib.rs - Build (line 80) stdout ----
[INFO] [stdout] Test executable failed (exit status: 101).
[INFO] [stdout] 
[INFO] [stdout] stderr:
[INFO] [stdout] 
[INFO] [stdout] thread 'main' panicked at src/lib.rs:8:17:
[INFO] [stdout] called `Result::unwrap()` on an `Err` value: IO(Custom { kind: NotConnected, error: "not a terminal" })
[INFO] [stdout] stack backtrace:
[INFO] [stdout]    0:     0x60737539a3ca - std::backtrace_rs::backtrace::libunwind::trace::hb059275cfc8d6126
[INFO] [stdout]                                at /rustc/6067b36314ab5eb2eb47cecc464545ba58e1ad24/library/std/src/../../backtrace/src/backtrace/libunwind.rs:116:5
[INFO] [stdout]    1:     0x60737539a3ca - std::backtrace_rs::backtrace::trace_unsynchronized::h2da071e4327ce3ee
[INFO] [stdout]                                at /rustc/6067b36314ab5eb2eb47cecc464545ba58e1ad24/library/std/src/../../backtrace/src/backtrace/mod.rs:66:5
[INFO] [stdout]    2:     0x60737539a3ca - std::sys::backtrace::_print_fmt::h842a1474e6f8d23f
[INFO] [stdout]                                at /rustc/6067b36314ab5eb2eb47cecc464545ba58e1ad24/library/std/src/sys/backtrace.rs:66:9
[INFO] [stdout]    3:     0x60737539a3ca - <std::sys::backtrace::BacktraceLock::print::DisplayBacktrace as core::fmt::Display>::fmt::h71a62eb3b9696b12
[INFO] [stdout]                                at /rustc/6067b36314ab5eb2eb47cecc464545ba58e1ad24/library/std/src/sys/backtrace.rs:39:26
[INFO] [stdout]    4:     0x6073753b7e83 - core::fmt::rt::Argument::fmt::hdb6b616786b41dc1
[INFO] [stdout]                                at /rustc/6067b36314ab5eb2eb47cecc464545ba58e1ad24/library/core/src/fmt/rt.rs:177:76
[INFO] [stdout]    5:     0x6073753b7e83 - core::fmt::write::h2cc1698af7e2d686
[INFO] [stdout]                                at /rustc/6067b36314ab5eb2eb47cecc464545ba58e1ad24/library/core/src/fmt/mod.rs:1440:21
[INFO] [stdout]    6:     0x607375397903 - std::io::Write::write_fmt::h00c8700df393f328
[INFO] [stdout]                                at /rustc/6067b36314ab5eb2eb47cecc464545ba58e1ad24/library/std/src/io/mod.rs:1887:15
[INFO] [stdout]    7:     0x60737539a212 - std::sys::backtrace::BacktraceLock::print::h147fe35b4ea13b08
[INFO] [stdout]                                at /rustc/6067b36314ab5eb2eb47cecc464545ba58e1ad24/library/std/src/sys/backtrace.rs:42:9
[INFO] [stdout]    8:     0x60737539b15f - std::panicking::default_hook::{{closure}}::hbd44223dbdc0d208
[INFO] [stdout]                                at /rustc/6067b36314ab5eb2eb47cecc464545ba58e1ad24/library/std/src/panicking.rs:298:22
[INFO] [stdout]    9:     0x60737539afca - std::panicking::default_hook::h20f81eb0576efcec
[INFO] [stdout]                                at /rustc/6067b36314ab5eb2eb47cecc464545ba58e1ad24/library/std/src/panicking.rs:325:9
[INFO] [stdout]   10:     0x60737539ba32 - std::panicking::rust_panic_with_hook::h625eea43051b2edc
[INFO] [stdout]                                at /rustc/6067b36314ab5eb2eb47cecc464545ba58e1ad24/library/std/src/panicking.rs:831:13
[INFO] [stdout]   11:     0x60737539b8ca - std::panicking::begin_panic_handler::{{closure}}::h4f9159cfbc3f6bd3
[INFO] [stdout]                                at /rustc/6067b36314ab5eb2eb47cecc464545ba58e1ad24/library/std/src/panicking.rs:704:13
[INFO] [stdout]   12:     0x60737539a8c9 - std::sys::backtrace::__rust_end_short_backtrace::h0390abce48353151
[INFO] [stdout]                                at /rustc/6067b36314ab5eb2eb47cecc464545ba58e1ad24/library/std/src/sys/backtrace.rs:168:18
[INFO] [stdout]   13:     0x60737539b55d - rust_begin_unwind
[INFO] [stdout]                                at /rustc/6067b36314ab5eb2eb47cecc464545ba58e1ad24/library/std/src/panicking.rs:695:5
[INFO] [stdout]   14:     0x6073753b6f60 - core::panicking::panic_fmt::h9e7c637e9e5f29c9
[INFO] [stdout]                                at /rustc/6067b36314ab5eb2eb47cecc464545ba58e1ad24/library/core/src/panicking.rs:75:14
[INFO] [stdout]   15:     0x6073753b73a6 - core::result::unwrap_failed::h7979f09313fe1849
[INFO] [stdout]                                at /rustc/6067b36314ab5eb2eb47cecc464545ba58e1ad24/library/core/src/result.rs:1704:5
[INFO] [stdout]   16:     0x607375347e94 - rust_out::UserInputAsker::username::h81e20123b655923a
[INFO] [stdout]   17:     0x6073753471bf - rust_out::main::he88f0b9b281d54e0
[INFO] [stdout]   18:     0x6073753411b3 - core::ops::function::FnOnce::call_once::hcf3829d8b58d0254
[INFO] [stdout]   19:     0x607375340a96 - std::sys::backtrace::__rust_begin_short_backtrace::h5e1527399e8d5bd4
[INFO] [stdout]   20:     0x607375340a79 - std::rt::lang_start::{{closure}}::h2c234101ed7b1b74
[INFO] [stdout]   21:     0x607375394370 - core::ops::function::impls::<impl core::ops::function::FnOnce<A> for &F>::call_once::h1b085b6c1d2518b2
[INFO] [stdout]                                at /rustc/6067b36314ab5eb2eb47cecc464545ba58e1ad24/library/core/src/ops/function.rs:284:13
[INFO] [stdout]   22:     0x607375394370 - std::panicking::try::do_call::h382f964a5a23b565
[INFO] [stdout]                                at /rustc/6067b36314ab5eb2eb47cecc464545ba58e1ad24/library/std/src/panicking.rs:587:40
[INFO] [stdout]   23:     0x607375394370 - std::panicking::try::h57f991055eb622f9
[INFO] [stdout]                                at /rustc/6067b36314ab5eb2eb47cecc464545ba58e1ad24/library/std/src/panicking.rs:550:19
[INFO] [stdout]   24:     0x607375394370 - std::panic::catch_unwind::h4d9a74ef04456343
[INFO] [stdout]                                at /rustc/6067b36314ab5eb2eb47cecc464545ba58e1ad24/library/std/src/panic.rs:358:14
[INFO] [stdout]   25:     0x607375394370 - std::rt::lang_start_internal::{{closure}}::h2faa8ae84a93f314
[INFO] [stdout]                                at /rustc/6067b36314ab5eb2eb47cecc464545ba58e1ad24/library/std/src/rt.rs:163:24
[INFO] [stdout]   26:     0x607375394370 - std::panicking::try::do_call::h0f8932bf638a9bf5
[INFO] [stdout]                                at /rustc/6067b36314ab5eb2eb47cecc464545ba58e1ad24/library/std/src/panicking.rs:587:40
[INFO] [stdout]   27:     0x607375394370 - std::panicking::try::h683416ea756b175d
[INFO] [stdout]                                at /rustc/6067b36314ab5eb2eb47cecc464545ba58e1ad24/library/std/src/panicking.rs:550:19
[INFO] [stdout]   28:     0x607375394370 - std::panic::catch_unwind::h56189fac8994979f
[INFO] [stdout]                                at /rustc/6067b36314ab5eb2eb47cecc464545ba58e1ad24/library/std/src/panic.rs:358:14
[INFO] [stdout]   29:     0x607375394370 - std::rt::lang_start_internal::h8bbc1061691274fe
[INFO] [stdout]                                at /rustc/6067b36314ab5eb2eb47cecc464545ba58e1ad24/library/std/src/rt.rs:159:5
[INFO] [stdout]   30:     0x607375340a61 - std::rt::lang_start::h601b10a269c70ef7
[INFO] [stdout]   31:     0x6073753492d5 - main
[INFO] [stdout]   32:     0x7163f8ad7d90 - <unknown>
[INFO] [stdout]   33:     0x7163f8ad7e40 - __libc_start_main
[INFO] [stdout]   34:     0x607375340885 - _start
[INFO] [stdout]   35:                0x0 - <unknown>
[INFO] [stdout] 
[INFO] [stdout] 
[INFO] [stdout] 
[INFO] [stdout] failures:
[INFO] [stdout]     src/lib.rs - (line 38)
[INFO] [stdout]     src/lib.rs - (line 51)
[INFO] [stdout]     src/lib.rs - Build (line 80)
[INFO] [stdout] 
[INFO] [stdout] test result: FAILED. 1 passed; 3 failed; 0 ignored; 0 measured; 0 filtered out; finished in 0.47s
[INFO] [stdout] 
[INFO] [stderr] error: doctest failed, to rerun pass `--doc`
[INFO] running `Command { std: "docker" "inspect" "7cb8862d26ae6828b50c61bc95d4401ad04a786195354ea05246598542af2352", kill_on_drop: false }`
[INFO] running `Command { std: "docker" "rm" "-f" "7cb8862d26ae6828b50c61bc95d4401ad04a786195354ea05246598542af2352", kill_on_drop: false }`
[INFO] [stdout] 7cb8862d26ae6828b50c61bc95d4401ad04a786195354ea05246598542af2352
