[INFO] cloning repository https://github.com/y0sif/never-return
[INFO] running `Command { std: "git" "-c" "credential.helper=" "-c" "credential.helper=/workspace/cargo-home/bin/git-credential-null" "clone" "--bare" "https://github.com/y0sif/never-return" "/workspace/cache/git-repos/https%3A%2F%2Fgithub.com%2Fy0sif%2Fnever-return", kill_on_drop: false }`
[INFO] [stderr] Cloning into bare repository '/workspace/cache/git-repos/https%3A%2F%2Fgithub.com%2Fy0sif%2Fnever-return'...
[INFO] running `Command { std: "git" "rev-parse" "HEAD", kill_on_drop: false }`
[INFO] [stdout] 47088ef3eec32785d220f7eeb4c370a5a9135eaa
[INFO] testing y0sif/never-return against nightly-2025-01-18 for randomize-layout-2
[INFO] running `Command { std: "git" "clone" "/workspace/cache/git-repos/https%3A%2F%2Fgithub.com%2Fy0sif%2Fnever-return" "/workspace/builds/worker-1-tc1/source", kill_on_drop: false }`
[INFO] [stderr] Cloning into '/workspace/builds/worker-1-tc1/source'...
[INFO] [stderr] done.
[INFO] validating manifest of git repo https://github.com/y0sif/never-return on toolchain nightly-2025-01-18
[INFO] running `Command { std: CARGO_HOME="/workspace/cargo-home" RUSTUP_HOME="/workspace/rustup-home" "/workspace/cargo-home/bin/cargo" "+nightly-2025-01-18" "metadata" "--manifest-path" "Cargo.toml" "--no-deps", kill_on_drop: false }`
[INFO] started tweaking git repo https://github.com/y0sif/never-return
[INFO] finished tweaking git repo https://github.com/y0sif/never-return
[INFO] tweaked toml for git repo https://github.com/y0sif/never-return written to /workspace/builds/worker-1-tc1/source/Cargo.toml
[INFO] crate git repo https://github.com/y0sif/never-return already has a lockfile, it will not be regenerated
[INFO] running `Command { std: CARGO_HOME="/workspace/cargo-home" RUSTUP_HOME="/workspace/rustup-home" "/workspace/cargo-home/bin/cargo" "+nightly-2025-01-18" "fetch" "--manifest-path" "Cargo.toml", kill_on_drop: false }`
[INFO] running `Command { std: "docker" "create" "-v" "/var/lib/crater-agent-workspace/builds/worker-1-tc1/target:/opt/rustwide/target:rw,Z" "-v" "/var/lib/crater-agent-workspace/builds/worker-1-tc1/source:/opt/rustwide/workdir:ro,Z" "-v" "/var/lib/crater-agent-workspace/cargo-home:/opt/rustwide/cargo-home:ro,Z" "-v" "/var/lib/crater-agent-workspace/rustup-home:/opt/rustwide/rustup-home:ro,Z" "-e" "SOURCE_DIR=/opt/rustwide/workdir" "-e" "CARGO_TARGET_DIR=/opt/rustwide/target" "-e" "CARGO_HOME=/opt/rustwide/cargo-home" "-e" "RUSTUP_HOME=/opt/rustwide/rustup-home" "-w" "/opt/rustwide/workdir" "-m" "1610612736" "--user" "0:0" "--network" "none" "ghcr.io/rust-lang/crates-build-env/linux@sha256:819108c5571ea2e421544af4d832f968d213c87fbe3707a016657f43d2f853bc" "/opt/rustwide/cargo-home/bin/cargo" "+nightly-2025-01-18" "metadata" "--no-deps" "--format-version=1", kill_on_drop: false }`
[INFO] [stdout] de2aa59af2a5ecc8dfac6256a5d8ef0da979bb20d53aa8d64458b34d66e954e7
[INFO] running `Command { std: "docker" "start" "-a" "de2aa59af2a5ecc8dfac6256a5d8ef0da979bb20d53aa8d64458b34d66e954e7", kill_on_drop: false }`
[INFO] running `Command { std: "docker" "inspect" "de2aa59af2a5ecc8dfac6256a5d8ef0da979bb20d53aa8d64458b34d66e954e7", kill_on_drop: false }`
[INFO] running `Command { std: "docker" "rm" "-f" "de2aa59af2a5ecc8dfac6256a5d8ef0da979bb20d53aa8d64458b34d66e954e7", kill_on_drop: false }`
[INFO] [stdout] de2aa59af2a5ecc8dfac6256a5d8ef0da979bb20d53aa8d64458b34d66e954e7
[INFO] running `Command { std: "docker" "create" "-v" "/var/lib/crater-agent-workspace/builds/worker-1-tc1/target:/opt/rustwide/target:rw,Z" "-v" "/var/lib/crater-agent-workspace/builds/worker-1-tc1/source:/opt/rustwide/workdir:ro,Z" "-v" "/var/lib/crater-agent-workspace/cargo-home:/opt/rustwide/cargo-home:ro,Z" "-v" "/var/lib/crater-agent-workspace/rustup-home:/opt/rustwide/rustup-home:ro,Z" "-e" "SOURCE_DIR=/opt/rustwide/workdir" "-e" "CARGO_TARGET_DIR=/opt/rustwide/target" "-e" "CARGO_INCREMENTAL=0" "-e" "RUST_BACKTRACE=full" "-e" "RUSTFLAGS=--cap-lints=forbid" "-e" "RUSTDOCFLAGS=--cap-lints=forbid" "-e" "CARGO_HOME=/opt/rustwide/cargo-home" "-e" "RUSTUP_HOME=/opt/rustwide/rustup-home" "-w" "/opt/rustwide/workdir" "-m" "1610612736" "--user" "0:0" "--network" "none" "ghcr.io/rust-lang/crates-build-env/linux@sha256:819108c5571ea2e421544af4d832f968d213c87fbe3707a016657f43d2f853bc" "/opt/rustwide/cargo-home/bin/cargo" "+nightly-2025-01-18" "build" "--frozen" "--message-format=json", kill_on_drop: false }`
[INFO] [stdout] b23e940db2cebf417d31e35bbf80632cbcb446688da1085690601fbf60e535b0
[INFO] running `Command { std: "docker" "start" "-a" "b23e940db2cebf417d31e35bbf80632cbcb446688da1085690601fbf60e535b0", kill_on_drop: false }`
[INFO] [stderr]    Compiling never_return v0.1.0 (/opt/rustwide/workdir)
[INFO] [stdout] warning: unused variable: `landmarks`
[INFO] [stdout]   --> src/solution.rs:27:26
[INFO] [stdout]    |
[INFO] [stdout] 27 | pub fn required_function(landmarks: Vec<Landmark>, trails: Vec<(i32, i32, i32)>, n: i32) -> i32{
[INFO] [stdout]    |                          ^^^^^^^^^ help: if this is intentional, prefix it with an underscore: `_landmarks`
[INFO] [stdout]    |
[INFO] [stdout]    = note: `#[warn(unused_variables)]` on by default
[INFO] [stdout] 
[INFO] [stdout] 
[INFO] [stdout] warning: unused variable: `trails`
[INFO] [stdout]   --> src/solution.rs:27:52
[INFO] [stdout]    |
[INFO] [stdout] 27 | pub fn required_function(landmarks: Vec<Landmark>, trails: Vec<(i32, i32, i32)>, n: i32) -> i32{
[INFO] [stdout]    |                                                    ^^^^^^ help: if this is intentional, prefix it with an underscore: `_trails`
[INFO] [stdout] 
[INFO] [stdout] 
[INFO] [stdout] warning: unused variable: `n`
[INFO] [stdout]   --> src/solution.rs:27:82
[INFO] [stdout]    |
[INFO] [stdout] 27 | pub fn required_function(landmarks: Vec<Landmark>, trails: Vec<(i32, i32, i32)>, n: i32) -> i32{
[INFO] [stdout]    |                                                                                  ^ help: if this is intentional, prefix it with an underscore: `_n`
[INFO] [stdout] 
[INFO] [stdout] 
[INFO] [stdout] warning: function `print_case` is never used
[INFO] [stdout]  --> src/main.rs:5:4
[INFO] [stdout]   |
[INFO] [stdout] 5 | fn print_case(landmarks: Vec<Landmark>, trails: Vec<(i32, i32, i32)>, expected: i32, output: i32){
[INFO] [stdout]   |    ^^^^^^^^^^
[INFO] [stdout]   |
[INFO] [stdout]   = note: `#[warn(dead_code)]` on by default
[INFO] [stdout] 
[INFO] [stdout] 
[INFO] [stdout] warning: struct `Landmark` is never constructed
[INFO] [stdout]  --> src/solution.rs:2:12
[INFO] [stdout]   |
[INFO] [stdout] 2 | pub struct Landmark{
[INFO] [stdout]   |            ^^^^^^^^
[INFO] [stdout]   |
[INFO] [stdout]   = note: `Landmark` has a derived impl for the trait `Clone`, but this is intentionally ignored during dead code analysis
[INFO] [stdout] 
[INFO] [stdout] 
[INFO] [stdout] warning: associated function `new` is never used
[INFO] [stdout]   --> src/solution.rs:10:12
[INFO] [stdout]    |
[INFO] [stdout] 9  | impl Landmark {
[INFO] [stdout]    | ------------- associated function in this implementation
[INFO] [stdout] 10 |     pub fn new(id: i32, x: i32, y:i32, is_inside: bool) -> Landmark{
[INFO] [stdout]    |            ^^^
[INFO] [stdout] 
[INFO] [stdout] 
[INFO] [stdout] warning: function `required_function` is never used
[INFO] [stdout]   --> src/solution.rs:27:8
[INFO] [stdout]    |
[INFO] [stdout] 27 | pub fn required_function(landmarks: Vec<Landmark>, trails: Vec<(i32, i32, i32)>, n: i32) -> i32{
[INFO] [stdout]    |        ^^^^^^^^^^^^^^^^^
[INFO] [stdout] 
[INFO] [stdout] 
[INFO] [stderr]     Finished `dev` profile [unoptimized + debuginfo] target(s) in 0.30s
[INFO] running `Command { std: "docker" "inspect" "b23e940db2cebf417d31e35bbf80632cbcb446688da1085690601fbf60e535b0", kill_on_drop: false }`
[INFO] running `Command { std: "docker" "rm" "-f" "b23e940db2cebf417d31e35bbf80632cbcb446688da1085690601fbf60e535b0", kill_on_drop: false }`
[INFO] [stdout] b23e940db2cebf417d31e35bbf80632cbcb446688da1085690601fbf60e535b0
[INFO] running `Command { std: "docker" "create" "-v" "/var/lib/crater-agent-workspace/builds/worker-1-tc1/target:/opt/rustwide/target:rw,Z" "-v" "/var/lib/crater-agent-workspace/builds/worker-1-tc1/source:/opt/rustwide/workdir:ro,Z" "-v" "/var/lib/crater-agent-workspace/cargo-home:/opt/rustwide/cargo-home:ro,Z" "-v" "/var/lib/crater-agent-workspace/rustup-home:/opt/rustwide/rustup-home:ro,Z" "-e" "SOURCE_DIR=/opt/rustwide/workdir" "-e" "CARGO_TARGET_DIR=/opt/rustwide/target" "-e" "CARGO_INCREMENTAL=0" "-e" "RUST_BACKTRACE=full" "-e" "RUSTFLAGS=--cap-lints=forbid" "-e" "RUSTDOCFLAGS=--cap-lints=forbid" "-e" "CARGO_HOME=/opt/rustwide/cargo-home" "-e" "RUSTUP_HOME=/opt/rustwide/rustup-home" "-w" "/opt/rustwide/workdir" "-m" "1610612736" "--user" "0:0" "--network" "none" "ghcr.io/rust-lang/crates-build-env/linux@sha256:819108c5571ea2e421544af4d832f968d213c87fbe3707a016657f43d2f853bc" "/opt/rustwide/cargo-home/bin/cargo" "+nightly-2025-01-18" "test" "--frozen" "--no-run" "--message-format=json", kill_on_drop: false }`
[INFO] [stdout] 8e9acbf1f1b09e374cd0f17d0a20efaf9338d9021987b1ca8bd6ab4377aa6027
[INFO] running `Command { std: "docker" "start" "-a" "8e9acbf1f1b09e374cd0f17d0a20efaf9338d9021987b1ca8bd6ab4377aa6027", kill_on_drop: false }`
[INFO] [stderr]    Compiling never_return v0.1.0 (/opt/rustwide/workdir)
[INFO] [stdout] warning: unused variable: `landmarks`
[INFO] [stdout]   --> src/solution.rs:27:26
[INFO] [stdout]    |
[INFO] [stdout] 27 | pub fn required_function(landmarks: Vec<Landmark>, trails: Vec<(i32, i32, i32)>, n: i32) -> i32{
[INFO] [stdout]    |                          ^^^^^^^^^ help: if this is intentional, prefix it with an underscore: `_landmarks`
[INFO] [stdout]    |
[INFO] [stdout]    = note: `#[warn(unused_variables)]` on by default
[INFO] [stdout] 
[INFO] [stdout] 
[INFO] [stdout] warning: unused variable: `trails`
[INFO] [stdout]   --> src/solution.rs:27:52
[INFO] [stdout]    |
[INFO] [stdout] 27 | pub fn required_function(landmarks: Vec<Landmark>, trails: Vec<(i32, i32, i32)>, n: i32) -> i32{
[INFO] [stdout]    |                                                    ^^^^^^ help: if this is intentional, prefix it with an underscore: `_trails`
[INFO] [stdout] 
[INFO] [stdout] 
[INFO] [stdout] warning: unused variable: `n`
[INFO] [stdout]   --> src/solution.rs:27:82
[INFO] [stdout]    |
[INFO] [stdout] 27 | pub fn required_function(landmarks: Vec<Landmark>, trails: Vec<(i32, i32, i32)>, n: i32) -> i32{
[INFO] [stdout]    |                                                                                  ^ help: if this is intentional, prefix it with an underscore: `_n`
[INFO] [stdout] 
[INFO] [stdout] 
[INFO] [stderr]     Finished `test` profile [unoptimized + debuginfo] target(s) in 0.52s
[INFO] running `Command { std: "docker" "inspect" "8e9acbf1f1b09e374cd0f17d0a20efaf9338d9021987b1ca8bd6ab4377aa6027", kill_on_drop: false }`
[INFO] running `Command { std: "docker" "rm" "-f" "8e9acbf1f1b09e374cd0f17d0a20efaf9338d9021987b1ca8bd6ab4377aa6027", kill_on_drop: false }`
[INFO] [stdout] 8e9acbf1f1b09e374cd0f17d0a20efaf9338d9021987b1ca8bd6ab4377aa6027
[INFO] running `Command { std: "docker" "create" "-v" "/var/lib/crater-agent-workspace/builds/worker-1-tc1/target:/opt/rustwide/target:rw,Z" "-v" "/var/lib/crater-agent-workspace/builds/worker-1-tc1/source:/opt/rustwide/workdir:ro,Z" "-v" "/var/lib/crater-agent-workspace/cargo-home:/opt/rustwide/cargo-home:ro,Z" "-v" "/var/lib/crater-agent-workspace/rustup-home:/opt/rustwide/rustup-home:ro,Z" "-e" "SOURCE_DIR=/opt/rustwide/workdir" "-e" "CARGO_TARGET_DIR=/opt/rustwide/target" "-e" "CARGO_INCREMENTAL=0" "-e" "RUST_BACKTRACE=full" "-e" "RUSTFLAGS=--cap-lints=forbid" "-e" "RUSTDOCFLAGS=--cap-lints=forbid" "-e" "CARGO_HOME=/opt/rustwide/cargo-home" "-e" "RUSTUP_HOME=/opt/rustwide/rustup-home" "-w" "/opt/rustwide/workdir" "-m" "1610612736" "--user" "0:0" "--network" "none" "ghcr.io/rust-lang/crates-build-env/linux@sha256:819108c5571ea2e421544af4d832f968d213c87fbe3707a016657f43d2f853bc" "/opt/rustwide/cargo-home/bin/cargo" "+nightly-2025-01-18" "test" "--frozen", kill_on_drop: false }`
[INFO] [stdout] 312862b20f9f917daf8bd988f6b9ed013b8e60f17e3c82989640a44cfc050cf5
[INFO] running `Command { std: "docker" "start" "-a" "312862b20f9f917daf8bd988f6b9ed013b8e60f17e3c82989640a44cfc050cf5", kill_on_drop: false }`
[INFO] [stderr] warning: unused variable: `landmarks`
[INFO] [stdout] 
[INFO] [stderr]   --> src/solution.rs:27:26
[INFO] [stdout] running 1 test
[INFO] [stderr]    |
[INFO] [stderr] 27 | pub fn required_function(landmarks: Vec<Landmark>, trails: Vec<(i32, i32, i32)>, n: i32) -> i32{
[INFO] [stderr]    |                          ^^^^^^^^^ help: if this is intentional, prefix it with an underscore: `_landmarks`
[INFO] [stderr]    |
[INFO] [stderr]    = note: `#[warn(unused_variables)]` on by default
[INFO] [stderr] 
[INFO] [stderr] warning: unused variable: `trails`
[INFO] [stderr]   --> src/solution.rs:27:52
[INFO] [stderr]    |
[INFO] [stderr] 27 | pub fn required_function(landmarks: Vec<Landmark>, trails: Vec<(i32, i32, i32)>, n: i32) -> i32{
[INFO] [stderr]    |                                                    ^^^^^^ help: if this is intentional, prefix it with an underscore: `_trails`
[INFO] [stderr] 
[INFO] [stderr] warning: unused variable: `n`
[INFO] [stderr]   --> src/solution.rs:27:82
[INFO] [stderr]    |
[INFO] [stderr] 27 | pub fn required_function(landmarks: Vec<Landmark>, trails: Vec<(i32, i32, i32)>, n: i32) -> i32{
[INFO] [stderr]    |                                                                                  ^ help: if this is intentional, prefix it with an underscore: `_n`
[INFO] [stderr] 
[INFO] [stderr] warning: `never_return` (bin "never_return" test) generated 3 warnings
[INFO] [stderr]     Finished `test` profile [unoptimized + debuginfo] target(s) in 0.02s
[INFO] [stderr]      Running unittests src/main.rs (/opt/rustwide/target/debug/deps/never_return-aaa0730fd8f437c1)
[INFO] [stdout] test tests::run_all_tests_sequentially ... FAILED
[INFO] [stdout] 
[INFO] [stdout] failures:
[INFO] [stdout] 
[INFO] [stdout] ---- tests::run_all_tests_sequentially stdout ----
[INFO] [stdout] 
[INFO] [stdout] thread 'tests::run_all_tests_sequentially' panicked at src/solution.rs:28:5:
[INFO] [stdout] not implemented
[INFO] [stdout] stack backtrace:
[INFO] [stdout]    0:     0x61cee8767fca - std::backtrace_rs::backtrace::libunwind::trace::hb059275cfc8d6126
[INFO] [stdout]                                at /rustc/6067b36314ab5eb2eb47cecc464545ba58e1ad24/library/std/src/../../backtrace/src/backtrace/libunwind.rs:116:5
[INFO] [stdout]    1:     0x61cee8767fca - std::backtrace_rs::backtrace::trace_unsynchronized::h2da071e4327ce3ee
[INFO] [stdout]                                at /rustc/6067b36314ab5eb2eb47cecc464545ba58e1ad24/library/std/src/../../backtrace/src/backtrace/mod.rs:66:5
[INFO] [stdout]    2:     0x61cee8767fca - std::sys::backtrace::_print_fmt::h842a1474e6f8d23f
[INFO] [stdout]                                at /rustc/6067b36314ab5eb2eb47cecc464545ba58e1ad24/library/std/src/sys/backtrace.rs:66:9
[INFO] [stdout]    3:     0x61cee8767fca - <std::sys::backtrace::BacktraceLock::print::DisplayBacktrace as core::fmt::Display>::fmt::h71a62eb3b9696b12
[INFO] [stdout]                                at /rustc/6067b36314ab5eb2eb47cecc464545ba58e1ad24/library/std/src/sys/backtrace.rs:39:26
[INFO] [stdout]    4:     0x61cee878f573 - core::fmt::rt::Argument::fmt::hdb6b616786b41dc1
[INFO] [stdout]                                at /rustc/6067b36314ab5eb2eb47cecc464545ba58e1ad24/library/core/src/fmt/rt.rs:177:76
[INFO] [stdout]    5:     0x61cee878f573 - core::fmt::write::h2cc1698af7e2d686
[INFO] [stdout]                                at /rustc/6067b36314ab5eb2eb47cecc464545ba58e1ad24/library/core/src/fmt/mod.rs:1440:21
[INFO] [stdout]    6:     0x61cee8764b23 - std::io::Write::write_fmt::hab1b4cd059a79022
[INFO] [stdout]                                at /rustc/6067b36314ab5eb2eb47cecc464545ba58e1ad24/library/std/src/io/mod.rs:1887:15
[INFO] [stdout]    7:     0x61cee8767e12 - std::sys::backtrace::BacktraceLock::print::h147fe35b4ea13b08
[INFO] [stdout]                                at /rustc/6067b36314ab5eb2eb47cecc464545ba58e1ad24/library/std/src/sys/backtrace.rs:42:9
[INFO] [stdout]    8:     0x61cee87693ef - std::panicking::default_hook::{{closure}}::hbd44223dbdc0d208
[INFO] [stdout]                                at /rustc/6067b36314ab5eb2eb47cecc464545ba58e1ad24/library/std/src/panicking.rs:298:22
[INFO] [stdout]    9:     0x61cee8769208 - std::panicking::default_hook::h20f81eb0576efcec
[INFO] [stdout]                                at /rustc/6067b36314ab5eb2eb47cecc464545ba58e1ad24/library/std/src/panicking.rs:322:9
[INFO] [stdout]   10:     0x61cee8732023 - <alloc::boxed::Box<F,A> as core::ops::function::Fn<Args>>::call::hdb53814c496a4d34
[INFO] [stdout]                                at /rustc/6067b36314ab5eb2eb47cecc464545ba58e1ad24/library/alloc/src/boxed.rs:2027:9
[INFO] [stdout]   11:     0x61cee8732023 - test::test_main::{{closure}}::hc0a4963c59427c24
[INFO] [stdout]                                at /rustc/6067b36314ab5eb2eb47cecc464545ba58e1ad24/library/test/src/lib.rs:134:21
[INFO] [stdout]   12:     0x61cee8769ee3 - <alloc::boxed::Box<F,A> as core::ops::function::Fn<Args>>::call::h591b2225413a77e9
[INFO] [stdout]                                at /rustc/6067b36314ab5eb2eb47cecc464545ba58e1ad24/library/alloc/src/boxed.rs:2027:9
[INFO] [stdout]   13:     0x61cee8769ee3 - std::panicking::rust_panic_with_hook::h625eea43051b2edc
[INFO] [stdout]                                at /rustc/6067b36314ab5eb2eb47cecc464545ba58e1ad24/library/std/src/panicking.rs:839:13
[INFO] [stdout]   14:     0x61cee8769b66 - std::panicking::begin_panic_handler::{{closure}}::h4f9159cfbc3f6bd3
[INFO] [stdout]                                at /rustc/6067b36314ab5eb2eb47cecc464545ba58e1ad24/library/std/src/panicking.rs:697:13
[INFO] [stdout]   15:     0x61cee87684c9 - std::sys::backtrace::__rust_end_short_backtrace::h0390abce48353151
[INFO] [stdout]                                at /rustc/6067b36314ab5eb2eb47cecc464545ba58e1ad24/library/std/src/sys/backtrace.rs:168:18
[INFO] [stdout]   16:     0x61cee876982d - rust_begin_unwind
[INFO] [stdout]                                at /rustc/6067b36314ab5eb2eb47cecc464545ba58e1ad24/library/std/src/panicking.rs:695:5
[INFO] [stdout]   17:     0x61cee878e020 - core::panicking::panic_fmt::h9e7c637e9e5f29c9
[INFO] [stdout]                                at /rustc/6067b36314ab5eb2eb47cecc464545ba58e1ad24/library/core/src/panicking.rs:75:14
[INFO] [stdout]   18:     0x61cee878e0ac - core::panicking::panic::haa3255ea20181a33
[INFO] [stdout]                                at /rustc/6067b36314ab5eb2eb47cecc464545ba58e1ad24/library/core/src/panicking.rs:145:5
[INFO] [stdout]   19:     0x61cee86ed87d - never_return::solution::required_function::h0b1e46118e23796a
[INFO] [stdout]                                at /opt/rustwide/workdir/src/solution.rs:28:5
[INFO] [stdout]   20:     0x61cee86f26b3 - never_return::tests::trial_tests::he14cc871152e37d5
[INFO] [stdout]                                at /opt/rustwide/workdir/src/main.rs:59:26
[INFO] [stdout]   21:     0x61cee86f7e49 - never_return::tests::run_all_tests_sequentially::h1eab5dea0b3b9577
[INFO] [stdout]                                at /opt/rustwide/workdir/src/main.rs:32:9
[INFO] [stdout]   22:     0x61cee86f7e27 - never_return::tests::run_all_tests_sequentially::{{closure}}::h462a14e21417e223
[INFO] [stdout]                                at /opt/rustwide/workdir/src/main.rs:31:36
[INFO] [stdout]   23:     0x61cee86eac06 - core::ops::function::FnOnce::call_once::hc281025cf46dd7cb
[INFO] [stdout]                                at /rustc/6067b36314ab5eb2eb47cecc464545ba58e1ad24/library/core/src/ops/function.rs:250:5
[INFO] [stdout]   24:     0x61cee873777b - core::ops::function::FnOnce::call_once::he27718dfdd183f43
[INFO] [stdout]                                at /rustc/6067b36314ab5eb2eb47cecc464545ba58e1ad24/library/core/src/ops/function.rs:250:5
[INFO] [stdout]   25:     0x61cee873777b - test::__rust_begin_short_backtrace::h4e84902998457a5d
[INFO] [stdout]                                at /rustc/6067b36314ab5eb2eb47cecc464545ba58e1ad24/library/test/src/lib.rs:632:18
[INFO] [stdout]   26:     0x61cee87366b3 - test::run_test_in_process::{{closure}}::h7176fd18fc1feca0
[INFO] [stdout]                                at /rustc/6067b36314ab5eb2eb47cecc464545ba58e1ad24/library/test/src/lib.rs:655:60
[INFO] [stdout]   27:     0x61cee87366b3 - <core::panic::unwind_safe::AssertUnwindSafe<F> as core::ops::function::FnOnce<()>>::call_once::hf79cff2a624d8cf7
[INFO] [stdout]                                at /rustc/6067b36314ab5eb2eb47cecc464545ba58e1ad24/library/core/src/panic/unwind_safe.rs:272:9
[INFO] [stdout]   28:     0x61cee87366b3 - std::panicking::try::do_call::h3da0561d9ab99c25
[INFO] [stdout]                                at /rustc/6067b36314ab5eb2eb47cecc464545ba58e1ad24/library/std/src/panicking.rs:587:40
[INFO] [stdout]   29:     0x61cee87366b3 - std::panicking::try::h41c9fa508bc61df6
[INFO] [stdout]                                at /rustc/6067b36314ab5eb2eb47cecc464545ba58e1ad24/library/std/src/panicking.rs:550:19
[INFO] [stdout]   30:     0x61cee87366b3 - std::panic::catch_unwind::h6b3ff07bb5afad93
[INFO] [stdout]                                at /rustc/6067b36314ab5eb2eb47cecc464545ba58e1ad24/library/std/src/panic.rs:358:14
[INFO] [stdout]   31:     0x61cee87366b3 - test::run_test_in_process::hc7253dd11b39b9f4
[INFO] [stdout]                                at /rustc/6067b36314ab5eb2eb47cecc464545ba58e1ad24/library/test/src/lib.rs:655:27
[INFO] [stdout]   32:     0x61cee87366b3 - test::run_test::{{closure}}::hfb2007f8649c30bb
[INFO] [stdout]                                at /rustc/6067b36314ab5eb2eb47cecc464545ba58e1ad24/library/test/src/lib.rs:576:43
[INFO] [stdout]   33:     0x61cee86f9795 - test::run_test::{{closure}}::h56a17aa7a282a9f4
[INFO] [stdout]                                at /rustc/6067b36314ab5eb2eb47cecc464545ba58e1ad24/library/test/src/lib.rs:606:41
[INFO] [stdout]   34:     0x61cee86f9795 - std::sys::backtrace::__rust_begin_short_backtrace::hd2d2d2fb8e8c6aac
[INFO] [stdout]                                at /rustc/6067b36314ab5eb2eb47cecc464545ba58e1ad24/library/std/src/sys/backtrace.rs:152:18
[INFO] [stdout]   35:     0x61cee86fd07a - std::thread::Builder::spawn_unchecked_::{{closure}}::{{closure}}::h4faa3f9db6133423
[INFO] [stdout]                                at /rustc/6067b36314ab5eb2eb47cecc464545ba58e1ad24/library/std/src/thread/mod.rs:559:17
[INFO] [stdout]   36:     0x61cee86fd07a - <core::panic::unwind_safe::AssertUnwindSafe<F> as core::ops::function::FnOnce<()>>::call_once::hf2e855a36a4ea846
[INFO] [stdout]                                at /rustc/6067b36314ab5eb2eb47cecc464545ba58e1ad24/library/core/src/panic/unwind_safe.rs:272:9
[INFO] [stdout]   37:     0x61cee86fd07a - std::panicking::try::do_call::h2f73af3616c35465
[INFO] [stdout]                                at /rustc/6067b36314ab5eb2eb47cecc464545ba58e1ad24/library/std/src/panicking.rs:587:40
[INFO] [stdout]   38:     0x61cee86fd07a - std::panicking::try::hd1660ce9efadef5a
[INFO] [stdout]                                at /rustc/6067b36314ab5eb2eb47cecc464545ba58e1ad24/library/std/src/panicking.rs:550:19
[INFO] [stdout]   39:     0x61cee86fd07a - std::panic::catch_unwind::h5ee8d7823b8ca744
[INFO] [stdout]                                at /rustc/6067b36314ab5eb2eb47cecc464545ba58e1ad24/library/std/src/panic.rs:358:14
[INFO] [stdout]   40:     0x61cee86fd07a - std::thread::Builder::spawn_unchecked_::{{closure}}::h53c3a1894dce8407
[INFO] [stdout]                                at /rustc/6067b36314ab5eb2eb47cecc464545ba58e1ad24/library/std/src/thread/mod.rs:557:30
[INFO] [stdout]   41:     0x61cee86fd07a - core::ops::function::FnOnce::call_once{{vtable.shim}}::h048ce291ad4f62bf
[INFO] [stdout]                                at /rustc/6067b36314ab5eb2eb47cecc464545ba58e1ad24/library/core/src/ops/function.rs:250:5
[INFO] [stdout]   42:     0x61cee876de2b - <alloc::boxed::Box<F,A> as core::ops::function::FnOnce<Args>>::call_once::ha52bedf99a3b4981
[INFO] [stdout]                                at /rustc/6067b36314ab5eb2eb47cecc464545ba58e1ad24/library/alloc/src/boxed.rs:2013:9
[INFO] [stdout]   43:     0x61cee876de2b - <alloc::boxed::Box<F,A> as core::ops::function::FnOnce<Args>>::call_once::h567748934d80ccf8
[INFO] [stdout]                                at /rustc/6067b36314ab5eb2eb47cecc464545ba58e1ad24/library/alloc/src/boxed.rs:2013:9
[INFO] [stdout]   44:     0x61cee876de2b - std::sys::pal::unix::thread::Thread::new::thread_start::h2d970728ae887adc
[INFO] [stdout]                                at /rustc/6067b36314ab5eb2eb47cecc464545ba58e1ad24/library/std/src/sys/pal/unix/thread.rs:106:17
[INFO] [stdout]   45:     0x77c66148aac3 - <unknown>
[INFO] [stdout]   46:     0x77c66151ba04 - clone
[INFO] [stdout]   47:                0x0 - <unknown>
[INFO] [stdout] 
[INFO] [stdout] 
[INFO] [stdout] failures:
[INFO] [stdout]     tests::run_all_tests_sequentially
[INFO] [stdout] 
[INFO] [stdout] test result: FAILED. 0 passed; 1 failed; 0 ignored; 0 measured; 0 filtered out; finished in 0.02s
[INFO] [stdout] 
[INFO] [stderr] error: test failed, to rerun pass `--bin never_return`
[INFO] running `Command { std: "docker" "inspect" "312862b20f9f917daf8bd988f6b9ed013b8e60f17e3c82989640a44cfc050cf5", kill_on_drop: false }`
[INFO] running `Command { std: "docker" "rm" "-f" "312862b20f9f917daf8bd988f6b9ed013b8e60f17e3c82989640a44cfc050cf5", kill_on_drop: false }`
[INFO] [stdout] 312862b20f9f917daf8bd988f6b9ed013b8e60f17e3c82989640a44cfc050cf5
